000
CDUS43 KOAX 190640
CLIOAX


CLIMATE REPORT
NATIONAL WEATHER SERVICE OMAHA NEBRASKA
1239 AM CST MON FEB 19 2018


...................................

...THE VALLEY  NWS, NEBRASKA CLIMATE SUMMARY FOR FEBRUARY 18 2018...

CLIMATE NORMAL PERIOD 1981 TO 2010
CLIMATE RECORD PERIOD 1997 TO 2018


WEATHER ITEM   OBSERVED TIME   NORMAL DEPARTURE LAST
                VALUE   (LST)  VALUE  FROM      YEAR
                                      NORMAL
......................................................
TEMPERATURE (F)
 YESTERDAY
  MAXIMUM         55    418 PM  37     18       65
  MINIMUM         30    135 AM  18     12       31
  AVERAGE         43            28     15       48

PRECIPITATION (IN)
  YESTERDAY        T             0.03  -0.03     0.00
  MONTH TO DATE    0.39          0.57  -0.18     0.29
  SINCE DEC 1      2.07          2.47  -0.40     2.55
  SINCE JAN 1      1.69          1.36   0.33     1.24

SNOWFALL (IN)
  YESTERDAY        0.0                           0.0
  MONTH TO DATE    6.9                           4.0
  SINCE JUL 1     17.4                           9.0
  SNOW DEPTH       0

DEGREE DAYS
 HEATING
  YESTERDAY       22            37    -15       17
  MONTH TO DATE  796           704     92      530
  SINCE DEC 1   3237          3208     29     2864
  SINCE JUL 1   4312          4478   -166     3653

 COOLING
  YESTERDAY        0             0      0        0
  MONTH TO DATE    0             0      0        0
  SINCE DEC 1      0             0      0        0
  SINCE JAN 1      0             0      0        0
......................................................


WIND (MPH)
  HIGHEST WIND SPEED    MM   HIGHEST WIND DIRECTION    MM
  HIGHEST GUST SPEED    43   HIGHEST GUST DIRECTION    MM


SKY COVER
  POSSIBLE SUNSHINE  MM


WEATHER CONDITIONS
 THE FOLLOWING WEATHER WAS RECORDED YESTERDAY.
  LIGHT RAIN


..........................................................


THE VALLEY  NWS, NEBRASKA CLIMATE NORMALS FOR TODAY
                         NORMAL
 MAXIMUM TEMPERATURE (F)   38
 MINIMUM TEMPERATURE (F)   19


SUNRISE AND SUNSET
FEBRUARY 19 2018......SUNRISE   715 AM CST   SUNSET   604 PM CST
FEBRUARY 20 2018......SUNRISE   713 AM CST   SUNSET   606 PM CST


-  INDICATES NEGATIVE NUMBERS.
R  INDICATES RECORD WAS SET OR TIED.
MM INDICATES DATA IS MISSING.
T  INDICATES TRACE AMOUNT.




$$
