000
CDUS43 KGID 060629
CLIODX


CLIMATE REPORT
NATIONAL WEATHER SERVICE HASTINGS NE
1228 AM CST FRI MAR 6 2015


...................................

...THE ORD NE CLIMATE SUMMARY FOR MARCH 5 2015...

CLIMATE NORMAL PERIOD 1981 TO 2010
CLIMATE RECORD PERIOD 1895 TO 2015


WEATHER ITEM   OBSERVED TIME   NORMAL DEPARTURE LAST
                VALUE   (LST)  VALUE  FROM      YEAR
                                      NORMAL
......................................................
TEMPERATURE (F)
 YESTERDAY
  MAXIMUM         42    419 PM  46     -4       35
  MINIMUM         -4    714 AM  20    -24       18
  AVERAGE         19            33    -14       27

PRECIPITATION (IN)
  YESTERDAY        0.00          0.02  -0.02     0.00
  MONTH TO DATE    T             0.08  -0.08     0.01
  SINCE MAR 1      T             0.08  -0.08     0.01
  SINCE JAN 1      0.74          0.89  -0.15     0.26

DEGREE DAYS
 HEATING
  YESTERDAY       46            32     14       38
  MONTH TO DATE  216           163     53      257
  SINCE MAR 1    216           163     53      257
  SINCE JUL 1   5348          5180    168     5410

 COOLING
  YESTERDAY        0             0      0        0
  MONTH TO DATE    0             0      0        0
  SINCE MAR 1      0             0      0        0
  SINCE JAN 1      0             0      0        0
......................................................


WIND (MPH)
  HIGHEST WIND SPEED    21   HIGHEST WIND DIRECTION     S (190)
  HIGHEST GUST SPEED    28   HIGHEST GUST DIRECTION     S (200)
  AVERAGE WIND SPEED     7.5


SKY COVER
  AVERAGE SKY COVER 0.0


WEATHER CONDITIONS
 THE FOLLOWING WEATHER WAS RECORDED YESTERDAY.
  NO SIGNIFICANT WEATHER WAS OBSERVED.


RELATIVE HUMIDITY (PERCENT)
 HIGHEST    79           400 AM
 LOWEST     21           400 PM
 AVERAGE    50

..........................................................


THE ORD NE CLIMATE NORMALS FOR TODAY
                         NORMAL
 MAXIMUM TEMPERATURE (F)   47
 MINIMUM TEMPERATURE (F)   21


SUNRISE AND SUNSET
MARCH  6 2015.........SUNRISE   703 AM CST   SUNSET   632 PM CST
MARCH  7 2015.........SUNRISE   701 AM CST   SUNSET   633 PM CST


-  INDICATES NEGATIVE NUMBERS.
R  INDICATES RECORD WAS SET OR TIED.
MM INDICATES DATA IS MISSING.
T  INDICATES TRACE AMOUNT.




$$
