000
CDUS43 KGID 262339
CLIODX


CLIMATE REPORT
NATIONAL WEATHER SERVICE HASTINGS NE
536 PM CST MON JAN 26 2015


...................................

...THE ORD NE CLIMATE SUMMARY FOR JANUARY 26 2015...
VALID TODAY AS OF 0500 PM LOCAL TIME.

CLIMATE NORMAL PERIOD 1981 TO 2010
CLIMATE RECORD PERIOD 1895 TO 2015


WEATHER ITEM   OBSERVED TIME   NORMAL DEPARTURE LAST
                VALUE   (LST)  VALUE  FROM      YEAR
                                      NORMAL
......................................................
TEMPERATURE (F)
 TODAY
  MAXIMUM         63    324 PM  38     25       54
  MINIMUM         23    423 AM  13     10        5
  AVERAGE         43            25     18       30

PRECIPITATION (IN)
  TODAY            0.00          0.02  -0.02      T
  MONTH TO DATE    0.07          0.30  -0.23     0.06
  SINCE DEC 1      1.63          0.89   0.74     0.06
  SINCE JAN 1      0.07          0.30  -0.23     0.06

DEGREE DAYS
 HEATING
  TODAY           22            40    -18       35
  MONTH TO DATE 1061          1053      8     1027
  SINCE DEC 1   2242          2296    -54     2200
  SINCE JUL 1   3828          3777     51     3680

 COOLING
  TODAY            0             0      0        0
  MONTH TO DATE    0             0      0        0
  SINCE DEC 1      0             0      0        0
  SINCE JAN 1      0             0      0        0
......................................................


WIND (MPH)
  HIGHEST WIND SPEED    22   HIGHEST WIND DIRECTION    NW (310)
  HIGHEST GUST SPEED    26   HIGHEST GUST DIRECTION    NW (310)
  AVERAGE WIND SPEED     8.9


SKY COVER
  AVERAGE SKY COVER 0.1


WEATHER CONDITIONS
 THE FOLLOWING WEATHER WAS RECORDED TODAY.
  NO SIGNIFICANT WEATHER WAS OBSERVED.


RELATIVE HUMIDITY (PERCENT)
 HIGHEST    88           300 AM
 LOWEST     34           300 PM
 AVERAGE    61

..........................................................


THE ORD NE CLIMATE NORMALS FOR TOMORROW
                         NORMAL
 MAXIMUM TEMPERATURE (F)   38
 MINIMUM TEMPERATURE (F)   13


SUNRISE AND SUNSET
JANUARY 26 2015.......SUNRISE   753 AM CST   SUNSET   544 PM CST
JANUARY 27 2015.......SUNRISE   753 AM CST   SUNSET   545 PM CST


-  INDICATES NEGATIVE NUMBERS.
R  INDICATES RECORD WAS SET OR TIED.
MM INDICATES DATA IS MISSING.
T  INDICATES TRACE AMOUNT.

$$

DOXEY
