000
CDUS43 KGID 230623
CLIODX


CLIMATE REPORT
NATIONAL WEATHER SERVICE HASTINGS NE
123 AM CDT FRI JUN 23 2017


...................................

...THE ORD NE CLIMATE SUMMARY FOR JUNE 22 2017...

CLIMATE NORMAL PERIOD 1981 TO 2010
CLIMATE RECORD PERIOD 1895 TO 2017


WEATHER ITEM   OBSERVED TIME   NORMAL DEPARTURE LAST
                VALUE   (LST)  VALUE  FROM      YEAR
                                      NORMAL
......................................................
TEMPERATURE (F)
 YESTERDAY
  MAXIMUM         87   1128 AM  83      4       84
  MINIMUM         59   1159 PM  59      0       59
  AVERAGE         73            71      2       72

PRECIPITATION (IN)
  YESTERDAY        0.00          0.10  -0.10     0.00
  MONTH TO DATE    0.41          3.39  -2.98     3.26
  SINCE JUN 1      0.41          3.39  -2.98     3.26
  SINCE JAN 1     11.53         12.05  -0.52    19.80

DEGREE DAYS
 HEATING
  YESTERDAY        0             1     -1        0
  MONTH TO DATE    0            34    -34        2
  SINCE JUN 1      0            34    -34        2
  SINCE JUL 1   5948          6604   -656     5689

 COOLING
  YESTERDAY        8             7      1        7
  MONTH TO DATE  190           101     89      204
  SINCE JUN 1    190           101     89      204
  SINCE JAN 1    204           142     62      226
......................................................


WIND (MPH)
  HIGHEST WIND SPEED    28   HIGHEST WIND DIRECTION     N (20)
  HIGHEST GUST SPEED    34   HIGHEST GUST DIRECTION     N (20)
  AVERAGE WIND SPEED    12.1


SKY COVER
  AVERAGE SKY COVER 0.3


WEATHER CONDITIONS
 THE FOLLOWING WEATHER WAS RECORDED YESTERDAY.
  NO SIGNIFICANT WEATHER WAS OBSERVED.


RELATIVE HUMIDITY (PERCENT)
 HIGHEST    69           100 AM
 LOWEST     37          1100 AM
 AVERAGE    53

..........................................................


THE ORD NE CLIMATE NORMALS FOR TODAY
                         NORMAL
 MAXIMUM TEMPERATURE (F)   84
 MINIMUM TEMPERATURE (F)   59


SUNRISE AND SUNSET
JUNE 23 2017..........SUNRISE   602 AM CDT   SUNSET   914 PM CDT
JUNE 24 2017..........SUNRISE   603 AM CDT   SUNSET   914 PM CDT


-  INDICATES NEGATIVE NUMBERS.
R  INDICATES RECORD WAS SET OR TIED.
MM INDICATES DATA IS MISSING.
T  INDICATES TRACE AMOUNT.




$$
