000
CDUS43 KGID 280627
CLIODX


CLIMATE REPORT
NATIONAL WEATHER SERVICE HASTINGS NE
127 AM CDT SAT MAY 28 2016


...................................

...THE ORD NE CLIMATE SUMMARY FOR MAY 27 2016...

CLIMATE NORMAL PERIOD 1981 TO 2010
CLIMATE RECORD PERIOD 1895 TO 2016


WEATHER ITEM   OBSERVED TIME   NORMAL DEPARTURE LAST
                VALUE   (LST)  VALUE  FROM      YEAR
                                      NORMAL
......................................................
TEMPERATURE (F)
 YESTERDAY
  MAXIMUM         73    540 PM  75     -2       80
  MINIMUM         56   1005 PM  51      5       44
  AVERAGE         65            63      2       62

PRECIPITATION (IN)
  YESTERDAY        0.74          0.15   0.59     0.00
  MONTH TO DATE    4.57          3.22   1.35     2.85
  SINCE MAR 1     14.91          7.26   7.65     5.59
  SINCE JAN 1     16.06          8.07   7.99     6.33

DEGREE DAYS
 HEATING
  YESTERDAY        0             4     -4        3
  MONTH TO DATE  219           203     16      223
  SINCE MAR 1   1337          1539   -202     1372
  SINCE JUL 1   5686          6556   -870     6504

 COOLING
  YESTERDAY        0             2     -2        0
  MONTH TO DATE   14            31    -17        5
  SINCE MAR 1     14            33    -19        9
  SINCE JAN 1     14            33    -19        9
......................................................


WIND (MPH)
  HIGHEST WIND SPEED    26   HIGHEST WIND DIRECTION    NE (40)
  HIGHEST GUST SPEED    33   HIGHEST GUST DIRECTION    NE (60)
  AVERAGE WIND SPEED     8.1


SKY COVER
  AVERAGE SKY COVER 0.6


WEATHER CONDITIONS
 THE FOLLOWING WEATHER WAS RECORDED YESTERDAY.
  THUNDERSTORM
  HEAVY RAIN
  RAIN
  LIGHT RAIN
  FOG


RELATIVE HUMIDITY (PERCENT)
 HIGHEST    93           400 AM
 LOWEST     57          1000 AM
 AVERAGE    75

..........................................................


THE ORD NE CLIMATE NORMALS FOR TODAY
                         NORMAL
 MAXIMUM TEMPERATURE (F)   76
 MINIMUM TEMPERATURE (F)   51


SUNRISE AND SUNSET
MAY 28 2016...........SUNRISE   606 AM CDT   SUNSET   901 PM CDT
MAY 29 2016...........SUNRISE   605 AM CDT   SUNSET   902 PM CDT


-  INDICATES NEGATIVE NUMBERS.
R  INDICATES RECORD WAS SET OR TIED.
MM INDICATES DATA IS MISSING.
T  INDICATES TRACE AMOUNT.




$$
