000
CDUS43 KGID 240632
CLIODX


CLIMATE REPORT
NATIONAL WEATHER SERVICE HASTINGS NE
131 AM CDT FRI OCT 24 2014


...................................

...THE ORD NE CLIMATE SUMMARY FOR OCTOBER 23 2014...

CLIMATE NORMAL PERIOD 1981 TO 2010
CLIMATE RECORD PERIOD 1895 TO 2014


WEATHER ITEM   OBSERVED TIME   NORMAL DEPARTURE LAST
                VALUE   (LST)  VALUE  FROM      YEAR
                                      NORMAL
......................................................
TEMPERATURE (F)
 YESTERDAY
  MAXIMUM         73    251 PM  60     13       62
  MINIMUM         37    735 AM  34      3       36
  AVERAGE         55            47      8       49

PRECIPITATION (IN)
  YESTERDAY        0.00          0.06  -0.06     0.00
  MONTH TO DATE    1.14          1.54  -0.40     1.53
  SINCE SEP 1      2.82          3.98  -1.16     4.33
  SINCE JAN 1     20.46         22.89  -2.43    23.76

DEGREE DAYS
 HEATING
  YESTERDAY       10            18     -8       16
  MONTH TO DATE  276           323    -47      335
  SINCE SEP 1    413           446    -33      380
  SINCE JUL 1    432           460    -28      387

 COOLING
  YESTERDAY        0             0      0        0
  MONTH TO DATE    0             6     -6        1
  SINCE SEP 1     57            87    -30      147
  SINCE JAN 1    692           844   -152      907
......................................................


WIND (MPH)
  HIGHEST WIND SPEED    14   HIGHEST WIND DIRECTION     S (200)
  HIGHEST GUST SPEED    18   HIGHEST GUST DIRECTION     S (190)
  AVERAGE WIND SPEED     5.0


SKY COVER
  AVERAGE SKY COVER 0.5


WEATHER CONDITIONS
 THE FOLLOWING WEATHER WAS RECORDED YESTERDAY.
  FOG
  FOG W/VISIBILITY <= 1/4 MILE


RELATIVE HUMIDITY (PERCENT)
 HIGHEST   100          1200 AM
 LOWEST     41           200 PM
 AVERAGE    71

..........................................................


THE ORD NE CLIMATE NORMALS FOR TODAY
                         NORMAL
 MAXIMUM TEMPERATURE (F)   59
 MINIMUM TEMPERATURE (F)   34


SUNRISE AND SUNSET
OCTOBER 24 2014.......SUNRISE   758 AM CDT   SUNSET   641 PM CDT
OCTOBER 25 2014.......SUNRISE   759 AM CDT   SUNSET   640 PM CDT


-  INDICATES NEGATIVE NUMBERS.
R  INDICATES RECORD WAS SET OR TIED.
MM INDICATES DATA IS MISSING.
T  INDICATES TRACE AMOUNT.




$$
