985
CDUS43 KGID 230632
CLIODX


CLIMATE REPORT
NATIONAL WEATHER SERVICE HASTINGS NE
1229 AM CST FRI FEB 23 2018


...................................

...THE ORD NE CLIMATE SUMMARY FOR FEBRUARY 22 2018...

CLIMATE NORMAL PERIOD 1981 TO 2010
CLIMATE RECORD PERIOD 1895 TO 2018


WEATHER ITEM   OBSERVED TIME   NORMAL DEPARTURE LAST
                VALUE   (LST)  VALUE  FROM      YEAR
                                      NORMAL
......................................................
TEMPERATURE (F)
 YESTERDAY
  MAXIMUM         23   1026 PM  42    -19       66
  MINIMUM         18   1159 PM  17      1       32
  AVERAGE         21            29     -8       49

PRECIPITATION (IN)
  YESTERDAY       MM             0.02  MM        0.00
  MONTH TO DATE    0.43          0.37   0.06     0.26
  SINCE DEC 1      1.69          1.33   0.36     1.82
  SINCE JAN 1      1.26          0.74   0.52     1.41

DEGREE DAYS
 HEATING
  YESTERDAY       44            36      8       16
  MONTH TO DATE 1029           834    195      635
  SINCE DEC 1   3569          3329    240     3173
  SINCE JUL 1   4914          4810    104     4289

 COOLING
  YESTERDAY        0             0      0        0
  MONTH TO DATE    0             0      0        0
  SINCE DEC 1      0             0      0        0
  SINCE JAN 1      0             0      0        0
......................................................


WIND (MPH)
  HIGHEST WIND SPEED    12   HIGHEST WIND DIRECTION    SE (120)
  HIGHEST GUST SPEED    15   HIGHEST GUST DIRECTION    SE (130)
  AVERAGE WIND SPEED     5.0


SKY COVER
  AVERAGE SKY COVER 1.0


WEATHER CONDITIONS
 THE FOLLOWING WEATHER WAS RECORDED YESTERDAY.
  LIGHT SNOW
  FOG
  HAZE


RELATIVE HUMIDITY (PERCENT)
 HIGHEST    92          1100 AM
 LOWEST     84          1200 AM
 AVERAGE    88

..........................................................


THE ORD NE CLIMATE NORMALS FOR TODAY
                         NORMAL
 MAXIMUM TEMPERATURE (F)   42
 MINIMUM TEMPERATURE (F)   17


SUNRISE AND SUNSET
FEBRUARY 23 2018......SUNRISE   720 AM CST   SUNSET   619 PM CST
FEBRUARY 24 2018......SUNRISE   718 AM CST   SUNSET   620 PM CST


-  INDICATES NEGATIVE NUMBERS.
R  INDICATES RECORD WAS SET OR TIED.
MM INDICATES DATA IS MISSING.
T  INDICATES TRACE AMOUNT.




$$

Thies
