000
CDUS43 KGID 190625
CLIODX


CLIMATE REPORT
NATIONAL WEATHER SERVICE HASTINGS NE
124 AM CDT SAT AUG 19 2017


...................................

...THE ORD NE CLIMATE SUMMARY FOR AUGUST 18 2017...

CLIMATE NORMAL PERIOD 1981 TO 2010
CLIMATE RECORD PERIOD 1895 TO 2017


WEATHER ITEM   OBSERVED TIME   NORMAL DEPARTURE LAST
                VALUE   (LST)  VALUE  FROM      YEAR
                                      NORMAL
......................................................
TEMPERATURE (F)
 YESTERDAY
  MAXIMUM         86    512 PM  86      0       94
  MINIMUM         56    611 AM  61     -5       62
  AVERAGE         71            73     -2       78

PRECIPITATION (IN)
  YESTERDAY        0.17          0.11   0.06     0.00
  MONTH TO DATE    4.92          1.90   3.02     0.38
  SINCE JUN 1      8.04          8.99  -0.95    10.56
  SINCE JAN 1     19.16         17.65   1.51    27.10

DEGREE DAYS
 HEATING
  YESTERDAY        0             0      0        0
  MONTH TO DATE    8             0      8        0
  SINCE JUN 1     18            42    -24       10
  SINCE JUL 1      8             5      3        8

 COOLING
  YESTERDAY        6             8     -2       13
  MONTH TO DATE   65           167   -102      170
  SINCE JUN 1    662           626     36      724
  SINCE JAN 1    676           667      9      746
......................................................


WIND (MPH)
  HIGHEST WIND SPEED    18   HIGHEST WIND DIRECTION    NW (330)
  HIGHEST GUST SPEED    24   HIGHEST GUST DIRECTION     N (350)
  AVERAGE WIND SPEED     4.5


SKY COVER
  AVERAGE SKY COVER 0.0


WEATHER CONDITIONS
 THE FOLLOWING WEATHER WAS RECORDED YESTERDAY.
  THUNDERSTORM
  HEAVY RAIN
  LIGHT RAIN
  FOG


RELATIVE HUMIDITY (PERCENT)
 HIGHEST    93           400 AM
 LOWEST     35           300 PM
 AVERAGE    64

..........................................................


THE ORD NE CLIMATE NORMALS FOR TODAY
                         NORMAL
 MAXIMUM TEMPERATURE (F)   85
 MINIMUM TEMPERATURE (F)   60


SUNRISE AND SUNSET
AUGUST 19 2017........SUNRISE   649 AM CDT   SUNSET   829 PM CDT
AUGUST 20 2017........SUNRISE   650 AM CDT   SUNSET   828 PM CDT


-  INDICATES NEGATIVE NUMBERS.
R  INDICATES RECORD WAS SET OR TIED.
MM INDICATES DATA IS MISSING.
T  INDICATES TRACE AMOUNT.




$$
