000
CDUS43 KGID 210627
CLIODX


CLIMATE REPORT
NATIONAL WEATHER SERVICE HASTINGS NE
125 AM CDT SAT OCT 21 2017


...................................

...THE ORD NE CLIMATE SUMMARY FOR OCTOBER 20 2017...

CLIMATE NORMAL PERIOD 1981 TO 2010
CLIMATE RECORD PERIOD 1895 TO 2017


WEATHER ITEM   OBSERVED TIME   NORMAL DEPARTURE LAST
                VALUE   (LST)  VALUE  FROM      YEAR
                                      NORMAL
......................................................
TEMPERATURE (F)
 YESTERDAY
  MAXIMUM         76    339 PM  61     15       57
  MINIMUM         54    536 AM  35     19       30
  AVERAGE         65            48     17       44

PRECIPITATION (IN)
  YESTERDAY        0.00          0.06  -0.06      T
  MONTH TO DATE    5.32          1.36   3.96     0.09
  SINCE SEP 1      8.21          3.80   4.41     1.79
  SINCE JAN 1     28.38         22.71   5.67    28.95

DEGREE DAYS
 HEATING
  YESTERDAY        0            17    -17       21
  MONTH TO DATE  206           270    -64      228
  SINCE SEP 1    306           393    -87      320
  SINCE JUL 1    314           407    -93      334

 COOLING
  YESTERDAY        0             0      0        0
  MONTH TO DATE    1             6     -5        2
  SINCE SEP 1     96            87      9       79
  SINCE JAN 1    840           844     -4      885
......................................................


WIND (MPH)
  HIGHEST WIND SPEED    31   HIGHEST WIND DIRECTION     S (190)
  HIGHEST GUST SPEED    43   HIGHEST GUST DIRECTION     S (180)
  AVERAGE WIND SPEED    16.5


SKY COVER
  AVERAGE SKY COVER 0.0


WEATHER CONDITIONS
 THE FOLLOWING WEATHER WAS RECORDED YESTERDAY.
  NO SIGNIFICANT WEATHER WAS OBSERVED.


RELATIVE HUMIDITY (PERCENT)
 HIGHEST    77           600 AM
 LOWEST     46           300 PM
 AVERAGE    62

..........................................................


THE ORD NE CLIMATE NORMALS FOR TODAY
                         NORMAL
 MAXIMUM TEMPERATURE (F)   60
 MINIMUM TEMPERATURE (F)   35


SUNRISE AND SUNSET
OCTOBER 21 2017.......SUNRISE   755 AM CDT   SUNSET   645 PM CDT
OCTOBER 22 2017.......SUNRISE   756 AM CDT   SUNSET   644 PM CDT


-  INDICATES NEGATIVE NUMBERS.
R  INDICATES RECORD WAS SET OR TIED.
MM INDICATES DATA IS MISSING.
T  INDICATES TRACE AMOUNT.




$$
