000
CDUS43 KOAX 060703
CLIOFK


CLIMATE REPORT
NATIONAL WEATHER SERVICE OMAHA NEBRASKA
102 AM CST SAT FEB 6 2016


...................................

...THE NORFOLK, NEBRASKA CLIMATE SUMMARY FOR FEBRUARY 5 2016...

CLIMATE NORMAL PERIOD 1981 TO 2010
CLIMATE RECORD PERIOD 1888 TO 2016


WEATHER ITEM   OBSERVED TIME   RECORD YEAR NORMAL DEPARTURE LAST
                VALUE   (LST)  VALUE       VALUE  FROM      YEAR
                                                  NORMAL
..................................................................
TEMPERATURE (F)
 YESTERDAY
  MAXIMUM         38    522 PM  61    2005  35      3       28
                                      1904
  MINIMUM          7    248 AM -30    1936  14     -7       -9
  AVERAGE         23                        24     -1       10

PRECIPITATION (IN)
  YESTERDAY        T             0.72 1911   0.02  -0.02     0.00
  MONTH TO DATE    1.29                      0.12   1.17     0.26
  SINCE DEC 1      4.13                      1.46   2.67     2.03
  SINCE JAN 1      1.86                      0.71   1.15     0.83

SNOWFALL (IN)
  YESTERDAY        T                         0.2   -0.2      0.0
  MONTH TO DATE   14.2                       1.1   13.1      3.7
  SINCE JUL 1     38.7                      18.4   20.3     20.0
  SNOW DEPTH       9

DEGREE DAYS
 HEATING
  YESTERDAY       42                        41      1       55
  MONTH TO DATE  203                       205     -2      266
  SINCE DEC 1   2546                      2782   -236     2604
  SINCE JUL 1   3567                      4227   -660     4097

 COOLING
  YESTERDAY        0                         0      0        0
  MONTH TO DATE    0                         0      0        0
  SINCE DEC 1      0                         0      0        0
  SINCE JAN 1      0                         0      0        0
..................................................................


WIND (MPH)
  HIGHEST WIND SPEED    23   HIGHEST WIND DIRECTION     S (180)
  HIGHEST GUST SPEED    28   HIGHEST GUST DIRECTION     S (180)
  AVERAGE WIND SPEED    10.5


SKY COVER
  POSSIBLE SUNSHINE  MM
  AVERAGE SKY COVER 0.7


WEATHER CONDITIONS
 THE FOLLOWING WEATHER WAS RECORDED YESTERDAY.
  LIGHT SNOW
  FOG
  HAZE


RELATIVE HUMIDITY (PERCENT)
 HIGHEST    92          1100 AM
 LOWEST     74           600 AM
 AVERAGE    83

..........................................................


THE NORFOLK, NEBRASKA CLIMATE NORMALS FOR TODAY
                         NORMAL    RECORD    YEAR
 MAXIMUM TEMPERATURE (F)   35        58      1957
 MINIMUM TEMPERATURE (F)   14       -25      1905


SUNRISE AND SUNSET
FEBRUARY  6 2016......SUNRISE   737 AM CST   SUNSET   551 PM CST
FEBRUARY  7 2016......SUNRISE   736 AM CST   SUNSET   552 PM CST


-  INDICATES NEGATIVE NUMBERS.
R  INDICATES RECORD WAS SET OR TIED.
MM INDICATES DATA IS MISSING.
T  INDICATES TRACE AMOUNT.




$$
