000
CDUS43 KOAX 232201
CLIOFK


CLIMATE REPORT
NATIONAL WEATHER SERVICE OMAHA NEBRASKA
500 PM CDT FRI JUN 23 2017


...................................

...THE NORFOLK, NEBRASKA CLIMATE SUMMARY FOR JUNE 23 2017...
VALID TODAY AS OF 0500 PM LOCAL TIME.

CLIMATE NORMAL PERIOD 1981 TO 2010
CLIMATE RECORD PERIOD 1888 TO 2017


WEATHER ITEM   OBSERVED TIME   RECORD YEAR NORMAL DEPARTURE LAST
                VALUE   (LST)  VALUE       VALUE  FROM      YEAR
                                                  NORMAL
..................................................................
TEMPERATURE (F)
 TODAY
  MAXIMUM         73    213 PM 108    1937  84    -11       80
  MINIMUM         54    138 AM  44    1942  61     -7       59
  AVERAGE         64                        72     -8       70

PRECIPITATION (IN)
  TODAY            T             1.99 1976   0.15  -0.15     0.00
  MONTH TO DATE    1.56                      3.29  -1.73     3.21
  SINCE JUN 1      1.56                      3.29  -1.73     3.21
  SINCE JAN 1     13.17                     12.99   0.18    19.66

SNOWFALL (IN)
  TODAY            0.0                       0.0    0.0      0.0
  MONTH TO DATE    0.0                       0.0    0.0      0.0
  SINCE JUL 1     32.2                      30.5    1.7     53.0
  SNOW DEPTH       0

DEGREE DAYS
 HEATING
  TODAY            1                         0      1        0
  MONTH TO DATE    1                        28    -27        3
  SINCE JUN 1      1                        28    -27        3
  SINCE JUL 1   5897                      6641   -744     5579

 COOLING
  TODAY            0                         8     -8        5
  MONTH TO DATE  213                       125     88      212
  SINCE JUN 1    213                       125     88      212
  SINCE JAN 1    241                       186     55      250
..................................................................


WIND (MPH)
  HIGHEST WIND SPEED    30   HIGHEST WIND DIRECTION    NW (320)
  HIGHEST GUST SPEED    42   HIGHEST GUST DIRECTION    NW (320)
  AVERAGE WIND SPEED    14.1


SKY COVER
  POSSIBLE SUNSHINE  MM
  AVERAGE SKY COVER 0.3


WEATHER CONDITIONS
 THE FOLLOWING WEATHER WAS RECORDED TODAY.
  LIGHT RAIN


RELATIVE HUMIDITY (PERCENT)
 HIGHEST    86           200 AM
 LOWEST     44           200 PM
 AVERAGE    65

..........................................................


THE NORFOLK, NEBRASKA CLIMATE NORMALS FOR TOMORROW
                         NORMAL    RECORD    YEAR
 MAXIMUM TEMPERATURE (F)   84       104      1937
 MINIMUM TEMPERATURE (F)   61        46      2004


SUNRISE AND SUNSET
JUNE 23 2017..........SUNRISE   555 AM CDT   SUNSET   909 PM CDT
JUNE 24 2017..........SUNRISE   555 AM CDT   SUNSET   909 PM CDT


-  INDICATES NEGATIVE NUMBERS.
R  INDICATES RECORD WAS SET OR TIED.
MM INDICATES DATA IS MISSING.
T  INDICATES TRACE AMOUNT.




$$
