000
CDUS43 KOAX 231419
CLIOFK

CLIMATE REPORT
NATIONAL WEATHER SERVICE OMAHA NEBRASKA
213 AM CDT TUE SEP 23 2014


...................................

...THE NORFOLK, NEBRASKA CLIMATE SUMMARY FOR SEPTEMBER 22 2014...

CLIMATE NORMAL PERIOD 1981 TO 2010
CLIMATE RECORD PERIOD 1888 TO 2014


WEATHER ITEM   OBSERVED TIME   RECORD YEAR NORMAL DEPARTURE LAST
                VALUE   (LST)  VALUE       VALUE  FROM      YEAR
                                                  NORMAL
..................................................................
TEMPERATURE (F)
 YESTERDAY
  MAXIMUM         75    342 PM  96    1940  74      1       84
  MINIMUM         40    624 AM  26    1995  48     -8       59
  AVERAGE         58                        61     -3       72

PRECIPITATION (IN)
  YESTERDAY        T             1.32 1994   0.09  -0.09     0.00
  MONTH TO DATE    1.03                      1.97  -0.94     0.20
  SINCE SEP 1      1.03                      1.97  -0.94     0.20
  SINCE JAN 1     26.25                     22.50   3.75    18.61

SNOWFALL (IN)
  YESTERDAY        0.0                       0.0    0.0      0.0
  MONTH TO DATE    0.0                       0.0    0.0      0.0
  SINCE JUL 1      0.0                       0.0    0.0      0.0
  SNOW DEPTH       0

DEGREE DAYS
 HEATING
  YESTERDAY        7                         6      1        0
  MONTH TO DATE  114                        69     45       20
  SINCE SEP 1    114                        69     45       20
  SINCE JUL 1    126                        85     41       36

 COOLING
  YESTERDAY        0                         2     -2        7
  MONTH TO DATE   48                        82    -34      143
  SINCE SEP 1     48                        82    -34      143
  SINCE JAN 1    775                       898   -123      967
..................................................................


WIND (MPH)
  HIGHEST WIND SPEED    15   HIGHEST WIND DIRECTION     S (160)
  HIGHEST GUST SPEED    21   HIGHEST GUST DIRECTION     S (200)
  AVERAGE WIND SPEED     7.1


SKY COVER
  POSSIBLE SUNSHINE  MM
  AVERAGE SKY COVER 0.1


WEATHER CONDITIONS
 THE FOLLOWING WEATHER WAS RECORDED YESTERDAY.
  LIGHT RAIN


RELATIVE HUMIDITY (PERCENT)
 HIGHEST   100           700 AM
 LOWEST     41           100 PM
 AVERAGE    71

..........................................................


THE NORFOLK, NEBRASKA CLIMATE NORMALS FOR TODAY
                         NORMAL    RECORD    YEAR
 MAXIMUM TEMPERATURE (F)   74        92      1921
 MINIMUM TEMPERATURE (F)   48        27      1983


SUNRISE AND SUNSET
SEPTEMBER 23 2014.....SUNRISE   718 AM CDT   SUNSET   725 PM CDT
SEPTEMBER 24 2014.....SUNRISE   719 AM CDT   SUNSET   723 PM CDT


-  INDICATES NEGATIVE NUMBERS.
R  INDICATES RECORD WAS SET OR TIED.
MM INDICATES DATA IS MISSING.
T  INDICATES TRACE AMOUNT.




$$
