000
CDUS43 KOAX 260641
CLIOFK


CLIMATE REPORT
NATIONAL WEATHER SERVICE OMAHA NEBRASKA
138 AM CDT TUE JUL 26 2016


...................................

...THE NORFOLK, NEBRASKA CLIMATE SUMMARY FOR JULY 25 2016...

CLIMATE NORMAL PERIOD 1981 TO 2010
CLIMATE RECORD PERIOD 1888 TO 2016


WEATHER ITEM   OBSERVED TIME   RECORD YEAR NORMAL DEPARTURE LAST
                VALUE   (LST)  VALUE       VALUE  FROM      YEAR
                                                  NORMAL
..................................................................
TEMPERATURE (F)
 YESTERDAY
  MAXIMUM         86    409 PM 112    1936  86      0       86
  MINIMUM         57    452 AM  44    1911  64     -7       68
  AVERAGE         72                        75     -3       77

PRECIPITATION (IN)
  YESTERDAY        0.00          2.64 1981   0.11  -0.11     0.01
  MONTH TO DATE    2.69                      2.71  -0.02     5.09
  SINCE JUN 1      5.90                      6.97  -1.07     9.69
  SINCE JAN 1     22.35                     16.67   5.68    16.65

SNOWFALL (IN)
  YESTERDAY        0.0                       0.0    0.0      0.0
  MONTH TO DATE    0.0                       0.0    0.0      0.0
  SINCE JUL 1      0.0                       0.0    0.0      0.0
  SNOW DEPTH       0

DEGREE DAYS
 HEATING
  YESTERDAY        0                         0      0        0
  MONTH TO DATE    7                         0      7        4
  SINCE JUN 1     10                        30    -20        7
  SINCE JUL 1      7                         0      7        4

 COOLING
  YESTERDAY        7                        10     -3       12
  MONTH TO DATE  247                       248     -1      242
  SINCE JUN 1    523                       434     89      428
  SINCE JAN 1    561                       495     66      461
..................................................................


WIND (MPH)
  HIGHEST WIND SPEED    15   HIGHEST WIND DIRECTION     S (180)
  HIGHEST GUST SPEED    19   HIGHEST GUST DIRECTION     S (170)
  AVERAGE WIND SPEED     5.8


SKY COVER
  POSSIBLE SUNSHINE  MM
  AVERAGE SKY COVER 0.1


WEATHER CONDITIONS
 THE FOLLOWING WEATHER WAS RECORDED YESTERDAY.
  NO SIGNIFICANT WEATHER WAS OBSERVED.


RELATIVE HUMIDITY (PERCENT)
 HIGHEST   100           400 AM
 LOWEST     40           300 PM
 AVERAGE    70

..........................................................


THE NORFOLK, NEBRASKA CLIMATE NORMALS FOR TODAY
                         NORMAL    RECORD    YEAR
 MAXIMUM TEMPERATURE (F)   86       110      1936
 MINIMUM TEMPERATURE (F)   64        46      1962


SUNRISE AND SUNSET
JULY 26 2016..........SUNRISE   618 AM CDT   SUNSET   854 PM CDT
JULY 27 2016..........SUNRISE   619 AM CDT   SUNSET   853 PM CDT


-  INDICATES NEGATIVE NUMBERS.
R  INDICATES RECORD WAS SET OR TIED.
MM INDICATES DATA IS MISSING.
T  INDICATES TRACE AMOUNT.




$$
