000
CDUS43 KOAX 010635
CLIOFK


CLIMATE REPORT
NATIONAL WEATHER SERVICE OMAHA NEBRASKA
134 AM CDT WED OCT 1 2014


...................................

...THE NORFOLK, NEBRASKA CLIMATE SUMMARY FOR SEPTEMBER 30 2014...

CLIMATE NORMAL PERIOD 1981 TO 2010
CLIMATE RECORD PERIOD 1888 TO 2014


WEATHER ITEM   OBSERVED TIME   RECORD YEAR NORMAL DEPARTURE LAST
                VALUE   (LST)  VALUE       VALUE  FROM      YEAR
                                                  NORMAL
..................................................................
TEMPERATURE (F)
 YESTERDAY
  MAXIMUM         72    207 PM  91    2000  71      1       85
  MINIMUM         58   1040 PM  25    1920  44     14       54
  AVERAGE         65                        58      7       70

PRECIPITATION (IN)
  YESTERDAY        0.15          1.45 1923   0.08   0.07     0.00
  MONTH TO DATE    2.00                      2.69  -0.69     0.85
  SINCE SEP 1      2.00                      2.69  -0.69     0.85
  SINCE JAN 1     27.22                     23.22   4.00    19.26

SNOWFALL (IN)
  YESTERDAY        0.0                       0.0    0.0      0.0
  MONTH TO DATE    0.0                       T      0.0      0.0
  SINCE JUL 1      0.0                       T      0.0      0.0
  SNOW DEPTH       0

DEGREE DAYS
 HEATING
  YESTERDAY        0                         8     -8        0
  MONTH TO DATE  117                       126     -9       29
  SINCE SEP 1    117                       126     -9       29
  SINCE JUL 1    129                       142    -13       45

 COOLING
  YESTERDAY        0                         1     -1        5
  MONTH TO DATE   81                        90     -9      172
  SINCE SEP 1     81                        90     -9      172
  SINCE JAN 1    808                       906    -98      996
..................................................................


WIND (MPH)
  HIGHEST WIND SPEED    28   HIGHEST WIND DIRECTION     S (160)
  HIGHEST GUST SPEED    34   HIGHEST GUST DIRECTION     S (160)
  AVERAGE WIND SPEED    14.5


SKY COVER
  POSSIBLE SUNSHINE  MM
  AVERAGE SKY COVER 0.5


WEATHER CONDITIONS
 THE FOLLOWING WEATHER WAS RECORDED YESTERDAY.
  LIGHT RAIN
  FOG


RELATIVE HUMIDITY (PERCENT)
 HIGHEST    97           400 AM
 LOWEST     73           100 PM
 AVERAGE    85

..........................................................


THE NORFOLK, NEBRASKA CLIMATE NORMALS FOR TODAY
                         NORMAL    RECORD    YEAR
 MAXIMUM TEMPERATURE (F)   70        95      1963
 MINIMUM TEMPERATURE (F)   44        24      1985


SUNRISE AND SUNSET
OCTOBER  1 2014.......SUNRISE   727 AM CDT   SUNSET   711 PM CDT
OCTOBER  2 2014.......SUNRISE   728 AM CDT   SUNSET   710 PM CDT


-  INDICATES NEGATIVE NUMBERS.
R  INDICATES RECORD WAS SET OR TIED.
MM INDICATES DATA IS MISSING.
T  INDICATES TRACE AMOUNT.




$$
