000
CDUS43 KOAX 162303
CLIOFK


CLIMATE REPORT
NATIONAL WEATHER SERVICE OMAHA NEBRASKA
503 PM CST SAT DEC 16 2017


...................................

...THE NORFOLK, NEBRASKA CLIMATE SUMMARY FOR DECEMBER 16 2017...
VALID TODAY AS OF 400 PM LOCAL TIME.

CLIMATE NORMAL PERIOD 1981 TO 2010
CLIMATE RECORD PERIOD 1888 TO 2017


WEATHER ITEM   OBSERVED TIME   RECORD YEAR NORMAL DEPARTURE LAST
                VALUE   (LST)  VALUE       VALUE  FROM      YEAR
                                                  NORMAL
..................................................................
TEMPERATURE (F)
 TODAY
  MAXIMUM         48    200 PM  71    1962  33     15       23
  MINIMUM         23    538 AM -22    1914  14      9       15
  AVERAGE         36                        24     12       19

PRECIPITATION (IN)
  TODAY            0.00          0.41 1961   0.03  -0.03     0.01
  MONTH TO DATE    0.01                      0.44  -0.43     0.13
  SINCE DEC 1      0.01                      0.44  -0.43     0.13
  SINCE JAN 1     27.48                     27.10   0.38    30.72

SNOWFALL (IN)
  TODAY            0.0                       0.2   -0.2      0.2
  MONTH TO DATE    T                         3.3   -3.3      1.3
  SINCE JUL 1      T                         8.2   -8.2      3.8
  SNOW DEPTH       0

DEGREE DAYS
 HEATING
  TODAY           29                        41    -12       46
  MONTH TO DATE  480                       629   -149      705
  SINCE DEC 1    480                       629   -149      705
  SINCE JUL 1   1786                      2074   -288     1750

 COOLING
  TODAY            0                         0      0        0
  MONTH TO DATE    0                         0      0        0
  SINCE DEC 1      0                         0      0        0
  SINCE JAN 1    879                       915    -36      963
..................................................................


WIND (MPH)
  HIGHEST WIND SPEED    16   HIGHEST WIND DIRECTION     N (010)
  HIGHEST GUST SPEED    20   HIGHEST GUST DIRECTION    NW (330)
  AVERAGE WIND SPEED     6.6


SKY COVER
  POSSIBLE SUNSHINE  MM
  AVERAGE SKY COVER 0.0


WEATHER CONDITIONS
 THE FOLLOWING WEATHER WAS RECORDED TODAY.
  NO SIGNIFICANT WEATHER WAS OBSERVED.


RELATIVE HUMIDITY (PERCENT)
 HIGHEST    78           800 AM
 LOWEST     46           200 PM
 AVERAGE    62

..........................................................


THE NORFOLK, NEBRASKA CLIMATE NORMALS FOR TOMORROW
                         NORMAL    RECORD    YEAR
 MAXIMUM TEMPERATURE (F)   33        66      1980
 MINIMUM TEMPERATURE (F)   14       -16      2016


SUNRISE AND SUNSET
DECEMBER 16 2017......SUNRISE   752 AM CST   SUNSET   500 PM CST
DECEMBER 17 2017......SUNRISE   752 AM CST   SUNSET   500 PM CST


-  INDICATES NEGATIVE NUMBERS.
R  INDICATES RECORD WAS SET OR TIED.
MM INDICATES DATA IS MISSING.
T  INDICATES TRACE AMOUNT.




$$

Klish
