000
CDUS43 KOAX 050646
CLIOFK


CLIMATE REPORT
NATIONAL WEATHER SERVICE OMAHA NEBRASKA
145 AM CDT WED AUG 5 2015


...................................

...THE NORFOLK, NEBRASKA CLIMATE SUMMARY FOR AUGUST 4 2015...

CLIMATE NORMAL PERIOD 1981 TO 2010
CLIMATE RECORD PERIOD 1888 TO 2015


WEATHER ITEM   OBSERVED TIME   RECORD YEAR NORMAL DEPARTURE LAST
                VALUE   (LST)  VALUE       VALUE  FROM      YEAR
                                                  NORMAL
..................................................................
TEMPERATURE (F)
 YESTERDAY
  MAXIMUM         78    427 PM 103    1934  86     -8       82
  MINIMUM         65    659 AM  41    1915  63      2       62
  AVERAGE         72                        74     -2       72

PRECIPITATION (IN)
  YESTERDAY        0.30          2.49 2002   0.11   0.19     0.02
  MONTH TO DATE    0.32                      0.43  -0.11     0.12
  SINCE JUN 1     10.06                      8.01   2.05    12.64
  SINCE JAN 1     17.02                     17.71  -0.69    18.13

SNOWFALL (IN)
  YESTERDAY        0.0                       0.0    0.0      0.0
  MONTH TO DATE    0.0                       0.0    0.0      0.0
  SINCE JUL 1      0.0                       0.0    0.0      0.0
  SNOW DEPTH       0

DEGREE DAYS
 HEATING
  YESTERDAY        0                         0      0        0
  MONTH TO DATE    0                         0      0        0
  SINCE JUN 1      7                        34    -27       37
  SINCE JUL 1      4                         4      0       12

 COOLING
  YESTERDAY        7                        10     -3        7
  MONTH TO DATE   36                        40     -4       30
  SINCE JUN 1    526                       540    -14      420
  SINCE JAN 1    559                       601    -42      517
..................................................................


WIND (MPH)
  HIGHEST WIND SPEED    20   HIGHEST WIND DIRECTION    SE (150)
  HIGHEST GUST SPEED    26   HIGHEST GUST DIRECTION    SE (150)
  AVERAGE WIND SPEED     7.2


SKY COVER
  POSSIBLE SUNSHINE  MM
  AVERAGE SKY COVER 0.4


WEATHER CONDITIONS
 THE FOLLOWING WEATHER WAS RECORDED YESTERDAY.
  THUNDERSTORM
  RAIN
  LIGHT RAIN
  FOG


RELATIVE HUMIDITY (PERCENT)
 HIGHEST   100           600 AM
 LOWEST     60           400 PM
 AVERAGE    80

..........................................................


THE NORFOLK, NEBRASKA CLIMATE NORMALS FOR TODAY
                         NORMAL    RECORD    YEAR
 MAXIMUM TEMPERATURE (F)   86       109      1934
 MINIMUM TEMPERATURE (F)   63        48      1994


SUNRISE AND SUNSET
AUGUST  5 2015........SUNRISE   627 AM CDT   SUNSET   844 PM CDT
AUGUST  6 2015........SUNRISE   628 AM CDT   SUNSET   842 PM CDT


-  INDICATES NEGATIVE NUMBERS.
R  INDICATES RECORD WAS SET OR TIED.
MM INDICATES DATA IS MISSING.
T  INDICATES TRACE AMOUNT.




$$
