000
CDUS43 KOAX 250630
CLIOFK


CLIMATE REPORT
NATIONAL WEATHER SERVICE OMAHA NEBRASKA
1227 AM CST TUE NOV 25 2014


...................................

...THE NORFOLK, NEBRASKA CLIMATE SUMMARY FOR NOVEMBER 24 2014...

CLIMATE NORMAL PERIOD 1981 TO 2010
CLIMATE RECORD PERIOD 1888 TO 2014


WEATHER ITEM   OBSERVED TIME   RECORD YEAR NORMAL DEPARTURE LAST
                VALUE   (LST)  VALUE       VALUE  FROM      YEAR
                                                  NORMAL
..................................................................
TEMPERATURE (F)
 YESTERDAY
  MAXIMUM         34    334 PM  74    1942  42     -8       40
  MINIMUM         21   1159 PM  -2    1975  21      0       12
  AVERAGE         28                        32     -4       26

PRECIPITATION (IN)
  YESTERDAY        T             1.48 2001   0.04  -0.04     0.00
  MONTH TO DATE    0.32                      1.13  -0.81     0.83
  SINCE SEP 1      3.29                      5.89  -2.60     6.38
  SINCE JAN 1     28.51                     26.42   2.09    24.79

SNOWFALL (IN)
  YESTERDAY        T                         0.2   -0.2      0.0
  MONTH TO DATE    3.7                       2.9    0.8      0.9
  SINCE JUL 1      3.7                       3.7    0.0      0.9
  SNOW DEPTH       0

DEGREE DAYS
 HEATING
  YESTERDAY       37                        33      4       39
  MONTH TO DATE  788                       648    140      644
  SINCE SEP 1   1279                      1217     62     1150
  SINCE JUL 1   1291                      1233     58     1166

 COOLING
  YESTERDAY        0                         0      0        0
  MONTH TO DATE    0                         0      0        0
  SINCE SEP 1     85                        99    -14      181
  SINCE JAN 1    812                       915   -103     1005
..................................................................


WIND (MPH)
  HIGHEST WIND SPEED    33   HIGHEST WIND DIRECTION    NW (330)
  HIGHEST GUST SPEED    40   HIGHEST GUST DIRECTION    NW (330)
  AVERAGE WIND SPEED    19.9


SKY COVER
  POSSIBLE SUNSHINE  MM
  AVERAGE SKY COVER 0.5


WEATHER CONDITIONS
 THE FOLLOWING WEATHER WAS RECORDED YESTERDAY.
  LIGHT SNOW


RELATIVE HUMIDITY (PERCENT)
 HIGHEST    75           400 AM
 LOWEST     35           400 PM
 AVERAGE    55

..........................................................


THE NORFOLK, NEBRASKA CLIMATE NORMALS FOR TODAY
                         NORMAL    RECORD    YEAR
 MAXIMUM TEMPERATURE (F)   41        76      1960
 MINIMUM TEMPERATURE (F)   21        -3      1993


SUNRISE AND SUNSET
NOVEMBER 25 2014......SUNRISE   732 AM CST   SUNSET   502 PM CST
NOVEMBER 26 2014......SUNRISE   733 AM CST   SUNSET   501 PM CST


-  INDICATES NEGATIVE NUMBERS.
R  INDICATES RECORD WAS SET OR TIED.
MM INDICATES DATA IS MISSING.
T  INDICATES TRACE AMOUNT.


$$

BCM
