000
CDUS43 KOAX 240631
CLIOFK


CLIMATE REPORT
NATIONAL WEATHER SERVICE OMAHA NEBRASKA
130 AM CDT TUE MAY 24 2016


...................................

...THE NORFOLK, NEBRASKA CLIMATE SUMMARY FOR MAY 23 2016...

CLIMATE NORMAL PERIOD 1981 TO 2010
CLIMATE RECORD PERIOD 1888 TO 2016


WEATHER ITEM   OBSERVED TIME   RECORD YEAR NORMAL DEPARTURE LAST
                VALUE   (LST)  VALUE       VALUE  FROM      YEAR
                                                  NORMAL
..................................................................
TEMPERATURE (F)
 YESTERDAY
  MAXIMUM         77    206 PM  95    1950  74      3       62
  MINIMUM         58   1159 PM  35    1913  51      7       53
                                      1893
  AVERAGE         68                        63      5       58

PRECIPITATION (IN)
  YESTERDAY        0.37          1.36 1997   0.14   0.23     0.03
  MONTH TO DATE    4.02                      2.83   1.19     2.77
  SINCE MAR 1     11.64                      7.25   4.39     5.53
  SINCE JAN 1     13.79                      8.60   5.19     6.41

SNOWFALL (IN)
  YESTERDAY        0.0                       0.0    0.0      0.0
  MONTH TO DATE    0.0                       0.3   -0.3      0.0
  SINCE JUL 1     53.0                      30.8   22.2     20.7
  SNOW DEPTH       0

DEGREE DAYS
 HEATING
  YESTERDAY        0                         4     -4        7
  MONTH TO DATE  189                       162     27      164
  SINCE MAR 1   1271                      1492   -221     1218
  SINCE JUL 1   5572                      6585  -1013     6264

 COOLING
  YESTERDAY        3                         2      1        0
  MONTH TO DATE   14                        30    -16       18
  SINCE MAR 1     14                        42    -28       23
  SINCE JAN 1     14                        42    -28       23
..................................................................


WIND (MPH)
  HIGHEST WIND SPEED    28   HIGHEST WIND DIRECTION     S (160)
  HIGHEST GUST SPEED    37   HIGHEST GUST DIRECTION     S (160)
  AVERAGE WIND SPEED    10.0


SKY COVER
  POSSIBLE SUNSHINE  MM
  AVERAGE SKY COVER 0.7


WEATHER CONDITIONS
 THE FOLLOWING WEATHER WAS RECORDED YESTERDAY.
  THUNDERSTORM
  RAIN
  LIGHT RAIN
  FOG


RELATIVE HUMIDITY (PERCENT)
 HIGHEST    93           800 AM
 LOWEST     56           200 PM
 AVERAGE    75

..........................................................


THE NORFOLK, NEBRASKA CLIMATE NORMALS FOR TODAY
                         NORMAL    RECORD    YEAR
 MAXIMUM TEMPERATURE (F)   75       102      1967
 MINIMUM TEMPERATURE (F)   51        29      1924


SUNRISE AND SUNSET
MAY 24 2016...........SUNRISE   601 AM CDT   SUNSET   853 PM CDT
MAY 25 2016...........SUNRISE   600 AM CDT   SUNSET   853 PM CDT


-  INDICATES NEGATIVE NUMBERS.
R  INDICATES RECORD WAS SET OR TIED.
MM INDICATES DATA IS MISSING.
T  INDICATES TRACE AMOUNT.




$$
