000
CDUS43 KOAX 312123
CLIOFK


CLIMATE REPORT
NATIONAL WEATHER SERVICE OMAHA NEBRASKA
421 PM CDT FRI OCT 31 2014


...................................

...THE NORFOLK, NEBRASKA CLIMATE SUMMARY FOR OCTOBER 31 2014...
VALID TODAY AS OF 0400 PM LOCAL TIME.

CLIMATE NORMAL PERIOD 1981 TO 2010
CLIMATE RECORD PERIOD 1888 TO 2014


WEATHER ITEM   OBSERVED TIME   RECORD YEAR NORMAL DEPARTURE LAST
                VALUE   (LST)  VALUE       VALUE  FROM      YEAR
                                                  NORMAL
..................................................................
TEMPERATURE (F)
 TODAY
  MAXIMUM         43    247 PM  82    1933  56    -13       57
  MINIMUM         21    714 AM  10    1923  33    -12       28
                                      1913
  AVERAGE         32                        45    -13       43

PRECIPITATION (IN)
  TODAY            0.00          1.20 1920   0.05  -0.05     0.00
  MONTH TO DATE    0.97                      2.07  -1.10     4.70
  SINCE SEP 1      2.97                      4.76  -1.79     5.55
  SINCE JAN 1     28.19                     25.29   2.90    23.96

SNOWFALL (IN)
  TODAY            0.0                       0.1   -0.1      0.0
  MONTH TO DATE    0.0                       0.8   -0.8      0.0
  SINCE JUL 1      0.0                       0.8   -0.8      0.0
  SNOW DEPTH       0

DEGREE DAYS
 HEATING
  TODAY           33                        20     13       22
  MONTH TO DATE  374                       443    -69      477
  SINCE SEP 1    491                       569    -78      506
  SINCE JUL 1    503                       585    -82      522

 COOLING
  TODAY            0                         0      0        0
  MONTH TO DATE    4                         9     -5        9
  SINCE SEP 1     85                        99    -14      181
  SINCE JAN 1    812                       915   -103     1005
..................................................................


WIND (MPH)
  HIGHEST WIND SPEED    28   HIGHEST WIND DIRECTION     N (360)
  HIGHEST GUST SPEED    35   HIGHEST GUST DIRECTION     N (020)
  AVERAGE WIND SPEED    10.1


SKY COVER
  POSSIBLE SUNSHINE  MM
  AVERAGE SKY COVER 0.1


WEATHER CONDITIONS
 THE FOLLOWING WEATHER WAS RECORDED TODAY.
  NO SIGNIFICANT WEATHER WAS OBSERVED.


RELATIVE HUMIDITY (PERCENT)
 HIGHEST    88           700 AM
 LOWEST     30           200 PM
 AVERAGE    59

..........................................................


THE NORFOLK, NEBRASKA CLIMATE NORMALS FOR TOMORROW
                         NORMAL    RECORD    YEAR
 MAXIMUM TEMPERATURE (F)   56        81      1944
 MINIMUM TEMPERATURE (F)   33        13      2006
                                             1935


SUNRISE AND SUNSET
OCTOBER 31 2014.......SUNRISE   801 AM CDT   SUNSET   625 PM CDT
NOVEMBER  1 2014......SUNRISE   802 AM CDT   SUNSET   624 PM CDT


-  INDICATES NEGATIVE NUMBERS.
R  INDICATES RECORD WAS SET OR TIED.
MM INDICATES DATA IS MISSING.
T  INDICATES TRACE AMOUNT.




$$
