000
CDUS42 KCAE 290620
CLIOGB


CLIMATE REPORT
NATIONAL WEATHER SERVICE COLUMBIA SC
220 AM EDT MON MAY 29 2017


...................................

...THE ORANGEBURG AIRPORT SC CLIMATE SUMMARY FOR MAY 28 2017...

CLIMATE NORMAL PERIOD 1981 TO 2010
CLIMATE RECORD PERIOD 9999 TO 9999


WEATHER ITEM   OBSERVED TIME   NORMAL DEPARTURE LAST
                VALUE   (LST)  VALUE  FROM      YEAR
                                      NORMAL
......................................................
TEMPERATURE (F)
 YESTERDAY
  MAXIMUM         90    158 PM  86      4       83
  MINIMUM         66    542 AM  64      2       63
  AVERAGE         78            75      3       73

PRECIPITATION (IN)
  YESTERDAY        T             0.14  -0.14     0.43
  MONTH TO DATE    2.59          2.73  -0.14     1.78
  SINCE MAR 1      9.85          9.56   0.29     6.71
  SINCE JAN 1     16.50         17.13  -0.63    13.88

DEGREE DAYS
 HEATING
  YESTERDAY        0             0      0        0
  MONTH TO DATE   12            10      2        8
  SINCE MAR 1    321           395    -74      228
  SINCE JUL 1   1630          2327   -697     1629

 COOLING
  YESTERDAY       13            10      3        8
  MONTH TO DATE  217           188     29      200
  SINCE MAR 1    402           270    132      361
  SINCE JAN 1    428           273    155      367
......................................................


WIND (MPH)
  HIGHEST WIND SPEED    24   HIGHEST WIND DIRECTION     W (260)
  HIGHEST GUST SPEED    32   HIGHEST GUST DIRECTION    SW (220)
  AVERAGE WIND SPEED     7.3


SKY COVER
  AVERAGE SKY COVER 0.1


WEATHER CONDITIONS
 THE FOLLOWING WEATHER WAS RECORDED YESTERDAY.
  THUNDERSTORM
  LIGHT RAIN


RELATIVE HUMIDITY (PERCENT)
 HIGHEST    93           600 AM
 LOWEST     52           100 PM

..........................................................


THE ORANGEBURG AIRPORT SC CLIMATE NORMALS FOR TODAY
                         NORMAL    RECORD    YEAR
 MAXIMUM TEMPERATURE (F)   86        MM        MM
 MINIMUM TEMPERATURE (F)   64        MM        MM


SUNRISE AND SUNSET
MAY 29 2017...........SUNRISE   615 AM EDT   SUNSET   827 PM EDT
MAY 30 2017...........SUNRISE   615 AM EDT   SUNSET   827 PM EDT


-  INDICATES NEGATIVE NUMBERS.
R  INDICATES RECORD WAS SET OR TIED.
MM INDICATES DATA IS MISSING.
T  INDICATES TRACE AMOUNT.




$$
