000
CDUS42 KCAE 280653
CLIOGB


CLIMATE REPORT
NATIONAL WEATHER SERVICE COLUMBIA SC
253 AM EDT FRI JUL 28 2017


...................................

...THE ORANGEBURG AIRPORT SC CLIMATE SUMMARY FOR JULY 27 2017...

CLIMATE NORMAL PERIOD 1981 TO 2010
CLIMATE RECORD PERIOD 9999 TO 9999


WEATHER ITEM   OBSERVED TIME   NORMAL DEPARTURE LAST
                VALUE   (LST)  VALUE  FROM      YEAR
                                      NORMAL
......................................................
TEMPERATURE (F)
 YESTERDAY
  MAXIMUM         91    224 PM  92     -1       97
  MINIMUM         74    656 AM  72      2       75
  AVERAGE         83            82      1       86

PRECIPITATION (IN)
  YESTERDAY        0.00          0.17  -0.17     0.00
  MONTH TO DATE    4.95          4.73   0.22     3.41
  SINCE JUN 1      8.43          9.85  -1.42     5.04
  SINCE JAN 1     24.94         27.47  -2.53    21.20

DEGREE DAYS
 HEATING
  YESTERDAY        0             0      0        0
  MONTH TO DATE    0             0      0        0
  SINCE JUN 1      0             1     -1        0
  SINCE JUL 1      0             0      0        0

 COOLING
  YESTERDAY       18            17      1       21
  MONTH TO DATE  467           452     15      541
  SINCE JUN 1    865           850     15     1016
  SINCE JAN 1   1333          1153    180     1411
......................................................


WIND (MPH)
  HIGHEST WIND SPEED    10   HIGHEST WIND DIRECTION     S (180)
  HIGHEST GUST SPEED    13   HIGHEST GUST DIRECTION     S (180)
  AVERAGE WIND SPEED     3.3


SKY COVER
  AVERAGE SKY COVER 0.3


WEATHER CONDITIONS
 THE FOLLOWING WEATHER WAS RECORDED YESTERDAY.
  FOG
  FOG W/VISIBILITY <= 1/4 MILE


RELATIVE HUMIDITY (PERCENT)
 HIGHEST   100           200 AM
 LOWEST     52           400 PM

..........................................................


THE ORANGEBURG AIRPORT SC CLIMATE NORMALS FOR TODAY
                         NORMAL    RECORD    YEAR
 MAXIMUM TEMPERATURE (F)   92        MM        MM
 MINIMUM TEMPERATURE (F)   72        MM        MM


SUNRISE AND SUNSET
JULY 28 2017..........SUNRISE   633 AM EDT   SUNSET   826 PM EDT
JULY 29 2017..........SUNRISE   634 AM EDT   SUNSET   825 PM EDT


-  INDICATES NEGATIVE NUMBERS.
R  INDICATES RECORD WAS SET OR TIED.
MM INDICATES DATA IS MISSING.
T  INDICATES TRACE AMOUNT.




$$
