000
CDUS42 KCAE 280526
CLIOGB


CLIMATE REPORT
NATIONAL WEATHER SERVICE COLUMBIA SC
126 AM EDT SAT MAR 28 2015


...................................

...THE ORANGEBURG AIRPORT SC CLIMATE SUMMARY FOR MARCH 27 2015...

CLIMATE NORMAL PERIOD 1981 TO 2010
CLIMATE RECORD PERIOD 9999 TO 9999


WEATHER ITEM   OBSERVED TIME   NORMAL DEPARTURE LAST
                VALUE   (LST)  VALUE  FROM      YEAR
                                      NORMAL
......................................................
TEMPERATURE (F)
 YESTERDAY
  MAXIMUM         73   1156 AM  72      1       67
  MINIMUM         46   1159 PM  47     -1       30
  AVERAGE         60            59      1       49

PRECIPITATION (IN)
  YESTERDAY        0.13          0.13   0.00     0.00
  MONTH TO DATE    2.97          3.49  -0.52     2.57
  SINCE MAR 1      2.97          3.49  -0.52     2.57
  SINCE JAN 1      9.82         11.06  -1.24     8.49

DEGREE DAYS
 HEATING
  YESTERDAY        5             6     -1       16
  MONTH TO DATE  157           253    -96      365
  SINCE MAR 1    157           253    -96      365
  SINCE JUL 1   2231          2185     46     2229

 COOLING
  YESTERDAY        0             1     -1        0
  MONTH TO DATE   26            19      7        0
  SINCE MAR 1     26            19      7        0
  SINCE JAN 1     26            22      4        6
......................................................


WIND (MPH)
  HIGHEST WIND SPEED    21   HIGHEST WIND DIRECTION    SW (230)
  HIGHEST GUST SPEED    26   HIGHEST GUST DIRECTION    SW (240)
  AVERAGE WIND SPEED    10.0


SKY COVER
  AVERAGE SKY COVER 0.9


WEATHER CONDITIONS
 THE FOLLOWING WEATHER WAS RECORDED YESTERDAY.
  THUNDERSTORM
  HEAVY RAIN
  LIGHT RAIN
  FOG


RELATIVE HUMIDITY (PERCENT)
 HIGHEST    90           700 AM
 LOWEST     70          1100 AM

..........................................................


THE ORANGEBURG AIRPORT SC CLIMATE NORMALS FOR TODAY
                         NORMAL    RECORD    YEAR
 MAXIMUM TEMPERATURE (F)   72        MM        MM
 MINIMUM TEMPERATURE (F)   47        MM        MM


SUNRISE AND SUNSET
MARCH 28 2015.........SUNRISE   717 AM EDT   SUNSET   741 PM EDT
MARCH 29 2015.........SUNRISE   715 AM EDT   SUNSET   742 PM EDT


-  INDICATES NEGATIVE NUMBERS.
R  INDICATES RECORD WAS SET OR TIED.
MM INDICATES DATA IS MISSING.
T  INDICATES TRACE AMOUNT.




$$
