000
CDUS42 KCAE 010548
CLIOGB


CLIMATE REPORT
NATIONAL WEATHER SERVICE COLUMBIA SC
1248 AM EST SUN FEB 1 2015


...................................

...THE ORANGEBURG AIRPORT SC CLIMATE SUMMARY FOR JANUARY 31 2015...

CLIMATE NORMAL PERIOD 1981 TO 2010
CLIMATE RECORD PERIOD 9999 TO 9999


WEATHER ITEM   OBSERVED TIME   NORMAL DEPARTURE LAST
                VALUE   (LST)  VALUE  FROM      YEAR
                                      NORMAL
......................................................
TEMPERATURE (F)
 YESTERDAY
  MAXIMUM         54    404 PM  58     -4       57
  MINIMUM         26    738 AM  36    -10       22
  AVERAGE         40            47     -7       40

PRECIPITATION (IN)
  YESTERDAY        0.00          0.16  -0.16     0.00
  MONTH TO DATE    2.82          3.98  -1.16     2.16
  SINCE DEC 1      6.25          7.30  -1.05     5.85
  SINCE JAN 1      2.82          3.98  -1.16     2.16

DEGREE DAYS
 HEATING
  YESTERDAY       25            18      7       25
  MONTH TO DATE  587           596     -9      707
  SINCE DEC 1   1012          1128   -116     1101
  SINCE JUL 1   1484          1497    -13     1497

 COOLING
  YESTERDAY        0             0      0        0
  MONTH TO DATE    0             1     -1        0
  SINCE DEC 1      0             5     -5       17
  SINCE JAN 1      0             1     -1        0
......................................................


WIND (MPH)
  HIGHEST WIND SPEED     8   HIGHEST WIND DIRECTION    NE (50)
  HIGHEST GUST SPEED    11   HIGHEST GUST DIRECTION    NE (40)
  AVERAGE WIND SPEED     1.8


SKY COVER
  AVERAGE SKY COVER 0.0


WEATHER CONDITIONS
 THE FOLLOWING WEATHER WAS RECORDED YESTERDAY.
  NO SIGNIFICANT WEATHER WAS OBSERVED.


RELATIVE HUMIDITY (PERCENT)
 HIGHEST    81           600 AM
 LOWEST     18           500 PM

..........................................................


THE ORANGEBURG AIRPORT SC CLIMATE NORMALS FOR TODAY
                         NORMAL    RECORD    YEAR
 MAXIMUM TEMPERATURE (F)   58        MM        MM
 MINIMUM TEMPERATURE (F)   36        MM        MM


SUNRISE AND SUNSET
FEBRUARY  1 2015......SUNRISE   720 AM EST   SUNSET   555 PM EST
FEBRUARY  2 2015......SUNRISE   719 AM EST   SUNSET   556 PM EST


-  INDICATES NEGATIVE NUMBERS.
R  INDICATES RECORD WAS SET OR TIED.
MM INDICATES DATA IS MISSING.
T  INDICATES TRACE AMOUNT.




$$
