991
CDUS42 KCAE 020553
CLIOGB


CLIMATE REPORT
NATIONAL WEATHER SERVICE COLUMBIA SC
1251 AM EST FRI DEC 2 2016


...................................

...THE ORANGEBURG AIRPORT SC CLIMATE SUMMARY FOR DECEMBER 1 2016...

CLIMATE NORMAL PERIOD 1981 TO 2010
CLIMATE RECORD PERIOD 9999 TO 9999


WEATHER ITEM   OBSERVED TIME   NORMAL DEPARTURE LAST
                VALUE   (LST)  VALUE  FROM      YEAR
                                      NORMAL
......................................................
TEMPERATURE (F)
 YESTERDAY
  MAXIMUM         66    249 PM  63      3       68
  MINIMUM         47   1159 PM  40      7       59
  AVERAGE         57            52      5       64

PRECIPITATION (IN)
  YESTERDAY        0.01          0.13  -0.12     0.00
  MONTH TO DATE    0.01          0.13  -0.12     0.00
  SINCE DEC 1      0.01          0.13  -0.12     0.00
  SINCE JAN 1     41.41         43.54  -2.13    50.71

DEGREE DAYS
 HEATING
  YESTERDAY        8            14     -6        1
  MONTH TO DATE    8            14     -6        1
  SINCE DEC 1      8            14     -6        1
  SINCE JUL 1    313           383    -70      222

 COOLING
  YESTERDAY        0             0      0        0
  MONTH TO DATE    0             0      0        0
  SINCE DEC 1      0             0      0        0
  SINCE JAN 1   2558          2102    456     2432
......................................................


WIND (MPH)
  HIGHEST WIND SPEED    16   HIGHEST WIND DIRECTION     W (260)
  HIGHEST GUST SPEED    21   HIGHEST GUST DIRECTION     W (290)
  AVERAGE WIND SPEED     9.1


SKY COVER
  AVERAGE SKY COVER 0.2


WEATHER CONDITIONS
 THE FOLLOWING WEATHER WAS RECORDED YESTERDAY.
  LIGHT RAIN


RELATIVE HUMIDITY (PERCENT)
 HIGHEST   100           200 AM
 LOWEST     31           400 PM

..........................................................


THE ORANGEBURG AIRPORT SC CLIMATE NORMALS FOR TODAY
                         NORMAL    RECORD    YEAR
 MAXIMUM TEMPERATURE (F)   63        MM        MM
 MINIMUM TEMPERATURE (F)   40        MM        MM


SUNRISE AND SUNSET
DECEMBER  2 2016......SUNRISE   711 AM EST   SUNSET   515 PM EST
DECEMBER  3 2016......SUNRISE   711 AM EST   SUNSET   515 PM EST


-  INDICATES NEGATIVE NUMBERS.
R  INDICATES RECORD WAS SET OR TIED.
MM INDICATES DATA IS MISSING.
T  INDICATES TRACE AMOUNT.




$$
