000
CDUS42 KCAE 250537
CLIOGB


CLIMATE REPORT
NATIONAL WEATHER SERVICE COLUMBIA SC
137 AM EDT TUE APR 25 2017


...................................

...THE ORANGEBURG AIRPORT SC CLIMATE SUMMARY FOR APRIL 24 2017...

CLIMATE NORMAL PERIOD 1981 TO 2010
CLIMATE RECORD PERIOD 9999 TO 9999


WEATHER ITEM   OBSERVED TIME   NORMAL DEPARTURE LAST
                VALUE   (LST)  VALUE  FROM      YEAR
                                      NORMAL
......................................................
TEMPERATURE (F)
 YESTERDAY
  MAXIMUM         69    139 PM  79    -10       80
  MINIMUM         58   1159 PM  52      6       58
  AVERAGE         64            66     -2       69

PRECIPITATION (IN)
  YESTERDAY       MM             0.09  MM        0.00
  MONTH TO DATE    2.21          2.43  -0.22     2.57
  SINCE MAR 1      3.97          6.41  -2.44     4.92
  SINCE JAN 1     10.62         13.98  -3.36    12.09

DEGREE DAYS
 HEATING
  YESTERDAY        1             2     -1        0
  MONTH TO DATE   37            98    -61       79
  SINCE MAR 1    309           375    -66      220
  SINCE JUL 1   1618          2307   -689     1621

 COOLING
  YESTERDAY        0             3     -3        4
  MONTH TO DATE   85            45     40       40
  SINCE MAR 1    131            62     69      108
  SINCE JAN 1    157            65     92      114
......................................................


WIND (MPH)
  HIGHEST WIND SPEED    29   HIGHEST WIND DIRECTION    NE (50)
  HIGHEST GUST SPEED    40   HIGHEST GUST DIRECTION    NE (40)
  AVERAGE WIND SPEED     8.2


SKY COVER
  AVERAGE SKY COVER 0.8


WEATHER CONDITIONS
 THE FOLLOWING WEATHER WAS RECORDED YESTERDAY.
  THUNDERSTORM
  HEAVY RAIN
  RAIN
  LIGHT RAIN
  FOG


RELATIVE HUMIDITY (PERCENT)
 HIGHEST   100          1000 PM
 LOWEST     87           900 AM

..........................................................


THE ORANGEBURG AIRPORT SC CLIMATE NORMALS FOR TODAY
                         NORMAL    RECORD    YEAR
 MAXIMUM TEMPERATURE (F)   79        MM        MM
 MINIMUM TEMPERATURE (F)   53        MM        MM


SUNRISE AND SUNSET
APRIL 25 2017.........SUNRISE   641 AM EDT   SUNSET   802 PM EDT
APRIL 26 2017.........SUNRISE   640 AM EDT   SUNSET   803 PM EDT


-  INDICATES NEGATIVE NUMBERS.
R  INDICATES RECORD WAS SET OR TIED.
MM INDICATES DATA IS MISSING.
T  INDICATES TRACE AMOUNT.




$$
