000
CDUS42 KCAE 250703
CLIOGB


CLIMATE REPORT
NATIONAL WEATHER SERVICE COLUMBIA SC
203 AM EST SAT NOV 25 2017


...................................

...THE ORANGEBURG AIRPORT SC CLIMATE SUMMARY FOR NOVEMBER 24 2017...

CLIMATE NORMAL PERIOD 1981 TO 2010
CLIMATE RECORD PERIOD 9999 TO 9999


WEATHER ITEM   OBSERVED TIME   NORMAL DEPARTURE LAST
                VALUE   (LST)  VALUE  FROM      YEAR
                                      NORMAL
......................................................
TEMPERATURE (F)
 YESTERDAY
  MAXIMUM         63    330 PM  66     -3       76
  MINIMUM         35    646 AM  42     -7       48
  AVERAGE         49            54     -5       62

PRECIPITATION (IN)
  YESTERDAY        0.00          0.10  -0.10     0.00
  MONTH TO DATE    1.93          2.30  -0.37     0.13
  SINCE SEP 1      8.71          9.48  -0.77    16.65
  SINCE JAN 1     36.90         42.79  -5.89    41.17

DEGREE DAYS
 HEATING
  YESTERDAY       16            11      5        3
  MONTH TO DATE  213           203     10      228
  SINCE SEP 1    294           293      1      261
  SINCE JUL 1    294           293      1      261

 COOLING
  YESTERDAY        0             0      0        0
  MONTH TO DATE   18            12      6        7
  SINCE SEP 1    523           406    117      501
  SINCE JAN 1   2410          2099    311     2545
......................................................


WIND (MPH)
  HIGHEST WIND SPEED    12   HIGHEST WIND DIRECTION    NE (50)
  HIGHEST GUST SPEED    15   HIGHEST GUST DIRECTION     E (70)
  AVERAGE WIND SPEED     3.9


SKY COVER
  AVERAGE SKY COVER 0.0


WEATHER CONDITIONS
 THE FOLLOWING WEATHER WAS RECORDED YESTERDAY.
  NO SIGNIFICANT WEATHER WAS OBSERVED.


RELATIVE HUMIDITY (PERCENT)
 HIGHEST    93          1000 PM
 LOWEST     34           300 PM

..........................................................


THE ORANGEBURG AIRPORT SC CLIMATE NORMALS FOR TODAY
                         NORMAL    RECORD    YEAR
 MAXIMUM TEMPERATURE (F)   65        MM        MM
 MINIMUM TEMPERATURE (F)   42        MM        MM


SUNRISE AND SUNSET
NOVEMBER 25 2017......SUNRISE   704 AM EST   SUNSET   516 PM EST
NOVEMBER 26 2017......SUNRISE   705 AM EST   SUNSET   516 PM EST


-  INDICATES NEGATIVE NUMBERS.
R  INDICATES RECORD WAS SET OR TIED.
MM INDICATES DATA IS MISSING.
T  INDICATES TRACE AMOUNT.




$$
