000
CDUS42 KCAE 010558
CLIOGB


CLIMATE REPORT
NATIONAL WEATHER SERVICE COLUMBIA SC
1258 AM EST SUN MAR 1 2015


...................................

...THE ORANGEBURG AIRPORT SC CLIMATE SUMMARY FOR FEBRUARY 28 2015...

CLIMATE NORMAL PERIOD 1981 TO 2010
CLIMATE RECORD PERIOD 9999 TO 9999


WEATHER ITEM   OBSERVED TIME   NORMAL DEPARTURE LAST
                VALUE   (LST)  VALUE  FROM      YEAR
                                      NORMAL
......................................................
TEMPERATURE (F)
 YESTERDAY
  MAXIMUM         55    244 PM  64     -9       57
  MINIMUM         35    749 AM  41     -6       31
  AVERAGE         45            52     -7       44

PRECIPITATION (IN)
  YESTERDAY        T             0.15  -0.15     0.00
  MONTH TO DATE    4.03          3.59   0.44     3.76
  SINCE DEC 1     10.28         10.89  -0.61     9.61
  SINCE JAN 1      6.85          7.57  -0.72     5.92

DEGREE DAYS
 HEATING
  YESTERDAY       20            13      7       21
  MONTH TO DATE  590           435    155      367
  SINCE DEC 1   1602          1563     39     1468
  SINCE JUL 1   2074          1932    142     1864

 COOLING
  YESTERDAY        0             0      0        0
  MONTH TO DATE    0             2     -2        6
  SINCE DEC 1      0             7     -7       23
  SINCE JAN 1      0             3     -3        6
......................................................


WIND (MPH)
  HIGHEST WIND SPEED    17   HIGHEST WIND DIRECTION    NE (50)
  HIGHEST GUST SPEED    22   HIGHEST GUST DIRECTION    NE (60)
  AVERAGE WIND SPEED     9.9


SKY COVER
  AVERAGE SKY COVER 0.3


WEATHER CONDITIONS
 THE FOLLOWING WEATHER WAS RECORDED YESTERDAY.
  LIGHT RAIN


RELATIVE HUMIDITY (PERCENT)
 HIGHEST    85          1200 AM
 LOWEST     35           300 PM

..........................................................


THE ORANGEBURG AIRPORT SC CLIMATE NORMALS FOR TODAY
                         NORMAL    RECORD    YEAR
 MAXIMUM TEMPERATURE (F)   65        MM        MM
 MINIMUM TEMPERATURE (F)   41        MM        MM


SUNRISE AND SUNSET
MARCH  1 2015.........SUNRISE   652 AM EST   SUNSET   620 PM EST
MARCH  2 2015.........SUNRISE   651 AM EST   SUNSET   621 PM EST


-  INDICATES NEGATIVE NUMBERS.
R  INDICATES RECORD WAS SET OR TIED.
MM INDICATES DATA IS MISSING.
T  INDICATES TRACE AMOUNT.




$$
