000
CDUS42 KCAE 290640
CLIOGB


CLIMATE REPORT
NATIONAL WEATHER SERVICE COLUMBIA SC
139 AM EST MON DEC 29 2014


...................................

...THE ORANGEBURG AIRPORT SC CLIMATE SUMMARY FOR DECEMBER 28 2014...

CLIMATE NORMAL PERIOD 1981 TO 2010
CLIMATE RECORD PERIOD 9999 TO 9999


WEATHER ITEM   OBSERVED TIME   NORMAL DEPARTURE LAST
                VALUE   (LST)  VALUE  FROM      YEAR
                                      NORMAL
......................................................
TEMPERATURE (F)
 YESTERDAY
  MAXIMUM         70    447 PM  56     14       59
  MINIMUM         52   1214 AM  35     17       30
  AVERAGE         61            46     15       45

PRECIPITATION (IN)
  YESTERDAY        0.01          0.08  -0.07     0.10
  MONTH TO DATE    3.28          3.04   0.24     2.82
  SINCE DEC 1      3.28          3.04   0.24     2.82
  SINCE JAN 1     47.09         46.45   0.64    53.98

DEGREE DAYS
 HEATING
  YESTERDAY        4            19    -15       20
  MONTH TO DATE  381           477    -96      355
  SINCE DEC 1    381           477    -96      355
  SINCE JUL 1    853           846      7      751

 COOLING
  YESTERDAY        0             0      0        0
  MONTH TO DATE    0             0      0       17
  SINCE DEC 1      0             0      0       17
  SINCE JAN 1   2250          2102    148     2059
......................................................


WIND (MPH)
  HIGHEST WIND SPEED    15   HIGHEST WIND DIRECTION    SW (210)
  HIGHEST GUST SPEED    20   HIGHEST GUST DIRECTION     S (200)
  AVERAGE WIND SPEED     3.9


SKY COVER
  AVERAGE SKY COVER 0.8


WEATHER CONDITIONS
 THE FOLLOWING WEATHER WAS RECORDED YESTERDAY.
  FOG


RELATIVE HUMIDITY (PERCENT)
 HIGHEST    93           200 AM
 LOWEST     73          1100 AM

..........................................................


THE ORANGEBURG AIRPORT SC CLIMATE NORMALS FOR TODAY
                         NORMAL    RECORD    YEAR
 MAXIMUM TEMPERATURE (F)   56        MM        MM
 MINIMUM TEMPERATURE (F)   35        MM        MM


SUNRISE AND SUNSET
DECEMBER 29 2014......SUNRISE   727 AM EST   SUNSET   524 PM EST
DECEMBER 30 2014......SUNRISE   727 AM EST   SUNSET   525 PM EST


-  INDICATES NEGATIVE NUMBERS.
R  INDICATES RECORD WAS SET OR TIED.
MM INDICATES DATA IS MISSING.
T  INDICATES TRACE AMOUNT.




$$
