000
CDUS42 KCAE 010637
CLIOGB


CLIMATE REPORT
NATIONAL WEATHER SERVICE COLUMBIA SC
236 AM EDT WED JUL 1 2015


...................................

...THE ORANGEBURG AIRPORT SC CLIMATE SUMMARY FOR JUNE 30 2015...

CLIMATE NORMAL PERIOD 1981 TO 2010
CLIMATE RECORD PERIOD 9999 TO 9999


WEATHER ITEM   OBSERVED TIME   NORMAL DEPARTURE LAST
                VALUE   (LST)  VALUE  FROM      YEAR
                                      NORMAL
......................................................
TEMPERATURE (F)
 YESTERDAY
  MAXIMUM         95    159 PM  91      4       92
  MINIMUM         67    547 AM  70     -3       71
  AVERAGE         81            81      0       82

PRECIPITATION (IN)
  YESTERDAY        0.76          0.17   0.59     1.53
  MONTH TO DATE    4.31          5.12  -0.81     6.91
  SINCE JUN 1      4.31          5.12  -0.81     6.91
  SINCE JAN 1     19.57         22.74  -3.17    25.74

DEGREE DAYS
 HEATING
  YESTERDAY        0             0      0        0
  MONTH TO DATE    0             0      0        0
  SINCE JUN 1      0             1     -1        0
  SINCE JUL 1   2326          2333     -7     2334

 COOLING
  YESTERDAY       16            16      0       17
  MONTH TO DATE  508           398    110      442
  SINCE JUN 1    508           398    110      442
  SINCE JAN 1    884           701    183      797
......................................................


WIND (MPH)
  HIGHEST WIND SPEED    36   HIGHEST WIND DIRECTION     W (290)
  HIGHEST GUST SPEED    49   HIGHEST GUST DIRECTION     W (290)
  AVERAGE WIND SPEED     7.9


SKY COVER
  AVERAGE SKY COVER 0.3


WEATHER CONDITIONS
 THE FOLLOWING WEATHER WAS RECORDED YESTERDAY.
  THUNDERSTORM
  HEAVY RAIN
  RAIN
  LIGHT RAIN
  FOG


RELATIVE HUMIDITY (PERCENT)
 HIGHEST    93           800 PM
 LOWEST     36           200 PM

..........................................................


THE ORANGEBURG AIRPORT SC CLIMATE NORMALS FOR TODAY
                         NORMAL    RECORD    YEAR
 MAXIMUM TEMPERATURE (F)   92        MM        MM
 MINIMUM TEMPERATURE (F)   70        MM        MM


SUNRISE AND SUNSET
JULY  1 2015..........SUNRISE   617 AM EDT   SUNSET   837 PM EDT
JULY  2 2015..........SUNRISE   618 AM EDT   SUNSET   837 PM EDT


-  INDICATES NEGATIVE NUMBERS.
R  INDICATES RECORD WAS SET OR TIED.
MM INDICATES DATA IS MISSING.
T  INDICATES TRACE AMOUNT.




$$
