000
CDUS42 KCAE 250529
CLIOGB


CLIMATE REPORT
NATIONAL WEATHER SERVICE COLUMBIA SC
128 AM EDT SAT OCT 25 2014


...................................

...THE ORANGEBURG AIRPORT SC CLIMATE SUMMARY FOR OCTOBER 24 2014...

CLIMATE NORMAL PERIOD 1981 TO 2010
CLIMATE RECORD PERIOD 9999 TO 9999


WEATHER ITEM   OBSERVED TIME   RECORD YEAR NORMAL DEPARTURE LAST
                VALUE   (LST)  VALUE       VALUE  FROM      YEAR
                                                  NORMAL
..................................................................
TEMPERATURE (F)
 YESTERDAY
  MAXIMUM         74    359 PM  MM      MM  74      0       66
  MINIMUM         46    327 AM  MM      MM  51     -5       39
  AVERAGE         60                        62     -2       53

PRECIPITATION (IN)
  YESTERDAY        0.00         MM      MM   0.09  -0.09     0.00
  MONTH TO DATE    1.27                      2.90  -1.63     0.41
  SINCE SEP 1      5.13                      6.69  -1.56     2.01
  SINCE JAN 1     40.15                     40.00   0.15    49.32

DEGREE DAYS
 HEATING
  YESTERDAY        5                         4      1       12
  MONTH TO DATE   45                        51     -6       18
  SINCE SEP 1     49                        55     -6       18
  SINCE JUL 1     49                        55     -6       18

 COOLING
  YESTERDAY        0                         2     -2        0
  MONTH TO DATE  105                        83     22      115
  SINCE SEP 1    436                       384     52      429
  SINCE JAN 1   2227                      2077    150     2021
..................................................................


WIND (MPH)
  HIGHEST WIND SPEED     9   HIGHEST WIND DIRECTION    NE (60)
  HIGHEST GUST SPEED    12   HIGHEST GUST DIRECTION     E (80)
  AVERAGE WIND SPEED     1.6


SKY COVER
  AVERAGE SKY COVER 0.0


WEATHER CONDITIONS
 THE FOLLOWING WEATHER WAS RECORDED YESTERDAY.
  FOG


RELATIVE HUMIDITY (PERCENT)
 HIGHEST    93          1200 AM
 LOWEST     35           300 PM

..........................................................


THE ORANGEBURG AIRPORT SC CLIMATE NORMALS FOR TODAY
                         NORMAL    RECORD    YEAR
 MAXIMUM TEMPERATURE (F)   74        MM        MM
 MINIMUM TEMPERATURE (F)   50        MM        MM


SUNRISE AND SUNSET
OCTOBER 25 2014.......SUNRISE   736 AM EDT   SUNSET   638 PM EDT
OCTOBER 26 2014.......SUNRISE   737 AM EDT   SUNSET   637 PM EDT


-  INDICATES NEGATIVE NUMBERS.
R  INDICATES RECORD WAS SET OR TIED.
MM INDICATES DATA IS MISSING.
T  INDICATES TRACE AMOUNT.




$$
