000
CDHW42 PHFO 301249
CLIOGG


CLIMATE REPORT
NATIONAL WEATHER SERVICE
1245 PM UTC THU JUL 30 2015


...................................

...THE KAHULUI HI CLIMATE SUMMARY FOR JULY 29 2015...

CLIMATE NORMAL PERIOD 1981 TO 2010
CLIMATE RECORD PERIOD 1946 TO 2015


WEATHER ITEM   OBSERVED TIME   RECORD YEAR NORMAL DEPARTURE LAST
                VALUE   (LST)  VALUE       VALUE  FROM      YEAR
                                                  NORMAL
..................................................................
TEMPERATURE (F)
 YESTERDAY
  MAXIMUM         93R   211 PM  92    1997  88      5       89
                                      1980
                                      1953
  MINIMUM         72    615 AM  62    1965  72      0       66
  AVERAGE         83                        80      3       78

PRECIPITATION (IN)
  YESTERDAY        0.01          0.79 2013   0.02  -0.01     0.02
  MONTH TO DATE    0.84                      0.46   0.38     0.91
  SINCE JUN 1      0.84                      0.66   0.18     1.20
  SINCE JAN 1     17.80                     10.16   7.64    15.16

SNOWFALL (IN)
  YESTERDAY        0.0
  MONTH TO DATE    0.0
  SINCE JUN 1      0.0
  SINCE JUL 1      0.0
  SNOW DEPTH      MM

DEGREE DAYS
 HEATING
  YESTERDAY        0                         0      0        0
  MONTH TO DATE    0                         0      0        0
  SINCE JUN 1      0                         0      0        0
  SINCE JUL 1      0                         0      0        0

 COOLING
  YESTERDAY       18                        15      3       13
  MONTH TO DATE  357                       409    -52      452
  SINCE JUN 1    357                       797   -440      871
  SINCE JAN 1   1503                      2056   -553     2367
..................................................................


WIND (MPH)
  HIGHEST WIND SPEED    25   HIGHEST WIND DIRECTION    NE (60)
  HIGHEST GUST SPEED    33   HIGHEST GUST DIRECTION    NE (60)
  AVERAGE WIND SPEED    12.3


SKY COVER
  POSSIBLE SUNSHINE  MM
  AVERAGE SKY COVER  MM


WEATHER CONDITIONS
 THE FOLLOWING WEATHER WAS RECORDED YESTERDAY.
  NO SIGNIFICANT WEATHER WAS OBSERVED.


RELATIVE HUMIDITY (PERCENT)
 HIGHEST    MM
 LOWEST     MM
 AVERAGE    MM

..........................................................


THE KAHULUI HI CLIMATE NORMALS FOR TODAY
                         NORMAL    RECORD    YEAR
 MAXIMUM TEMPERATURE (F)   88        96      1951
 MINIMUM TEMPERATURE (F)   72        58      1965


SUNRISE AND SUNSET
JULY 30 2015..........SUNRISE   559 AM HST   SUNSET   705 PM HST
JULY 31 2015..........SUNRISE   559 AM HST   SUNSET   705 PM HST


-  INDICATES NEGATIVE NUMBERS.
R  INDICATES RECORD WAS SET OR TIED.
MM INDICATES DATA IS MISSING.
T  INDICATES TRACE AMOUNT.




$$
