000
CDHW42 PHFO 200302
CLIOGG


CLIMATE REPORT
NATIONAL WEATHER SERVICE HONOLULU HI
500 PM HST TUE SEP 19 2017


...................................

...THE KAHULUI HI CLIMATE SUMMARY FOR SEPTEMBER 19 2017...
VALID TODAY AS OF 0500 PM LOCAL TIME.

CLIMATE NORMAL PERIOD 1981 TO 2010
CLIMATE RECORD PERIOD 1946 TO 2017


WEATHER ITEM   OBSERVED TIME   RECORD YEAR NORMAL DEPARTURE LAST
                VALUE   (LST)  VALUE       VALUE  FROM      YEAR
                                                  NORMAL
..................................................................
TEMPERATURE (F)
 TODAY
  MAXIMUM         92    324 PM  96    1995  88      4       88
  MINIMUM         73    410 AM  60    1952  70      3       73
  AVERAGE         83                        79      4       81

PRECIPITATION (IN)
  TODAY            0.00          0.57 1991   0.01  -0.01      T
  MONTH TO DATE    0.05                      0.22  -0.17     0.88
  SINCE SEP 1      0.05                      0.22  -0.17     0.88
  SINCE JAN 1     15.15                     10.92   4.23    10.69

SNOWFALL (IN)
  TODAY            0.0
  MONTH TO DATE    0.0
  SINCE SEP 1      0.0
  SINCE JUL 1      0.0
  SNOW DEPTH      MM

DEGREE DAYS
 HEATING
  TODAY            0                         0      0        0
  MONTH TO DATE    0                         0      0        0
  SINCE SEP 1      0                         0      0        0
  SINCE JUL 1      0                         0      0        0

 COOLING
  TODAY           18                        14      4       16
  MONTH TO DATE  294                       268     26      307
  SINCE SEP 1    294                       268     26      307
  SINCE JAN 1   3058                      2810    248     3208
..................................................................


WIND (MPH)
  HIGHEST WIND SPEED    26   HIGHEST WIND DIRECTION     E (70)
  HIGHEST GUST SPEED    37   HIGHEST GUST DIRECTION     E (70)
  AVERAGE WIND SPEED    MM


SKY COVER
  POSSIBLE SUNSHINE  MM
  AVERAGE SKY COVER  MM


WEATHER CONDITIONS
 THE FOLLOWING WEATHER WAS RECORDED TODAY.
  NO SIGNIFICANT WEATHER WAS OBSERVED.


RELATIVE HUMIDITY (PERCENT)
 HIGHEST    MM
 LOWEST     MM
 AVERAGE    MM

..........................................................


THE KAHULUI HI CLIMATE NORMALS FOR TOMORROW
                         NORMAL    RECORD    YEAR
 MAXIMUM TEMPERATURE (F)   88        92      1996
                                             1994
                                             1965
 MINIMUM TEMPERATURE (F)   70        60      1952


SUNRISE AND SUNSET
SEPTEMBER 19 2017.....SUNRISE   614 AM HST   SUNSET   624 PM HST
SEPTEMBER 20 2017.....SUNRISE   614 AM HST   SUNSET   623 PM HST


-  INDICATES NEGATIVE NUMBERS.
R  INDICATES RECORD WAS SET OR TIED.
MM INDICATES DATA IS MISSING.
T  INDICATES TRACE AMOUNT.




$$
