000
CDHW42 PHFO 191245
CLIOGG


CLIMATE REPORT
NATIONAL WEATHER SERVICE HONOLULU HI
245 AM HST THU JAN 19 2017


...................................

...THE KAHULUI HI CLIMATE SUMMARY FOR JANUARY 18 2017...

CLIMATE NORMAL PERIOD 1981 TO 2010
CLIMATE RECORD PERIOD 1946 TO 2017


WEATHER ITEM   OBSERVED TIME   RECORD YEAR NORMAL DEPARTURE LAST
                VALUE   (LST)  VALUE       VALUE  FROM      YEAR
                                                  NORMAL
..................................................................
TEMPERATURE (F)
 YESTERDAY
  MAXIMUM         86   1242 PM  90    2006  81      5       82
                                      1952
  MINIMUM         60    657 AM  54    2009  63     -3       59
                                      1969
  AVERAGE         73                        72      1       71

PRECIPITATION (IN)
  YESTERDAY        0.00          2.64 1959   0.08  -0.08     0.00
  MONTH TO DATE    0.06                      1.72  -1.66     0.48
  SINCE DEC 1      6.65                      5.07   1.58     1.21
  SINCE JAN 1      0.06                      1.72  -1.66     0.48

SNOWFALL (IN)
  YESTERDAY        0.0
  MONTH TO DATE    0.0
  SINCE DEC 1      0.0
  SINCE JUL 1      0.0
  SNOW DEPTH       0

DEGREE DAYS
 HEATING
  YESTERDAY        0                         0      0        0
  MONTH TO DATE    0                         0      0        0
  SINCE DEC 1      0                         0      0        0
  SINCE JUL 1      0                         0      0        0

 COOLING
  YESTERDAY        8                         7      1        6
  MONTH TO DATE  126                       126      0      125
  SINCE DEC 1    421                       385     36      440
  SINCE JAN 1    126                       126      0      125
..................................................................


WIND (MPH)
  HIGHEST WIND SPEED    23   HIGHEST WIND DIRECTION    NE (40)
  HIGHEST GUST SPEED    30   HIGHEST GUST DIRECTION    NE (50)
  AVERAGE WIND SPEED     7.3


SKY COVER
  POSSIBLE SUNSHINE  MM
  AVERAGE SKY COVER 0.2


WEATHER CONDITIONS
 THE FOLLOWING WEATHER WAS RECORDED YESTERDAY.
  NO SIGNIFICANT WEATHER WAS OBSERVED.


RELATIVE HUMIDITY (PERCENT)
 HIGHEST    90           500 AM
 LOWEST     51           200 PM
 AVERAGE    71

..........................................................


THE KAHULUI HI CLIMATE NORMALS FOR TODAY
                         NORMAL    RECORD    YEAR
 MAXIMUM TEMPERATURE (F)   81        88      2006
                                             1996
 MINIMUM TEMPERATURE (F)   63        53      2009
                                             1951


SUNRISE AND SUNSET
JANUARY 19 2017.......SUNRISE   705 AM HST   SUNSET   608 PM HST
JANUARY 20 2017.......SUNRISE   705 AM HST   SUNSET   609 PM HST


-  INDICATES NEGATIVE NUMBERS.
R  INDICATES RECORD WAS SET OR TIED.
MM INDICATES DATA IS MISSING.
T  INDICATES TRACE AMOUNT.




$$
