000
CDHW42 PHFO 281245
CLIOGG


CLIMATE REPORT
NATIONAL WEATHER SERVICE HONOLULU HI
245 AM HST TUE MAR 28 2017


...................................

...THE KAHULUI HI CLIMATE SUMMARY FOR MARCH 27 2017...

CLIMATE NORMAL PERIOD 1981 TO 2010
CLIMATE RECORD PERIOD 1946 TO 2017


WEATHER ITEM   OBSERVED TIME   RECORD YEAR NORMAL DEPARTURE LAST
                VALUE   (LST)  VALUE       VALUE  FROM      YEAR
                                                  NORMAL
..................................................................
TEMPERATURE (F)
 YESTERDAY
  MAXIMUM         88R  1056 AM  88    1981  82      6       83
                                      1953
  MINIMUM         62    414 AM  56    1965  65     -3       61
  AVERAGE         75                        73      2       72

PRECIPITATION (IN)
  YESTERDAY        0.00          2.18 1979   0.09  -0.09     0.00
  MONTH TO DATE    4.14                      2.12   2.02     1.94
  SINCE MAR 1      4.14                      2.12   2.02     1.94
  SINCE JAN 1      6.62                      6.88  -0.26     3.49

SNOWFALL (IN)
  YESTERDAY        0.0
  MONTH TO DATE    0.0
  SINCE MAR 1      0.0
  SINCE JUL 1      0.0
  SNOW DEPTH       0

DEGREE DAYS
 HEATING
  YESTERDAY        0                         0      0        0
  MONTH TO DATE    0                         0      0        0
  SINCE MAR 1      0                         0      0        0
  SINCE JUL 1      0                         0      0        0

 COOLING
  YESTERDAY       10                         8      2        7
  MONTH TO DATE  276                       208     68      237
  SINCE MAR 1    276                       208     68      237
  SINCE JAN 1    747                       617    130      705
..................................................................


WIND (MPH)
  HIGHEST WIND SPEED    23   HIGHEST WIND DIRECTION     E (80)
  HIGHEST GUST SPEED    30   HIGHEST GUST DIRECTION     E (80)
  AVERAGE WIND SPEED     9.3


SKY COVER
  POSSIBLE SUNSHINE  MM
  AVERAGE SKY COVER 0.2


WEATHER CONDITIONS
 THE FOLLOWING WEATHER WAS RECORDED YESTERDAY.
  NO SIGNIFICANT WEATHER WAS OBSERVED.


RELATIVE HUMIDITY (PERCENT)
 HIGHEST    93           200 AM
 LOWEST     43          1100 AM
 AVERAGE    68

..........................................................


THE KAHULUI HI CLIMATE NORMALS FOR TODAY
                         NORMAL    RECORD    YEAR
 MAXIMUM TEMPERATURE (F)   82        88      1978
                                             1954
 MINIMUM TEMPERATURE (F)   65        58      1965


SUNRISE AND SUNSET
MARCH 28 2017.........SUNRISE   622 AM HST   SUNSET   639 PM HST
MARCH 29 2017.........SUNRISE   621 AM HST   SUNSET   640 PM HST


-  INDICATES NEGATIVE NUMBERS.
R  INDICATES RECORD WAS SET OR TIED.
MM INDICATES DATA IS MISSING.
T  INDICATES TRACE AMOUNT.




$$
