000
CDHW42 PHFO 150231
CLIOGG


CLIMATE REPORT
NATIONAL WEATHER SERVICE HONOLULU HI
431 PM HST SUN SEP 14 2014


...................................

...THE KAHULUI HI CLIMATE SUMMARY FOR SEPTEMBER 14 2014...
VALID TODAY AS OF 0400 PM LOCAL TIME.

CLIMATE NORMAL PERIOD 1981 TO 2010
CLIMATE RECORD PERIOD 1946 TO 2014


WEATHER ITEM   OBSERVED TIME   RECORD YEAR NORMAL DEPARTURE LAST
                VALUE   (LST)  VALUE       VALUE  FROM      YEAR
                                                  NORMAL
..................................................................
TEMPERATURE (F)
 TODAY
  MAXIMUM         88    257 PM  96    1997  88      0       89
  MINIMUM         68    631 AM  61    1953  70     -2       70
  AVERAGE         78                        79     -1       80

PRECIPITATION (IN)
  TODAY            0.00          0.29 1960   0.01  -0.01      T
  MONTH TO DATE    0.04                      0.16  -0.12     0.09
  SINCE SEP 1      0.04                      0.16  -0.12     0.09
  SINCE JAN 1     15.69                     10.86   4.83     8.75

SNOWFALL (IN)
  TODAY            0.0
  MONTH TO DATE    0.0
  SINCE SEP 1      0.0
  SINCE JUL 1      0.0
  SNOW DEPTH       0

DEGREE DAYS
 HEATING
  TODAY            0                         0      0        0
  MONTH TO DATE    0                         0      0        0
  SINCE SEP 1      0                         0      0        0
  SINCE JUL 1      0                         0      0        0

 COOLING
  TODAY           13                        14     -1       15
  MONTH TO DATE  209                       198     11      218
  SINCE SEP 1    209                       198     11      218
  SINCE JAN 1   3097                      2740    357     3005
..................................................................


WIND (MPH)
  HIGHEST WIND SPEED    15   HIGHEST WIND DIRECTION     N (10)
  HIGHEST GUST SPEED    20   HIGHEST GUST DIRECTION     N (10)
  AVERAGE WIND SPEED     5.9


SKY COVER
  POSSIBLE SUNSHINE  MM
  AVERAGE SKY COVER 0.1


WEATHER CONDITIONS
 THE FOLLOWING WEATHER WAS RECORDED TODAY.
  NO SIGNIFICANT WEATHER WAS OBSERVED.


RELATIVE HUMIDITY (PERCENT)
 HIGHEST    90           200 AM
 LOWEST     53          1100 AM
 AVERAGE    72

..........................................................


THE KAHULUI HI CLIMATE NORMALS FOR TOMORROW
                         NORMAL    RECORD    YEAR
 MAXIMUM TEMPERATURE (F)   88        93      1950
 MINIMUM TEMPERATURE (F)   70        59      2009


SUNRISE AND SUNSET
SEPTEMBER 14 2014.....SUNRISE   613 AM HST   SUNSET   629 PM HST
SEPTEMBER 15 2014.....SUNRISE   613 AM HST   SUNSET   628 PM HST


-  INDICATES NEGATIVE NUMBERS.
R  INDICATES RECORD WAS SET OR TIED.
MM INDICATES DATA IS MISSING.
T  INDICATES TRACE AMOUNT.




$$
