000
CDHW42 PHFO 251245
CLIOGG


CLIMATE REPORT
NATIONAL WEATHER SERVICE HONOLULU HI
245 AM HST MON MAY 25 2015


...................................

...THE KAHULUI HI CLIMATE SUMMARY FOR MAY 24 2015...

CLIMATE NORMAL PERIOD 1981 TO 2010
CLIMATE RECORD PERIOD 1946 TO 2015


WEATHER ITEM   OBSERVED TIME   RECORD YEAR NORMAL DEPARTURE LAST
                VALUE   (LST)  VALUE       VALUE  FROM      YEAR
                                                  NORMAL
..................................................................
TEMPERATURE (F)
 YESTERDAY
  MAXIMUM         81    210 PM  90    2013  85     -4       87
                                      1968
                                      1952
  MINIMUM         66    357 AM  58    1952  68     -2       69
  AVERAGE         74                        76     -2       78

PRECIPITATION (IN)
  YESTERDAY        0.00          0.20 1984   0.02  -0.02      T
  MONTH TO DATE    1.06                      0.65   0.41     1.01
  SINCE MAR 1     13.48                      4.65   8.83     7.29
  SINCE JAN 1     17.79                      9.41   8.38    13.94

SNOWFALL (IN)
  YESTERDAY        0.0
  MONTH TO DATE    0.0
  SINCE MAR 1      0.0
  SINCE JUL 1      0.0
  SNOW DEPTH       0

DEGREE DAYS
 HEATING
  YESTERDAY        0                         0      0        0
  MONTH TO DATE    0                         0      0        0
  SINCE MAR 1      0                         0      0        0
  SINCE JUL 1      0                         0      0        0

 COOLING
  YESTERDAY        9                        11     -2       13
  MONTH TO DATE  268                       251     17      287
  SINCE MAR 1    845                       768     77      886
  SINCE JAN 1   1249                      1177     72     1397
..................................................................


WIND (MPH)
  HIGHEST WIND SPEED    18   HIGHEST WIND DIRECTION    NE (40)
  HIGHEST GUST SPEED    23   HIGHEST GUST DIRECTION     N (20)
  AVERAGE WIND SPEED    10.6


SKY COVER
  POSSIBLE SUNSHINE  MM
  AVERAGE SKY COVER 0.5


WEATHER CONDITIONS
 THE FOLLOWING WEATHER WAS RECORDED YESTERDAY.
  NO SIGNIFICANT WEATHER WAS OBSERVED.


RELATIVE HUMIDITY (PERCENT)
 HIGHEST    87           200 AM
 LOWEST     54          1000 AM
 AVERAGE    71

..........................................................


THE KAHULUI HI CLIMATE NORMALS FOR TODAY
                         NORMAL    RECORD    YEAR
 MAXIMUM TEMPERATURE (F)   85        91      1996
 MINIMUM TEMPERATURE (F)   68        59      2000


SUNRISE AND SUNSET
MAY 25 2015...........SUNRISE   545 AM HST   SUNSET   700 PM HST
MAY 26 2015...........SUNRISE   545 AM HST   SUNSET   701 PM HST


-  INDICATES NEGATIVE NUMBERS.
R  INDICATES RECORD WAS SET OR TIED.
MM INDICATES DATA IS MISSING.
T  INDICATES TRACE AMOUNT.




$$
