000
CDHW42 PHFO 250227
CLIOGG


CLIMATE REPORT
NATIONAL WEATHER SERVICE HONOLULU HI
426 PM HST FRI NOV 24 2017


...................................

...THE KAHULUI HI CLIMATE SUMMARY FOR NOVEMBER 24 2017...
VALID TODAY AS OF 0400 PM LOCAL TIME.

CLIMATE NORMAL PERIOD 1981 TO 2010
CLIMATE RECORD PERIOD 1946 TO 2017


WEATHER ITEM   OBSERVED TIME   RECORD YEAR NORMAL DEPARTURE LAST
                VALUE   (LST)  VALUE       VALUE  FROM      YEAR
                                                  NORMAL
..................................................................
TEMPERATURE (F)
 TODAY
  MAXIMUM         81   1116 AM  90    1984  83     -2       84
  MINIMUM         69    725 AM  59    2013  67      2       72
                                      1972
  AVERAGE         75                        75      0       78

PRECIPITATION (IN)
  TODAY            0.00          1.72 2015   0.09  -0.09     0.07
  MONTH TO DATE    0.71                      1.63  -0.92     0.19
  SINCE SEP 1      2.70                      3.21  -0.51     2.08
  SINCE JAN 1     17.80                     13.91   3.89    11.89

SNOWFALL (IN)
  TODAY            0.0
  MONTH TO DATE    0.0
  SINCE SEP 1      0.0
  SINCE JUL 1      0.0
  SNOW DEPTH      MM

DEGREE DAYS
 HEATING
  TODAY            0                         0      0        0
  MONTH TO DATE    0                         0      0        0
  SINCE SEP 1      0                         0      0        0
  SINCE JUL 1      0                         0      0        0

 COOLING
  TODAY           10                        10      0       13
  MONTH TO DATE  212                       271    -59      299
  SINCE SEP 1   1120                      1105     15     1240
  SINCE JAN 1   3884                      3647    237     4141
..................................................................


WIND (MPH)
  HIGHEST WIND SPEED    26   HIGHEST WIND DIRECTION    NE (40)
  HIGHEST GUST SPEED    32   HIGHEST GUST DIRECTION    NE (30)
  AVERAGE WIND SPEED    MM


SKY COVER
  POSSIBLE SUNSHINE  MM
  AVERAGE SKY COVER  MM


WEATHER CONDITIONS
 THE FOLLOWING WEATHER WAS RECORDED TODAY.
  NO SIGNIFICANT WEATHER WAS OBSERVED.


RELATIVE HUMIDITY (PERCENT)
 HIGHEST    MM
 LOWEST     MM
 AVERAGE    MM

..........................................................


THE KAHULUI HI CLIMATE NORMALS FOR TOMORROW
                         NORMAL    RECORD    YEAR
 MAXIMUM TEMPERATURE (F)   83        90      1956
 MINIMUM TEMPERATURE (F)   67        60      2013
                                             1972
                                             1951


SUNRISE AND SUNSET
NOVEMBER 24 2017......SUNRISE   642 AM HST   SUNSET   543 PM HST
NOVEMBER 25 2017......SUNRISE   642 AM HST   SUNSET   543 PM HST


-  INDICATES NEGATIVE NUMBERS.
R  INDICATES RECORD WAS SET OR TIED.
MM INDICATES DATA IS MISSING.
T  INDICATES TRACE AMOUNT.




$$
