000
CDUS43 KEAX 212126
CLIOJC


CLIMATE REPORT
NATIONAL WEATHER SERVICE KANSAS CITY/PLEASANT HILL MO
424 PM CDT THU AUG 21 2014


...................................

...THE JOHNSON COUNTY EXECUTIVE KS CLIMATE SUMMARY FOR AUGUST 21 2014...
VALID AS OF 0400 PM LOCAL TIME.

CLIMATE NORMAL PERIOD 1981 TO 2010
CLIMATE RECORD PERIOD 9999 TO 9999


WEATHER ITEM   OBSERVED TIME   NORMAL DEPARTURE LAST
                VALUE   (LST)  VALUE  FROM      YEAR
                                      NORMAL
......................................................
TEMPERATURE (F)
 TODAY
  MAXIMUM         94    259 PM  87      7       88
  MINIMUM         75    519 AM  67      8       65
  AVERAGE         85            77      8       77

PRECIPITATION (IN)
  TODAY            0.00          0.15  -0.15     0.00
  MONTH TO DATE    3.62          2.24   1.38     2.67
  SINCE JUN 1     13.22         11.74   1.48     8.57
  SINCE JAN 1     20.80         26.48  -5.68    26.50

DEGREE DAYS
 HEATING
  TODAY            0             0      0        0
  MONTH TO DATE    0             0      0        0
  SINCE JUN 1      2             8     -6       14
  SINCE JUL 1      1             0      1        0

 COOLING
  TODAY           20            12      8       12
  MONTH TO DATE  241           284    -43      178
  SINCE JUN 1    773           952   -179      847
  SINCE JAN 1    926          1056   -130      948
......................................................


WIND (MPH)
  HIGHEST WIND SPEED    18   HIGHEST WIND DIRECTION     S (200)
  HIGHEST GUST SPEED    27   HIGHEST GUST DIRECTION    SW (210)
  AVERAGE WIND SPEED    12.3


SKY COVER
  AVERAGE SKY COVER 0.1


WEATHER CONDITIONS
 THE FOLLOWING WEATHER WAS RECORDED TODAY.
  NO SIGNIFICANT WEATHER WAS OBSERVED.


RELATIVE HUMIDITY (PERCENT)
 HIGHEST    82           400 AM
 LOWEST     49           200 PM
 AVERAGE    66

..........................................................


THE JOHNSON COUNTY EXECUTIVE KS CLIMATE NORMALS FOR TOMORROW
                         NORMAL
 MAXIMUM TEMPERATURE (F)   87
 MINIMUM TEMPERATURE (F)   67


SUNRISE AND SUNSET
AUGUST 21 2014........SUNRISE   638 AM CDT   SUNSET   805 PM CDT
AUGUST 22 2014........SUNRISE   639 AM CDT   SUNSET   804 PM CDT


-  INDICATES NEGATIVE NUMBERS.
R  INDICATES RECORD WAS SET OR TIED.
MM INDICATES DATA IS MISSING.
T  INDICATES TRACE AMOUNT.




$$
