000
CDUS43 KEAX 161235
CLIOJC


CLIMATE REPORT
NATIONAL WEATHER SERVICE KANSAS CITY/PLEASANT HILL MO
735 AM CDT WED APR 16 2014


...................................

...THE JOHNSON COUNTY EXECUTIVE KS CLIMATE SUMMARY FOR APRIL 16 2014...
VALID AS OF 0700 AM LOCAL TIME.

CLIMATE NORMAL PERIOD 1981 TO 2010
CLIMATE RECORD PERIOD 9999 TO 9999


WEATHER ITEM   OBSERVED TIME   NORMAL DEPARTURE LAST
                VALUE   (LST)  VALUE  FROM      YEAR
                                      NORMAL
......................................................
TEMPERATURE (F)
 TODAY
  MAXIMUM         44   1224 AM  65    -21       46
  MINIMUM         40    527 AM  45     -5       42
  AVERAGE         42            55    -13       44

PRECIPITATION (IN)
  TODAY            0.00          0.14  -0.14      T
  MONTH TO DATE    1.76          1.77  -0.01     1.73
  SINCE MAR 1      2.55          4.40  -1.85     3.02
  SINCE JAN 1      3.04          7.09  -4.05     6.93

DEGREE DAYS
 HEATING
  TODAY           23            10     13       21
  MONTH TO DATE  242           201     41      251
  SINCE MAR 1    998           825    173     1076
  SINCE JUL 1   5479          4718    761     4729

 COOLING
  TODAY            0             1     -1        0
  MONTH TO DATE    3             8     -5        0
  SINCE MAR 1      3             9     -6        0
  SINCE JAN 1      3             9     -6        1
......................................................


WIND (MPH)
  HIGHEST WIND SPEED    21   HIGHEST WIND DIRECTION     S (170)
  HIGHEST GUST SPEED    26   HIGHEST GUST DIRECTION     S (160)
  AVERAGE WIND SPEED    15.6


SKY COVER
  AVERAGE SKY COVER 0.0


WEATHER CONDITIONS
 THE FOLLOWING WEATHER WAS RECORDED TODAY.
  NO SIGNIFICANT WEATHER WAS OBSERVED.


RELATIVE HUMIDITY (PERCENT)
 HIGHEST    59           500 AM
 LOWEST     53          1200 AM
 AVERAGE    56

..........................................................


THE JOHNSON COUNTY EXECUTIVE KS CLIMATE NORMALS FOR TOMORROW
                         NORMAL
 MAXIMUM TEMPERATURE (F)   66
 MINIMUM TEMPERATURE (F)   46


SUNRISE AND SUNSET
APRIL 16 2014.........SUNRISE   641 AM CDT   SUNSET   757 PM CDT
APRIL 17 2014.........SUNRISE   640 AM CDT   SUNSET   758 PM CDT


-  INDICATES NEGATIVE NUMBERS.
R  INDICATES RECORD WAS SET OR TIED.
MM INDICATES DATA IS MISSING.
T  INDICATES TRACE AMOUNT.




$$
