000
CDUS43 KEAX 240633
CLIOJC


CLIMATE REPORT
NATIONAL WEATHER SERVICE KANSAS CITY/PLEASANT HILL MO
132 AM CDT WED MAY 24 2017


...................................

...THE JOHNSON COUNTY EXECUTIVE KS CLIMATE SUMMARY FOR MAY 23 2017...

CLIMATE NORMAL PERIOD 1981 TO 2010
CLIMATE RECORD PERIOD 9999 TO 9999


WEATHER ITEM   OBSERVED TIME   NORMAL DEPARTURE LAST
                VALUE   (LST)  VALUE  FROM      YEAR
                                      NORMAL
......................................................
TEMPERATURE (F)
 YESTERDAY
  MAXIMUM         68    230 PM  77     -9       69
  MINIMUM         50   1159 PM  57     -7       60
  AVERAGE         59            67     -8       65

PRECIPITATION (IN)
  YESTERDAY        0.06          0.17  -0.11     1.54
  MONTH TO DATE    3.14          4.10  -0.96     4.57
  SINCE MAR 1     11.25         10.72   0.53    11.16
  SINCE JAN 1     12.17         13.41  -1.24    12.41

DEGREE DAYS
 HEATING
  YESTERDAY        6             2      4        0
  MONTH TO DATE   86            83      3      131
  SINCE MAR 1    864          1021   -157      794
  SINCE JUL 1   4004          4914   -910     4139

 COOLING
  YESTERDAY        0             4     -4        0
  MONTH TO DATE   50            48      2       12
  SINCE MAR 1     76            66     10       18
  SINCE JAN 1     76            66     10       18
......................................................


WIND (MPH)
  HIGHEST WIND SPEED    22   HIGHEST WIND DIRECTION     N (350)
  HIGHEST GUST SPEED    34   HIGHEST GUST DIRECTION     N (340)
  AVERAGE WIND SPEED     9.5


SKY COVER
  AVERAGE SKY COVER 0.8


WEATHER CONDITIONS
 THE FOLLOWING WEATHER WAS RECORDED YESTERDAY.
  LIGHT RAIN
  FOG


RELATIVE HUMIDITY (PERCENT)
 HIGHEST   100          1200 AM
 LOWEST     52           100 PM
 AVERAGE    76

..........................................................


THE JOHNSON COUNTY EXECUTIVE KS CLIMATE NORMALS FOR TODAY
                         NORMAL
 MAXIMUM TEMPERATURE (F)   77
 MINIMUM TEMPERATURE (F)   58


SUNRISE AND SUNSET
MAY 24 2017...........SUNRISE   600 AM CDT   SUNSET   832 PM CDT
MAY 25 2017...........SUNRISE   559 AM CDT   SUNSET   833 PM CDT


-  INDICATES NEGATIVE NUMBERS.
R  INDICATES RECORD WAS SET OR TIED.
MM INDICATES DATA IS MISSING.
T  INDICATES TRACE AMOUNT.




$$
