000
CDUS43 KEAX 170036
CLIOJC


CLIMATE REPORT
NATIONAL WEATHER SERVICE KANSAS CITY/PLEASANT HILL MO
634 PM CST TUE JAN 16 2018


...................................

...THE JOHNSON COUNTY EXECUTIVE KS CLIMATE SUMMARY FOR JANUARY 16 2018...
VALID TODAY AS OF 0600 PM LOCAL TIME.

CLIMATE NORMAL PERIOD 1981 TO 2010
CLIMATE RECORD PERIOD 9999 TO 9999


WEATHER ITEM   OBSERVED TIME   NORMAL DEPARTURE LAST
                VALUE   (LST)  VALUE  FROM      YEAR
                                      NORMAL
......................................................
TEMPERATURE (F)
 TODAY
  MAXIMUM         10    336 PM  39    -29       52
  MINIMUM         -4    808 AM  21    -25       32
  AVERAGE          3            30    -27       42

PRECIPITATION (IN)
  TODAY            0.00          0.05  -0.05     0.59
  MONTH TO DATE    0.60          0.48   0.12     0.82
  SINCE DEC 1      0.97          2.12  -1.15     1.72
  SINCE JAN 1      0.60          0.48   0.12     0.82

DEGREE DAYS
 HEATING
  TODAY           62            35     27       23
  MONTH TO DATE  703           560    143      598
  SINCE DEC 1   1694          1570    124     1594
  SINCE JUL 1   2564          2525     39     2176

 COOLING
  TODAY            0             0      0        0
  MONTH TO DATE    0             0      0        0
  SINCE DEC 1      0             0      0        0
  SINCE JAN 1      0             0      0        0
......................................................


WIND (MPH)
  HIGHEST WIND SPEED    17   HIGHEST WIND DIRECTION    NW (330)
  HIGHEST GUST SPEED    22   HIGHEST GUST DIRECTION    NW (330)
  AVERAGE WIND SPEED    11.0


SKY COVER
  AVERAGE SKY COVER 0.2


WEATHER CONDITIONS
 THE FOLLOWING WEATHER WAS RECORDED TODAY.
  HAZE


RELATIVE HUMIDITY (PERCENT)
 HIGHEST    79           900 AM
 LOWEST     65          1200 AM
 AVERAGE    72

..........................................................


THE JOHNSON COUNTY EXECUTIVE KS CLIMATE NORMALS FOR TOMORROW
                         NORMAL
 MAXIMUM TEMPERATURE (F)   39
 MINIMUM TEMPERATURE (F)   21


SUNRISE AND SUNSET
JANUARY 16 2018.......SUNRISE   735 AM CST   SUNSET   522 PM CST
JANUARY 17 2018.......SUNRISE   735 AM CST   SUNSET   523 PM CST


-  INDICATES NEGATIVE NUMBERS.
R  INDICATES RECORD WAS SET OR TIED.
MM INDICATES DATA IS MISSING.
T  INDICATES TRACE AMOUNT.




$$
