000
CDUS46 KSGX 230017
CLIOKB


CLIMATE REPORT
NATIONAL WEATHER SERVICE SAN DIEGO, CA
517 PM PDT WED OCT 22 2014


...................................

...THE OCEANSIDE AIRPORT CA CLIMATE SUMMARY FOR OCTOBER 22 2014...
VALID TODAY AS OF 0500 PM LOCAL TIME.

CLIMATE NORMAL PERIOD 1981 TO 2010
CLIMATE RECORD PERIOD 1999 TO 2014


WEATHER ITEM   OBSERVED TIME   RECORD YEAR NORMAL DEPARTURE LAST
                VALUE   (LST)  VALUE       VALUE  FROM      YEAR
                                                  NORMAL
..................................................................
TEMPERATURE (F)
 TODAY
  MAXIMUM         82   1039 AM  95    2008  73      9       69
  MINIMUM         55    617 AM  43    2007  50      5       56
  AVERAGE         69                        62      7       63

PRECIPITATION (IN)
  TODAY            0.00          0.01 2006   0.03  -0.03     0.00
                                      2006
                                      2010
  MONTH TO DATE    T                         0.42  -0.42     0.17
  SINCE JUL 1      0.14                      0.93  -0.79     0.18
  SINCE JAN 1      2.74                     10.20  -7.46     2.50

SNOWFALL (IN)
  TODAY            0.0
  MONTH TO DATE    0.0
  SINCE JAN 1      0.0
  SINCE JUL 1      0.0
  SNOW DEPTH       0

DEGREE DAYS
 HEATING
  TODAY            0                         4     -4        2
  MONTH TO DATE    0                        47    -47       66
  SINCE SEP 1      0                        57    -57       74
  SINCE JUL 1      0                        62    -62       74

 COOLING
  TODAY            4                         0      4        0
  MONTH TO DATE   84                        18     66       14
  SINCE SEP 1    338                       112    226      128
  SINCE JAN 1    845                       412    433      529
..................................................................


WIND (MPH)
  RESULTANT WIND SPEED   1   RESULTANT WIND DIRECTION   W (290)
  HIGHEST WIND SPEED    13   HIGHEST WIND DIRECTION     W (250)
  HIGHEST GUST SPEED    16   HIGHEST GUST DIRECTION     W (250)
  AVERAGE WIND SPEED     4.7


SKY COVER
  POSSIBLE SUNSHINE  MM
  AVERAGE SKY COVER 0.3


WEATHER CONDITIONS
 THE FOLLOWING WEATHER WAS RECORDED TODAY.
  FOG
  FOG W/VISIBILITY <= 1/4 MILE


RELATIVE HUMIDITY (PERCENT)
 HIGHEST   100           400 AM
 LOWEST     33          1000 AM
 AVERAGE    67

..........................................................


THE OCEANSIDE AIRPORT CA CLIMATE NORMALS FOR TOMORROW
                         NORMAL    RECORD    YEAR
 MAXIMUM TEMPERATURE (F)   73        91      2008
 MINIMUM TEMPERATURE (F)   50        44      1999


SUNRISE AND SUNSET
OCTOBER 22 2014.......SUNRISE   659 AM PDT   SUNSET   608 PM PDT
OCTOBER 23 2014.......SUNRISE   700 AM PDT   SUNSET   607 PM PDT


-  INDICATES NEGATIVE NUMBERS.
R  INDICATES RECORD WAS SET OR TIED.
MM INDICATES DATA IS MISSING.
T  INDICATES TRACE AMOUNT.




$$
