695
CDUS46 KSGX 070124
CLIOKB


CLIMATE REPORT
NATIONAL WEATHER SERVICE SAN DIEGO, CA
524 PM PST TUE DEC 6 2016


...................................

...THE OCEANSIDE AIRPORT CA CLIMATE SUMMARY FOR DECEMBER 6 2016...
VALID TODAY AS OF 0500 PM LOCAL TIME.

CLIMATE NORMAL PERIOD 1981 TO 2010
CLIMATE RECORD PERIOD 1999 TO 2016


WEATHER ITEM   OBSERVED TIME   RECORD YEAR NORMAL DEPARTURE LAST
                VALUE   (LST)  VALUE       VALUE  FROM      YEAR
                                                  NORMAL
..................................................................
TEMPERATURE (F)
 TODAY
  MAXIMUM         65   1149 AM  76    2015  66     -1       76
  MINIMUM         47    658 AM  26    2011  40      7       39
  AVERAGE         56                        53      3       58

PRECIPITATION (IN)
  TODAY            0.00          0.01 2003   0.04  -0.04     0.00
  MONTH TO DATE    0.00                      0.21  -0.21     0.00
  SINCE OCT 1      1.34                      1.94  -0.60     1.30
  SINCE JAN 1      6.53                     11.72  -5.19     6.21

DEGREE DAYS
 HEATING
  TODAY            9                        12     -3        7
  MONTH TO DATE   66                        69     -3       57
  SINCE DEC 1     66                        69     -3       57
  SINCE JUL 1    252                       419   -167      288

 COOLING
  TODAY            0                         0      0        0
  MONTH TO DATE    0                         0      0        0
  SINCE DEC 1      0                         0      0        0
  SINCE JAN 1    657                       419    238     1069
..................................................................


WIND (MPH)
  RESULTANT WIND SPEED   2   RESULTANT WIND DIRECTION   S (180)
  HIGHEST WIND SPEED    15   HIGHEST WIND DIRECTION    SW (220)
  HIGHEST GUST SPEED    18   HIGHEST GUST DIRECTION    SW (240)
  AVERAGE WIND SPEED     4.4


SKY COVER
  POSSIBLE SUNSHINE  MM
  AVERAGE SKY COVER 0.5


WEATHER CONDITIONS
 THE FOLLOWING WEATHER WAS RECORDED TODAY.
  FOG


RELATIVE HUMIDITY (PERCENT)
 HIGHEST    93           100 AM
 LOWEST     56           200 PM
 AVERAGE    75

..........................................................


THE OCEANSIDE AIRPORT CA CLIMATE NORMALS FOR TOMORROW
                         NORMAL    RECORD    YEAR
 MAXIMUM TEMPERATURE (F)   66        86      2001
 MINIMUM TEMPERATURE (F)   40        30      2006
                                             1999


SUNRISE AND SUNSET
DECEMBER  6 2016......SUNRISE   639 AM PST   SUNSET   442 PM PST
DECEMBER  7 2016......SUNRISE   640 AM PST   SUNSET   442 PM PST


-  INDICATES NEGATIVE NUMBERS.
R  INDICATES RECORD WAS SET OR TIED.
MM INDICATES DATA IS MISSING.
T  INDICATES TRACE AMOUNT.




$$
