000
CDUS46 KSGX 221424
CLIOKB


CLIMATE REPORT
NATIONAL WEATHER SERVICE SAN DIEGO, CA
724 AM PDT FRI AUG 22 2014


...................................

...THE OCEANSIDE AIRPORT CA CLIMATE SUMMARY FOR AUGUST 21 2014...

CLIMATE NORMAL PERIOD 1981 TO 2010
CLIMATE RECORD PERIOD 1999 TO 2014


WEATHER ITEM   OBSERVED TIME   RECORD YEAR NORMAL DEPARTURE LAST
                VALUE   (LST)  VALUE       VALUE  FROM      YEAR
                                                  NORMAL
..................................................................
TEMPERATURE (F)
 YESTERDAY
  MAXIMUM         80   1227 PM  83    2007  77      3       77
  MINIMUM         65    551 AM  57    2010  62      3       62
                                      2009
                                      2004
  AVERAGE         73                        69      4       70

PRECIPITATION (IN)
  YESTERDAY        0.00          T    2009   0.00   0.00     0.00
  MONTH TO DATE    0.14                      0.08   0.06     0.00
  SINCE JUL 1      0.14                      0.20  -0.06     0.01
  SINCE JAN 1      2.74                      9.47  -6.73     2.33

SNOWFALL (IN)
  YESTERDAY        0.0
  MONTH TO DATE    0.0
  SINCE JAN 1      0.0
  SINCE JUL 1      0.0
  SNOW DEPTH       0

DEGREE DAYS
 HEATING
  YESTERDAY        0                         0      0        0
  MONTH TO DATE    0                         0      0        0
  SINCE JUN 1      4                        30    -26        3
  SINCE JUL 1      0                         3     -3        0

 COOLING
  YESTERDAY        8                         4      4        5
  MONTH TO DATE  158                        92     66       68
  SINCE JUN 1    348                       244    104      296
  SINCE JAN 1    440                       254    186      325
..................................................................


WIND (MPH)
  RESULTANT WIND SPEED   4   RESULTANT WIND DIRECTION   W (270)
  HIGHEST WIND SPEED    15   HIGHEST WIND DIRECTION     W (290)
  HIGHEST GUST SPEED    21   HIGHEST GUST DIRECTION     W (290)
  AVERAGE WIND SPEED     4.0


SKY COVER
  POSSIBLE SUNSHINE  MM
  AVERAGE SKY COVER 0.4


WEATHER CONDITIONS
 THE FOLLOWING WEATHER WAS RECORDED YESTERDAY.
  NO SIGNIFICANT WEATHER WAS OBSERVED.


RELATIVE HUMIDITY (PERCENT)
 HIGHEST    87          1200 AM
 LOWEST     58          1000 AM
 AVERAGE    73

..........................................................


THE OCEANSIDE AIRPORT CA CLIMATE NORMALS FOR TODAY
                         NORMAL    RECORD    YEAR
 MAXIMUM TEMPERATURE (F)   77        80      2012
                                             2010
 MINIMUM TEMPERATURE (F)   62        56      2002


SUNRISE AND SUNSET
AUGUST 22 2014........SUNRISE   617 AM PDT   SUNSET   727 PM PDT
AUGUST 23 2014........SUNRISE   618 AM PDT   SUNSET   726 PM PDT


-  INDICATES NEGATIVE NUMBERS.
R  INDICATES RECORD WAS SET OR TIED.
MM INDICATES DATA IS MISSING.
T  INDICATES TRACE AMOUNT.




$$
