000
CDUS46 KSGX 221421
CLIOKB


CLIMATE REPORT
NATIONAL WEATHER SERVICE SAN DIEGO, CA
721 AM PDT MON SEP 22 2014


...................................

...THE OCEANSIDE AIRPORT CA CLIMATE SUMMARY FOR SEPTEMBER 21 2014...

CLIMATE NORMAL PERIOD 1981 TO 2010
CLIMATE RECORD PERIOD 1999 TO 2014


WEATHER ITEM   OBSERVED TIME   RECORD YEAR NORMAL DEPARTURE LAST
                VALUE   (LST)  VALUE       VALUE  FROM      YEAR
                                                  NORMAL
..................................................................
TEMPERATURE (F)
 YESTERDAY
  MAXIMUM         79   1246 PM  90    2004  76      3       76
  MINIMUM         60   1115 PM  46    2007  58      2       60
  AVERAGE         70                        67      3       68

PRECIPITATION (IN)
  YESTERDAY        0.00          0.01 2006   0.00   0.00     0.00
  MONTH TO DATE    0.00                      0.18  -0.18     0.00
  SINCE JUL 1      0.14                      0.45  -0.31     0.01
  SINCE JAN 1      2.74                      9.72  -6.98     2.33

SNOWFALL (IN)
  YESTERDAY        0.0
  MONTH TO DATE    0.0
  SINCE JAN 1      0.0
  SINCE JUL 1      0.0
  SNOW DEPTH       0

DEGREE DAYS
 HEATING
  YESTERDAY        0                         0      0        0
  MONTH TO DATE    0                         0      0        0
  SINCE SEP 1      0                         0      0        0
  SINCE JUL 1      0                         5     -5        0

 COOLING
  YESTERDAY        5                         3      2        3
  MONTH TO DATE  202                        75    127      109
  SINCE SEP 1    202                        75    127      109
  SINCE JAN 1    709                       375    334      510
..................................................................


WIND (MPH)
  RESULTANT WIND SPEED   3   RESULTANT WIND DIRECTION   W (290)
  HIGHEST WIND SPEED    15   HIGHEST WIND DIRECTION     W (250)
  HIGHEST GUST SPEED    20   HIGHEST GUST DIRECTION     W (250)
  AVERAGE WIND SPEED     4.4


SKY COVER
  POSSIBLE SUNSHINE  MM
  AVERAGE SKY COVER 0.5


WEATHER CONDITIONS
 THE FOLLOWING WEATHER WAS RECORDED YESTERDAY.
  NO SIGNIFICANT WEATHER WAS OBSERVED.


RELATIVE HUMIDITY (PERCENT)
 HIGHEST    90          1100 PM
 LOWEST     52          1200 PM
 AVERAGE    71

..........................................................


THE OCEANSIDE AIRPORT CA CLIMATE NORMALS FOR TODAY
                         NORMAL    RECORD    YEAR
 MAXIMUM TEMPERATURE (F)   76        89      2004
 MINIMUM TEMPERATURE (F)   58        49      2004


SUNRISE AND SUNSET
SEPTEMBER 22 2014.....SUNRISE   638 AM PDT   SUNSET   646 PM PDT
SEPTEMBER 23 2014.....SUNRISE   638 AM PDT   SUNSET   645 PM PDT


-  INDICATES NEGATIVE NUMBERS.
R  INDICATES RECORD WAS SET OR TIED.
MM INDICATES DATA IS MISSING.
T  INDICATES TRACE AMOUNT.




$$
