000
CDUS46 KSGX 240128
CLIOKB


CLIMATE REPORT
NATIONAL WEATHER SERVICE SAN DIEGO, CA
527 PM PST MON JAN 23 2017


...................................

...THE OCEANSIDE AIRPORT CA CLIMATE SUMMARY FOR JANUARY 23 2017...
VALID TODAY AS OF 0500 PM LOCAL TIME.

CLIMATE NORMAL PERIOD 1981 TO 2010
CLIMATE RECORD PERIOD 1999 TO 2017


WEATHER ITEM   OBSERVED TIME   RECORD YEAR NORMAL DEPARTURE LAST
                VALUE   (LST)  VALUE       VALUE  FROM      YEAR
                                                  NORMAL
..................................................................
TEMPERATURE (F)
 TODAY
  MAXIMUM         59   1017 AM  79    2011  66     -7       63
  MINIMUM         48   1056 AM  31    2007  41      7       47
  AVERAGE         54                        53      1       55

PRECIPITATION (IN)
  TODAY            0.44R         0.26 2012   0.06   0.38     0.01
  MONTH TO DATE    4.09                      2.21   1.88     2.36
  SINCE OCT 1      9.24                      6.09   3.15     4.53
  SINCE JAN 1      4.09                      2.21   1.88     2.36

DEGREE DAYS
 HEATING
  TODAY           11                        12     -1       10
  MONTH TO DATE  221                       281    -60      248
  SINCE DEC 1    501                       665   -164      657
  SINCE JUL 1    687                      1015   -328      888

 COOLING
  TODAY            0                         0      0        0
  MONTH TO DATE    0                         0      0        0
  SINCE DEC 1      0                         0      0        0
  SINCE JAN 1      0                         0      0        0
..................................................................


WIND (MPH)
  RESULTANT WIND SPEED   8   RESULTANT WIND DIRECTION  SW (240)
  HIGHEST WIND SPEED    25   HIGHEST WIND DIRECTION     W (260)
  HIGHEST GUST SPEED    35   HIGHEST GUST DIRECTION    SW (240)
  AVERAGE WIND SPEED     9.0


SKY COVER
  POSSIBLE SUNSHINE  MM
  AVERAGE SKY COVER 0.6


WEATHER CONDITIONS
 THE FOLLOWING WEATHER WAS RECORDED TODAY.
  HEAVY RAIN
  RAIN
  LIGHT RAIN
  FOG
  HAZE


RELATIVE HUMIDITY (PERCENT)
 HIGHEST    93           200 AM
 LOWEST     72           500 AM
 AVERAGE    83

..........................................................


THE OCEANSIDE AIRPORT CA CLIMATE NORMALS FOR TOMORROW
                         NORMAL    RECORD    YEAR
 MAXIMUM TEMPERATURE (F)   66        83      2015
 MINIMUM TEMPERATURE (F)   41        30      2002


SUNRISE AND SUNSET
JANUARY 23 2017.......SUNRISE   650 AM PST   SUNSET   513 PM PST
JANUARY 24 2017.......SUNRISE   650 AM PST   SUNSET   514 PM PST


-  INDICATES NEGATIVE NUMBERS.
R  INDICATES RECORD WAS SET OR TIED.
MM INDICATES DATA IS MISSING.
T  INDICATES TRACE AMOUNT.




$$
