000
CDUS46 KSGX 240018
CLIOKB


CLIMATE REPORT
NATIONAL WEATHER SERVICE SAN DIEGO, CA
418 PM PST THU NOV 23 2017


...................................

...THE OCEANSIDE AIRPORT CA CLIMATE SUMMARY FOR NOVEMBER 23 2017...
VALID TODAY AS OF 0400 PM LOCAL TIME.

CLIMATE NORMAL PERIOD 1981 TO 2010
CLIMATE RECORD PERIOD 1999 TO 2017


WEATHER ITEM   OBSERVED TIME   RECORD YEAR NORMAL DEPARTURE LAST
                VALUE   (LST)  VALUE       VALUE  FROM      YEAR
                                                  NORMAL
..................................................................
TEMPERATURE (F)
 TODAY
  MAXIMUM         89R  1032 AM  80    2015  68     21       69
  MINIMUM         52    441 AM  33    2003  42     10       43
                                      1999
  AVERAGE         71                        55     16       56

PRECIPITATION (IN)
  TODAY            0.00          0.02 2010   0.02  -0.02     0.00
  MONTH TO DATE    0.01                      0.84  -0.83     0.33
  SINCE OCT 1      0.01                      1.54  -1.53     0.66
  SINCE JAN 1      9.85                     11.32  -1.47     5.85

DEGREE DAYS
 HEATING
  TODAY            0                        10    -10        9
  MONTH TO DATE   92                       176    -84       79
  SINCE SEP 1    121                       273   -152      121
  SINCE JUL 1    121                       278   -157      121

 COOLING
  TODAY            6                         0      6        0
  MONTH TO DATE   11                         0     11       28
  SINCE SEP 1    239                       116    123      199
  SINCE JAN 1    758                       416    342      656
..................................................................


WIND (MPH)
  RESULTANT WIND SPEED   2   RESULTANT WIND DIRECTION   W (290)
  HIGHEST WIND SPEED    12   HIGHEST WIND DIRECTION     W (260)
  HIGHEST GUST SPEED    15   HIGHEST GUST DIRECTION     W (270)
  AVERAGE WIND SPEED     4.5


SKY COVER
  POSSIBLE SUNSHINE  MM
  AVERAGE SKY COVER 0.0


WEATHER CONDITIONS
 THE FOLLOWING WEATHER WAS RECORDED TODAY.
  HAZE


RELATIVE HUMIDITY (PERCENT)
 HIGHEST    59           100 AM
 LOWEST     21          1200 PM
 AVERAGE    40

..........................................................


THE OCEANSIDE AIRPORT CA CLIMATE NORMALS FOR TOMORROW
                         NORMAL    RECORD    YEAR
 MAXIMUM TEMPERATURE (F)   68        88      2014
 MINIMUM TEMPERATURE (F)   42        31      1999


SUNRISE AND SUNSET
NOVEMBER 23 2017......SUNRISE   628 AM PST   SUNSET   444 PM PST
NOVEMBER 24 2017......SUNRISE   629 AM PST   SUNSET   443 PM PST


-  INDICATES NEGATIVE NUMBERS.
R  INDICATES RECORD WAS SET OR TIED.
MM INDICATES DATA IS MISSING.
T  INDICATES TRACE AMOUNT.




$$
