000
CDUS46 KSGX 301421
CLIOKB


CLIMATE REPORT
NATIONAL WEATHER SERVICE SAN DIEGO, CA
721 AM PDT THU OCT 30 2014


...................................

...THE OCEANSIDE AIRPORT CA CLIMATE SUMMARY FOR OCTOBER 29 2014...

CLIMATE NORMAL PERIOD 1981 TO 2010
CLIMATE RECORD PERIOD 1999 TO 2014


WEATHER ITEM   OBSERVED TIME   RECORD YEAR NORMAL DEPARTURE LAST
                VALUE   (LST)  VALUE       VALUE  FROM      YEAR
                                                  NORMAL
..................................................................
TEMPERATURE (F)
 YESTERDAY
  MAXIMUM         79   1205 PM  83    2008  73      6       67
  MINIMUM         50    550 AM  34    2009  48      2       48
  AVERAGE         65                        60      5       58

PRECIPITATION (IN)
  YESTERDAY        0.00          0.83 2000   0.03  -0.03     0.07
  MONTH TO DATE    T                         0.63  -0.63     0.43
  SINCE JUL 1      0.14                      1.14  -1.00     0.44
  SINCE JAN 1      2.74                     10.41  -7.67     2.76

SNOWFALL (IN)
  YESTERDAY        0.0
  MONTH TO DATE    0.0
  SINCE JAN 1      0.0
  SINCE JUL 1      0.0
  SNOW DEPTH       0

DEGREE DAYS
 HEATING
  YESTERDAY        0                         5     -5        7
  MONTH TO DATE    7                        78    -71       92
  SINCE SEP 1      7                        88    -81      100
  SINCE JUL 1      7                        93    -86      100

 COOLING
  YESTERDAY        0                         0      0        0
  MONTH TO DATE   86                        18     68       15
  SINCE SEP 1    340                       112    228      129
  SINCE JAN 1    847                       412    435      530
..................................................................


WIND (MPH)
  RESULTANT WIND SPEED   2   RESULTANT WIND DIRECTION   W (250)
  HIGHEST WIND SPEED    14   HIGHEST WIND DIRECTION    SW (240)
  HIGHEST GUST SPEED    17   HIGHEST GUST DIRECTION    SW (240)
  AVERAGE WIND SPEED     2.8


SKY COVER
  POSSIBLE SUNSHINE  MM
  AVERAGE SKY COVER 0.1


WEATHER CONDITIONS
 THE FOLLOWING WEATHER WAS RECORDED YESTERDAY.
  FOG


RELATIVE HUMIDITY (PERCENT)
 HIGHEST    96           400 AM
 LOWEST     39          1000 AM
 AVERAGE    68

..........................................................


THE OCEANSIDE AIRPORT CA CLIMATE NORMALS FOR TODAY
                         NORMAL    RECORD    YEAR
 MAXIMUM TEMPERATURE (F)   72        89      1999
 MINIMUM TEMPERATURE (F)   48        38      2011


SUNRISE AND SUNSET
OCTOBER 30 2014.......SUNRISE   706 AM PDT   SUNSET   600 PM PDT
OCTOBER 31 2014.......SUNRISE   707 AM PDT   SUNSET   559 PM PDT


-  INDICATES NEGATIVE NUMBERS.
R  INDICATES RECORD WAS SET OR TIED.
MM INDICATES DATA IS MISSING.
T  INDICATES TRACE AMOUNT.




$$
