000
CDUS44 KOUN 220710
CLIOKC

CLIMATE REPORT
NATIONAL WEATHER SERVICE NORMAN OK
206 AM CDT WED OCT 22 2014


...................................

...THE OKLAHOMA CITY CLIMATE SUMMARY FOR OCTOBER 21 2014...

CLIMATE NORMAL PERIOD 1981 TO 2010
CLIMATE RECORD PERIOD 1890 TO 2014


WEATHER ITEM   OBSERVED TIME   RECORD YEAR NORMAL DEPARTURE LAST
                VALUE   (LST)  VALUE       VALUE  FROM      YEAR
                                                  NORMAL
..................................................................
TEMPERATURE (F)
 YESTERDAY
  MAXIMUM         83    301 PM  90    2004  72     11       66
                                      1978
  MINIMUM         59    650 AM  30    1917  50      9       41
  AVERAGE         71                        61     10       54

PRECIPITATION (IN)
  YESTERDAY        0.00          3.70 1972   0.12  -0.12     0.07
  MONTH TO DATE    2.23                      2.57  -0.34     2.95
  SINCE JAN 1     25.09                     31.52  -6.43    50.09

SNOWFALL (IN)
  YESTERDAY        0.0           0.0    MM   0.0    0.0      0.0
  MONTH TO DATE    0.0                       0.0    0.0      0.0
  SINCE JUL 1      0.0                       0.0    0.0      0.0
  SNOW DEPTH       0

DEGREE DAYS
 HEATING
  YESTERDAY        0                         5     -5       11
  MONTH TO DATE   44                        74    -30      101
  SINCE JUL 1     55                        93    -38      104

 COOLING
  YESTERDAY        6                         1      5        0
  MONTH TO DATE   90                        57     33       71
  SINCE JAN 1   2081                      2082     -1     2056
..................................................................


WIND (MPH)
  HIGHEST WIND SPEED    14   HIGHEST WIND DIRECTION     S (160)
  HIGHEST GUST SPEED    17   HIGHEST GUST DIRECTION    SE (140)
  AVERAGE WIND SPEED     6.8


SKY COVER
  AVERAGE SKY COVER 0.2


WEATHER CONDITIONS
 THE FOLLOWING WEATHER WAS RECORDED YESTERDAY.
  FOG


RELATIVE HUMIDITY (PERCENT)
 HIGHEST    90           100 AM
 LOWEST     40           300 PM
 AVERAGE    65

..........................................................


THE OKLAHOMA CITY CLIMATE NORMALS FOR TODAY
                         NORMAL    RECORD    YEAR
 MAXIMUM TEMPERATURE (F)   72        87      1939
 MINIMUM TEMPERATURE (F)   50        31      1898


SUNRISE AND SUNSET
OCTOBER 22 2014.......SUNRISE   743 AM CDT   SUNSET   646 PM CDT
OCTOBER 23 2014.......SUNRISE   744 AM CDT   SUNSET   645 PM CDT


-  INDICATES NEGATIVE NUMBERS.
R  INDICATES RECORD WAS SET OR TIED.
MM INDICATES DATA IS MISSING.
T  INDICATES TRACE AMOUNT.




$$
