000
CDUS44 KOUN 300628
CLIOKC

CLIMATE REPORT
NATIONAL WEATHER SERVICE NORMAN OK
1225 AM CST FRI JAN 30 2015


...................................

...THE OKLAHOMA CITY CLIMATE SUMMARY FOR JANUARY 29 2015...

CLIMATE NORMAL PERIOD 1981 TO 2010
CLIMATE RECORD PERIOD 1890 TO 2015


WEATHER ITEM   OBSERVED TIME   RECORD YEAR NORMAL DEPARTURE LAST
                VALUE   (LST)  VALUE       VALUE  FROM      YEAR
                                                  NORMAL
..................................................................
TEMPERATURE (F)
 YESTERDAY
  MAXIMUM         61    135 AM  76    2011  51     10       50
                                      1911
  MINIMUM         43   1159 PM  -1    1895  29     14       12
  AVERAGE         52                        40     12       31

PRECIPITATION (IN)
  YESTERDAY        0.00          1.84 1982   0.05  -0.05     0.00
  MONTH TO DATE    1.22                      1.28  -0.06     0.07
  SINCE JAN 1      1.22                      1.28  -0.06     0.07

SNOWFALL (IN)
  YESTERDAY        0.0           5.0  2010   0.1   -0.1      0.0
  MONTH TO DATE    T                         2.6   -2.6      0.6
  SINCE JUL 1      6.0                       5.1    0.9      4.7
  SNOW DEPTH       0

DEGREE DAYS
 HEATING
  YESTERDAY       13                        25    -12       34
  MONTH TO DATE  710                       747    -37      777
  SINCE JUL 1   2014                      2102    -88     2305
..................................................................


WIND (MPH)
  HIGHEST WIND SPEED    32   HIGHEST WIND DIRECTION     N (360)
  HIGHEST GUST SPEED    40   HIGHEST GUST DIRECTION     N (360)
  AVERAGE WIND SPEED    16.4


SKY COVER
  AVERAGE SKY COVER 0.7


WEATHER CONDITIONS
 THE FOLLOWING WEATHER WAS RECORDED YESTERDAY.
  NO SIGNIFICANT WEATHER WAS OBSERVED.


RELATIVE HUMIDITY (PERCENT)
 HIGHEST    59          1200 AM
 LOWEST     37           200 AM
 AVERAGE    48

..........................................................


THE OKLAHOMA CITY CLIMATE NORMALS FOR TODAY
                         NORMAL    RECORD    YEAR
 MAXIMUM TEMPERATURE (F)   51        74      1917
 MINIMUM TEMPERATURE (F)   30        -1      1895


SUNRISE AND SUNSET
JANUARY 30 2015.......SUNRISE   732 AM CST   SUNSET   556 PM CST
JANUARY 31 2015.......SUNRISE   731 AM CST   SUNSET   557 PM CST


-  INDICATES NEGATIVE NUMBERS.
R  INDICATES RECORD WAS SET OR TIED.
MM INDICATES DATA IS MISSING.
T  INDICATES TRACE AMOUNT.




$$
