000
CDUS44 KOUN 290656
CLIOKC

CLIMATE REPORT
NATIONAL WEATHER SERVICE NORMAN OK
152 AM CDT FRI APR 29 2016


...................................

...THE OKLAHOMA CITY CLIMATE SUMMARY FOR APRIL 28 2016...

CLIMATE NORMAL PERIOD 1981 TO 2010
CLIMATE RECORD PERIOD 1890 TO 2016


WEATHER ITEM   OBSERVED TIME   RECORD YEAR NORMAL DEPARTURE LAST
                VALUE   (LST)  VALUE       VALUE  FROM      YEAR
                                                  NORMAL
..................................................................
TEMPERATURE (F)
 YESTERDAY
  MAXIMUM         75    500 PM  93    1902  76     -1       66
  MINIMUM         50   1219 AM  35    2008  54     -4       46
  AVERAGE         63                        65     -2       56

PRECIPITATION (IN)
  YESTERDAY        0.00          1.97 1960   0.13  -0.13     0.02
  MONTH TO DATE    7.22                      2.80   4.42     4.35
  SINCE JAN 1      9.70                      8.83   0.87     9.18

DEGREE DAYS
 HEATING
  YESTERDAY        2                         3     -1        9
  MONTH TO DATE  100                       167    -67      113
  SINCE JUL 1   2749                      3326   -577     3244

 COOLING
  YESTERDAY        0                         3     -3        0
  MONTH TO DATE   30                        47    -17       52
  SINCE JAN 1     42                        60    -18       62
..................................................................


WIND (MPH)
  HIGHEST WIND SPEED    20   HIGHEST WIND DIRECTION    SE (120)
  HIGHEST GUST SPEED    25   HIGHEST GUST DIRECTION    SE (120)
  AVERAGE WIND SPEED    11.0


SKY COVER
  AVERAGE SKY COVER 0.5


WEATHER CONDITIONS
 THE FOLLOWING WEATHER WAS RECORDED YESTERDAY.
  NO SIGNIFICANT WEATHER WAS OBSERVED.


RELATIVE HUMIDITY (PERCENT)
 HIGHEST    71           300 AM
 LOWEST     41           400 PM
 AVERAGE    56

..........................................................


THE OKLAHOMA CITY CLIMATE NORMALS FOR TODAY
                         NORMAL    RECORD    YEAR
 MAXIMUM TEMPERATURE (F)   76        92      1936
 MINIMUM TEMPERATURE (F)   54        34      1908
                                             1907


SUNRISE AND SUNSET
APRIL 29 2016.........SUNRISE   640 AM CDT   SUNSET   815 PM CDT
APRIL 30 2016.........SUNRISE   639 AM CDT   SUNSET   816 PM CDT


-  INDICATES NEGATIVE NUMBERS.
R  INDICATES RECORD WAS SET OR TIED.
MM INDICATES DATA IS MISSING.
T  INDICATES TRACE AMOUNT.




$$
