000
CDUS44 KOUN 220640
CLIOKC

CLIMATE REPORT
NATIONAL WEATHER SERVICE NORMAN OK
1238 AM CST MON DEC 22 2014


...................................

...THE OKLAHOMA CITY CLIMATE SUMMARY FOR DECEMBER 21 2014...

CLIMATE NORMAL PERIOD 1981 TO 2010
CLIMATE RECORD PERIOD 1890 TO 2014


WEATHER ITEM   OBSERVED TIME   RECORD YEAR NORMAL DEPARTURE LAST
                VALUE   (LST)  VALUE       VALUE  FROM      YEAR
                                                  NORMAL
..................................................................
TEMPERATURE (F)
 YESTERDAY
  MAXIMUM         48   1159 PM  68    1966  49     -1       33
                                      1965
  MINIMUM         41   1238 AM  -2    1983  30     11       30
  AVERAGE         45                        39      6       32

PRECIPITATION (IN)
  YESTERDAY        0.01          1.26 1907   0.06  -0.05     0.59
  MONTH TO DATE    0.54                      1.34  -0.80     1.26
  SINCE JAN 1     28.22                     35.98  -7.76    52.78

SNOWFALL (IN)
  YESTERDAY        0.0           3.0  1916   0.1   -0.1       T
  MONTH TO DATE    0.0                       1.3   -1.3      3.5
  SINCE JUL 1      2.5                       1.7    0.8      4.1
  SNOW DEPTH       0

DEGREE DAYS
 HEATING
  YESTERDAY       20                        26     -6       33
  MONTH TO DATE  406                       497    -91      565
  SINCE JUL 1   1033                      1096    -63     1225
..................................................................


WIND (MPH)
  HIGHEST WIND SPEED    22   HIGHEST WIND DIRECTION     S (170)
  HIGHEST GUST SPEED    30   HIGHEST GUST DIRECTION     S (170)
  AVERAGE WIND SPEED    14.5


SKY COVER
  AVERAGE SKY COVER 1.0


WEATHER CONDITIONS
 THE FOLLOWING WEATHER WAS RECORDED YESTERDAY.
  LIGHT RAIN
  FOG
  HAZE


RELATIVE HUMIDITY (PERCENT)
 HIGHEST    93           500 PM
 LOWEST     80           100 PM
 AVERAGE    87

..........................................................


THE OKLAHOMA CITY CLIMATE NORMALS FOR TODAY
                         NORMAL    RECORD    YEAR
 MAXIMUM TEMPERATURE (F)   49        75      1896
 MINIMUM TEMPERATURE (F)   29        -4      1989


SUNRISE AND SUNSET
DECEMBER 22 2014......SUNRISE   736 AM CST   SUNSET   522 PM CST
DECEMBER 23 2014......SUNRISE   736 AM CST   SUNSET   523 PM CST


-  INDICATES NEGATIVE NUMBERS.
R  INDICATES RECORD WAS SET OR TIED.
MM INDICATES DATA IS MISSING.
T  INDICATES TRACE AMOUNT.




$$
