000
CDUS44 KOUN 262207
CLIOKC

CLIMATE REPORT
NATIONAL WEATHER SERVICE NORMAN OK
506 PM CDT THU MAY 26 2016


...................................

...THE OKLAHOMA CITY CLIMATE SUMMARY FOR MAY 26 2016...
VALID TODAY AS OF 0500 PM LOCAL TIME.

CLIMATE NORMAL PERIOD 1981 TO 2010
CLIMATE RECORD PERIOD 1890 TO 2016


WEATHER ITEM   OBSERVED TIME   RECORD YEAR NORMAL DEPARTURE LAST
                VALUE   (LST)  VALUE       VALUE  FROM      YEAR
                                                  NORMAL
..................................................................
TEMPERATURE (F)
 TODAY
  MAXIMUM         87    125 PM  96    1953  83      4       80
  MINIMUM         75    543 AM  45    1901  63     12       52
  AVERAGE         81                        73      8       66

PRECIPITATION (IN)
  TODAY            0.00          3.22 1995   0.16  -0.16     0.12
  MONTH TO DATE    1.98                      3.83  -1.85    18.97
  SINCE JAN 1     11.77                     12.93  -1.16    28.15

DEGREE DAYS
 COOLING
  TODAY           16                         8      8        1
  MONTH TO DATE  102                       140    -38       91
  SINCE JAN 1    144                       206    -62      153
..................................................................


WIND (MPH)
  HIGHEST WIND SPEED    30   HIGHEST WIND DIRECTION     S (170)
  HIGHEST GUST SPEED    38   HIGHEST GUST DIRECTION     S (160)
  AVERAGE WIND SPEED    17.5


SKY COVER
  AVERAGE SKY COVER 0.9


WEATHER CONDITIONS
 THE FOLLOWING WEATHER WAS RECORDED TODAY.
  FOG


RELATIVE HUMIDITY (PERCENT)
 HIGHEST    94          1200 AM
 LOWEST     55          1200 PM
 AVERAGE    75

..........................................................


THE OKLAHOMA CITY CLIMATE NORMALS FOR TOMORROW
                         NORMAL    RECORD    YEAR
 MAXIMUM TEMPERATURE (F)   83        96      1927
 MINIMUM TEMPERATURE (F)   63        42      1907


SUNRISE AND SUNSET
MAY 26 2016...........SUNRISE   619 AM CDT   SUNSET   837 PM CDT
MAY 27 2016...........SUNRISE   618 AM CDT   SUNSET   837 PM CDT


-  INDICATES NEGATIVE NUMBERS.
R  INDICATES RECORD WAS SET OR TIED.
MM INDICATES DATA IS MISSING.
T  INDICATES TRACE AMOUNT.




$$
