000
CDUS44 KOUN 050715
CLIOKC

CLIMATE REPORT
NATIONAL WEATHER SERVICE NORMAN OK
215 AM CDT WED AUG 5 2015


...................................

...THE OKLAHOMA CITY CLIMATE SUMMARY FOR AUGUST 4 2015...

CLIMATE NORMAL PERIOD 1981 TO 2010
CLIMATE RECORD PERIOD 1890 TO 2015


WEATHER ITEM   OBSERVED TIME   RECORD YEAR NORMAL DEPARTURE LAST
                VALUE   (LST)  VALUE       VALUE  FROM      YEAR
                                                  NORMAL
..................................................................
TEMPERATURE (F)
 YESTERDAY
  MAXIMUM         88    516 PM 109    2012  95     -7       92
  MINIMUM         70    552 AM  58    1973  73     -3       66
  AVERAGE         79                        84     -5       79

PRECIPITATION (IN)
  YESTERDAY        0.52          1.32 1985   0.10   0.42     0.00
  MONTH TO DATE    0.57                      0.39   0.18     0.00
  SINCE JAN 1     42.31                     22.00  20.31    19.91

DEGREE DAYS
 COOLING
  YESTERDAY       14                        19     -5       14
  MONTH TO DATE   58                        76    -18       50
  SINCE JAN 1   1181                      1275    -94     1189
..................................................................


WIND (MPH)
  HIGHEST WIND SPEED    22   HIGHEST WIND DIRECTION     S (180)
  HIGHEST GUST SPEED    27   HIGHEST GUST DIRECTION     S (200)
  AVERAGE WIND SPEED    10.0


SKY COVER
  AVERAGE SKY COVER 0.7


WEATHER CONDITIONS
 THE FOLLOWING WEATHER WAS RECORDED YESTERDAY.
  THUNDERSTORM
  HEAVY RAIN
  RAIN
  LIGHT RAIN
  FOG


RELATIVE HUMIDITY (PERCENT)
 HIGHEST   100           600 AM
 LOWEST     57           200 PM
 AVERAGE    79

..........................................................


THE OKLAHOMA CITY CLIMATE NORMALS FOR TODAY
                         NORMAL    RECORD    YEAR
 MAXIMUM TEMPERATURE (F)   95       110      2011
 MINIMUM TEMPERATURE (F)   72        55      1894


SUNRISE AND SUNSET
AUGUST  5 2015........SUNRISE   642 AM CDT   SUNSET   830 PM CDT
AUGUST  6 2015........SUNRISE   643 AM CDT   SUNSET   829 PM CDT


-  INDICATES NEGATIVE NUMBERS.
R  INDICATES RECORD WAS SET OR TIED.
MM INDICATES DATA IS MISSING.
T  INDICATES TRACE AMOUNT.




$$
