000
CDUS44 KOUN 170636
CLIOKC

CLIMATE REPORT
NATIONAL WEATHER SERVICE NORMAN OK
1235 AM CST SUN DEC 17 2017


...................................

...THE OKLAHOMA CITY CLIMATE SUMMARY FOR DECEMBER 16 2017...

CLIMATE NORMAL PERIOD 1981 TO 2010
CLIMATE RECORD PERIOD 1890 TO 2017


WEATHER ITEM   OBSERVED TIME   RECORD YEAR NORMAL DEPARTURE LAST
                VALUE   (LST)  VALUE       VALUE  FROM      YEAR
                                                  NORMAL
..................................................................
TEMPERATURE (F)
 YESTERDAY
  MAXIMUM         61    228 PM  76    2006  50     11       68
  MINIMUM         32    745 AM   7    1989  30      2       36
  AVERAGE         47                        40      7       52

PRECIPITATION (IN)
  YESTERDAY        0.01          0.56 1931   0.06  -0.05     0.03
  MONTH TO DATE    0.01                      1.03  -1.02     0.66
  SINCE DEC 1      0.01                      1.03  -1.02     0.66
  SINCE JAN 1     33.05                     35.67  -2.62    26.16

SNOWFALL (IN)
  YESTERDAY       MM

DEGREE DAYS
 HEATING
  YESTERDAY       18                        25     -7       13
  MONTH TO DATE  326                       371    -45      418
  SINCE DEC 1    326                       371    -45      418
  SINCE JUL 1    876                       970    -94      741

 COOLING
  YESTERDAY        0                         0      0        0
  MONTH TO DATE    0                         0      0        0
  SINCE DEC 1      0                         0      0        0
  SINCE JAN 1   1916                      2099   -183     2214
..................................................................


WIND (MPH)
  HIGHEST WIND SPEED    29   HIGHEST WIND DIRECTION    SW (210)
  HIGHEST GUST SPEED    38   HIGHEST GUST DIRECTION    SW (210)
  AVERAGE WIND SPEED    17.2


SKY COVER
  AVERAGE SKY COVER 0.4


WEATHER CONDITIONS
 THE FOLLOWING WEATHER WAS RECORDED YESTERDAY.
  LIGHT RAIN
  FOG


RELATIVE HUMIDITY (PERCENT)
 HIGHEST    89          1100 PM
 LOWEST     25           200 PM
 AVERAGE    57

..........................................................


THE OKLAHOMA CITY CLIMATE NORMALS FOR TODAY
                         NORMAL    RECORD    YEAR
 MAXIMUM TEMPERATURE (F)   50        75      1939
 MINIMUM TEMPERATURE (F)   30         2      1979


SUNRISE AND SUNSET
DECEMBER 17 2017......SUNRISE   733 AM CST   SUNSET   520 PM CST
DECEMBER 18 2017......SUNRISE   734 AM CST   SUNSET   520 PM CST


-  INDICATES NEGATIVE NUMBERS.
R  INDICATES RECORD WAS SET OR TIED.
MM INDICATES DATA IS MISSING.
T  INDICATES TRACE AMOUNT.




$$
