000
CDUS45 KGGW 070741
CLIOLF


CLIMATE REPORT
NATIONAL WEATHER SERVICE GLASGOW MT
1240 AM MST WED DEC 7 2016


...................................

...THE WOLF POINT MT CLIMATE SUMMARY FOR DECEMBER 6 2016...

CLIMATE NORMAL PERIOD 1981 TO 2010
CLIMATE RECORD PERIOD 9999 TO 9999


WEATHER ITEM   OBSERVED RECORD YEAR NORMAL DEPARTURE
                VALUE   VALUE       VALUE  FROM
                                           NORMAL
........................................................
TEMPERATURE (F)
 YESTERDAY
  MAXIMUM          9     MM      MM  30
  MINIMUM          0     MM      MM   6
  AVERAGE          5

PRECIPITATION (IN)
  YESTERDAY        0.00  MM      MM   0.01  -0.01
  MONTH TO DATE    0.14               0.06   0.08
  SINCE OCT 1      1.70               1.26   0.44
  SINCE JAN 1     15.63              11.94   3.69

SNOWFALL (IN)
  YESTERDAY        0.0   MM      MM  MM
  MONTH TO DATE    0.0               MM
  SINCE DEC 1      0.0               MM
  SINCE JUL 1      0.0               MM

DEGREE DAYS
 HEATING
  YESTERDAY       60

 COOLING
  YESTERDAY        0
........................................................







THE WOLF POINT MT CLIMATE NORMALS FOR TODAY
                         NORMAL    RECORD    YEAR
 MAXIMUM TEMPERATURE (F)   29        MM        MM
 MINIMUM TEMPERATURE (F)    6        MM        MM


SUNRISE AND SUNSET
DECEMBER  7 2016......SUNRISE   739 AM MST   SUNSET   409 PM MST
DECEMBER  8 2016......SUNRISE   740 AM MST   SUNSET   409 PM MST


-  INDICATES NEGATIVE NUMBERS.
R  INDICATES RECORD WAS SET OR TIED.
MM INDICATES DATA IS MISSING.
T  INDICATES TRACE AMOUNT.




$$
