000
CDUS45 KGGW 280741
CLIOLF


CLIMATE REPORT
NATIONAL WEATHER SERVICE GLASGOW MT
1240 AM MST SUN DEC 28 2014


...................................

...THE WOLF POINT MT CLIMATE SUMMARY FOR DECEMBER 27 2014...

CLIMATE NORMAL PERIOD 1981 TO 2010
CLIMATE RECORD PERIOD 9999 TO 9999


WEATHER ITEM   OBSERVED RECORD YEAR NORMAL DEPARTURE
                VALUE   VALUE       VALUE  FROM
                                           NORMAL
........................................................
TEMPERATURE (F)
 YESTERDAY
  MAXIMUM         29     MM      MM  24
  MINIMUM          4     MM      MM   1
  AVERAGE         17

PRECIPITATION (IN)
  YESTERDAY        0.00  MM      MM   0.01  -0.01
  MONTH TO DATE    0.15               0.25  -0.10
  SINCE OCT 1      0.57               1.45  -0.88
  SINCE JAN 1     13.35              12.13   1.22

SNOWFALL (IN)
  YESTERDAY        0.0   MM      MM  MM
  MONTH TO DATE    0.0               MM
  SINCE DEC 1      0.0               MM
  SINCE JUL 1      0.0               MM

DEGREE DAYS
 HEATING
  YESTERDAY       48

 COOLING
  YESTERDAY        0
........................................................







THE WOLF POINT MT CLIMATE NORMALS FOR TODAY
                         NORMAL    RECORD    YEAR
 MAXIMUM TEMPERATURE (F)   24        MM        MM
 MINIMUM TEMPERATURE (F)    1        MM        MM


SUNRISE AND SUNSET
DECEMBER 28 2014......SUNRISE   752 AM MST   SUNSET   416 PM MST
DECEMBER 29 2014......SUNRISE   752 AM MST   SUNSET   417 PM MST


-  INDICATES NEGATIVE NUMBERS.
R  INDICATES RECORD WAS SET OR TIED.
MM INDICATES DATA IS MISSING.
T  INDICATES TRACE AMOUNT.




$$
