000
CDUS46 KSEW 040829
CLIOLM


CLIMATE REPORT
NATIONAL WEATHER SERVICE SEATTLE WA
128 AM PDT FRI SEP 4 2015


...................................

...THE OLYMPIA WA AIRPORT CLIMATE SUMMARY FOR SEPTEMBER 3 2015...

CLIMATE NORMAL PERIOD 1981 TO 2010
CLIMATE RECORD PERIOD 1948 TO 2015


WEATHER ITEM   OBSERVED TIME   RECORD YEAR NORMAL DEPARTURE LAST
                VALUE   (LST)  VALUE       VALUE  FROM      YEAR
                                                  NORMAL
..................................................................
TEMPERATURE (F)
 YESTERDAY
  MAXIMUM         65    251 PM  91    2003  75    -10       71
                                      1972
  MINIMUM         45   1159 PM  36    1956  48     -3       47
  AVERAGE         55                        62     -7       59

PRECIPITATION (IN)
  YESTERDAY        0.10          0.71 2013   0.05   0.05     0.00
  MONTH TO DATE    0.35                      0.14   0.21      T
  SINCE OCT 1     43.00                     48.43  -5.43    41.25
  SINCE JAN 1     23.97                     27.74  -3.77    32.41

DEGREE DAYS
 HEATING
  YESTERDAY       10                         4      6        6
  MONTH TO DATE   21                        11     10       12
  SINCE SEP 1     21                        11     10       12
  SINCE JUL 1     66                       161    -95       65

 COOLING
  YESTERDAY        0                         1     -1        0
  MONTH TO DATE    0                         3     -3        0
  SINCE SEP 1      0                         3     -3        0
  SINCE JAN 1    262                       102    160      181
..................................................................


WIND (MPH)
  RESULTANT WIND SPEED   5   RESULTANT WIND DIRECTION   S (200)
  HIGHEST WIND SPEED    15   HIGHEST WIND DIRECTION    SW (240)
  HIGHEST GUST SPEED    18   HIGHEST GUST DIRECTION    SW (230)
  AVERAGE WIND SPEED     5.8


SKY COVER
  AVERAGE SKY COVER 0.3


WEATHER CONDITIONS
 THE FOLLOWING WEATHER WAS RECORDED YESTERDAY.
  LIGHT RAIN
  FOG


RELATIVE HUMIDITY (PERCENT)
 HIGHEST   100          1000 PM
 LOWEST     52           300 PM
 AVERAGE    76

..........................................................


THE OLYMPIA WA AIRPORT CLIMATE NORMALS FOR TODAY
                         NORMAL    RECORD    YEAR
 MAXIMUM TEMPERATURE (F)   75        92      2003
 MINIMUM TEMPERATURE (F)   48        36      1952


SUNRISE AND SUNSET
SEPTEMBER  4 2015.....SUNRISE   635 AM PDT   SUNSET   746 PM PDT
SEPTEMBER  5 2015.....SUNRISE   636 AM PDT   SUNSET   744 PM PDT


-  INDICATES NEGATIVE NUMBERS.
R  INDICATES RECORD WAS SET OR TIED.
MM INDICATES DATA IS MISSING.
T  INDICATES TRACE AMOUNT.




$$
