000
CDUS46 KSEW 030833
CLIOLM


CLIMATE REPORT
NATIONAL WEATHER SERVICE SEATTLE WA
133 AM PDT TUE MAY 3 2016


...................................

...THE OLYMPIA WA AIRPORT CLIMATE SUMMARY FOR MAY 2 2016...

CLIMATE NORMAL PERIOD 1981 TO 2010
CLIMATE RECORD PERIOD 1948 TO 2016


WEATHER ITEM   OBSERVED TIME   RECORD YEAR NORMAL DEPARTURE LAST
                VALUE   (LST)  VALUE       VALUE  FROM      YEAR
                                                  NORMAL
..................................................................
TEMPERATURE (F)
 YESTERDAY
  MAXIMUM         87R   339 PM  78    1966  62     25       67
  MINIMUM         43    528 AM  26    1964  40      3       37
  AVERAGE         65                        51     14       52

PRECIPITATION (IN)
  YESTERDAY        0.00          0.77 1975   0.09  -0.09     0.00
  MONTH TO DATE    0.00                      0.17  -0.17     0.00
  SINCE OCT 1     58.23                     42.80  15.43    38.85
  SINCE JAN 1     25.23                     22.11   3.12    19.82

DEGREE DAYS
 HEATING
  YESTERDAY        0                        14    -14       13
  MONTH TO DATE    7                        28    -21       23
  SINCE MAR 1    934                      1165   -231     1035
  SINCE JUL 1   4292                      4887   -595     4070

 COOLING
  YESTERDAY        0                         0      0        0
  MONTH TO DATE    0                         0      0        0
  SINCE MAR 1      1                         0      1        0
  SINCE JAN 1      1                         0      1        0
..................................................................


WIND (MPH)
  RESULTANT WIND SPEED   1   RESULTANT WIND DIRECTION  SW (210)
  HIGHEST WIND SPEED    16   HIGHEST WIND DIRECTION     S (200)
  HIGHEST GUST SPEED    22   HIGHEST GUST DIRECTION    SW (210)
  AVERAGE WIND SPEED     4.6


SKY COVER
  AVERAGE SKY COVER 0.1


WEATHER CONDITIONS
 THE FOLLOWING WEATHER WAS RECORDED YESTERDAY.
  NO SIGNIFICANT WEATHER WAS OBSERVED.


RELATIVE HUMIDITY (PERCENT)
 HIGHEST    93           600 AM
 LOWEST     19           300 PM
 AVERAGE    56

..........................................................


THE OLYMPIA WA AIRPORT CLIMATE NORMALS FOR TODAY
                         NORMAL    RECORD    YEAR
 MAXIMUM TEMPERATURE (F)   63        80      1992
 MINIMUM TEMPERATURE (F)   40        30      1980


SUNRISE AND SUNSET
MAY  3 2016...........SUNRISE   552 AM PDT   SUNSET   826 PM PDT
MAY  4 2016...........SUNRISE   551 AM PDT   SUNSET   827 PM PDT


-  INDICATES NEGATIVE NUMBERS.
R  INDICATES RECORD WAS SET OR TIED.
MM INDICATES DATA IS MISSING.
T  INDICATES TRACE AMOUNT.




$$
