000
CDUS46 KSEW 231612 CCA
CLIOLM

CLIMATE REPORT...CORRECTED
NATIONAL WEATHER SERVICE SEATTLE WA
912 AM PDT WED AUG 23 2017


...................................

...THE OLYMPIA WA AIRPORT CLIMATE SUMMARY FOR AUGUST 22 2017...

CLIMATE NORMAL PERIOD 1981 TO 2010
CLIMATE RECORD PERIOD 1948 TO 2017


WEATHER ITEM   OBSERVED TIME   RECORD YEAR NORMAL DEPARTURE LAST
                VALUE   (LST)  VALUE       VALUE  FROM      YEAR
                                                  NORMAL
..................................................................
TEMPERATURE (F)
 YESTERDAY
  MAXIMUM         88    214 PM  90    1956  77     11       74
  MINIMUM         50    542 AM  38    1973  50      0       48
                                      1960
  AVERAGE         69                        64      5       61

PRECIPITATION (IN)
  YESTERDAY        0.00          1.24 2001   0.03  -0.03     0.00
  MONTH TO DATE    0.11                      0.54  -0.43     0.21
  SINCE OCT 1     62.53                     47.89  14.64    60.45
  SINCE JAN 1     34.43                     27.20   7.23    27.45

DEGREE DAYS
 HEATING
  YESTERDAY        0                         2     -2        4
  MONTH TO DATE   13                        44    -31       37
  SINCE JUN 1    200                       312   -112      261
  SINCE JUL 1     49                       124    -75       95

 COOLING
  YESTERDAY        4                         1      3        0
  MONTH TO DATE   79                        38     41       57
  SINCE JUN 1    137                        92     45      128
  SINCE JAN 1    147                        95     52      129
..................................................................


WIND (MPH)
  RESULTANT WIND SPEED   3   RESULTANT WIND DIRECTION  SW (210)
  HIGHEST WIND SPEED    13   HIGHEST WIND DIRECTION     N (22)
  HIGHEST GUST SPEED    17   HIGHEST GUST DIRECTION    NE (23)
  AVERAGE WIND SPEED     3.7


SKY COVER
  AVERAGE SKY COVER 0.0


WEATHER CONDITIONS
 THE FOLLOWING WEATHER WAS RECORDED YESTERDAY.
  NO SIGNIFICANT WEATHER WAS OBSERVED.


RELATIVE HUMIDITY (PERCENT)
 HIGHEST   100           600 AM
 LOWEST     36           200 PM
 AVERAGE    68

..........................................................


THE OLYMPIA WA AIRPORT CLIMATE NORMALS FOR TODAY
                         NORMAL    RECORD    YEAR
 MAXIMUM TEMPERATURE (F)   77        90      1981
 MINIMUM TEMPERATURE (F)   50        39      1973


SUNRISE AND SUNSET
AUGUST 23 2017........SUNRISE   620 AM PDT   SUNSET   807 PM PDT
AUGUST 24 2017........SUNRISE   621 AM PDT   SUNSET   806 PM PDT


-  INDICATES NEGATIVE NUMBERS.
R  INDICATES RECORD WAS SET OR TIED.
MM INDICATES DATA IS MISSING.
T  INDICATES TRACE AMOUNT.




$$
