000
CDUS46 KSEW 050829
CLIOLM


CLIMATE REPORT
NATIONAL WEATHER SERVICE SEATTLE WA
128 AM PDT SUN JUL 5 2015


...................................

...THE OLYMPIA WA AIRPORT CLIMATE SUMMARY FOR JULY 4 2015...

CLIMATE NORMAL PERIOD 1981 TO 2010
CLIMATE RECORD PERIOD 1948 TO 2015


WEATHER ITEM   OBSERVED TIME   RECORD YEAR NORMAL DEPARTURE LAST
                VALUE   (LST)  VALUE       VALUE  FROM      YEAR
                                                  NORMAL
..................................................................
TEMPERATURE (F)
 YESTERDAY
  MAXIMUM         93R   502 PM  93    1972  75     18       77
  MINIMUM         53    436 AM  41    1949  50      3       48
  AVERAGE         73                        62     11       63

PRECIPITATION (IN)
  YESTERDAY        0.00          0.38 1987   0.03  -0.03     0.00
  MONTH TO DATE    0.00                      0.12  -0.12     0.00
  SINCE OCT 1     39.66                     46.84  -7.18    39.53
  SINCE JAN 1     20.63                     26.15  -5.52    30.69

DEGREE DAYS
 HEATING
  YESTERDAY        0                         4     -4        2
  MONTH TO DATE    0                        16    -16        5
  SINCE JUN 1     63                       204   -141      160
  SINCE JUL 1      0                        16    -16        5

 COOLING
  YESTERDAY        8                         1      7        0
  MONTH TO DATE   35                         4     31        9
  SINCE JUN 1    107                        15     92       10
  SINCE JAN 1    108                        18     90       11
..................................................................


WIND (MPH)
  RESULTANT WIND SPEED   2   RESULTANT WIND DIRECTION  NE (60)
  HIGHEST WIND SPEED    12   HIGHEST WIND DIRECTION     N (10)
  HIGHEST GUST SPEED    16   HIGHEST GUST DIRECTION     N (20)
  AVERAGE WIND SPEED     3.9


SKY COVER
  AVERAGE SKY COVER 0.0


WEATHER CONDITIONS
 THE FOLLOWING WEATHER WAS RECORDED YESTERDAY.
  NO SIGNIFICANT WEATHER WAS OBSERVED.


RELATIVE HUMIDITY (PERCENT)
 HIGHEST    93           500 AM
 LOWEST     21           700 PM
 AVERAGE    57

..........................................................


THE OLYMPIA WA AIRPORT CLIMATE NORMALS FOR TODAY
                         NORMAL    RECORD    YEAR
 MAXIMUM TEMPERATURE (F)   75        95      1958
 MINIMUM TEMPERATURE (F)   50        40      2002


SUNRISE AND SUNSET
JULY  5 2015..........SUNRISE   523 AM PDT   SUNSET   909 PM PDT
JULY  6 2015..........SUNRISE   524 AM PDT   SUNSET   908 PM PDT


-  INDICATES NEGATIVE NUMBERS.
R  INDICATES RECORD WAS SET OR TIED.
MM INDICATES DATA IS MISSING.
T  INDICATES TRACE AMOUNT.




$$
