000
CDUS46 KSEW 290832
CLIOLM


CLIMATE REPORT
NATIONAL WEATHER SERVICE SEATTLE WA
131 AM PDT FRI JUL 29 2016


...................................

...THE OLYMPIA WA AIRPORT CLIMATE SUMMARY FOR JULY 28 2016...

CLIMATE NORMAL PERIOD 1981 TO 2010
CLIMATE RECORD PERIOD 1948 TO 2016


WEATHER ITEM   OBSERVED TIME   RECORD YEAR NORMAL DEPARTURE LAST
                VALUE   (LST)  VALUE       VALUE  FROM      YEAR
                                                  NORMAL
..................................................................
TEMPERATURE (F)
 YESTERDAY
  MAXIMUM         90    516 PM 101    2009  79     11       82
  MINIMUM         52    505 AM  40    1976  52      0       47
  AVERAGE         71                        65      6       65

PRECIPITATION (IN)
  YESTERDAY        0.00          0.92 1950   0.01  -0.01     0.00
  MONTH TO DATE    0.62                      0.59   0.03     0.15
  SINCE OCT 1     60.24                     47.31  12.93    39.81
  SINCE JAN 1     27.24                     26.62   0.62    20.78

DEGREE DAYS
 HEATING
  YESTERDAY        0                         2     -2        0
  MONTH TO DATE   55                        74    -19       17
  SINCE JUN 1    221                       262    -41       80
  SINCE JUL 1     55                        74    -19       17

 COOLING
  YESTERDAY        6                         2      4        0
  MONTH TO DATE   28                        40    -12       96
  SINCE JUN 1     62                        51     11      168
  SINCE JAN 1     63                        54      9      169
..................................................................


WIND (MPH)
  RESULTANT WIND SPEED   3   RESULTANT WIND DIRECTION  NE (40)
  HIGHEST WIND SPEED    12   HIGHEST WIND DIRECTION    NE (50)
  HIGHEST GUST SPEED    16   HIGHEST GUST DIRECTION    NE (30)
  AVERAGE WIND SPEED     4.4


SKY COVER
  AVERAGE SKY COVER 0.0


WEATHER CONDITIONS
 THE FOLLOWING WEATHER WAS RECORDED YESTERDAY.
  NO SIGNIFICANT WEATHER WAS OBSERVED.


RELATIVE HUMIDITY (PERCENT)
 HIGHEST    93           200 AM
 LOWEST     31           200 PM
 AVERAGE    62

..........................................................


THE OLYMPIA WA AIRPORT CLIMATE NORMALS FOR TODAY
                         NORMAL    RECORD    YEAR
 MAXIMUM TEMPERATURE (F)   79       104      2009
 MINIMUM TEMPERATURE (F)   52        41      1954


SUNRISE AND SUNSET
JULY 29 2016..........SUNRISE   548 AM PDT   SUNSET   847 PM PDT
JULY 30 2016..........SUNRISE   549 AM PDT   SUNSET   846 PM PDT


-  INDICATES NEGATIVE NUMBERS.
R  INDICATES RECORD WAS SET OR TIED.
MM INDICATES DATA IS MISSING.
T  INDICATES TRACE AMOUNT.




$$
