000
CDUS46 KSEW 190831
CLIOLM


CLIMATE REPORT
NATIONAL WEATHER SERVICE SEATTLE WA
131 AM PDT THU OCT 19 2017


...................................

...THE OLYMPIA WA AIRPORT CLIMATE SUMMARY FOR OCTOBER 18 2017...

CLIMATE NORMAL PERIOD 1981 TO 2010
CLIMATE RECORD PERIOD 1948 TO 2017


WEATHER ITEM   OBSERVED TIME   RECORD YEAR NORMAL DEPARTURE LAST
                VALUE   (LST)  VALUE       VALUE  FROM      YEAR
                                                  NORMAL
..................................................................
TEMPERATURE (F)
 YESTERDAY
  MAXIMUM         60    529 PM  72    1952  59      1       58
  MINIMUM         44    454 AM  23    1976  40      4       40
  AVERAGE         52                        50      2       49

PRECIPITATION (IN)
  YESTERDAY        1.52R         1.43 1958   0.16   1.36     0.22
  MONTH TO DATE    2.22                      2.10   0.12     7.62
  SINCE OCT 1      2.22                      2.10   0.12     7.62
  SINCE JAN 1     37.89                     31.41   6.48    36.99

DEGREE DAYS
 HEATING
  YESTERDAY       13                        15     -2       16
  MONTH TO DATE  278                       233     45      205
  SINCE SEP 1    414                       423     -9      405
  SINCE JUL 1    470                       573   -103      515

 COOLING
  YESTERDAY        0                         0      0        0
  MONTH TO DATE    0                         0      0        0
  SINCE SEP 1     38                         7     31        0
  SINCE JAN 1    204                       106     98      145
..................................................................


WIND (MPH)
  RESULTANT WIND SPEED   9   RESULTANT WIND DIRECTION   S (200)
  HIGHEST WIND SPEED    28   HIGHEST WIND DIRECTION     S (180)
  HIGHEST GUST SPEED    38   HIGHEST GUST DIRECTION     S (190)
  AVERAGE WIND SPEED    11.3


SKY COVER
  AVERAGE SKY COVER 0.9


WEATHER CONDITIONS
 THE FOLLOWING WEATHER WAS RECORDED YESTERDAY.
  HEAVY RAIN
  RAIN
  LIGHT RAIN
  FOG


RELATIVE HUMIDITY (PERCENT)
 HIGHEST   100           300 AM
 LOWEST     84           500 PM
 AVERAGE    92

..........................................................


THE OLYMPIA WA AIRPORT CLIMATE NORMALS FOR TODAY
                         NORMAL    RECORD    YEAR
 MAXIMUM TEMPERATURE (F)   59        73      2014
 MINIMUM TEMPERATURE (F)   40        21      1976


SUNRISE AND SUNSET
OCTOBER 19 2017.......SUNRISE   736 AM PDT   SUNSET   616 PM PDT
OCTOBER 20 2017.......SUNRISE   737 AM PDT   SUNSET   615 PM PDT


-  INDICATES NEGATIVE NUMBERS.
R  INDICATES RECORD WAS SET OR TIED.
MM INDICATES DATA IS MISSING.
T  INDICATES TRACE AMOUNT.




$$
