000
CDUS46 KSEW 230831
CLIOLM


CLIMATE REPORT
NATIONAL WEATHER SERVICE SEATTLE WA
130 AM PDT TUE MAY 23 2017


...................................

...THE OLYMPIA WA AIRPORT CLIMATE SUMMARY FOR MAY 22 2017...

CLIMATE NORMAL PERIOD 1981 TO 2010
CLIMATE RECORD PERIOD 1948 TO 2017


WEATHER ITEM   OBSERVED TIME   RECORD YEAR NORMAL DEPARTURE LAST
                VALUE   (LST)  VALUE       VALUE  FROM      YEAR
                                                  NORMAL
..................................................................
TEMPERATURE (F)
 YESTERDAY
  MAXIMUM         85    536 PM  91    2001  67     18       63
  MINIMUM         48    447 AM  31    1960  44      4       49
  AVERAGE         67                        56     11       56

PRECIPITATION (IN)
  YESTERDAY        0.00          0.83 1984   0.06  -0.06     0.01
  MONTH TO DATE    2.98                      1.67   1.31     0.11
  SINCE OCT 1     60.95                     44.30  16.65    58.34
  SINCE JAN 1     32.85                     23.61   9.24    25.34

DEGREE DAYS
 HEATING
  YESTERDAY        0                        10    -10        9
  MONTH TO DATE  243                       259    -16      159
  SINCE MAR 1   1391                      1396     -5     1086
  SINCE JUL 1   5119                      5118      1     4444

 COOLING
  YESTERDAY        2                         0      2        0
  MONTH TO DATE    5                         0      5        0
  SINCE MAR 1      5                         0      5        1
  SINCE JAN 1      5                         0      5        1
..................................................................


WIND (MPH)
  RESULTANT WIND SPEED   5   RESULTANT WIND DIRECTION  NE (30)
  HIGHEST WIND SPEED    15   HIGHEST WIND DIRECTION    NE (30)
  HIGHEST GUST SPEED    20   HIGHEST GUST DIRECTION    NE (60)
  AVERAGE WIND SPEED     5.3


SKY COVER
  AVERAGE SKY COVER 0.0


WEATHER CONDITIONS
 THE FOLLOWING WEATHER WAS RECORDED YESTERDAY.
  NO SIGNIFICANT WEATHER WAS OBSERVED.


RELATIVE HUMIDITY (PERCENT)
 HIGHEST    93           400 AM
 LOWEST     31           200 PM
 AVERAGE    62

..........................................................


THE OLYMPIA WA AIRPORT CLIMATE NORMALS FOR TODAY
                         NORMAL    RECORD    YEAR
 MAXIMUM TEMPERATURE (F)   67        89      1969
 MINIMUM TEMPERATURE (F)   45        32      1964
                                             1950


SUNRISE AND SUNSET
MAY 23 2017...........SUNRISE   527 AM PDT   SUNSET   850 PM PDT
MAY 24 2017...........SUNRISE   526 AM PDT   SUNSET   851 PM PDT


-  INDICATES NEGATIVE NUMBERS.
R  INDICATES RECORD WAS SET OR TIED.
MM INDICATES DATA IS MISSING.
T  INDICATES TRACE AMOUNT.




$$
