000
CDUS43 KOAX 280631
CLIOMA


CLIMATE REPORT
NATIONAL WEATHER SERVICE OMAHA NEBRASKA
1228 AM CST SUN DEC 28 2014


...................................

...THE OMAHA EPPLEY, NEBRASKA CLIMATE SUMMARY FOR DECEMBER 27 2014...

CLIMATE NORMAL PERIOD 1981 TO 2010
CLIMATE RECORD PERIOD 1871 TO 2014


WEATHER ITEM   OBSERVED TIME   RECORD YEAR NORMAL DEPARTURE LAST
                VALUE   (LST)  VALUE       VALUE  FROM      YEAR
                                                  NORMAL
..................................................................
TEMPERATURE (F)
 YESTERDAY
  MAXIMUM         31   1202 AM  61    2013  33     -2       61
                                      1976
  MINIMUM         18   1028 PM -15    1886  14      4       19
  AVERAGE         25                        24      1       40

PRECIPITATION (IN)
  YESTERDAY        0.01          0.62 1982   0.03  -0.02     0.00
                                      1959
  MONTH TO DATE    1.67                      0.94   0.73     0.20
  SINCE DEC 1      1.67                      0.94   0.73     0.20
  SINCE JAN 1     39.13                     30.52   8.61    29.00

SNOWFALL (IN)
  YESTERDAY        T                         0.2   -0.2      0.0
  MONTH TO DATE    0.4                       5.4   -5.0      3.1
  SINCE JUL 1      2.8                       8.2   -5.4      3.5
  SNOW DEPTH       T

DEGREE DAYS
 HEATING
  YESTERDAY       40                        41     -1       25
  MONTH TO DATE  823                      1044   -221     1145
  SINCE DEC 1    823                      1044   -221     1145
  SINCE JUL 1   2124                      2314   -190     2371

 COOLING
  YESTERDAY        0                         0      0        0
  MONTH TO DATE    0                         0      0        0
  SINCE DEC 1      0                         0      0        0
  SINCE JAN 1   1149                      1113     36     1294
..................................................................


WIND (MPH)
  HIGHEST WIND SPEED    21   HIGHEST WIND DIRECTION    NW (320)
  HIGHEST GUST SPEED    25   HIGHEST GUST DIRECTION    NW (310)
  AVERAGE WIND SPEED     9.2


SKY COVER
  POSSIBLE SUNSHINE  MM
  AVERAGE SKY COVER 0.5


WEATHER CONDITIONS
 THE FOLLOWING WEATHER WAS RECORDED YESTERDAY.
  LIGHT SNOW
  FOG


RELATIVE HUMIDITY (PERCENT)
 HIGHEST    92          1200 AM
 LOWEST     68          1200 PM
 AVERAGE    80

..........................................................


THE OMAHA EPPLEY, NEBRASKA CLIMATE NORMALS FOR TODAY
                         NORMAL    RECORD    YEAR
 MAXIMUM TEMPERATURE (F)   33        65      1984
 MINIMUM TEMPERATURE (F)   14       -14      1924
                                             1887


SUNRISE AND SUNSET
DECEMBER 28 2014......SUNRISE   749 AM CST   SUNSET   502 PM CST
DECEMBER 29 2014......SUNRISE   749 AM CST   SUNSET   503 PM CST


-  INDICATES NEGATIVE NUMBERS.
R  INDICATES RECORD WAS SET OR TIED.
MM INDICATES DATA IS MISSING.
T  INDICATES TRACE AMOUNT.




$$
