000
CDUS43 KOAX 052136
CLIOMA


CLIMATE REPORT
NATIONAL WEATHER SERVICE OMAHA NEBRASKA
435 PM CDT SUN JUL 5 2015


...................................

...THE OMAHA EPPLEY, NEBRASKA CLIMATE SUMMARY FOR JULY 5 2015...
VALID TODAY AS OF 0400 PM LOCAL TIME.

CLIMATE NORMAL PERIOD 1981 TO 2010
CLIMATE RECORD PERIOD 1871 TO 2015


WEATHER ITEM   OBSERVED TIME   RECORD YEAR NORMAL DEPARTURE LAST
                VALUE   (LST)  VALUE       VALUE  FROM      YEAR
                                                  NORMAL
..................................................................
TEMPERATURE (F)
 TODAY
  MAXIMUM         91    247 PM 107    1911  87      4       86
  MINIMUM         69    526 AM  44    1972  66      3       66
  AVERAGE         80                        76      4       76

PRECIPITATION (IN)
  TODAY            0.00          2.83 1998   0.12  -0.12     1.40
  MONTH TO DATE    0.33                      0.61  -0.28     1.40
  SINCE JUN 1      4.94                      4.79   0.15    11.92
  SINCE JAN 1     15.63                     16.07  -0.44    18.74

SNOWFALL (IN)
  TODAY            0.0                       0.0    0.0      0.0
  MONTH TO DATE    0.0                       0.0    0.0      0.0
  SINCE JUL 1      0.0                       0.0    0.0      0.0
  SNOW DEPTH       0

DEGREE DAYS
 HEATING
  TODAY            0                         0      0        0
  MONTH TO DATE    0                         0      0        1
  SINCE JUN 1      0                        17    -17        7
  SINCE JUL 1      0                         0      0        1

 COOLING
  TODAY           15                        12      3       11
  MONTH TO DATE   37                        56    -19       26
  SINCE JUN 1    299                       286     13      293
  SINCE JAN 1    345                       368    -23      436
..................................................................


WIND (MPH)
  HIGHEST WIND SPEED    25   HIGHEST WIND DIRECTION     S (160)
  HIGHEST GUST SPEED    30   HIGHEST GUST DIRECTION     S (170)
  AVERAGE WIND SPEED    12.8


SKY COVER
  POSSIBLE SUNSHINE  MM
  AVERAGE SKY COVER 0.7


WEATHER CONDITIONS
 THE FOLLOWING WEATHER WAS RECORDED TODAY.
  HAZE


RELATIVE HUMIDITY (PERCENT)
 HIGHEST    84           600 AM
 LOWEST     59           300 PM
 AVERAGE    72

..........................................................


THE OMAHA EPPLEY, NEBRASKA CLIMATE NORMALS FOR TOMORROW
                         NORMAL    RECORD    YEAR
 MAXIMUM TEMPERATURE (F)   87       104      2012
 MINIMUM TEMPERATURE (F)   66        53      1967


SUNRISE AND SUNSET
JULY  5 2015..........SUNRISE   556 AM CDT   SUNSET   900 PM CDT
JULY  6 2015..........SUNRISE   557 AM CDT   SUNSET   859 PM CDT


-  INDICATES NEGATIVE NUMBERS.
R  INDICATES RECORD WAS SET OR TIED.
MM INDICATES DATA IS MISSING.
T  INDICATES TRACE AMOUNT.




$$
