000
CDUS43 KOAX 120717
CLIOMA


CLIMATE REPORT
NATIONAL WEATHER SERVICE OMAHA NEBRASKA
216 AM CDT SAT JUL 12 2014


...................................

...THE OMAHA EPPLEY, NEBRASKA CLIMATE SUMMARY FOR JULY 11 2014...

CLIMATE NORMAL PERIOD 1981 TO 2010
CLIMATE RECORD PERIOD 1871 TO 2014


WEATHER ITEM   OBSERVED TIME   RECORD YEAR NORMAL DEPARTURE LAST
                VALUE   (LST)  VALUE       VALUE  FROM      YEAR
                                                  NORMAL
..................................................................
TEMPERATURE (F)
 YESTERDAY
  MAXIMUM         84    607 PM 107    1954  88     -4       87
                                      1938
  MINIMUM         70    622 AM  54    1945  66      4       63
  AVERAGE         77                        77      0       75

PRECIPITATION (IN)
  YESTERDAY        0.00          1.43 1972   0.13  -0.13     0.00
  MONTH TO DATE    1.72                      1.35   0.37     0.29
  SINCE JUN 1     12.24                      5.53   6.71     5.03
  SINCE JAN 1     19.06                     16.81   2.25    19.37

SNOWFALL (IN)
  YESTERDAY        0.0                       0.0    0.0      0.0
  MONTH TO DATE    0.0                       0.0    0.0      0.0
  SINCE JUL 1      0.0                       0.0    0.0      0.0
  SNOW DEPTH       0

DEGREE DAYS
 HEATING
  YESTERDAY        0                         0      0        0
  MONTH TO DATE    1                         0      1        0
  SINCE JUN 1      7                        17    -10       16
  SINCE JUL 1      1                         0      1        0

 COOLING
  YESTERDAY       12                        12      0       10
  MONTH TO DATE  100                       128    -28      136
  SINCE JUN 1    367                       358      9      371
  SINCE JAN 1    510                       440     70      467
..................................................................


WIND (MPH)
  HIGHEST WIND SPEED    20   HIGHEST WIND DIRECTION     S (160)
  HIGHEST GUST SPEED    26   HIGHEST GUST DIRECTION     E (110)
  AVERAGE WIND SPEED    10.0


SKY COVER
  POSSIBLE SUNSHINE  MM
  AVERAGE SKY COVER 0.8


WEATHER CONDITIONS
 THE FOLLOWING WEATHER WAS RECORDED YESTERDAY.
  NO SIGNIFICANT WEATHER WAS OBSERVED.


RELATIVE HUMIDITY (PERCENT)
 HIGHEST    85           900 PM
 LOWEST     69           300 PM
 AVERAGE    77

..........................................................


THE OMAHA EPPLEY, NEBRASKA CLIMATE NORMALS FOR TODAY
                         NORMAL    RECORD    YEAR
 MAXIMUM TEMPERATURE (F)   88       110      1939
 MINIMUM TEMPERATURE (F)   66        53      1975
                                             1941


SUNRISE AND SUNSET
JULY 12 2014..........SUNRISE   601 AM CDT   SUNSET   857 PM CDT
JULY 13 2014..........SUNRISE   602 AM CDT   SUNSET   856 PM CDT


-  INDICATES NEGATIVE NUMBERS.
R  INDICATES RECORD WAS SET OR TIED.
MM INDICATES DATA IS MISSING.
T  INDICATES TRACE AMOUNT.




$$
