000
CDUS43 KOAX 030709
CLIOMA


CLIMATE REPORT
NATIONAL WEATHER SERVICE OMAHA NEBRASKA
108 AM CST TUE MAR 3 2015


...................................

...THE OMAHA EPPLEY, NEBRASKA CLIMATE SUMMARY FOR MARCH 2 2015...

CLIMATE NORMAL PERIOD 1981 TO 2010
CLIMATE RECORD PERIOD 1871 TO 2015


WEATHER ITEM   OBSERVED TIME   RECORD YEAR NORMAL DEPARTURE LAST
                VALUE   (LST)  VALUE       VALUE  FROM      YEAR
                                                  NORMAL
..................................................................
TEMPERATURE (F)
 YESTERDAY
  MAXIMUM         42    240 PM  76    1992  44     -2        4
  MINIMUM         17    636 AM  -5    2014  23     -6       -5
  AVERAGE         30                        34     -4        0

PRECIPITATION (IN)
  YESTERDAY        0.00          1.03 1940   0.04  -0.04      T
  MONTH TO DATE    T                         0.09  -0.09     0.04
  SINCE MAR 1      T                         0.09  -0.09     0.04
  SINCE JAN 1      1.14                      1.66  -0.52     0.90

SNOWFALL (IN)
  YESTERDAY        0.0                       0.2   -0.2       T
  MONTH TO DATE    T                         0.4   -0.4      1.1
  SINCE JUL 1     13.6                      21.6   -8.0     16.0
  SNOW DEPTH       0

DEGREE DAYS
 HEATING
  YESTERDAY       35                        31      4       65
  MONTH TO DATE   70                        63      7      119
  SINCE MAR 1     70                        63      7      119
  SINCE JUL 1   4781                      4861    -80     5224

 COOLING
  YESTERDAY        0                         0      0        0
  MONTH TO DATE    0                         0      0        0
  SINCE MAR 1      0                         0      0        0
  SINCE JAN 1      0                         0      0        0
..................................................................


WIND (MPH)
  HIGHEST WIND SPEED    24   HIGHEST WIND DIRECTION    SE (150)
  HIGHEST GUST SPEED    29   HIGHEST GUST DIRECTION    SE (150)
  AVERAGE WIND SPEED    11.0


SKY COVER
  POSSIBLE SUNSHINE  MM
  AVERAGE SKY COVER 0.9


WEATHER CONDITIONS
 THE FOLLOWING WEATHER WAS RECORDED YESTERDAY.
  NO SIGNIFICANT WEATHER WAS OBSERVED.


RELATIVE HUMIDITY (PERCENT)
 HIGHEST    84           100 AM
 LOWEST     41           400 PM
 AVERAGE    63

..........................................................


THE OMAHA EPPLEY, NEBRASKA CLIMATE NORMALS FOR TODAY
                         NORMAL    RECORD    YEAR
 MAXIMUM TEMPERATURE (F)   45        79      1905
 MINIMUM TEMPERATURE (F)   23        -6      2014


SUNRISE AND SUNSET
MARCH  3 2015.........SUNRISE   655 AM CST   SUNSET   616 PM CST
MARCH  4 2015.........SUNRISE   654 AM CST   SUNSET   618 PM CST


-  INDICATES NEGATIVE NUMBERS.
R  INDICATES RECORD WAS SET OR TIED.
MM INDICATES DATA IS MISSING.
T  INDICATES TRACE AMOUNT.




$$
