000
CDUS43 KOAX 302131
CLIOMA


CLIMATE REPORT
NATIONAL WEATHER SERVICE OMAHA NEBRASKA
430 PM CDT MON MAR 30 2015


...................................

...THE OMAHA EPPLEY, NEBRASKA CLIMATE SUMMARY FOR MARCH 30 2015...
VALID TODAY AS OF 0400 PM LOCAL TIME.

CLIMATE NORMAL PERIOD 1981 TO 2010
CLIMATE RECORD PERIOD 1871 TO 2015


WEATHER ITEM   OBSERVED TIME   RECORD YEAR NORMAL DEPARTURE LAST
                VALUE   (LST)  VALUE       VALUE  FROM      YEAR
                                                  NORMAL
..................................................................
TEMPERATURE (F)
 TODAY
  MAXIMUM         77    259 PM  89    1968  57     20       76
  MINIMUM         34    352 AM  11    1987  33      1       43
  AVERAGE         56                        45     11       60

PRECIPITATION (IN)
  TODAY            0.00          0.95 1998   0.08  -0.08     0.00
  MONTH TO DATE    0.54                      1.90  -1.36     0.21
  SINCE MAR 1      0.54                      1.90  -1.36     0.21
  SINCE JAN 1      1.68                      3.47  -1.79     1.07

SNOWFALL (IN)
  TODAY            0.0                       0.1   -0.1      0.0
  MONTH TO DATE    0.2                       4.1   -3.9      2.3
  SINCE JUL 1     13.8                      25.3  -11.5     17.2
  SNOW DEPTH       0

DEGREE DAYS
 HEATING
  TODAY            9                        20    -11        5
  MONTH TO DATE  645                       772   -127      866
  SINCE MAR 1    645                       772   -127      866
  SINCE JUL 1   5356                      5570   -214     5971

 COOLING
  TODAY            0                         0      0        0
  MONTH TO DATE    0                         0      0        0
  SINCE MAR 1      0                         0      0        0
  SINCE JAN 1      0                         0      0        0
..................................................................


WIND (MPH)
  HIGHEST WIND SPEED    28   HIGHEST WIND DIRECTION    SW (220)
  HIGHEST GUST SPEED    35   HIGHEST GUST DIRECTION    SW (220)
  AVERAGE WIND SPEED    11.1


SKY COVER
  POSSIBLE SUNSHINE  MM
  AVERAGE SKY COVER 0.5


WEATHER CONDITIONS
 THE FOLLOWING WEATHER WAS RECORDED TODAY.
  NO SIGNIFICANT WEATHER WAS OBSERVED.


RELATIVE HUMIDITY (PERCENT)
 HIGHEST    75           400 AM
 LOWEST     17          1200 PM
 AVERAGE    46

..........................................................


THE OMAHA EPPLEY, NEBRASKA CLIMATE NORMALS FOR TOMORROW
                         NORMAL    RECORD    YEAR
 MAXIMUM TEMPERATURE (F)   58        91      2012
 MINIMUM TEMPERATURE (F)   34        11      1881


SUNRISE AND SUNSET
MARCH 30 2015.........SUNRISE   710 AM CDT   SUNSET   746 PM CDT
MARCH 31 2015.........SUNRISE   709 AM CDT   SUNSET   747 PM CDT


-  INDICATES NEGATIVE NUMBERS.
R  INDICATES RECORD WAS SET OR TIED.
MM INDICATES DATA IS MISSING.
T  INDICATES TRACE AMOUNT.




$$
