000
CDUS43 KOAX 172132
CLIOMA


CLIMATE REPORT
NATIONAL WEATHER SERVICE OMAHA NEBRASKA
429 PM CDT TUE OCT 17 2017


...................................

...THE OMAHA EPPLEY, NEBRASKA CLIMATE SUMMARY FOR OCTOBER 17 2017...
VALID TODAY AS OF 0400 PM LOCAL TIME.

CLIMATE NORMAL PERIOD 1981 TO 2010
CLIMATE RECORD PERIOD 1871 TO 2017


WEATHER ITEM   OBSERVED TIME   RECORD YEAR NORMAL DEPARTURE LAST
                VALUE   (LST)  VALUE       VALUE  FROM      YEAR
                                                  NORMAL
..................................................................
TEMPERATURE (F)
 TODAY
  MAXIMUM         72    259 PM  85    2016  64      8       85
  MINIMUM         46    507 AM  18    1976  41      5       59
  AVERAGE         59                        53      6       72

PRECIPITATION (IN)
  TODAY            0.00          2.72 1883   0.07  -0.07     0.00
  MONTH TO DATE    3.98                      1.24   2.74     1.47
  SINCE SEP 1      6.57                      3.92   2.65     5.89
  SINCE JAN 1     25.54                     27.03  -1.49    32.21

SNOWFALL (IN)
  TODAY            0.0                       0.0    0.0      0.0
  MONTH TO DATE    0.0                       0.1   -0.1      0.0
  SINCE JUL 1      0.0                       0.1   -0.1       T
  SNOW DEPTH       0

DEGREE DAYS
 HEATING
  TODAY            6                        12     -6        0
  MONTH TO DATE  108                       167    -59      100
  SINCE SEP 1    135                       262   -127      127
  SINCE JUL 1    135                       270   -135      127

 COOLING
  TODAY            0                         0      0        7
  MONTH TO DATE   15                        12      3       18
  SINCE SEP 1    218                       129     89      225
  SINCE JAN 1   1347                      1109    238     1472
..................................................................


WIND (MPH)
  HIGHEST WIND SPEED    13   HIGHEST WIND DIRECTION     S (170)
  HIGHEST GUST SPEED    16   HIGHEST GUST DIRECTION     S (170)
  AVERAGE WIND SPEED     9.8


SKY COVER
  POSSIBLE SUNSHINE  MM
  AVERAGE SKY COVER 0.0


WEATHER CONDITIONS
 THE FOLLOWING WEATHER WAS RECORDED TODAY.
  NO SIGNIFICANT WEATHER WAS OBSERVED.


RELATIVE HUMIDITY (PERCENT)
 HIGHEST    77           200 AM
 LOWEST     38           200 PM
 AVERAGE    58

..........................................................


THE OMAHA EPPLEY, NEBRASKA CLIMATE NORMALS FOR TOMORROW
                         NORMAL    RECORD    YEAR
 MAXIMUM TEMPERATURE (F)   64        86      2005
                                             1950
                                             1945
 MINIMUM TEMPERATURE (F)   41        20      1972


SUNRISE AND SUNSET
OCTOBER 17 2017.......SUNRISE   738 AM CDT   SUNSET   639 PM CDT
OCTOBER 18 2017.......SUNRISE   739 AM CDT   SUNSET   638 PM CDT


-  INDICATES NEGATIVE NUMBERS.
R  INDICATES RECORD WAS SET OR TIED.
MM INDICATES DATA IS MISSING.
T  INDICATES TRACE AMOUNT.




$$
