000
CDAK49 PAFG 240945
CLIOME

CLIMATE REPORT
NATIONAL WEATHER SERVICE FAIRBANKS AK
1245 AM AKST FRI NOV 24 2017


...................................

...THE NOME AK CLIMATE SUMMARY FOR NOVEMBER 23 2017...

CLIMATE NORMAL PERIOD 1981 TO 2010
CLIMATE RECORD PERIOD 1906 TO 2017


WEATHER ITEM   OBSERVED TIME   RECORD YEAR NORMAL DEPARTURE LAST
                VALUE   (LST)  VALUE       VALUE  FROM      YEAR
                                                  NORMAL
..................................................................
TEMPERATURE (F)
 YESTERDAY
  MAXIMUM         23    134 PM  44    1947  21      2       11
  MINIMUM          8   1007 PM -24    1918   8      0       -7
  AVERAGE         16                        15      1        2

PRECIPITATION (IN)
  YESTERDAY        0.00          0.36 2003   0.04  -0.04     0.00
  MONTH TO DATE    1.90                      0.97   0.93     0.71
  SINCE SEP 1      7.72                      5.03   2.69     4.70
  SINCE JAN 1     17.45                     15.48   1.97    14.96

SNOWFALL (IN)
  YESTERDAY        0.0           4.8  2003   0.4   -0.4      0.0
  MONTH TO DATE   21.7                       9.2   12.5      8.2
  SINCE SEP 1     31.1                      14.4   16.7      8.3
  SINCE JUL 1     31.1                      14.4   16.7      8.3
  SNOW DEPTH      11

DEGREE DAYS
 HEATING
  YESTERDAY       49                        50     -1       63
  MONTH TO DATE  887                      1082   -195     1009
  SINCE SEP 1   2596                      2872   -276     2474
  SINCE JUL 1   3442                      3732   -290     3159

 COOLING
  YESTERDAY        0                         0      0        0
  MONTH TO DATE    0                         0      0        0
  SINCE SEP 1      0                         0      0        0
  SINCE JAN 1      4                         3      1        0
..................................................................


WIND (MPH)
  HIGHEST GUST SPEED    38   HIGHEST GUST DIRECTION    NE (30)


SKY COVER
  AVERAGE SKY COVER 0.2


WEATHER CONDITIONS
 THE FOLLOWING WEATHER WAS RECORDED YESTERDAY.
  LIGHT SNOW
  FOG


RELATIVE HUMIDITY (PERCENT)
 HIGHEST    92
 LOWEST     62
 AVERAGE    77

..........................................................


THE NOME AK CLIMATE NORMALS FOR TODAY
                         NORMAL    RECORD    YEAR
 MAXIMUM TEMPERATURE (F)   21        43      1947
 MINIMUM TEMPERATURE (F)    8       -27      1948


SUNRISE AND SUNSET
NOVEMBER 24 2017......SUNRISE  1106 AM AKST  SUNSET   432 PM AKST
NOVEMBER 25 2017......SUNRISE  1109 AM AKST  SUNSET   429 PM AKST

-  INDICATES NEGATIVE NUMBERS.
R  INDICATES RECORD WAS SET OR TIED.
MM INDICATES DATA IS MISSING.
T  INDICATES TRACE AMOUNT.

&&

SNOW DEPTH IS MEASURED AT 3AM AKST/4AM AKDT.

----------------------------
AVAILABLE DAYLIGHT

AMOUNT OF DAYLIGHT TODAY  (HOUR:MIN)........5:26
GAIN/LOSS SINCE YESTERDAY (HOUR:MIN:SEC)....-0:05:47

NOME TIDAL INFORMATION FOR 24 NOVEMBER 2017
0201  +1.5
0729  +1.7
1505  +0.7
2210  +1.7

$$
SDB NOV 17
