463
CDAK49 PAFG 220950
CLIOME

CLIMATE REPORT
NATIONAL WEATHER SERVICE FAIRBANKS AK
1250 AM AKST WED FEB 22 2017


...................................

...THE NOME AK CLIMATE SUMMARY FOR FEBRUARY 21 2017...

CLIMATE NORMAL PERIOD 1981 TO 2010
CLIMATE RECORD PERIOD 1906 TO 2017


WEATHER ITEM   OBSERVED TIME   RECORD YEAR NORMAL DEPARTURE LAST
                VALUE   (LST)  VALUE       VALUE  FROM      YEAR
                                                  NORMAL
..................................................................
TEMPERATURE (F)
 YESTERDAY
  MAXIMUM         -9    335 PM  40    2015  16    -25       20
  MINIMUM        -24    920 AM -35    1990   1    -25        2
                                      1984
  AVERAGE        -16                         9    -25       11

PRECIPITATION (IN)
  YESTERDAY        T             0.37 1944   0.03  -0.03     0.00
  MONTH TO DATE    T                         0.71  -0.71     0.44
  SINCE DEC 1      1.79                      2.73  -0.94     0.97
  SINCE JAN 1      0.72                      1.65  -0.93     0.97

SNOWFALL (IN)
  YESTERDAY        T             3.5  1944   0.4   -0.4      0.0
  MONTH TO DATE    0.3                       9.1   -8.8      6.9
  SINCE DEC 1     26.7                      36.3   -9.6     15.1
  SINCE JUL 1     35.3                      53.6  -18.3     15.1
  SNOW DEPTH      21

DEGREE DAYS
 HEATING
  YESTERDAY       81                        57     24       54
  MONTH TO DATE 1390                      1219    171     1088
  SINCE DEC 1   4819                      4794     25     2468
  SINCE JUL 1   8434                      8887   -453     2468

 COOLING
  YESTERDAY        0                         0      0        0
  MONTH TO DATE    0                         0      0        0
  SINCE DEC 1      0                         0      0        0
  SINCE JAN 1      0                         0      0        0
..................................................................


WIND (MPH)
  HIGHEST GUST SPEED    13   HIGHEST GUST DIRECTION     N (350)


SKY COVER
  AVERAGE SKY COVER 0.3


WEATHER CONDITIONS
 THE FOLLOWING WEATHER WAS RECORDED YESTERDAY.
  LIGHT SNOW
  FOG
  HAZE


RELATIVE HUMIDITY (PERCENT)
 HIGHEST    90
 LOWEST     63
 AVERAGE    77

..........................................................


THE NOME AK CLIMATE NORMALS FOR TODAY
                         NORMAL    RECORD    YEAR
 MAXIMUM TEMPERATURE (F)   17        35      2015
                                             1940
                                             1928
 MINIMUM TEMPERATURE (F)    1       -36      1990
                                             1971


SUNRISE AND SUNSET
FEBRUARY 22 2017......SUNRISE   933 AM AKST  SUNSET   659 PM AKST
FEBRUARY 23 2017......SUNRISE   930 AM AKST  SUNSET   702 PM AKST

-  INDICATES NEGATIVE NUMBERS.
R  INDICATES RECORD WAS SET OR TIED.
MM INDICATES DATA IS MISSING.
T  INDICATES TRACE AMOUNT.

&&

SNOW DEPTH IS MEASURED AT 3AM AKST/4AM AKDT.

----------------------------
AVAILABLE DAYLIGHT

AMOUNT OF DAYLIGHT TODAY  (HOUR:MIN)........9:26
GAIN/LOSS SINCE YESTERDAY (HOUR:MIN:SEC)....+0:06:42

NOME TIDAL INFORMATION FOR 22 FEBRUARY 2017
0753  +0.2
1456  +0.9
1935  +0.8

$$
CCC FEB 17
