316
CDAK49 PAFG 240940
CLIOME

CLIMATE REPORT
NATIONAL WEATHER SERVICE FAIRBANKS AK
1240 AM AKST SAT FEB 24 2018


...................................

...THE NOME AK CLIMATE SUMMARY FOR FEBRUARY 23 2018...

CLIMATE NORMAL PERIOD 1981 TO 2010
CLIMATE RECORD PERIOD 1906 TO 2018


WEATHER ITEM   OBSERVED TIME   RECORD YEAR NORMAL DEPARTURE LAST
                VALUE   (LST)  VALUE       VALUE  FROM      YEAR
                                                  NORMAL
..................................................................
TEMPERATURE (F)
 YESTERDAY
  MAXIMUM         15    411 AM  36    1940  17     -2       32
                                      1928
  MINIMUM         10   1154 PM -37    1976   1      9        9
                                      1971
  AVERAGE         13                         9      4       21

PRECIPITATION (IN)
  YESTERDAY        0.00          0.67 2017   0.04  -0.04     0.67
  MONTH TO DATE    1.43                      0.78   0.65     0.77
  SINCE DEC 1      3.45                      2.80   0.65     2.56
  SINCE JAN 1      1.89                      1.72   0.17     1.49

SNOWFALL (IN)
  YESTERDAY        0.0          10.1  2017   0.4   -0.4     10.1
  MONTH TO DATE   16.8                      10.0    6.8     14.2
  SINCE DEC 1     41.3                      37.2    4.1     40.6
  SINCE JUL 1     72.9                      54.5   18.4     49.2
  SNOW DEPTH      39

DEGREE DAYS
 HEATING
  YESTERDAY       52                        56     -4       44
  MONTH TO DATE  984                      1331   -347     1507
  SINCE DEC 1   4076                      4906   -830     4936
  SINCE JUL 1   7864                      8999  -1135     8551

 COOLING
  YESTERDAY        0                         0      0        0
  MONTH TO DATE    0                         0      0        0
  SINCE DEC 1      0                         0      0        0
  SINCE JAN 1      0                         0      0        0
..................................................................


WIND (MPH)
  HIGHEST GUST SPEED    28   HIGHEST GUST DIRECTION    NE (40)


SKY COVER
  AVERAGE SKY COVER 1.0


WEATHER CONDITIONS
 THE FOLLOWING WEATHER WAS RECORDED YESTERDAY.
  NO SIGNIFICANT WEATHER WAS OBSERVED.


RELATIVE HUMIDITY (PERCENT)
 HIGHEST    88
 LOWEST     70
 AVERAGE    79

..........................................................


THE NOME AK CLIMATE NORMALS FOR TODAY
                         NORMAL    RECORD    YEAR
 MAXIMUM TEMPERATURE (F)   17        38      1928
 MINIMUM TEMPERATURE (F)    1       -39      1971


SUNRISE AND SUNSET
FEBRUARY 24 2018......SUNRISE   927 AM AKST  SUNSET   705 PM AKST
FEBRUARY 25 2018......SUNRISE   924 AM AKST  SUNSET   708 PM AKST

-  INDICATES NEGATIVE NUMBERS.
R  INDICATES RECORD WAS SET OR TIED.
MM INDICATES DATA IS MISSING.
T  INDICATES TRACE AMOUNT.

&&

SNOW DEPTH IS MEASURED AT 3AM AKST/4AM AKDT.

----------------------------
AVAILABLE DAYLIGHT

AMOUNT OF DAYLIGHT TODAY  (HOUR:MIN)........9:38
GAIN/LOSS SINCE YESTERDAY (HOUR:MIN:SEC)....+0:06:41

NOME TIDAL INFORMATION FOR 24 FEBRUARY 2018
0501  +0.2
1146  +1.2
1656  +0.6
2233  +1.2

$$
SDB FEB 18
