000
CDAK49 PAOM 120908
CLIOME

CLIMATE REPORT
NATIONAL WEATHER SERVICE NOME, AK
1208 AM AKST FRI FEB 12 2016

...................................
...THE NOME WSO AP CLIMATE SUMMARY FOR FEBRUARY 11 2016...

CLIMATE NORMAL PERIOD  1981 TO  2010
CLIMATE RECORD PERIOD  1906 TO  2016

WEATHER ITEM   OBSERVED TIME    RECORD YEAR NORMAL DEPARTURE LAST
               VALUE    (LST)   VALUE       VALUE  FROM      YEAR
                                                   NORMAL
...................................................................
TEMPERATURE
YESTERDAY
 MAXIMUM            23  1225 AM    40  1993     15       8     12
 MINIMUM            -8  1153 PM   -37  1976     -1      -7     -1
 AVERAGE             8                           7       1      6

PRECIPITATION
(INCHES)
 YESTERDAY        0.00           0.36  1999   0.04   -0.04   0.00
 MONTH TO DATE    0.28                        0.36   -0.08      T
 SINCE DEC 1      1.59                        2.38   -0.79   1.25
 SINCE JAN 1      0.81                        1.30   -0.49   0.71

SNOWFALL
(INCHES)
 YESTERDAY         0.0            6.8  1999    0.5    -0.5    0.0
 MONTH TO DATE     4.5                         4.6    -0.1    0.1
 SINCE DEC 1      21.0                        31.8   -10.8   15.6
 SINCE JUL 1      39.2                        49.1    -9.9   33.2
 SNOW DEPTH (IN)    15                                         10

DEGREE DAYS
 HEATING
  YESTERDAY         57                          58      -1     59
  MONTH TO DATE    496                         646    -150    674
  SINCE DEC 1     3525                        4219    -694   3917
  SINCE JUL 1     7321                        8317    -996   7471

 COOLING
  YESTERDAY          0                           0       0      0
  MONTH TO DATE      0                           0       0      0
  SINCE DEC 1        0                           0       0      0
  SINCE JAN 1        0                           0       0      0
...................................................................

WIND (MPH)
 HIGHEST WIND SPEED    12     HIGHEST WIND DIRECTION    300
 HIGHEST GUST SPEED    16     HIGHEST GUST DIRECTION     10
 AVERAGE WIND SPEED   2.4

SKY COVER
  POSSIBLE SUNSHINE    MM          AVERAGE SKY COVER     MM

WEATHER CONDITIONS
 THE FOLLOWING WEATHER WAS RECORDED YESTERDAY.
  NO SIGNIFICANT WEATHER WAS OBSERVED.

RELATIVE HUMIDITY
 HIGHEST RH     MM PERCENT       MM
 LOWEST  RH     MM PERCENT       MM
 AVERAGE RH     MM PERCENT       MM
...................................................................

THE NOME CLIMATE NORMALS FOR TODAY
                           NORMAL    RECORD   YEAR
 MAXIMUM TEMPERATURE (F)     15        43     1986
 MINIMUM TEMPERATURE (F)     -1       -34     1952

SUNRISE AND SUNSET
 FEB 12 2016..........SUNRISE 10:10 AM      SUNSET  6:24 PM
 FEB 13 2016..........SUNRISE 10:07 AM      SUNSET  6:27 PM

-  INDICATES NEGATIVE NUMBERS.
R  INDICATES RECORD HAS BEEN SET OR TIED.
MM INDICATES DATA IS MISSING.
T  INDICATES TRACE OF PRECIPITATION.

&&
-------------------------------------------------------------------

AMOUNT OF DAYLIGHT TODAY  (HOUR:MIN)........8 HOURS 14 MINUTES
GAIN/LOSS SINCE YESTERDAY (HOUR:MIN:SEC)....+0:06:41

TIDE INFORMATION FOR FRIDAY FEBRUARY 12 2016
12:57 AM LOW  0.7 FT
 7:23 AM HIGH 1.7 FT
 1:32 PM LOW  0.3 FT
 8:11 PM HIGH 1.6 FT

$$
RWM FEB 16
