000
CDAK49 PAFG 190045
CLIOME

CLIMATE REPORT
NATIONAL WEATHER SERVICE FAIRBANKS AK
445 PM AKDT FRI AUG 18 2017


...................................

...THE NOME AK CLIMATE SUMMARY FOR AUGUST 18 2017...
VALID TODAY AS OF 0400 PM LOCAL TIME.

CLIMATE NORMAL PERIOD 1981 TO 2010
CLIMATE RECORD PERIOD 1906 TO 2017


WEATHER ITEM   OBSERVED TIME   RECORD YEAR NORMAL DEPARTURE LAST
                VALUE   (LST)  VALUE       VALUE  FROM      YEAR
                                                  NORMAL
..................................................................
TEMPERATURE (F)
 TODAY
  MAXIMUM         46    146 PM  70    2007  56    -10       56
                                      1956
  MINIMUM         40    707 AM  27    1966  44     -4       46
  AVERAGE         43                        50     -7       51

PRECIPITATION (IN)
  TODAY            T             1.06 2012   0.10  -0.10      T
  MONTH TO DATE    1.48                      1.90  -0.42     1.52
  SINCE JUN 1      6.59                      4.99   1.60     5.66
  SINCE JAN 1      9.44                      9.13   0.31     8.75

SNOWFALL (IN)
  TODAY            0.0           0.0    MM   0.0    0.0     MM
  MONTH TO DATE    0.0                       0.0    0.0      0.0
  SINCE JUN 1      0.0                       0.3   -0.3      0.0
  SINCE JUL 1      0.0                       0.0    0.0      0.0
  SNOW DEPTH       0

DEGREE DAYS
 HEATING
  TODAY           22                        15      7       14
  MONTH TO DATE  224                       258    -34      173
  SINCE JUN 1    948                      1173   -225      984
  SINCE JUL 1    583                       656    -73      537

 COOLING
  TODAY            0                         0      0        0
  MONTH TO DATE    0                         0      0        0
  SINCE JUN 1      4                         3      1        0
  SINCE JAN 1      4                         3      1        0
..................................................................


WIND (MPH)
  HIGHEST GUST SPEED    23   HIGHEST GUST DIRECTION     W (290)


SKY COVER
  AVERAGE SKY COVER 0.8


WEATHER CONDITIONS
 THE FOLLOWING WEATHER WAS RECORDED TODAY.
  LIGHT RAIN


RELATIVE HUMIDITY (PERCENT)
 HIGHEST    92
 LOWEST     76
 AVERAGE    84

..........................................................


THE NOME AK CLIMATE NORMALS FOR TOMORROW
                         NORMAL    RECORD    YEAR
 MAXIMUM TEMPERATURE (F)   56        80      2004
 MINIMUM TEMPERATURE (F)   44        28      1966
                                             1929


SUNRISE AND SUNSET
AUGUST 18 2017........SUNRISE   702 AM AKDT  SUNSET  1108 PM AKDT
AUGUST 19 2017........SUNRISE   705 AM AKDT  SUNSET  1104 PM AKDT

-  INDICATES NEGATIVE NUMBERS.
R  INDICATES RECORD WAS SET OR TIED.
MM INDICATES DATA IS MISSING.
T  INDICATES TRACE AMOUNT.

&&

SNOW DEPTH IS MEASURED AT 3AM AKST/4AM AKDT.

----------------------------
AVAILABLE DAYLIGHT

AMOUNT OF DAYLIGHT TODAY  (HOUR:MIN)........16:06
GAIN/LOSS SINCE YESTERDAY (HOUR:MIN:SEC)....-0:06:43

NOME TIDAL INFORMATION FOR 19 AUGUST 2017
0239  +0.9
0715  +0.5
1318  +1.2
2055  -0.2

$$
HFL AUG 17
