627
CDAK49 PAOM 062224
CLIOME

CLIMATE REPORT
NATIONAL WEATHER SERVICE NOME, AK
224 PM AKDT FRI MAY 6 2016

...................................
...THE NOME WSO AP CLIMATE SUMMARY FOR MAY 6 2016...
VALID TODAY AS OF 2:00 PM LOCAL TIME

CLIMATE NORMAL PERIOD  1981 TO  2010
CLIMATE RECORD PERIOD  1906 TO  2016

WEATHER ITEM   OBSERVED TIME    RECORD YEAR NORMAL DEPARTURE LAST
               VALUE    (LST)   VALUE       VALUE  FROM      YEAR
                                                   NORMAL
...................................................................
TEMPERATURE
TODAY
 MAXIMUM            46  0904 AM    59  1991     38       8     43
 MINIMUM            34  0636 AM     1  1952     26       8     29
 AVERAGE            40                          32       8     36

PRECIPITATION
(INCHES)
 TODAY            0.00           0.41  2004   0.03   -0.03   0.00
 MONTH TO DATE       T                        0.17   -0.17   0.00
 SINCE MAR 1      0.84                        1.58   -0.74   1.31
 SINCE JAN 1      1.87                        3.45   -1.58   2.95

SNOWFALL
(INCHES)
 TODAY             0.0            3.6  1985    0.1    -0.1    0.0
 MONTH TO DATE     0.0                         0.8    -0.8    0.0
 SINCE MAR 1       6.6                        17.2   -10.6   16.4
 SINCE JUL 1      48.9                        73.9   -25.0   59.7
 SNOW DEPTH (IN)     0                                          T

DEGREE DAYS
 HEATING
  TODAY             25                          33      -8     29
  MONTH TO DATE    164                         204     -40    191
  SINCE MAR 1     2721                        3235    -514   3298
  SINCE JUL 1    10958                       12517   -1559  11476

 COOLING
  TODAY              0                           0       0      0
  MONTH TO DATE      0                           0       0      0
  SINCE MAR 1        0                           0       0      0
  SINCE JAN 1        0                           0       0      0
...................................................................

WIND (MPH)
 HIGHEST WIND SPEED    12     HIGHEST WIND DIRECTION    350
 HIGHEST GUST SPEED    12     HIGHEST GUST DIRECTION    350
 AVERAGE WIND SPEED    MM

SKY COVER
  POSSIBLE SUNSHINE  MM            AVERAGE SKY COVER MM

WEATHER CONDITIONS
 THE FOLLOWING WEATHER WAS RECORDED TODAY.
NO SIGNIFICANT WEATHER WAS OBSERVED.

RELATIVE HUMIDITY
 HIGHEST RH     MM PERCENT       MM
 LOWEST  RH     MM PERCENT       MM
 AVERAGE RH     MM PERCENT       MM
...................................................................

THE NOME CLIMATE NORMALS FOR TOMORROW
                        NORMAL    RECORD   YEAR
 MAXIMUM TEMPERATURE      39        56     1919
 MINIMUM TEMPERATURE      27         2     1952

SUNRISE AND SUNSET
 MAY 6 2016..........SUNRISE  6:11 AM      SUNSET 11:49 PM
 MAY 7 2016..........SUNRISE  6:08 AM      SUNSET 11:52 PM

-  INDICATES NEGATIVE NUMBERS.
R  INDICATES RECORD HAS BEEN SET OR TIED.
MM INDICATES DATA IS MISSING.
T  INDICATES TRACE OF PRECIPITATION.

&&
-------------------------------------------------------------------

AMOUNT OF DAYLIGHT TODAY  (HOUR:MIN)........17 HOURS 38 MINUTES
GAIN/LOSS SINCE YESTERDAY (HOUR:MIN:SEC)....+0:06:50

$$
RWM MAY 16
