000
CDAK49 PAOM 050910
CLIOME

CLIMATE REPORT
NATIONAL WEATHER SERVICE NOME, AK
110 AM AKDT SAT SEP 5 2015

...................................
...THE NOME WSO AP CLIMATE SUMMARY FOR SEPTEMBER 4 2015...

CLIMATE NORMAL PERIOD  1981 TO  2010
CLIMATE RECORD PERIOD  1906 TO  2015

WEATHER ITEM   OBSERVED TIME    RECORD YEAR NORMAL DEPARTURE LAST
               VALUE    (LST)   VALUE       VALUE  FROM      YEAR
                                                   NORMAL
...................................................................
TEMPERATURE
YESTERDAY
 MAXIMUM            57  1114 AM    70  1996     53       4     55
 MINIMUM            45  0802 AM    25  1927     41       4     35
 AVERAGE            51                          47       4     45

PRECIPITATION
(INCHES)
 YESTERDAY        0.00           0.98  2000   0.10   -0.10   0.00
 MONTH TO DATE    0.23                        0.37   -0.14   0.57
 SINCE SEP 1      0.23                        0.37   -0.14   0.57
 SINCE JAN 1     10.47                       10.82   -0.35   9.59

SNOWFALL
(INCHES)
 YESTERDAY         0.0              T  1987    0.0     0.0    0.0
 MONTH TO DATE     0.0                         0.0     0.0    0.0
 SINCE SEP 1       0.0                         0.0     0.0    0.0
 SINCE JUL 1       0.0                         0.0     0.0    0.0
 SNOW DEPTH (IN)     0                                          0

DEGREE DAYS
 HEATING
  YESTERDAY         14                          18      -4     20
  MONTH TO DATE     64                          70      -6     89
  SINCE SEP 1       64                          70      -6     89
  SINCE JUL 1      873                         934     -61    792

 COOLING
  YESTERDAY          0                           0       0      0
  MONTH TO DATE      0                           0       0      0
  SINCE SEP 1        0                           0       0      0
  SINCE JAN 1        5                           0       5      3
...................................................................

WIND (MPH)
 HIGHEST WIND SPEED    18     HIGHEST WIND DIRECTION    260
 HIGHEST GUST SPEED    21     HIGHEST GUST DIRECTION    260
 AVERAGE WIND SPEED   6.1

SKY COVER
  POSSIBLE SUNSHINE    MM          AVERAGE SKY COVER     MM

WEATHER CONDITIONS
 THE FOLLOWING WEATHER WAS RECORDED YESTERDAY.
  NO SIGNIFICANT WEATHER WAS OBSERVED.

RELATIVE HUMIDITY
 HIGHEST RH     MM PERCENT       MM
 LOWEST  RH     MM PERCENT       MM
 AVERAGE RH     MM PERCENT       MM
...................................................................

THE NOME CLIMATE NORMALS FOR TODAY
                           NORMAL    RECORD   YEAR
 MAXIMUM TEMPERATURE (F)     53        65     1991
 MINIMUM TEMPERATURE (F)     41        22     1927

SUNRISE AND SUNSET
 SEP 5 2015..........SUNRISE  7:55 AM      SUNSET 10:05 PM
 SEP 6 2015..........SUNRISE  7:58 AM      SUNSET 10:01 PM

-  INDICATES NEGATIVE NUMBERS.
R  INDICATES RECORD HAS BEEN SET OR TIED.
MM INDICATES DATA IS MISSING.
T  INDICATES TRACE OF PRECIPITATION.

&&
-------------------------------------------------------------------

AMOUNT OF DAYLIGHT TODAY  (HOUR:MIN)........14 HOURS 10 MINUTES
GAIN/LOSS SINCE YESTERDAY (HOUR:MIN:SEC)....-0:06:35

TIDE INFORMATION FOR SATURDAY SEPTEMBER 5 2015
 4:17 AM LOW  0.3 FT
10:38 AM HIGH 1.5 FT
 5:22 PM LOW  0.1 FT
10:41 PM HIGH 1.3 FT

$$
RWM SEP 15
