000
CDUS46 KOTX 180833
CLIOMK


CLIMATE REPORT
NATIONAL WEATHER SERVICE SPOKANE, WA
1232 AM PST SUN FEB 18 2018


...................................

...THE OMAK WA AIRPORT CLIMATE SUMMARY FOR FEBRUARY 17 2018...

CLIMATE NORMAL PERIOD 1981 TO 2010
CLIMATE RECORD PERIOD 9999 TO 9999


WEATHER ITEM   OBSERVED TIME   RECORD YEAR NORMAL DEPARTURE LAST
                VALUE   (LST)  VALUE       VALUE  FROM      YEAR
                                                  NORMAL
..................................................................
TEMPERATURE (F)
 YESTERDAY
  MAXIMUM         35    552 PM  59    1977  41     -6       41
  MINIMUM         29    734 PM  -5    1956  23      6       34
  AVERAGE         32                        32      0       38

PRECIPITATION (IN)
  YESTERDAY        0.19                      0.06   0.13     0.00
  MONTH TO DATE    0.30                      0.86  -0.56     1.39
  SINCE OCT 1      6.88                      7.64  -0.76     9.90
  SINCE JAN 1      3.50                      2.75   0.75     3.42

SNOWFALL (IN)
  YESTERDAY       MM

DEGREE DAYS
 HEATING
  YESTERDAY       33                        33      0       27
  MONTH TO DATE  534                       584    -50      701
  SINCE DEC 1   2824                      2984   -160     3320
  SINCE JUL 1   4284                      4517   -233     4558

 COOLING
  YESTERDAY        0                         0      0        0
  MONTH TO DATE    0                         0      0        0
  SINCE DEC 1      0                         0      0        0
  SINCE JAN 1      0                         0      0        0
..................................................................


WIND (MPH)
  HIGHEST WIND SPEED    24   HIGHEST WIND DIRECTION     N (10)
  HIGHEST GUST SPEED    34   HIGHEST GUST DIRECTION     N (10)
  AVERAGE WIND SPEED     7.0


SKY COVER
  POSSIBLE SUNSHINE  MM
  AVERAGE SKY COVER 0.9


WEATHER CONDITIONS
 THE FOLLOWING WEATHER WAS RECORDED YESTERDAY.
  SNOW
  LIGHT SNOW
  FOG
  FOG W/VISIBILITY <= 1/4 MILE


RELATIVE HUMIDITY (PERCENT)
 HIGHEST   100           900 AM
 LOWEST     82           600 AM
 AVERAGE    91

..........................................................


THE OMAK WA AIRPORT CLIMATE NORMALS FOR TODAY
                         NORMAL    RECORD    YEAR
 MAXIMUM TEMPERATURE (F)   41        57      1977
 MINIMUM TEMPERATURE (F)   24        -2      1956


SUNRISE AND SUNSET
FEBRUARY 18 2018......SUNRISE   700 AM PST   SUNSET   525 PM PST
FEBRUARY 19 2018......SUNRISE   658 AM PST   SUNSET   526 PM PST


-  INDICATES NEGATIVE NUMBERS.
R  INDICATES RECORD WAS SET OR TIED.
MM INDICATES DATA IS MISSING.
T  INDICATES TRACE AMOUNT.




$$
