000
CDUS46 KOTX 300831
CLIOMK


CLIMATE REPORT
NATIONAL WEATHER SERVICE SPOKANE, WA
130 AM PDT SAT MAY 30 2015


...................................

...THE OMAK WA AIRPORT CLIMATE SUMMARY FOR MAY 29 2015...

CLIMATE NORMAL PERIOD 1981 TO 2010
CLIMATE RECORD PERIOD 9999 TO 9999


WEATHER ITEM   OBSERVED TIME   RECORD YEAR NORMAL DEPARTURE LAST
                VALUE   (LST)  VALUE       VALUE  FROM      YEAR
                                                  NORMAL
..................................................................
TEMPERATURE (F)
 YESTERDAY
  MAXIMUM         87    133 PM  92    2009  76     11       73
                                      1934
  MINIMUM         57    426 AM  32    1977  48      9       48
  AVERAGE         72                        62     10       61

PRECIPITATION (IN)
  YESTERDAY        0.52          0.57 1948   0.05   0.47      T
  MONTH TO DATE    1.42                      1.21   0.21     0.48
  SINCE OCT 1     10.74                     11.87  -1.13     5.81
  SINCE JAN 1      4.17                      6.42  -2.25     4.64

SNOWFALL (IN)
  YESTERDAY       MM

DEGREE DAYS
 HEATING
  YESTERDAY        0                         4     -4        4
  MONTH TO DATE  130                       225    -95      171
  SINCE MAR 1   1133                      1403   -270     1384
  SINCE JUL 1   5319                      6264   -945     6374

 COOLING
  YESTERDAY        7                         1      6        0
  MONTH TO DATE   38                        19     19       12
  SINCE MAR 1     38                        20     18       12
  SINCE JAN 1     38                        20     18       12
..................................................................


WIND (MPH)
  HIGHEST WIND SPEED    26   HIGHEST WIND DIRECTION     N (10)
  HIGHEST GUST SPEED    36   HIGHEST GUST DIRECTION    NW (310)
  AVERAGE WIND SPEED     6.3


SKY COVER
  POSSIBLE SUNSHINE  MM
  AVERAGE SKY COVER 0.2


WEATHER CONDITIONS
 THE FOLLOWING WEATHER WAS RECORDED YESTERDAY.
  THUNDERSTORM
  HEAVY RAIN
  RAIN
  LIGHT RAIN
  FOG


RELATIVE HUMIDITY (PERCENT)
 HIGHEST    87           300 AM
 LOWEST     32           100 PM
 AVERAGE    60

..........................................................


THE OMAK WA AIRPORT CLIMATE NORMALS FOR TODAY
                         NORMAL    RECORD    YEAR
 MAXIMUM TEMPERATURE (F)   76        94      1936
 MINIMUM TEMPERATURE (F)   49        33      1950


SUNRISE AND SUNSET
MAY 30 2015...........SUNRISE   502 AM PDT   SUNSET   849 PM PDT
MAY 31 2015...........SUNRISE   502 AM PDT   SUNSET   850 PM PDT


-  INDICATES NEGATIVE NUMBERS.
R  INDICATES RECORD WAS SET OR TIED.
MM INDICATES DATA IS MISSING.
T  INDICATES TRACE AMOUNT.




$$
