000
CDUS46 KOTX 220826
CLIOMK


CLIMATE REPORT
NATIONAL WEATHER SERVICE SPOKANE, WA
126 AM PDT MON MAY 22 2017


...................................

...THE OMAK WA AIRPORT CLIMATE SUMMARY FOR MAY 21 2017...

CLIMATE NORMAL PERIOD 1981 TO 2010
CLIMATE RECORD PERIOD 9999 TO 9999


WEATHER ITEM   OBSERVED TIME   RECORD YEAR NORMAL DEPARTURE LAST
                VALUE   (LST)  VALUE       VALUE  FROM      YEAR
                                                  NORMAL
..................................................................
TEMPERATURE (F)
 YESTERDAY
  MAXIMUM         83    249 PM  90    1958  74      9       66
  MINIMUM         46    456 AM  29    2010  46      0       51
  AVERAGE         65                        60      5       59

PRECIPITATION (IN)
  YESTERDAY        0.00                      0.03  -0.03     0.37
  MONTH TO DATE    1.45                      0.85   0.60     0.69
  SINCE OCT 1     16.53                     11.27   5.26    12.43
  SINCE JAN 1     10.05                      6.38   3.67     7.07

SNOWFALL (IN)
  YESTERDAY       MM

DEGREE DAYS
 HEATING
  YESTERDAY        0                         6     -6        6
  MONTH TO DATE  188                       185      3       73
  SINCE MAR 1   1451                      1363     88      942
  SINCE JUL 1   6386                      6224    162     5348

 COOLING
  YESTERDAY        0                         1     -1        0
  MONTH TO DATE    4                        11     -7       18
  SINCE MAR 1      4                        12     -8       23
  SINCE JAN 1      4                        12     -8       23
..................................................................


WIND (MPH)
  HIGHEST WIND SPEED    12   HIGHEST WIND DIRECTION     W (290)
  HIGHEST GUST SPEED    14   HIGHEST GUST DIRECTION    SW (240)
  AVERAGE WIND SPEED     4.8


SKY COVER
  POSSIBLE SUNSHINE  MM
  AVERAGE SKY COVER 0.0


WEATHER CONDITIONS
 THE FOLLOWING WEATHER WAS RECORDED YESTERDAY.
  NO SIGNIFICANT WEATHER WAS OBSERVED.


RELATIVE HUMIDITY (PERCENT)
 HIGHEST    82           400 AM
 LOWEST     22           300 PM
 AVERAGE    52

..........................................................


THE OMAK WA AIRPORT CLIMATE NORMALS FOR TODAY
                         NORMAL    RECORD    YEAR
 MAXIMUM TEMPERATURE (F)   74        92      1958
 MINIMUM TEMPERATURE (F)   46        29      1966


SUNRISE AND SUNSET
MAY 22 2017...........SUNRISE   509 AM PDT   SUNSET   841 PM PDT
MAY 23 2017...........SUNRISE   508 AM PDT   SUNSET   842 PM PDT


-  INDICATES NEGATIVE NUMBERS.
R  INDICATES RECORD WAS SET OR TIED.
MM INDICATES DATA IS MISSING.
T  INDICATES TRACE AMOUNT.




$$
