000
CDUS46 KOTX 270824
CLIOMK


CLIMATE REPORT
NATIONAL WEATHER SERVICE SPOKANE, WA
123 AM PDT WED JUL 27 2016


...................................

...THE OMAK WA AIRPORT CLIMATE SUMMARY FOR JULY 26 2016...

CLIMATE NORMAL PERIOD 1981 TO 2010
CLIMATE RECORD PERIOD 9999 TO 9999


WEATHER ITEM   OBSERVED TIME   RECORD YEAR NORMAL DEPARTURE LAST
                VALUE   (LST)  VALUE       VALUE  FROM      YEAR
                                                  NORMAL
..................................................................
TEMPERATURE (F)
 YESTERDAY
  MAXIMUM         95    216 PM 107    1939  90      5       79
  MINIMUM         65    419 AM  43    1969  59      6       54
  AVERAGE         80                        75      5       67

PRECIPITATION (IN)
  YESTERDAY        0.13                      0.02   0.11     0.18
  MONTH TO DATE    0.75                      0.70   0.05     0.26
  SINCE OCT 1     14.83                     13.57   1.26    11.45
  SINCE JAN 1      9.47                      8.68   0.79     4.88

SNOWFALL (IN)
  YESTERDAY       MM

DEGREE DAYS
 HEATING
  YESTERDAY        0                         0      0        0
  MONTH TO DATE    5                        11     -6        0
  SINCE JUN 1     90                        80     10       15
  SINCE JUL 1      5                        11     -6        0

 COOLING
  YESTERDAY       15                        10      5        2
  MONTH TO DATE  133                       203    -70      322
  SINCE JUN 1    270                       287    -17      587
  SINCE JAN 1    295                       310    -15      633
..................................................................


WIND (MPH)
  HIGHEST WIND SPEED    24   HIGHEST WIND DIRECTION     N (10)
  HIGHEST GUST SPEED    29   HIGHEST GUST DIRECTION     N (360)
  AVERAGE WIND SPEED    11.0


SKY COVER
  POSSIBLE SUNSHINE  MM
  AVERAGE SKY COVER 0.1


WEATHER CONDITIONS
 THE FOLLOWING WEATHER WAS RECORDED YESTERDAY.
  THUNDERSTORM
  RAIN
  LIGHT RAIN


RELATIVE HUMIDITY (PERCENT)
 HIGHEST    63          1100 PM
 LOWEST     23           100 PM
 AVERAGE    43

..........................................................


THE OMAK WA AIRPORT CLIMATE NORMALS FOR TODAY
                         NORMAL    RECORD    YEAR
 MAXIMUM TEMPERATURE (F)   91       109      1939
 MINIMUM TEMPERATURE (F)   59        45      1969


SUNRISE AND SUNSET
JULY 27 2016..........SUNRISE   527 AM PDT   SUNSET   841 PM PDT
JULY 28 2016..........SUNRISE   528 AM PDT   SUNSET   840 PM PDT


-  INDICATES NEGATIVE NUMBERS.
R  INDICATES RECORD WAS SET OR TIED.
MM INDICATES DATA IS MISSING.
T  INDICATES TRACE AMOUNT.




$$
