000
CDUS46 KOTX 110830
CLIOMK


CLIMATE REPORT
NATIONAL WEATHER SERVICE SPOKANE, WA
1230 AM PST MON DEC 11 2017


...................................

...THE OMAK WA AIRPORT CLIMATE SUMMARY FOR DECEMBER 10 2017...

CLIMATE NORMAL PERIOD 1981 TO 2010
CLIMATE RECORD PERIOD 9999 TO 9999


WEATHER ITEM   OBSERVED TIME   RECORD YEAR NORMAL DEPARTURE LAST
                VALUE   (LST)  VALUE       VALUE  FROM      YEAR
                                                  NORMAL
..................................................................
TEMPERATURE (F)
 YESTERDAY
  MAXIMUM         31    357 PM  54    1956  33     -2       22
  MINIMUM         29   1159 PM  -3    2009  20      9        5
  AVERAGE         30                        26      4       14

PRECIPITATION (IN)
  YESTERDAY        0.00                      0.07  -0.07     0.03
  MONTH TO DATE    0.27                      0.64  -0.37     0.18
  SINCE OCT 1      2.93                      3.33  -0.40     5.83
  SINCE JAN 1     13.42                     13.19   0.23    15.30

SNOWFALL (IN)
  YESTERDAY       MM

DEGREE DAYS
 HEATING
  YESTERDAY       35                        39     -4       51
  MONTH TO DATE  361                       371    -10      397
  SINCE DEC 1    361                       371    -10      397
  SINCE JUL 1   1821                      1904    -83     1635

 COOLING
  YESTERDAY        0                         0      0        0
  MONTH TO DATE    0                         0      0        0
  SINCE DEC 1      0                         0      0        0
  SINCE JAN 1    885                       665    220      637
..................................................................


WIND (MPH)
  HIGHEST WIND SPEED     9   HIGHEST WIND DIRECTION     N (360)
  HIGHEST GUST SPEED    11   HIGHEST GUST DIRECTION     N (360)
  AVERAGE WIND SPEED     2.6


SKY COVER
  POSSIBLE SUNSHINE  MM
  AVERAGE SKY COVER 1.0


WEATHER CONDITIONS
 THE FOLLOWING WEATHER WAS RECORDED YESTERDAY.
  NO SIGNIFICANT WEATHER WAS OBSERVED.


RELATIVE HUMIDITY (PERCENT)
 HIGHEST   100           700 AM
 LOWEST     85          1100 AM
 AVERAGE    93

..........................................................


THE OMAK WA AIRPORT CLIMATE NORMALS FOR TODAY
                         NORMAL    RECORD    YEAR
 MAXIMUM TEMPERATURE (F)   32        55      1939
 MINIMUM TEMPERATURE (F)   20        -1      1971


SUNRISE AND SUNSET
DECEMBER 11 2017......SUNRISE   740 AM PST   SUNSET   403 PM PST
DECEMBER 12 2017......SUNRISE   741 AM PST   SUNSET   403 PM PST


-  INDICATES NEGATIVE NUMBERS.
R  INDICATES RECORD WAS SET OR TIED.
MM INDICATES DATA IS MISSING.
T  INDICATES TRACE AMOUNT.




$$
