000
CDUS46 KOTX 280825
CLIOMK


CLIMATE REPORT
NATIONAL WEATHER SERVICE SPOKANE, WA
125 AM PDT MON JUL 28 2014


...................................

...THE OMAK WA AIRPORT CLIMATE SUMMARY FOR JULY 27 2014...

CLIMATE NORMAL PERIOD 1981 TO 2010
CLIMATE RECORD PERIOD 9999 TO 9999


WEATHER ITEM   OBSERVED TIME   RECORD YEAR NORMAL DEPARTURE LAST
                VALUE   (LST)  VALUE       VALUE  FROM      YEAR
                                                  NORMAL
..................................................................
TEMPERATURE (F)
 YESTERDAY
  MAXIMUM         97    245 PM 109    1939  91      6       89
  MINIMUM         56    439 AM  45    1969  59     -3       60
  AVERAGE         77                        75      2       75

PRECIPITATION (IN)
  YESTERDAY        0.00          0.39 1948   0.03  -0.03     0.00
  MONTH TO DATE    0.17                      0.73  -0.56     0.26
  SINCE OCT 1      6.56                     13.93  -7.37    13.09
  SINCE JAN 1      5.39                      8.48  -3.09     6.10

SNOWFALL (IN)
  YESTERDAY       MM            MM      MM  MM     MM       MM
  MONTH TO DATE   MM                        MM     MM       MM
  SINCE JUN 1     MM                        MM     MM       MM
  SINCE JUL 1     MM                        MM     MM       MM
  SNOW DEPTH      MM

DEGREE DAYS
 HEATING
  YESTERDAY        0                         0      0        0
  MONTH TO DATE    2                        11     -9        0
  SINCE JUN 1     40                        80    -40       67
  SINCE JUL 1      2                        11     -9        0

 COOLING
  YESTERDAY       12                        10      2       10
  MONTH TO DATE  334                       213    121      297
  SINCE JUN 1    399                       297    102      362
  SINCE JAN 1    413                       320     93      385
..................................................................


WIND (MPH)
  HIGHEST WIND SPEED    16   HIGHEST WIND DIRECTION     N (20)
  HIGHEST GUST SPEED    20   HIGHEST GUST DIRECTION     N (20)
  AVERAGE WIND SPEED     7.4


SKY COVER
  POSSIBLE SUNSHINE  MM
  AVERAGE SKY COVER 0.0


WEATHER CONDITIONS
 THE FOLLOWING WEATHER WAS RECORDED YESTERDAY.
  NO SIGNIFICANT WEATHER WAS OBSERVED.


RELATIVE HUMIDITY (PERCENT)
 HIGHEST    51           300 AM
 LOWEST     11           300 PM
 AVERAGE    31

..........................................................


THE OMAK WA AIRPORT CLIMATE NORMALS FOR TODAY
                         NORMAL    RECORD    YEAR
 MAXIMUM TEMPERATURE (F)   91       106      1934
 MINIMUM TEMPERATURE (F)   59        40      1959


SUNRISE AND SUNSET
JULY 28 2014..........SUNRISE   528 AM PDT   SUNSET   841 PM PDT
JULY 29 2014..........SUNRISE   529 AM PDT   SUNSET   839 PM PDT


-  INDICATES NEGATIVE NUMBERS.
R  INDICATES RECORD WAS SET OR TIED.
MM INDICATES DATA IS MISSING.
T  INDICATES TRACE AMOUNT.




$$
