000
CDUS46 KOTX 300824
CLIOMK


CLIMATE REPORT
NATIONAL WEATHER SERVICE SPOKANE, WA
122 AM PDT THU JUL 30 2015


...................................

...THE OMAK WA AIRPORT CLIMATE SUMMARY FOR JULY 29 2015...

CLIMATE NORMAL PERIOD 1981 TO 2010
CLIMATE RECORD PERIOD 9999 TO 9999


WEATHER ITEM   OBSERVED TIME   RECORD YEAR NORMAL DEPARTURE LAST
                VALUE   (LST)  VALUE       VALUE  FROM      YEAR
                                                  NORMAL
..................................................................
TEMPERATURE (F)
 YESTERDAY
  MAXIMUM         95    414 PM 105    2014  91      4      105
                                      1998
  MINIMUM         50    435 AM  39    1947  59     -9       69
  AVERAGE         73                        75     -2       87

PRECIPITATION (IN)
  YESTERDAY        0.00          0.27 1993   0.02  -0.02     0.00
  MONTH TO DATE    0.26                      0.77  -0.51     0.17
  SINCE OCT 1     11.45                     13.64  -2.19     6.56
  SINCE JAN 1      4.88                      8.75  -3.87     5.39

SNOWFALL (IN)
  YESTERDAY       MM

DEGREE DAYS
 HEATING
  YESTERDAY        0                         0      0        0
  MONTH TO DATE    0                        11    -11        2
  SINCE JUN 1     15                        80    -65       40
  SINCE JUL 1      0                        11    -11        2

 COOLING
  YESTERDAY        8                        10     -2       22
  MONTH TO DATE  334                       233    101      375
  SINCE JUN 1    599                       317    282      440
  SINCE JAN 1    645                       340    305      454
..................................................................


WIND (MPH)
  HIGHEST WIND SPEED    15   HIGHEST WIND DIRECTION    SE (150)
  HIGHEST GUST SPEED    20   HIGHEST GUST DIRECTION    SE (150)
  AVERAGE WIND SPEED     5.6


SKY COVER
  POSSIBLE SUNSHINE  MM
  AVERAGE SKY COVER 0.0


WEATHER CONDITIONS
 THE FOLLOWING WEATHER WAS RECORDED YESTERDAY.
  NO SIGNIFICANT WEATHER WAS OBSERVED.


RELATIVE HUMIDITY (PERCENT)
 HIGHEST    63           400 AM
 LOWEST     10           200 PM
 AVERAGE    37

..........................................................


THE OMAK WA AIRPORT CLIMATE NORMALS FOR TODAY
                         NORMAL    RECORD    YEAR
 MAXIMUM TEMPERATURE (F)   91       104      2014
                                             2003
 MINIMUM TEMPERATURE (F)   59        43      1970


SUNRISE AND SUNSET
JULY 30 2015..........SUNRISE   530 AM PDT   SUNSET   838 PM PDT
JULY 31 2015..........SUNRISE   531 AM PDT   SUNSET   837 PM PDT


-  INDICATES NEGATIVE NUMBERS.
R  INDICATES RECORD WAS SET OR TIED.
MM INDICATES DATA IS MISSING.
T  INDICATES TRACE AMOUNT.




$$
