000
CDUS46 KOTX 190822
CLIOMK


CLIMATE REPORT
NATIONAL WEATHER SERVICE SPOKANE, WA
122 AM PDT TUE SEP 19 2017


...................................

...THE OMAK WA AIRPORT CLIMATE SUMMARY FOR SEPTEMBER 18 2017...

CLIMATE NORMAL PERIOD 1981 TO 2010
CLIMATE RECORD PERIOD 9999 TO 9999


WEATHER ITEM   OBSERVED TIME   RECORD YEAR NORMAL DEPARTURE LAST
                VALUE   (LST)  VALUE       VALUE  FROM      YEAR
                                                  NORMAL
..................................................................
TEMPERATURE (F)
 YESTERDAY
  MAXIMUM         68    408 PM  89    2008  77     -9       75
                                      1967
  MINIMUM         41   1159 PM  30    1971  47     -6       43
  AVERAGE         55                        62     -7       59

PRECIPITATION (IN)
  YESTERDAY        0.00                      0.02  -0.02     0.00
  MONTH TO DATE    T                         0.32  -0.32      T
  SINCE OCT 1     16.87                     14.49   2.38    14.83
  SINCE JAN 1     10.39                      9.60   0.79     9.47

SNOWFALL (IN)
  YESTERDAY       MM

DEGREE DAYS
 HEATING
  YESTERDAY       10                         5      5        6
  MONTH TO DATE   37                        51    -14       51
  SINCE SEP 1     37                        51    -14       51
  SINCE JUL 1     37                        82    -45       59

 COOLING
  YESTERDAY        0                         1     -1        0
  MONTH TO DATE   93                        50     43       10
  SINCE SEP 1     93                        50     43       10
  SINCE JAN 1    885                       656    229      636
..................................................................


WIND (MPH)
  HIGHEST WIND SPEED    20   HIGHEST WIND DIRECTION     S (170)
  HIGHEST GUST SPEED    26   HIGHEST GUST DIRECTION     S (170)
  AVERAGE WIND SPEED     6.0


SKY COVER
  POSSIBLE SUNSHINE  MM
  AVERAGE SKY COVER 0.2


WEATHER CONDITIONS
 THE FOLLOWING WEATHER WAS RECORDED YESTERDAY.
  NO SIGNIFICANT WEATHER WAS OBSERVED.


RELATIVE HUMIDITY (PERCENT)
 HIGHEST    70           400 AM
 LOWEST     22           400 PM
 AVERAGE    46

..........................................................


THE OMAK WA AIRPORT CLIMATE NORMALS FOR TODAY
                         NORMAL    RECORD    YEAR
 MAXIMUM TEMPERATURE (F)   77        92      1938
 MINIMUM TEMPERATURE (F)   46        27      1945


SUNRISE AND SUNSET
SEPTEMBER 19 2017.....SUNRISE   641 AM PDT   SUNSET   701 PM PDT
SEPTEMBER 20 2017.....SUNRISE   642 AM PDT   SUNSET   659 PM PDT


-  INDICATES NEGATIVE NUMBERS.
R  INDICATES RECORD WAS SET OR TIED.
MM INDICATES DATA IS MISSING.
T  INDICATES TRACE AMOUNT.




$$
