000
CDUS46 KOTX 050821
CLIOMK


CLIMATE REPORT
NATIONAL WEATHER SERVICE SPOKANE, WA
1221 AM PST FRI FEB 5 2016


...................................

...THE OMAK WA AIRPORT CLIMATE SUMMARY FOR FEBRUARY 4 2016...

CLIMATE NORMAL PERIOD 1981 TO 2010
CLIMATE RECORD PERIOD 9999 TO 9999


WEATHER ITEM   OBSERVED TIME   RECORD YEAR NORMAL DEPARTURE LAST
                VALUE   (LST)  VALUE       VALUE  FROM      YEAR
                                                  NORMAL
..................................................................
TEMPERATURE (F)
 YESTERDAY
  MAXIMUM         32    443 PM  59    1967  37     -5       36
  MINIMUM         26    157 AM  -9    1979  22      4       32
  AVERAGE         29                        30     -1       34

PRECIPITATION (IN)
  YESTERDAY        T             0.89 1973   0.05  -0.05     0.12
  MONTH TO DATE    0.18                      0.21  -0.03     0.29
  SINCE OCT 1      7.82                      6.99   0.83     7.59
  SINCE JAN 1      2.46                      2.10   0.36     1.02

SNOWFALL (IN)
  YESTERDAY       MM

DEGREE DAYS
 HEATING
  YESTERDAY       36                        35      1       31
  MONTH TO DATE  158                       141     17      123
  SINCE DEC 1   2436                      2541   -105     2225
  SINCE JUL 1   3737                      4074   -337     3622

 COOLING
  YESTERDAY        0                         0      0        0
  MONTH TO DATE    0                         0      0        0
  SINCE DEC 1      0                         0      0        0
  SINCE JAN 1      0                         0      0        0
..................................................................


WIND (MPH)
  HIGHEST WIND SPEED    12   HIGHEST WIND DIRECTION     S (170)
  HIGHEST GUST SPEED    13   HIGHEST GUST DIRECTION     S (170)
  AVERAGE WIND SPEED     3.5


SKY COVER
  POSSIBLE SUNSHINE  MM
  AVERAGE SKY COVER 1.0


WEATHER CONDITIONS
 THE FOLLOWING WEATHER WAS RECORDED YESTERDAY.
  LIGHT SNOW
  FOG


RELATIVE HUMIDITY (PERCENT)
 HIGHEST    92          1200 AM
 LOWEST     78           900 AM
 AVERAGE    85

..........................................................


THE OMAK WA AIRPORT CLIMATE NORMALS FOR TODAY
                         NORMAL    RECORD    YEAR
 MAXIMUM TEMPERATURE (F)   37        53      1963
 MINIMUM TEMPERATURE (F)   23        -5      1933


SUNRISE AND SUNSET
FEBRUARY  5 2016......SUNRISE   722 AM PST   SUNSET   503 PM PST
FEBRUARY  6 2016......SUNRISE   720 AM PST   SUNSET   504 PM PST


-  INDICATES NEGATIVE NUMBERS.
R  INDICATES RECORD WAS SET OR TIED.
MM INDICATES DATA IS MISSING.
T  INDICATES TRACE AMOUNT.




$$
