000
CDUS45 KBOI 310930
CLIONO


CLIMATE REPORT
NATIONAL WEATHER SERVICE BOISE ID
330 AM MDT FRI OCT 31 2014


...................................

...THE ONTARIO OR CLIMATE SUMMARY FOR OCTOBER 30 2014...

CLIMATE NORMAL PERIOD 1981 TO 2010
CLIMATE RECORD PERIOD 1948 TO 2014


WEATHER ITEM   OBSERVED TIME   RECORD YEAR NORMAL DEPARTURE LAST
                VALUE   (LST)  VALUE       VALUE  FROM      YEAR
                                                  NORMAL
..................................................................
TEMPERATURE (F)
 YESTERDAY
  MAXIMUM         66    306 PM  75    1990  58      8       54
  MINIMUM         38    733 AM  19    1993  30      8       29
  AVERAGE         52                        44      8       42

PRECIPITATION (IN)
  YESTERDAY        0.00          1.03 1982   0.03  -0.03     0.00
  MONTH TO DATE    0.53                      0.60  -0.07     0.25
  SINCE OCT 1      0.53                      0.60  -0.07     0.25
  SINCE JAN 1      6.49                      7.25  -0.76     4.02

DEGREE DAYS
 HEATING
  YESTERDAY       13                        21     -8       23
  MONTH TO DATE  300                       437   -137      466
  SINCE SEP 1    336                       555   -219      554
  SINCE JUL 1    337                       571   -234      554

 COOLING
  YESTERDAY        0                         0      0        0
  MONTH TO DATE    1                         0      1        0
  SINCE SEP 1     91                        58     33      127
  SINCE JAN 1   1088                       851    237     1299
..................................................................


WIND (MPH)
  HIGHEST WIND SPEED    10   HIGHEST WIND DIRECTION     E (100)
  HIGHEST GUST SPEED    13   HIGHEST GUST DIRECTION     E (100)
  AVERAGE WIND SPEED     3.5


SKY COVER
  AVERAGE SKY COVER 0.1


WEATHER CONDITIONS
 THE FOLLOWING WEATHER WAS RECORDED YESTERDAY.
  FOG


RELATIVE HUMIDITY (PERCENT)
 HIGHEST    93           700 AM
 LOWEST     43           200 PM
 AVERAGE    68

..........................................................


THE ONTARIO OR CLIMATE NORMALS FOR TODAY
                         NORMAL    RECORD    YEAR
 MAXIMUM TEMPERATURE (F)   57        72      1966
 MINIMUM TEMPERATURE (F)   30        13      2002


SUNRISE AND SUNSET
OCTOBER 31 2014.......SUNRISE   823 AM MDT   SUNSET   639 PM MDT
NOVEMBER  1 2014......SUNRISE   825 AM MDT   SUNSET   638 PM MDT


-  INDICATES NEGATIVE NUMBERS.
R  INDICATES RECORD WAS SET OR TIED.
MM INDICATES DATA IS MISSING.
T  INDICATES TRACE AMOUNT.




$$
