000
CDUS45 KBOI 290931
CLIONO


CLIMATE REPORT
NATIONAL WEATHER SERVICE BOISE ID
330 AM MDT WED MAR 29 2017


...................................

...THE ONTARIO OR CLIMATE SUMMARY FOR MARCH 28 2017...

CLIMATE NORMAL PERIOD 1981 TO 2010
CLIMATE RECORD PERIOD 1948 TO 2017


WEATHER ITEM   OBSERVED TIME   RECORD YEAR NORMAL DEPARTURE LAST
                VALUE   (LST)  VALUE       VALUE  FROM      YEAR
                                                  NORMAL
..................................................................
TEMPERATURE (F)
 YESTERDAY
  MAXIMUM         58    455 PM  83    1966  60     -2       56
  MINIMUM         34    634 AM  19    1956  33      1       32
  AVERAGE         46                        47     -1       44

PRECIPITATION (IN)
  YESTERDAY        0.00          0.26 1983   0.03  -0.03     0.00
  MONTH TO DATE    1.07                      0.92   0.15     0.43
  SINCE OCT 1      9.21                      6.31   2.90     6.22
  SINCE JAN 1      5.89                      2.90   2.99     1.47

DEGREE DAYS
 HEATING
  YESTERDAY       19                        18      1       21
  MONTH TO DATE  503                       616   -113      510
  SINCE MAR 1    503                       616   -113      510
  SINCE JUL 1   5377                      5246    131     4500

 COOLING
  YESTERDAY        0                         0      0        0
  MONTH TO DATE    0                         0      0        0
  SINCE MAR 1      0                         0      0        0
  SINCE JAN 1      0                         0      0        0
..................................................................


WIND (MPH)
  HIGHEST WIND SPEED    15   HIGHEST WIND DIRECTION     W (250)
  HIGHEST GUST SPEED    18   HIGHEST GUST DIRECTION    NW (300)
  AVERAGE WIND SPEED     5.8


SKY COVER
  AVERAGE SKY COVER 0.2


WEATHER CONDITIONS
 THE FOLLOWING WEATHER WAS RECORDED YESTERDAY.
  NO SIGNIFICANT WEATHER WAS OBSERVED.


RELATIVE HUMIDITY (PERCENT)
 HIGHEST    85           800 AM
 LOWEST     33           300 PM
 AVERAGE    59

..........................................................


THE ONTARIO OR CLIMATE NORMALS FOR TODAY
                         NORMAL    RECORD    YEAR
 MAXIMUM TEMPERATURE (F)   61        82      1966
 MINIMUM TEMPERATURE (F)   33        18      1987


SUNRISE AND SUNSET
MARCH 29 2017.........SUNRISE   734 AM MDT   SUNSET   812 PM MDT
MARCH 30 2017.........SUNRISE   732 AM MDT   SUNSET   813 PM MDT


-  INDICATES NEGATIVE NUMBERS.
R  INDICATES RECORD WAS SET OR TIED.
MM INDICATES DATA IS MISSING.
T  INDICATES TRACE AMOUNT.




$$
