000
CDUS45 KBOI 230931
CLIONO


CLIMATE REPORT
NATIONAL WEATHER SERVICE BOISE ID
331 AM MDT SAT JUL 23 2016


...................................

...THE ONTARIO OR CLIMATE SUMMARY FOR JULY 22 2016...

CLIMATE NORMAL PERIOD 1981 TO 2010
CLIMATE RECORD PERIOD 1948 TO 2016


WEATHER ITEM   OBSERVED TIME   RECORD YEAR NORMAL DEPARTURE LAST
                VALUE   (LST)  VALUE       VALUE  FROM      YEAR
                                                  NORMAL
..................................................................
TEMPERATURE (F)
 YESTERDAY
  MAXIMUM         93    507 PM 109    1959  96     -3       92
  MINIMUM         61    610 AM  40    1972  59      2       64
  AVERAGE         77                        77      0       78

PRECIPITATION (IN)
  YESTERDAY        0.00          0.32 2008   0.00   0.00     0.11
  MONTH TO DATE    0.21                      0.25  -0.04     0.49
  SINCE OCT 1      7.31                      9.42  -2.11     9.23
  SINCE JAN 1      2.56                      6.01  -3.45     4.77

DEGREE DAYS
 HEATING
  YESTERDAY        0                         0      0        0
  MONTH TO DATE    9                         0      9        0
  SINCE JUN 1     35                        52    -17        1
  SINCE JUL 1      9                         0      9        0

 COOLING
  YESTERDAY       12                        12      0       13
  MONTH TO DATE  202                       234    -32      294
  SINCE JUN 1    433                       373     60      659
  SINCE JAN 1    472                       409     63      692
..................................................................


WIND (MPH)
  HIGHEST WIND SPEED    24   HIGHEST WIND DIRECTION    NW (320)
  HIGHEST GUST SPEED    30   HIGHEST GUST DIRECTION    NW (320)
  AVERAGE WIND SPEED    10.3


SKY COVER
  AVERAGE SKY COVER 0.0


WEATHER CONDITIONS
 THE FOLLOWING WEATHER WAS RECORDED YESTERDAY.
  NO SIGNIFICANT WEATHER WAS OBSERVED.


RELATIVE HUMIDITY (PERCENT)
 HIGHEST    60           600 AM
 LOWEST     13           500 PM
 AVERAGE    37

..........................................................


THE ONTARIO OR CLIMATE NORMALS FOR TODAY
                         NORMAL    RECORD    YEAR
 MAXIMUM TEMPERATURE (F)   96       111      2003
 MINIMUM TEMPERATURE (F)   59        44      1972


SUNRISE AND SUNSET
JULY 23 2016..........SUNRISE   627 AM MDT   SUNSET   921 PM MDT
JULY 24 2016..........SUNRISE   628 AM MDT   SUNSET   920 PM MDT


-  INDICATES NEGATIVE NUMBERS.
R  INDICATES RECORD WAS SET OR TIED.
MM INDICATES DATA IS MISSING.
T  INDICATES TRACE AMOUNT.




$$
