000
CDUS45 KBOI 220931
CLIONO


CLIMATE REPORT
NATIONAL WEATHER SERVICE BOISE ID
330 AM MDT TUE JUL 22 2014


...................................

...THE ONTARIO OR CLIMATE SUMMARY FOR JULY 21 2014...

CLIMATE NORMAL PERIOD 1981 TO 2010
CLIMATE RECORD PERIOD 1948 TO 2014


WEATHER ITEM   OBSERVED TIME   RECORD YEAR NORMAL DEPARTURE LAST
                VALUE   (LST)  VALUE       VALUE  FROM      YEAR
                                                  NORMAL
..................................................................
TEMPERATURE (F)
 YESTERDAY
  MAXIMUM         86    158 PM 111    1959  95     -9       99
  MINIMUM         66    600 AM  45    1949  59      7       62
  AVERAGE         76                        77     -1       81

PRECIPITATION (IN)
  YESTERDAY        T             0.16 1976   0.01  -0.01     0.00
  MONTH TO DATE    T                         0.25  -0.25     0.00
  SINCE OCT 1      6.51                      9.42  -2.91     5.55
  SINCE JAN 1      5.00                      6.01  -1.01     2.61

DEGREE DAYS
 HEATING
  YESTERDAY        0                         0      0        0
  MONTH TO DATE    0                         0      0        0
  SINCE JUN 1     28                        52    -24       39
  SINCE JUL 1      0                         0      0        0

 COOLING
  YESTERDAY       11                        12     -1       16
  MONTH TO DATE  370                       222    148      352
  SINCE JUN 1    527                       361    166      556
  SINCE JAN 1    575                       397    178      603
..................................................................


WIND (MPH)
  HIGHEST WIND SPEED    21   HIGHEST WIND DIRECTION    NW (310)
  HIGHEST GUST SPEED    27   HIGHEST GUST DIRECTION    NW (300)
  AVERAGE WIND SPEED     5.3


SKY COVER
  AVERAGE SKY COVER 0.0


WEATHER CONDITIONS
 THE FOLLOWING WEATHER WAS RECORDED YESTERDAY.
  LIGHT RAIN


RELATIVE HUMIDITY (PERCENT)
 HIGHEST    66           900 PM
 LOWEST     24          1200 PM
 AVERAGE    45

..........................................................


THE ONTARIO OR CLIMATE NORMALS FOR TODAY
                         NORMAL    RECORD    YEAR
 MAXIMUM TEMPERATURE (F)   96       109      1959
 MINIMUM TEMPERATURE (F)   59        40      1972


SUNRISE AND SUNSET
JULY 22 2014..........SUNRISE   626 AM MDT   SUNSET   923 PM MDT
JULY 23 2014..........SUNRISE   627 AM MDT   SUNSET   922 PM MDT


-  INDICATES NEGATIVE NUMBERS.
R  INDICATES RECORD WAS SET OR TIED.
MM INDICATES DATA IS MISSING.
T  INDICATES TRACE AMOUNT.




$$
