000
CDUS45 KBOI 270931
CLIONO


CLIMATE REPORT
NATIONAL WEATHER SERVICE BOISE ID
331 AM MDT FRI MAR 27 2015


...................................

...THE ONTARIO OR CLIMATE SUMMARY FOR MARCH 26 2015...

CLIMATE NORMAL PERIOD 1981 TO 2010
CLIMATE RECORD PERIOD 1948 TO 2015


WEATHER ITEM   OBSERVED TIME   RECORD YEAR NORMAL DEPARTURE LAST
                VALUE   (LST)  VALUE       VALUE  FROM      YEAR
                                                  NORMAL
..................................................................
TEMPERATURE (F)
 YESTERDAY
  MAXIMUM         67    604 PM  79    1988  60      7       60
  MINIMUM         32    703 AM  23    1980  33     -1       40
  AVERAGE         50                        46      4       50

PRECIPITATION (IN)
  YESTERDAY        0.00          0.63 1981   0.04  -0.04     0.07
  MONTH TO DATE    0.63                      0.86  -0.23     1.11
  SINCE OCT 1      6.36                      6.25   0.11     4.54
  SINCE JAN 1      1.90                      2.84  -0.94     3.03

DEGREE DAYS
 HEATING
  YESTERDAY       15                        19     -4       15
  MONTH TO DATE  465                       579   -114      498
  SINCE MAR 1    465                       579   -114      498
  SINCE JUL 1   4259                      5209   -950     5254

 COOLING
  YESTERDAY        0                         0      0        0
  MONTH TO DATE    0                         0      0        0
  SINCE MAR 1      0                         0      0        0
  SINCE JAN 1      0                         0      0        0
..................................................................


WIND (MPH)
  HIGHEST WIND SPEED     8   HIGHEST WIND DIRECTION    SW (240)
  HIGHEST GUST SPEED    10   HIGHEST GUST DIRECTION     E (70)
  AVERAGE WIND SPEED     3.6


SKY COVER
  AVERAGE SKY COVER 0.0


WEATHER CONDITIONS
 THE FOLLOWING WEATHER WAS RECORDED YESTERDAY.
  NO SIGNIFICANT WEATHER WAS OBSERVED.


RELATIVE HUMIDITY (PERCENT)
 HIGHEST    92           700 AM
 LOWEST     34           500 PM
 AVERAGE    63

..........................................................


THE ONTARIO OR CLIMATE NORMALS FOR TODAY
                         NORMAL    RECORD    YEAR
 MAXIMUM TEMPERATURE (F)   60        79      1966
 MINIMUM TEMPERATURE (F)   33        20      1972


SUNRISE AND SUNSET
MARCH 27 2015.........SUNRISE   739 AM MDT   SUNSET   809 PM MDT
MARCH 28 2015.........SUNRISE   737 AM MDT   SUNSET   810 PM MDT


-  INDICATES NEGATIVE NUMBERS.
R  INDICATES RECORD WAS SET OR TIED.
MM INDICATES DATA IS MISSING.
T  INDICATES TRACE AMOUNT.




$$
