000
CDUS45 KBOI 280931
CLIONO


CLIMATE REPORT
NATIONAL WEATHER SERVICE BOISE ID
331 AM MDT THU MAY 28 2015


...................................

...THE ONTARIO OR CLIMATE SUMMARY FOR MAY 27 2015...

CLIMATE NORMAL PERIOD 1981 TO 2010
CLIMATE RECORD PERIOD 1948 TO 2015


WEATHER ITEM   OBSERVED TIME   RECORD YEAR NORMAL DEPARTURE LAST
                VALUE   (LST)  VALUE       VALUE  FROM      YEAR
                                                  NORMAL
..................................................................
TEMPERATURE (F)
 YESTERDAY
  MAXIMUM         78    234 PM  96    1958  78      0       85
  MINIMUM         53   1159 PM  33    1954  48      5       56
  AVERAGE         66                        63      3       71

PRECIPITATION (IN)
  YESTERDAY        T             0.50 2004   0.04  -0.04     0.00
  MONTH TO DATE    1.66                      1.11   0.55     0.42
  SINCE OCT 1      8.52                      8.31   0.21     6.24
  SINCE JAN 1      4.06                      4.90  -0.84     4.73

DEGREE DAYS
 HEATING
  YESTERDAY        0                         4     -4        0
  MONTH TO DATE   88                       193   -105      117
  SINCE MAR 1    998                      1304   -306     1108
  SINCE JUL 1   4792                      5934  -1142     5864

 COOLING
  YESTERDAY        1                         2     -1        6
  MONTH TO DATE   10                        27    -17       47
  SINCE MAR 1     10                        28    -18       47
  SINCE JAN 1     10                        28    -18       47
..................................................................


WIND (MPH)
  HIGHEST WIND SPEED    21   HIGHEST WIND DIRECTION    NW (320)
  HIGHEST GUST SPEED    27   HIGHEST GUST DIRECTION    NW (300)
  AVERAGE WIND SPEED     3.9


SKY COVER
  AVERAGE SKY COVER 0.3


WEATHER CONDITIONS
 THE FOLLOWING WEATHER WAS RECORDED YESTERDAY.
  THUNDERSTORM


RELATIVE HUMIDITY (PERCENT)
 HIGHEST    83           200 AM
 LOWEST     27           100 PM
 AVERAGE    55

..........................................................


THE ONTARIO OR CLIMATE NORMALS FOR TODAY
                         NORMAL    RECORD    YEAR
 MAXIMUM TEMPERATURE (F)   78        97      1986
 MINIMUM TEMPERATURE (F)   48        30      1954


SUNRISE AND SUNSET
MAY 28 2015...........SUNRISE   611 AM MDT   SUNSET   920 PM MDT
MAY 29 2015...........SUNRISE   610 AM MDT   SUNSET   921 PM MDT


-  INDICATES NEGATIVE NUMBERS.
R  INDICATES RECORD WAS SET OR TIED.
MM INDICATES DATA IS MISSING.
T  INDICATES TRACE AMOUNT.




$$
