000
CDUS46 KSGX 080116
CLIONT


CLIMATE REPORT
NATIONAL WEATHER SERVICE SAN DIEGO, CA
516 PM PST SUN FEB 7 2016


...................................

...THE ONTARIO INTL AIRPORT CA CLIMATE SUMMARY FOR FEBRUARY 7 2016...
VALID TODAY AS OF 0500 PM LOCAL TIME.

CLIMATE NORMAL PERIOD 1981 TO 2010
CLIMATE RECORD PERIOD 1998 TO 2016


WEATHER ITEM   OBSERVED TIME   RECORD YEAR NORMAL DEPARTURE LAST
                VALUE   (LST)  VALUE       VALUE  FROM      YEAR
                                                  NORMAL
..................................................................
TEMPERATURE (F)
 TODAY
  MAXIMUM         84R   224 PM  84    2006  65     19       74
  MINIMUM         41    651 AM  36    2003  45     -4       46
  AVERAGE         63                        55      8       60

PRECIPITATION (IN)
  TODAY            0.00          0.34 2009   0.11  -0.11      T
  MONTH TO DATE    0.00                      0.61  -0.61      T
  SINCE OCT 1      4.31                      8.09  -3.78     6.58
  SINCE JAN 1      2.19                      3.92  -1.73     0.94

DEGREE DAYS
 HEATING
  TODAY            2                        10     -8        5
  MONTH TO DATE   82                        71     11       17
  SINCE DEC 1    791                       738     53      457
  SINCE JUL 1    988                       960     28      527

 COOLING
  TODAY            0                         0      0        0
  MONTH TO DATE    0                         0      0        2
  SINCE DEC 1      2                         5     -3       17
  SINCE JAN 1      0                         3     -3       15
..................................................................


WIND (MPH)
  RESULTANT WIND SPEED   6   RESULTANT WIND DIRECTION  NE (50)
  HIGHEST WIND SPEED    24   HIGHEST WIND DIRECTION    NE (40)
  HIGHEST GUST SPEED    35   HIGHEST GUST DIRECTION     E (70)
  AVERAGE WIND SPEED     6.9


SKY COVER
  POSSIBLE SUNSHINE  MM
  AVERAGE SKY COVER 0.0


WEATHER CONDITIONS
 THE FOLLOWING WEATHER WAS RECORDED TODAY.
  NO SIGNIFICANT WEATHER WAS OBSERVED.


RELATIVE HUMIDITY (PERCENT)
 HIGHEST    57           700 AM
 LOWEST      7           300 PM
 AVERAGE    32

..........................................................


THE ONTARIO INTL AIRPORT CA CLIMATE NORMALS FOR TOMORROW
                         NORMAL    RECORD    YEAR
 MAXIMUM TEMPERATURE (F)   65        86      2006
 MINIMUM TEMPERATURE (F)   45        34      2001


SUNRISE AND SUNSET
FEBRUARY  7 2016......SUNRISE   643 AM PST   SUNSET   526 PM PST
FEBRUARY  8 2016......SUNRISE   642 AM PST   SUNSET   527 PM PST


-  INDICATES NEGATIVE NUMBERS.
R  INDICATES RECORD WAS SET OR TIED.
MM INDICATES DATA IS MISSING.
T  INDICATES TRACE AMOUNT.




$$
