000
CDUS46 KSGX 260016
CLIONT


CLIMATE REPORT
NATIONAL WEATHER SERVICE SAN DIEGO, CA
515 PM PDT SAT MAR 25 2017


...................................

...THE ONTARIO INTL AIRPORT CA CLIMATE SUMMARY FOR MARCH 25 2017...
VALID TODAY AS OF 0500 PM LOCAL TIME.

CLIMATE NORMAL PERIOD 1981 TO 2010
CLIMATE RECORD PERIOD 1998 TO 2017


WEATHER ITEM   OBSERVED TIME   RECORD YEAR NORMAL DEPARTURE LAST
                VALUE   (LST)  VALUE       VALUE  FROM      YEAR
                                                  NORMAL
..................................................................
TEMPERATURE (F)
 TODAY
  MAXIMUM         68    335 PM  88    2015  71     -3       81
  MINIMUM         50    621 AM  41    2002  48      2       50
  AVERAGE         59                        59      0       66

PRECIPITATION (IN)
  TODAY            T             0.77 2012   0.04  -0.04     0.00
  MONTH TO DATE    0.14                      2.06  -1.92     1.37
  SINCE OCT 1     15.02                     12.93   2.09     6.11
  SINCE JAN 1     10.14                      8.76   1.38     3.99

DEGREE DAYS
 HEATING
  TODAY            6                         6      0        0
  MONTH TO DATE   94                       177    -83       86
  SINCE MAR 1     94                       177    -83       86
  SINCE JUL 1   1191                      1334   -143     1095

 COOLING
  TODAY            0                         0      0        1
  MONTH TO DATE   54                         6     48       19
  SINCE MAR 1     54                         6     48       19
  SINCE JAN 1     55                        12     43       62
..................................................................


WIND (MPH)
  RESULTANT WIND SPEED   4   RESULTANT WIND DIRECTION  SW (230)
  HIGHEST WIND SPEED    17   HIGHEST WIND DIRECTION    SW (230)
  HIGHEST GUST SPEED    25   HIGHEST GUST DIRECTION    SW (220)
  AVERAGE WIND SPEED     5.7


SKY COVER
  POSSIBLE SUNSHINE  MM
  AVERAGE SKY COVER 0.7


WEATHER CONDITIONS
 THE FOLLOWING WEATHER WAS RECORDED TODAY.
  LIGHT RAIN


RELATIVE HUMIDITY (PERCENT)
 HIGHEST    89           700 AM
 LOWEST     52           100 PM
 AVERAGE    71

..........................................................


THE ONTARIO INTL AIRPORT CA CLIMATE NORMALS FOR TOMORROW
                         NORMAL    RECORD    YEAR
 MAXIMUM TEMPERATURE (F)   71        93      2015
 MINIMUM TEMPERATURE (F)   48        41      2005


SUNRISE AND SUNSET
MARCH 25 2017.........SUNRISE   647 AM PDT   SUNSET   706 PM PDT
MARCH 26 2017.........SUNRISE   646 AM PDT   SUNSET   707 PM PDT


-  INDICATES NEGATIVE NUMBERS.
R  INDICATES RECORD WAS SET OR TIED.
MM INDICATES DATA IS MISSING.
T  INDICATES TRACE AMOUNT.




$$
