000
CDUS46 KSGX 290018
CLIONT


CLIMATE REPORT
NATIONAL WEATHER SERVICE SAN DIEGO, CA
518 PM PDT SAT MAR 28 2015


...................................

...THE ONTARIO INTL AIRPORT CA CLIMATE SUMMARY FOR MARCH 28 2015...
VALID TODAY AS OF 0500 PM LOCAL TIME.

CLIMATE NORMAL PERIOD 1981 TO 2010
CLIMATE RECORD PERIOD 1998 TO 2015


WEATHER ITEM   OBSERVED TIME   RECORD YEAR NORMAL DEPARTURE LAST
                VALUE   (LST)  VALUE       VALUE  FROM      YEAR
                                                  NORMAL
..................................................................
TEMPERATURE (F)
 TODAY
  MAXIMUM         89    236 PM  90    2004  71     18       74
  MINIMUM         58    626 AM  41    2007  48     10       47
  AVERAGE         74                        60     14       61

PRECIPITATION (IN)
  TODAY            0.00          1.17 2006   0.05  -0.05     0.00
  MONTH TO DATE    0.19                      2.21  -2.02     0.50
  SINCE OCT 1      8.43                     13.08  -4.65     3.55
  SINCE JAN 1      2.79                      8.91  -6.12     2.67

SNOWFALL (IN)
  TODAY            0.0
  MONTH TO DATE    0.0
  SINCE MAR 1      0.0
  SINCE JUL 1      0.0
  SNOW DEPTH       0

DEGREE DAYS
 HEATING
  TODAY            0                         6     -6        4
  MONTH TO DATE   57                       195   -138       65
  SINCE MAR 1     57                       195   -138       65
  SINCE JUL 1    657                      1352   -695      751

 COOLING
  TODAY            9                         0      9        0
  MONTH TO DATE  105                         6     99       31
  SINCE MAR 1    105                         6     99       31
  SINCE JAN 1    135                        12    123       61
..................................................................


WIND (MPH)
  RESULTANT WIND SPEED   2   RESULTANT WIND DIRECTION   W (260)
  HIGHEST WIND SPEED    16   HIGHEST WIND DIRECTION    SW (230)
  HIGHEST GUST SPEED    21   HIGHEST GUST DIRECTION    SW (240)
  AVERAGE WIND SPEED     5.1


SKY COVER
  POSSIBLE SUNSHINE  MM
  AVERAGE SKY COVER 0.0


WEATHER CONDITIONS
 THE FOLLOWING WEATHER WAS RECORDED TODAY.
  NO SIGNIFICANT WEATHER WAS OBSERVED.


RELATIVE HUMIDITY (PERCENT)
 HIGHEST    52           700 AM
 LOWEST     12           200 PM
 AVERAGE    32

..........................................................


THE ONTARIO INTL AIRPORT CA CLIMATE NORMALS FOR TOMORROW
                         NORMAL    RECORD    YEAR
 MAXIMUM TEMPERATURE (F)   72        93      2004
 MINIMUM TEMPERATURE (F)   48        43      2007


SUNRISE AND SUNSET
MARCH 28 2015.........SUNRISE   643 AM PDT   SUNSET   708 PM PDT
MARCH 29 2015.........SUNRISE   642 AM PDT   SUNSET   709 PM PDT


-  INDICATES NEGATIVE NUMBERS.
R  INDICATES RECORD WAS SET OR TIED.
MM INDICATES DATA IS MISSING.
T  INDICATES TRACE AMOUNT.




$$
