000
CDUS46 KSGX 241232
CLIONT


CLIMATE REPORT
NATIONAL WEATHER SERVICE SAN DIEGO, CA
432 AM PST SAT FEB 24 2018


...................................

...THE ONTARIO INTL AIRPORT CA CLIMATE SUMMARY FOR FEBRUARY 23 2018...

CLIMATE NORMAL PERIOD 1981 TO 2010
CLIMATE RECORD PERIOD 1998 TO 2018


WEATHER ITEM   OBSERVED TIME   RECORD YEAR NORMAL DEPARTURE LAST
                VALUE   (LST)  VALUE       VALUE  FROM      YEAR
                                                  NORMAL
..................................................................
TEMPERATURE (F)
 YESTERDAY
  MAXIMUM         59    352 PM  82    2016  67     -8       58
  MINIMUM         41   1127 PM  37    2010  46     -5       39
  AVERAGE         50                        56     -6       49

PRECIPITATION (IN)
  YESTERDAY        T             0.68 2015   0.13  -0.13     0.00
  MONTH TO DATE    0.01                      2.81  -2.80     2.20
  SINCE OCT 1      2.02                     10.29  -8.27    14.46
  SINCE JAN 1      2.02                      6.12  -4.10     9.58

DEGREE DAYS
 HEATING
  YESTERDAY       15                         9      6       16
  MONTH TO DATE  145                       224    -79      182
  SINCE DEC 1    446                       891   -445      892
  SINCE JUL 1    490                      1113   -623     1022

 COOLING
  YESTERDAY        0                         0      0        0
  MONTH TO DATE   12                         0     12        1
  SINCE DEC 1     41                         5     36        1
  SINCE JAN 1     30                         3     27        1
..................................................................


WIND (MPH)
  RESULTANT WIND SPEED   3   RESULTANT WIND DIRECTION  SW (210)
  HIGHEST WIND SPEED    15   HIGHEST WIND DIRECTION    SW (210)
  HIGHEST GUST SPEED    20   HIGHEST GUST DIRECTION    SW (210)
  AVERAGE WIND SPEED     5.8


SKY COVER
  POSSIBLE SUNSHINE  MM
  AVERAGE SKY COVER 0.3


WEATHER CONDITIONS
 THE FOLLOWING WEATHER WAS RECORDED YESTERDAY.
  LIGHT RAIN


RELATIVE HUMIDITY (PERCENT)
 HIGHEST    82           600 AM
 LOWEST     21           400 PM
 AVERAGE    52

..........................................................


THE ONTARIO INTL AIRPORT CA CLIMATE NORMALS FOR TODAY
                         NORMAL    RECORD    YEAR
 MAXIMUM TEMPERATURE (F)   67        81      2016
                                             1999
 MINIMUM TEMPERATURE (F)   46        35      2017


SUNRISE AND SUNSET
FEBRUARY 24 2018......SUNRISE   625 AM PST   SUNSET   543 PM PST
FEBRUARY 25 2018......SUNRISE   624 AM PST   SUNSET   543 PM PST


-  INDICATES NEGATIVE NUMBERS.
R  INDICATES RECORD WAS SET OR TIED.
MM INDICATES DATA IS MISSING.
T  INDICATES TRACE AMOUNT.




$$
