000
CDUS46 KSGX 060018
CLIONT


CLIMATE REPORT
NATIONAL WEATHER SERVICE SAN DIEGO, CA
518 PM PDT THU MAY 5 2016


...................................

...THE ONTARIO INTL AIRPORT CA CLIMATE SUMMARY FOR MAY 5 2016...
VALID TODAY AS OF 0500 PM LOCAL TIME.

CLIMATE NORMAL PERIOD 1981 TO 2010
CLIMATE RECORD PERIOD 1998 TO 2016


WEATHER ITEM   OBSERVED TIME   RECORD YEAR NORMAL DEPARTURE LAST
                VALUE   (LST)  VALUE       VALUE  FROM      YEAR
                                                  NORMAL
..................................................................
TEMPERATURE (F)
 TODAY
  MAXIMUM         66    309 PM  91    2011  77    -11       70
  MINIMUM         55    417 AM  45    1999  54      1       53
  AVERAGE         61                        66     -5       62

PRECIPITATION (IN)
  TODAY            T             0.06 2005   0.01  -0.01     0.00
  MONTH TO DATE    T                         0.08  -0.08     0.00
  SINCE OCT 1      6.44                     14.21  -7.77     8.93
  SINCE JAN 1      4.32                     10.04  -5.72     3.29

DEGREE DAYS
 HEATING
  TODAY            4                         2      2        3
  MONTH TO DATE    5                        10     -5        4
  SINCE MAR 1    170                       346   -176      117
  SINCE JUL 1   1179                      1503   -324      717

 COOLING
  TODAY            0                         3     -3        0
  MONTH TO DATE   17                        14      3       25
  SINCE MAR 1    131                        67     64      221
  SINCE JAN 1    174                        73    101      251
..................................................................


WIND (MPH)
  RESULTANT WIND SPEED   8   RESULTANT WIND DIRECTION  SW (240)
  HIGHEST WIND SPEED    20   HIGHEST WIND DIRECTION    SW (220)
  HIGHEST GUST SPEED    25   HIGHEST GUST DIRECTION    SW (230)
  AVERAGE WIND SPEED     8.6


SKY COVER
  POSSIBLE SUNSHINE  MM
  AVERAGE SKY COVER 1.0


WEATHER CONDITIONS
 THE FOLLOWING WEATHER WAS RECORDED TODAY.
  LIGHT RAIN
  FOG


RELATIVE HUMIDITY (PERCENT)
 HIGHEST    86           300 AM
 LOWEST     48           400 PM
 AVERAGE    67

..........................................................


THE ONTARIO INTL AIRPORT CA CLIMATE NORMALS FOR TOMORROW
                         NORMAL    RECORD    YEAR
 MAXIMUM TEMPERATURE (F)   77        91      2011
 MINIMUM TEMPERATURE (F)   54        45      1999


SUNRISE AND SUNSET
MAY  5 2016...........SUNRISE   557 AM PDT   SUNSET   738 PM PDT
MAY  6 2016...........SUNRISE   556 AM PDT   SUNSET   739 PM PDT


-  INDICATES NEGATIVE NUMBERS.
R  INDICATES RECORD WAS SET OR TIED.
MM INDICATES DATA IS MISSING.
T  INDICATES TRACE AMOUNT.




$$
