000
CDUS41 KAKQ 232136
CLIORF


CLIMATE REPORT
NATIONAL WEATHER SERVICE WAKEFIELD, VA
536 PM EDT WED APR 23 2014


...................................

...THE NORFOLK VA CLIMATE SUMMARY FOR APRIL 23 2014...
VALID TODAY AS OF 0500 PM LOCAL TIME.

CLIMATE NORMAL PERIOD 1981 TO 2010
CLIMATE RECORD PERIOD 1871 TO 2014


WEATHER ITEM   OBSERVED TIME   RECORD YEAR NORMAL DEPARTURE LAST
                VALUE   (LST)  VALUE       VALUE  FROM      YEAR
                                                  NORMAL
..................................................................
TEMPERATURE (F)
 TODAY
  MAXIMUM         67    359 PM  92    1960  70     -3       56
  MINIMUM         56    626 AM  38    1875  51      5       44
  AVERAGE         62

PRECIPITATION (IN)
  TODAY            0.00          2.23 1883   0.11  -0.11     0.00
  MONTH TO DATE    3.34                      2.63   0.71     1.86
  SINCE MAR 1      7.16                      6.31   0.85     4.36
  SINCE JAN 1     13.45                     12.83   0.62    11.92

SNOWFALL (IN)
  TODAY            0.0
  MONTH TO DATE    0.0
  SINCE NOV 1     15.5
  SINCE JUL 1     15.5
  SNOW DEPTH       0

DEGREE DAYS
 HEATING
  TODAY            3                         6     -3       15
  MONTH TO DATE  188                       201    -13      162
  SINCE MAR 1    762                       693     69      774
  SINCE JUL 1   3373                      3262    111     3149

 COOLING
  TODAY            0                         2     -2        0
  MONTH TO DATE   18                        26     -8       66
  SINCE MAR 1     19                        32    -13       66
  SINCE JAN 1     19                        33    -14       66
..................................................................


WIND (MPH)
  RESULTANT WIND SPEED  10   RESULTANT WIND DIRECTION  NW (330)
  HIGHEST WIND SPEED    21   HIGHEST WIND DIRECTION     N (360)
  HIGHEST GUST SPEED    28   HIGHEST GUST DIRECTION    NW (320)


SKY COVER
  POSSIBLE SUNSHINE  MM
  AVERAGE SKY COVER 0.1


WEATHER CONDITIONS
 THE FOLLOWING WEATHER WAS RECORDED TODAY.
  NO SIGNIFICANT WEATHER WAS OBSERVED.


RELATIVE HUMIDITY (PERCENT)
 HIGHEST    78
 LOWEST     26
 AVERAGE    52

..........................................................


THE NORFOLK VA CLIMATE NORMALS FOR TOMORROW
                         NORMAL    RECORD    YEAR
 MAXIMUM TEMPERATURE (F)   70        95      1960
 MINIMUM TEMPERATURE (F)   51        40      1951
                                             1931
                                             1930


SUNRISE AND SUNSET
APRIL 23 2014.........SUNRISE   620 AM EDT   SUNSET   747 PM EDT
APRIL 24 2014.........SUNRISE   619 AM EDT   SUNSET   747 PM EDT


-  INDICATES NEGATIVE NUMBERS.
R  INDICATES RECORD WAS SET OR TIED.
MM INDICATES DATA IS MISSING.
T  INDICATES TRACE AMOUNT.




$$
