000
CDUS41 KAKQ 230630
CLIORF


CLIMATE REPORT
NATIONAL WEATHER SERVICE WAKEFIELD, VA
129 AM EST THU NOV 23 2017


...................................

...THE NORFOLK VA CLIMATE SUMMARY FOR NOVEMBER 22 2017...

CLIMATE NORMAL PERIOD 1981 TO 2010
CLIMATE RECORD PERIOD 1871 TO 2017


WEATHER ITEM   OBSERVED TIME   RECORD YEAR NORMAL DEPARTURE LAST
                VALUE   (LST)  VALUE       VALUE  FROM      YEAR
                                                  NORMAL
..................................................................
TEMPERATURE (F)
 YESTERDAY
  MAXIMUM         61    240 PM  78    2007  59      2       54
                                      1991
  MINIMUM         45   1159 PM  21    1879  43      2       33
  AVERAGE         53                        51      2       44

PRECIPITATION (IN)
  YESTERDAY        0.01          1.48 1924   0.10  -0.09     0.00
  MONTH TO DATE    1.17                      2.31  -1.14     0.81
  SINCE SEP 1      8.22                     10.49  -2.27    23.78
  SINCE JAN 1     46.76                     42.43   4.33    66.15

SNOWFALL (IN)
  YESTERDAY        0.0           0.0  2002   0.0    0.0
  MONTH TO DATE    0.0                       0.0    0.0
  SINCE NOV 1      0.0                       0.0    0.0
  SINCE JUL 1      0.0                       0.0    0.0
  SNOW DEPTH       0

DEGREE DAYS
 HEATING
  YESTERDAY       12                        14     -2       21
  MONTH TO DATE  224                       247    -23      275
  SINCE SEP 1    298                       404   -106      359
  SINCE JUL 1    298                       404   -106      359

 COOLING
  YESTERDAY        0                         0      0        0
  MONTH TO DATE   12                         1     11        6
  SINCE SEP 1    415                       286    129      441
  SINCE JAN 1   2107                      1621    486     1993
..................................................................


WIND (MPH)
  HIGHEST WIND SPEED    21   HIGHEST WIND DIRECTION     N (350)
  HIGHEST GUST SPEED    27   HIGHEST GUST DIRECTION     N (350)
  AVERAGE WIND SPEED     9.5


SKY COVER
  POSSIBLE SUNSHINE  MM
  AVERAGE SKY COVER 0.4


WEATHER CONDITIONS
 THE FOLLOWING WEATHER WAS RECORDED YESTERDAY.
  LIGHT RAIN
  FOG


RELATIVE HUMIDITY (PERCENT)
 HIGHEST   100           900 AM
 LOWEST     50           600 PM
 AVERAGE    75

..........................................................


THE NORFOLK VA CLIMATE NORMALS FOR TODAY
                         NORMAL    RECORD    YEAR
 MAXIMUM TEMPERATURE (F)   59        81      1992
 MINIMUM TEMPERATURE (F)   42        23      2008


SUNRISE AND SUNSET
NOVEMBER 23 2017......SUNRISE   652 AM EST   SUNSET   451 PM EST
NOVEMBER 24 2017......SUNRISE   653 AM EST   SUNSET   450 PM EST


-  INDICATES NEGATIVE NUMBERS.
R  INDICATES RECORD WAS SET OR TIED.
MM INDICATES DATA IS MISSING.
T  INDICATES TRACE AMOUNT.




$$
