000
CDUS41 KAKQ 010526
CLIORF


CLIMATE REPORT
NATIONAL WEATHER SERVICE WAKEFIELD, VA
125 AM EDT WED JUN 1 2016


...................................

...THE NORFOLK VA CLIMATE SUMMARY FOR MAY 31 2016...

CLIMATE NORMAL PERIOD 1981 TO 2010
CLIMATE RECORD PERIOD 1871 TO 2016


WEATHER ITEM   OBSERVED TIME   RECORD YEAR NORMAL DEPARTURE LAST
                VALUE   (LST)  VALUE       VALUE  FROM      YEAR
                                                  NORMAL
..................................................................
TEMPERATURE (F)
 YESTERDAY
  MAXIMUM         77    542 PM 100    1991  79     -2       87
  MINIMUM         69   1159 PM  47    1961  63      6       69
  AVERAGE         73                        71      2       78

PRECIPITATION (IN)
  YESTERDAY        0.00          3.78 1888   0.13  -0.13     0.00
  MONTH TO DATE    5.12                      3.41   1.71     1.51
  SINCE MAR 1     11.36                     10.50   0.86     8.82
  SINCE JAN 1     22.23                     17.02   5.21    15.00

SNOWFALL (IN)
  YESTERDAY        0.0           0.0  2002   0.0    0.0
                                      2001
  MONTH TO DATE    0.0                       0.0    0.0
  SINCE NOV 1      5.0                       5.8   -0.8
  SINCE JUL 1      5.0                       5.8   -0.8
  SNOW DEPTH       0

DEGREE DAYS
 HEATING
  YESTERDAY        0                         1     -1        0
  MONTH TO DATE   70                        71     -1       30
  SINCE MAR 1    606                       802   -196      763
  SINCE JUL 1   2522                      3371   -849     3599

 COOLING
  YESTERDAY        8                         7      1       13
  MONTH TO DATE  109                       122    -13      211
  SINCE MAR 1    157                       165     -8      236
  SINCE JAN 1    157                       166     -9      236
..................................................................


WIND (MPH)
  HIGHEST WIND SPEED    10   HIGHEST WIND DIRECTION    NE (30)
  HIGHEST GUST SPEED    14   HIGHEST GUST DIRECTION     E (80)
  AVERAGE WIND SPEED     4.3


SKY COVER
  POSSIBLE SUNSHINE  MM
  AVERAGE SKY COVER 0.5


WEATHER CONDITIONS
 THE FOLLOWING WEATHER WAS RECORDED YESTERDAY.
  FOG


RELATIVE HUMIDITY (PERCENT)
 HIGHEST    97          1200 AM
 LOWEST     74           200 PM
 AVERAGE    86

..........................................................


THE NORFOLK VA CLIMATE NORMALS FOR TODAY
                         NORMAL    RECORD    YEAR
 MAXIMUM TEMPERATURE (F)   80        97      1880
 MINIMUM TEMPERATURE (F)   63        49      1967
                                             1947
                                             1894


SUNRISE AND SUNSET
JUNE  1 2016..........SUNRISE   547 AM EDT   SUNSET   819 PM EDT
JUNE  2 2016..........SUNRISE   547 AM EDT   SUNSET   820 PM EDT


-  INDICATES NEGATIVE NUMBERS.
R  INDICATES RECORD WAS SET OR TIED.
MM INDICATES DATA IS MISSING.
T  INDICATES TRACE AMOUNT.




$$
