000
CDUS41 KAKQ 270845
CLIORF


CLIMATE REPORT
NATIONAL WEATHER SERVICE WAKEFIELD, VA
345 AM EST THU NOV 27 2014


...................................

...THE NORFOLK VA CLIMATE SUMMARY FOR NOVEMBER 26 2014...

CLIMATE NORMAL PERIOD 1981 TO 2010
CLIMATE RECORD PERIOD 1871 TO 2014


WEATHER ITEM   OBSERVED TIME   RECORD YEAR NORMAL DEPARTURE LAST
                VALUE   (LST)  VALUE       VALUE  FROM      YEAR
                                                  NORMAL
..................................................................
TEMPERATURE (F)
 YESTERDAY
  MAXIMUM         53   1250 AM  76    1990  58     -5       67
                                      1986
                                      1946
  MINIMUM         40    704 PM  20    1950  42     -2       36
  AVERAGE         47                        50     -3       52

PRECIPITATION (IN)
  YESTERDAY        1.79R         1.78 1958   0.11   1.68     0.50
  MONTH TO DATE    3.29                      2.73   0.56     1.56
  SINCE SEP 1     14.03                     10.91   3.12     6.62
  SINCE JAN 1     46.44                     42.85   3.59    39.89

SNOWFALL (IN)
  YESTERDAY       MM             0.0  2002   0.0   MM
  MONTH TO DATE    0.0                       0.0    0.0
  SINCE NOV 1      0.0                       0.0    0.0
  SINCE JUL 1      0.0                       0.0    0.0
  SNOW DEPTH       0

DEGREE DAYS
 HEATING
  YESTERDAY       18                        15      3       13
  MONTH TO DATE  382                       306     76      322
  SINCE SEP 1    469                       463      6      442
  SINCE JUL 1    469                       463      6      442

 COOLING
  YESTERDAY        0                         0      0        0
  MONTH TO DATE    5                         1      4        9
  SINCE SEP 1    351                       286     65      305
  SINCE JAN 1   1724                      1621    103     1754
..................................................................


WIND (MPH)
  HIGHEST WIND SPEED    33   HIGHEST WIND DIRECTION    NE (30)
  HIGHEST GUST SPEED    47   HIGHEST GUST DIRECTION     N (10)
  AVERAGE WIND SPEED    17.6


SKY COVER
  POSSIBLE SUNSHINE  MM
  AVERAGE SKY COVER 1.0


WEATHER CONDITIONS
 THE FOLLOWING WEATHER WAS RECORDED YESTERDAY.
  HEAVY RAIN
  RAIN
  LIGHT RAIN
  FOG


RELATIVE HUMIDITY (PERCENT)
 HIGHEST    93           300 AM
 LOWEST     79           600 PM
 AVERAGE    86

..........................................................


THE NORFOLK VA CLIMATE NORMALS FOR TODAY
                         NORMAL    RECORD    YEAR
 MAXIMUM TEMPERATURE (F)   58        82      1973
 MINIMUM TEMPERATURE (F)   41        24      1903


SUNRISE AND SUNSET
NOVEMBER 27 2014......SUNRISE   655 AM EST   SUNSET   449 PM EST
NOVEMBER 28 2014......SUNRISE   656 AM EST   SUNSET   449 PM EST


-  INDICATES NEGATIVE NUMBERS.
R  INDICATES RECORD WAS SET OR TIED.
MM INDICATES DATA IS MISSING.
T  INDICATES TRACE AMOUNT.




$$
