000
CDUS41 KAKQ 280805
CLIORF


CLIMATE REPORT
NATIONAL WEATHER SERVICE WAKEFIELD, VA
405 AM EDT WED SEP 28 2016


...................................

...THE NORFOLK VA CLIMATE SUMMARY FOR SEPTEMBER 27 2016...

CLIMATE NORMAL PERIOD 1981 TO 2010
CLIMATE RECORD PERIOD 1871 TO 2016


WEATHER ITEM   OBSERVED TIME   RECORD YEAR NORMAL DEPARTURE LAST
                VALUE   (LST)  VALUE       VALUE  FROM      YEAR
                                                  NORMAL
..................................................................
TEMPERATURE (F)
 YESTERDAY
  MAXIMUM         77    108 PM  92    1998  76      1       78
                                      1970
  MINIMUM         68   1119 PM  50    1963  61      7       72
                                      1947
                                      1928
  AVERAGE         73                        69      4       75

PRECIPITATION (IN)
  YESTERDAY        0.00          2.86 1985   0.15  -0.15     0.00
  MONTH TO DATE   13.15                      4.35   8.80     3.61
  SINCE SEP 1     13.15                      4.35   8.80     3.61
  SINCE JAN 1     55.52                     36.29  19.23    36.73

SNOWFALL (IN)
  YESTERDAY        0.0           0.0  2002   0.0    0.0
                                      2001
  MONTH TO DATE    0.0                       0.0    0.0
  SINCE NOV 1      5.0                       5.8   -0.8
  SINCE JUL 1      0.0                       0.0    0.0
  SNOW DEPTH       0

DEGREE DAYS
 HEATING
  YESTERDAY        0                         1     -1        0
  MONTH TO DATE    0                         5     -5        0
  SINCE SEP 1      0                         5     -5        0
  SINCE JUL 1      0                         5     -5        0

 COOLING
  YESTERDAY        8                         5      3       10
  MONTH TO DATE  303                       217     86      289
  SINCE SEP 1    303                       217     86      289
  SINCE JAN 1   1855                      1552    303     1847
..................................................................


WIND (MPH)
  HIGHEST WIND SPEED    14   HIGHEST WIND DIRECTION     S (200)
  HIGHEST GUST SPEED    19   HIGHEST GUST DIRECTION     S (200)
  AVERAGE WIND SPEED     5.9


SKY COVER
  POSSIBLE SUNSHINE  MM
  AVERAGE SKY COVER 0.7


WEATHER CONDITIONS
 THE FOLLOWING WEATHER WAS RECORDED YESTERDAY.
  NO SIGNIFICANT WEATHER WAS OBSERVED.


RELATIVE HUMIDITY (PERCENT)
 HIGHEST    97          1000 PM
 LOWEST     74           100 PM
 AVERAGE    86

..........................................................


THE NORFOLK VA CLIMATE NORMALS FOR TODAY
                         NORMAL    RECORD    YEAR
 MAXIMUM TEMPERATURE (F)   76        89      1973
                                             1954
                                             1936
 MINIMUM TEMPERATURE (F)   61        49      1991
                                             1980


SUNRISE AND SUNSET
SEPTEMBER 28 2016.....SUNRISE   658 AM EDT   SUNSET   652 PM EDT
SEPTEMBER 29 2016.....SUNRISE   659 AM EDT   SUNSET   650 PM EDT


-  INDICATES NEGATIVE NUMBERS.
R  INDICATES RECORD WAS SET OR TIED.
MM INDICATES DATA IS MISSING.
T  INDICATES TRACE AMOUNT.




$$
