000
CDUS41 KAKQ 202145
CLIORF


CLIMATE REPORT
NATIONAL WEATHER SERVICE WAKEFIELD, VA
545 PM EDT WED SEP 20 2017


...................................

...THE NORFOLK VA CLIMATE SUMMARY FOR SEPTEMBER 20 2017...
VALID TODAY AS OF 0500 PM LOCAL TIME.

CLIMATE NORMAL PERIOD 1981 TO 2010
CLIMATE RECORD PERIOD 1871 TO 2017


WEATHER ITEM   OBSERVED TIME   RECORD YEAR NORMAL DEPARTURE LAST
                VALUE   (LST)  VALUE       VALUE  FROM      YEAR
                                                  NORMAL
..................................................................
TEMPERATURE (F)
 TODAY
  MAXIMUM         88    326 PM  97    1895  78     10       75
  MINIMUM         72    624 AM  48    1959  64      8       70
  AVERAGE         80

PRECIPITATION (IN)
  TODAY            0.00          2.38 2016   0.15  -0.15     2.38
  MONTH TO DATE    1.85                      3.32  -1.47     8.66
  SINCE SEP 1      1.85                      3.32  -1.47     8.66
  SINCE JAN 1     40.39                     35.26   5.13    51.03

SNOWFALL (IN)
  TODAY            0.0
  MONTH TO DATE    0.0
  SINCE NOV 1      5.4
  SINCE JUL 1      0.0
  SNOW DEPTH       0

DEGREE DAYS
 HEATING
  TODAY            0                         0      0        0
  MONTH TO DATE    0                         0      0        0
  SINCE SEP 1      0                         0      0        0
  SINCE JUL 1      0                         0      0        0

 COOLING
  TODAY           15                         7      8        8
  MONTH TO DATE  177                       179     -2      250
  SINCE SEP 1    177                       179     -2      250
  SINCE JAN 1   1869                      1514    355     1802
..................................................................


WIND (MPH)
  RESULTANT WIND SPEED   1   RESULTANT WIND DIRECTION  NW (320)
  HIGHEST WIND SPEED    12   HIGHEST WIND DIRECTION     N (350)
  HIGHEST GUST SPEED    17   HIGHEST GUST DIRECTION     N (340)


SKY COVER
  POSSIBLE SUNSHINE  MM
  AVERAGE SKY COVER 0.3


WEATHER CONDITIONS
 THE FOLLOWING WEATHER WAS RECORDED TODAY.
  NO SIGNIFICANT WEATHER WAS OBSERVED.


RELATIVE HUMIDITY (PERCENT)
 HIGHEST    87
 LOWEST     43
 AVERAGE    65

..........................................................


THE NORFOLK VA CLIMATE NORMALS FOR TOMORROW
                         NORMAL    RECORD    YEAR
 MAXIMUM TEMPERATURE (F)   78        99      1895
 MINIMUM TEMPERATURE (F)   64        48      1918


SUNRISE AND SUNSET
SEPTEMBER 20 2017.....SUNRISE   651 AM EDT   SUNSET   704 PM EDT
SEPTEMBER 21 2017.....SUNRISE   652 AM EDT   SUNSET   703 PM EDT


-  INDICATES NEGATIVE NUMBERS.
R  INDICATES RECORD WAS SET OR TIED.
MM INDICATES DATA IS MISSING.
T  INDICATES TRACE AMOUNT.




$$
