000
CDUS41 KBOX 010546
CLIORH


CLIMATE REPORT
NATIONAL WEATHER SERVICE TAUNTON MA
146 AM EDT WED JUL 1 2015


...................................

...THE WORCESTER MA CLIMATE SUMMARY FOR JUNE 30 2015...

CLIMATE NORMAL PERIOD 1981 TO 2010
CLIMATE RECORD PERIOD 1892 TO 2015


WEATHER ITEM   OBSERVED TIME   RECORD YEAR NORMAL DEPARTURE LAST
                VALUE   (LST)  VALUE       VALUE  FROM      YEAR
                                                  NORMAL
..................................................................
TEMPERATURE (F)
 YESTERDAY
  MAXIMUM         79    321 PM  92    1971  78      1       84
                                      1964
  MINIMUM         57    408 AM  43    1929  60     -3       60
  AVERAGE         68                        69     -1       72

PRECIPITATION (IN)
  YESTERDAY        0.00          1.90 1973   0.12  -0.12     0.00
  MONTH TO DATE    6.35                      4.19   2.16     1.56
  SINCE JUN 1      6.35                      4.19   2.16     1.56
  SINCE JAN 1     20.65                     23.42  -2.77    22.75

SNOWFALL (IN)
  YESTERDAY        0.0           0.0  2002   0.0    0.0      0.0
                                      2001
                                      2000
  MONTH TO DATE    0.0                       0.0    0.0      0.0
  SINCE JUN 1      0.0                       0.0    0.0      0.0
  SINCE JUL 1    119.7                      64.1   55.6     85.2
  SNOW DEPTH      MM

DEGREE DAYS
 HEATING
  YESTERDAY        0                         1     -1        0
  MONTH TO DATE   94                        82     12       45
  SINCE JUN 1     94                        83     11       45
  SINCE JUL 1   6986                      6717    269     7073

 COOLING
  YESTERDAY        3                         5     -2        7
  MONTH TO DATE   84                        84      0       84
  SINCE JUN 1     84                        84      0       84
  SINCE JAN 1    150                       106     44       92
..................................................................


WIND (MPH)
  RESULTANT WIND SPEED   4   RESULTANT WIND DIRECTION   S (190)
  HIGHEST WIND SPEED    16   HIGHEST WIND DIRECTION    SW (210)
  HIGHEST GUST SPEED    20   HIGHEST GUST DIRECTION    SW (210)
  AVERAGE WIND SPEED     6.0


SKY COVER
  POSSIBLE SUNSHINE  MM
  AVERAGE SKY COVER 0.2


WEATHER CONDITIONS
 THE FOLLOWING WEATHER WAS RECORDED YESTERDAY.
  NO SIGNIFICANT WEATHER WAS OBSERVED.


RELATIVE HUMIDITY (PERCENT)
 HIGHEST    86           400 AM
 LOWEST     48           300 PM
 AVERAGE    67

..........................................................


THE WORCESTER MA CLIMATE NORMALS FOR TODAY
                         NORMAL    RECORD    YEAR
 MAXIMUM TEMPERATURE (F)   78        94      1964
                                             1913
 MINIMUM TEMPERATURE (F)   60        42      1936


SUNRISE AND SUNSET
JULY  1 2015..........SUNRISE   515 AM EDT   SUNSET   828 PM EDT
JULY  2 2015..........SUNRISE   515 AM EDT   SUNSET   828 PM EDT


-  INDICATES NEGATIVE NUMBERS.
R  INDICATES RECORD WAS SET OR TIED.
MM INDICATES DATA IS MISSING.
T  INDICATES TRACE AMOUNT.




$$
