000
CDUS41 KBOX 280556
CLIORH


CLIMATE REPORT
NATIONAL WEATHER SERVICE TAUNTON MA
153 AM EDT TUE MAR 28 2017


...................................

...THE WORCESTER MA CLIMATE SUMMARY FOR MARCH 27 2017...

CLIMATE NORMAL PERIOD 1981 TO 2010
CLIMATE RECORD PERIOD 1892 TO 2017


WEATHER ITEM   OBSERVED TIME   RECORD YEAR NORMAL DEPARTURE LAST
                VALUE   (LST)  VALUE       VALUE  FROM      YEAR
                                                  NORMAL
..................................................................
TEMPERATURE (F)
 YESTERDAY
  MAXIMUM         38    512 PM  77    1945  47     -9       50
  MINIMUM         31    713 AM  11    1975  30      1       31
  AVERAGE         35                        38     -3       41

PRECIPITATION (IN)
  YESTERDAY        0.43          0.98 1992   0.15   0.28     0.00
  MONTH TO DATE    2.38                      3.64  -1.26     2.70
  SINCE MAR 1      2.38                      3.64  -1.26     2.70
  SINCE JAN 1      8.73                     10.36  -1.63    10.09

SNOWFALL (IN)
  YESTERDAY        0.0           7.6  1959   0.3   -0.3      0.0
  MONTH TO DATE   16.1                      10.5    5.6      5.5
  SINCE MAR 1     16.1                      10.5    5.6      5.5
  SINCE JUL 1     73.9                      60.4   13.5     37.2
  SNOW DEPTH       0

DEGREE DAYS
 HEATING
  YESTERDAY       30                        27      3       24
  MONTH TO DATE  965                       836    129      680
  SINCE MAR 1    965                       836    129      680
  SINCE JUL 1   5242                      5673   -431     4739

 COOLING
  YESTERDAY        0                         0      0        0
  MONTH TO DATE    0                         0      0        0
  SINCE MAR 1      0                         0      0        0
  SINCE JAN 1      0                         0      0        0
..................................................................


WIND (MPH)
  RESULTANT WIND SPEED   5   RESULTANT WIND DIRECTION  NE (60)
  HIGHEST WIND SPEED    10   HIGHEST WIND DIRECTION     E (70)
  HIGHEST GUST SPEED    14   HIGHEST GUST DIRECTION     E (80)
  AVERAGE WIND SPEED     5.9


SKY COVER
  POSSIBLE SUNSHINE  MM
  AVERAGE SKY COVER 1.0


WEATHER CONDITIONS
 THE FOLLOWING WEATHER WAS RECORDED YESTERDAY.
  LIGHT RAIN
  FREEZING RAIN
  LT FREEZING RAIN
  FOG
  FOG W/VISIBILITY <= 1/4 MILE


RELATIVE HUMIDITY (PERCENT)
 HIGHEST   100           700 AM
 LOWEST     78          1200 AM
 AVERAGE    89

..........................................................


THE WORCESTER MA CLIMATE NORMALS FOR TODAY
                         NORMAL    RECORD    YEAR
 MAXIMUM TEMPERATURE (F)   47        81      1998
                                             1945
 MINIMUM TEMPERATURE (F)   30         8      1923


SUNRISE AND SUNSET
MARCH 28 2017.........SUNRISE   637 AM EDT   SUNSET   709 PM EDT
MARCH 29 2017.........SUNRISE   635 AM EDT   SUNSET   710 PM EDT


-  INDICATES NEGATIVE NUMBERS.
R  INDICATES RECORD WAS SET OR TIED.
MM INDICATES DATA IS MISSING.
T  INDICATES TRACE AMOUNT.




$$
