000
CDUS41 KBOX 020542
CLIORH


CLIMATE REPORT
NATIONAL WEATHER SERVICE TAUNTON MA
139 AM EDT MON MAY 2 2016


...................................

...THE WORCESTER MA CLIMATE SUMMARY FOR MAY 1 2016...

CLIMATE NORMAL PERIOD 1981 TO 2010
CLIMATE RECORD PERIOD 1892 TO 2016


WEATHER ITEM   OBSERVED TIME   RECORD YEAR NORMAL DEPARTURE LAST
                VALUE   (LST)  VALUE       VALUE  FROM      YEAR
                                                  NORMAL
..................................................................
TEMPERATURE (F)
 YESTERDAY
  MAXIMUM         50    912 AM  90    1899  61    -11       55
  MINIMUM         37   1029 PM  29    1978  42     -5       41
  AVERAGE         44                        52     -8       48

PRECIPITATION (IN)
  YESTERDAY        0.05          1.39 1953   0.12  -0.07     0.00
  MONTH TO DATE    0.05                      0.12  -0.07     0.00
  SINCE MAR 1      6.17                      8.44  -2.27     5.39
  SINCE JAN 1     13.56                     15.16  -1.60    13.70

SNOWFALL (IN)
  YESTERDAY        0.0           T    1981   0.0    0.0      0.0
  MONTH TO DATE    0.0                       0.0    0.0      0.0
  SINCE MAR 1     15.5                      14.2    1.3     11.1
  SINCE JUL 1     47.2                      64.1  -16.9    119.7
  SNOW DEPTH       0

DEGREE DAYS
 HEATING
  YESTERDAY       21                        13      8       17
  MONTH TO DATE   21                        13      8       17
  SINCE MAR 1   1393                      1523   -130     1661
  SINCE JUL 1   5452                      6360   -908     6775

 COOLING
  YESTERDAY        0                         0      0        0
  MONTH TO DATE    0                         0      0        0
  SINCE MAR 1      4                         3      1        0
  SINCE JAN 1      4                         3      1        0
..................................................................


WIND (MPH)
  RESULTANT WIND SPEED   5   RESULTANT WIND DIRECTION   S (200)
  HIGHEST WIND SPEED    16   HIGHEST WIND DIRECTION    SE (150)
  HIGHEST GUST SPEED    20   HIGHEST GUST DIRECTION     S (160)
  AVERAGE WIND SPEED     8.1


SKY COVER
  POSSIBLE SUNSHINE  MM
  AVERAGE SKY COVER 0.7


WEATHER CONDITIONS
 THE FOLLOWING WEATHER WAS RECORDED YESTERDAY.
  LIGHT RAIN
  FOG
  FOG W/VISIBILITY <= 1/4 MILE


RELATIVE HUMIDITY (PERCENT)
 HIGHEST   100          1000 PM
 LOWEST     27           800 AM
 AVERAGE    64

..........................................................


THE WORCESTER MA CLIMATE NORMALS FOR TODAY
                         NORMAL    RECORD    YEAR
 MAXIMUM TEMPERATURE (F)   62        87      2001
 MINIMUM TEMPERATURE (F)   43        29      1948
                                             1931


SUNRISE AND SUNSET
MAY  2 2016...........SUNRISE   541 AM EDT   SUNSET   748 PM EDT
MAY  3 2016...........SUNRISE   540 AM EDT   SUNSET   750 PM EDT


-  INDICATES NEGATIVE NUMBERS.
R  INDICATES RECORD WAS SET OR TIED.
MM INDICATES DATA IS MISSING.
T  INDICATES TRACE AMOUNT.




$$
