000
CDUS46 KMFR 051226
CLIOTH


CLIMATE REPORT
NATIONAL WEATHER SERVICE MEDFORD, OR
415 AM PST THU MAR 5 2015


...................................

...THE NORTH BEND OR CLIMATE SUMMARY FOR MARCH 4 2015...

CLIMATE NORMAL PERIOD 1981 TO 2010
CLIMATE RECORD PERIOD 1902 TO 2015


WEATHER ITEM   OBSERVED TIME   RECORD YEAR NORMAL DEPARTURE LAST
                VALUE   (LST)  VALUE       VALUE  FROM      YEAR
                                                  NORMAL
..................................................................
TEMPERATURE (F)
 YESTERDAY
  MAXIMUM         57        MM  76    1929  54      3       61
  MINIMUM         32        MM  24    1923  41     -9       52
  AVERAGE         45                        47     -2       57

PRECIPITATION (IN)
  YESTERDAY        0.00          1.35 1991   0.27  -0.27     0.05
  MONTH TO DATE    0.24                      1.12  -0.88     0.34
  SINCE OCT 1     33.75                     44.99 -11.24    16.68
  SINCE JAN 1     10.45                     18.90  -8.45    11.06

SNOWFALL (IN)
  YESTERDAY       MM
  SNOW DEPTH      MM

DEGREE DAYS
 HEATING
  YESTERDAY       20                        18      2        8
  MONTH TO DATE   77                        72      5       39
  SINCE MAR 1     77                        72      5       39
  SINCE JUL 1   2181                      3246  -1065     2836

 COOLING
  YESTERDAY        0                         0      0        0
  MONTH TO DATE    0                         0      0        0
  SINCE MAR 1      0                         0      0        0
  SINCE JAN 1      0                         0      0        0
..................................................................


WIND (MPH)
  HIGHEST WIND SPEED    21   HIGHEST WIND DIRECTION     N (360)
  HIGHEST GUST SPEED    27   HIGHEST GUST DIRECTION     N (360)
  AVERAGE WIND SPEED     6.6


SKY COVER
  POSSIBLE SUNSHINE  MM
  AVERAGE SKY COVER 0.0


WEATHER CONDITIONS
 THE FOLLOWING WEATHER WAS RECORDED YESTERDAY.
  NO SIGNIFICANT WEATHER WAS OBSERVED.


RELATIVE HUMIDITY (PERCENT)
 HIGHEST   100          1200 AM
 LOWEST     59          1100 AM

..........................................................


THE NORTH BEND OR CLIMATE NORMALS FOR TODAY
                         NORMAL    RECORD    YEAR
 MAXIMUM TEMPERATURE (F)   54        68      1984
 MINIMUM TEMPERATURE (F)   41        28      1976


SUNRISE AND SUNSET
MARCH  5 2015.........SUNRISE   647 AM PST   SUNSET   611 PM PST
MARCH  6 2015.........SUNRISE   645 AM PST   SUNSET   612 PM PST


-  INDICATES NEGATIVE NUMBERS.
R  INDICATES RECORD WAS SET OR TIED.
MM INDICATES DATA IS MISSING.
T  INDICATES TRACE AMOUNT.




$$
