000
CDUS46 KMFR 220037
CLIOTH


CLIMATE REPORT
NATIONAL WEATHER SERVICE MEDFORD, OR
537 PM PDT THU AUG 21 2014


...................................

...THE NORTH BEND OR CLIMATE SUMMARY FOR AUGUST 21 2014...
VALID TODAY AS OF 0500 PM LOCAL TIME.

CLIMATE NORMAL PERIOD 1981 TO 2010
CLIMATE RECORD PERIOD 1902 TO 2014


WEATHER ITEM   OBSERVED TIME   RECORD YEAR NORMAL DEPARTURE LAST
                VALUE   (LST)  VALUE       VALUE  FROM      YEAR
                                                  NORMAL
..................................................................
TEMPERATURE (F)
 TODAY
  MAXIMUM         70        MM  77    1917  66      4       70
  MINIMUM         MM        MM  42    1930  53     MM       50
  AVERAGE         MM                        59     MM       60

PRECIPITATION (IN)
  TODAY            0.00          0.78 1971   0.03  -0.03     0.00
  MONTH TO DATE    0.01                      0.35  -0.34     0.05
  SINCE SEP 1     34.01                     64.64 -30.63    43.64
  SINCE JAN 1     22.44                     36.97 -14.53    17.54

SNOWFALL (IN)
  TODAY           MM                         0.0   MM       MM
  MONTH TO DATE   MM                         0.0   MM       MM
  SINCE JUL 1     MM                         0.0   MM       MM
  SNOW DEPTH      MM

DEGREE DAYS
 HEATING
  TODAY           MM                         6     MM        5
  MONTH TO DATE   80                       126    -46       42
  SINCE JUN 1    423                       590   -167      307
  SINCE JUL 1    226                       323    -97      137

 COOLING
  TODAY           MM                         0     MM        0
  MONTH TO DATE    0                         0      0        1
  SINCE JUN 1      0                         0      0        1
  SINCE JAN 1     12                         0     12        5
..................................................................


WIND (MPH)
  HIGHEST WIND SPEED    12   HIGHEST WIND DIRECTION    NW (330)
  HIGHEST GUST SPEED    MM   HIGHEST GUST DIRECTION    MM
  AVERAGE WIND SPEED     9.7


SKY COVER
  POSSIBLE SUNSHINE  MM
  AVERAGE SKY COVER  MM


WEATHER CONDITIONS
 THE FOLLOWING WEATHER WAS RECORDED TODAY.
  NO SIGNIFICANT WEATHER WAS OBSERVED.


RELATIVE HUMIDITY (PERCENT)
 HIGHEST    MM
 LOWEST     MM

..........................................................


THE NORTH BEND OR CLIMATE NORMALS FOR TOMORROW
                         NORMAL    RECORD    YEAR
 MAXIMUM TEMPERATURE (F)   66        79      1930
 MINIMUM TEMPERATURE (F)   53        40      1909


SUNRISE AND SUNSET
AUGUST 21 2014........SUNRISE   629 AM PDT   SUNSET   811 PM PDT
AUGUST 22 2014........SUNRISE   630 AM PDT   SUNSET   809 PM PDT


-  INDICATES NEGATIVE NUMBERS.
R  INDICATES RECORD WAS SET OR TIED.
MM INDICATES DATA IS MISSING.
T  INDICATES TRACE AMOUNT.




$$
