000
CDUS46 KMFR 300840
CLIOTH


CLIMATE REPORT
NATIONAL WEATHER SERVICE MEDFORD, OR
140 AM PDT TUE MAY 30 2017


...................................

...THE NORTH BEND OR CLIMATE SUMMARY FOR MAY 29 2017...

CLIMATE NORMAL PERIOD 1981 TO 2010
CLIMATE RECORD PERIOD 1902 TO 2017


WEATHER ITEM   OBSERVED TIME   RECORD YEAR NORMAL DEPARTURE LAST
                VALUE   (LST)  VALUE       VALUE  FROM      YEAR
                                                  NORMAL
..................................................................
TEMPERATURE (F)
 YESTERDAY
  MAXIMUM         59        MM  78    1931  60     -1       64
  MINIMUM         54        MM  35    1927  49      5       52
                                      1979
  AVERAGE         57                        54      3       58

PRECIPITATION (IN)
  YESTERDAY        0.03          0.41 1967   0.11  -0.08     0.00
  MONTH TO DATE    4.60                      3.19   1.41     0.61
  SINCE OCT 1     78.95                     60.06  18.89    56.17
  SINCE JAN 1     44.80                     33.97  10.83    30.54

SNOWFALL (IN)
  YESTERDAY       MM
  SNOW DEPTH      MM

DEGREE DAYS
 HEATING
  YESTERDAY        8                        11     -3        7
  MONTH TO DATE  303                       354    -51      242
  SINCE MAR 1   1143                      1366   -223      975
  SINCE JUL 1   3919                      4540   -621     3300

 COOLING
  YESTERDAY        0                         0      0        0
  MONTH TO DATE    0                         0      0        0
  SINCE MAR 1      0                         0      0        6
  SINCE JAN 1      0                         0      0        8
..................................................................


WIND (MPH)
  HIGHEST WIND SPEED    14   HIGHEST WIND DIRECTION    NW (330)
  HIGHEST GUST SPEED    MM   HIGHEST GUST DIRECTION    MM
  AVERAGE WIND SPEED     8.4


SKY COVER
  POSSIBLE SUNSHINE  MM
  AVERAGE SKY COVER 1.0


WEATHER CONDITIONS
 THE FOLLOWING WEATHER WAS RECORDED YESTERDAY.
  NO SIGNIFICANT WEATHER WAS OBSERVED.


RELATIVE HUMIDITY (PERCENT)
 HIGHEST   100          1200 AM
 LOWEST     86          1000 AM

..........................................................


THE NORTH BEND OR CLIMATE NORMALS FOR TODAY
                         NORMAL    RECORD    YEAR
 MAXIMUM TEMPERATURE (F)   60        81      1924
 MINIMUM TEMPERATURE (F)   49        26      1912


SUNRISE AND SUNSET
MAY 30 2017...........SUNRISE   540 AM PDT   SUNSET   850 PM PDT
MAY 31 2017...........SUNRISE   540 AM PDT   SUNSET   850 PM PDT


-  INDICATES NEGATIVE NUMBERS.
R  INDICATES RECORD WAS SET OR TIED.
MM INDICATES DATA IS MISSING.
T  INDICATES TRACE AMOUNT.




$$
