000
CDUS46 KMFR 010035
CLIOTH


CLIMATE REPORT
NATIONAL WEATHER SERVICE MEDFORD, OR
535 PM PDT TUE SEP 30 2014


...................................

...THE NORTH BEND OR CLIMATE SUMMARY FOR SEPTEMBER 30 2014...
VALID TODAY AS OF 0500 PM LOCAL TIME.

CLIMATE NORMAL PERIOD 1981 TO 2010
CLIMATE RECORD PERIOD 1902 TO 2014


WEATHER ITEM   OBSERVED TIME   RECORD YEAR NORMAL DEPARTURE LAST
                VALUE   (LST)  VALUE       VALUE  FROM      YEAR
                                                  NORMAL
..................................................................
TEMPERATURE (F)
 TODAY
  MAXIMUM         66        MM  81    1923  63      3       MM
  MINIMUM         54        MM  34    1919  48      6       MM
  AVERAGE         60                        56      4       MM

PRECIPITATION (IN)
  TODAY            0.07          2.01 1937   0.08  -0.01     0.01
  MONTH TO DATE    1.83                      1.58   0.25     5.95
  SINCE SEP 1      1.83                      1.58   0.25     5.95
  SINCE JAN 1     24.28                     38.82 -14.54    23.88

SNOWFALL (IN)
  TODAY           MM                         0.0   MM       MM
  MONTH TO DATE   MM                         0.0   MM       MM
  SINCE JUL 1     MM                         0.0   MM       MM
  SNOW DEPTH      MM

DEGREE DAYS
 HEATING
  TODAY            5                         9     -4       MM
  MONTH TO DATE  103                       227   -124      119
  SINCE SEP 1    103                       229   -126      119
  SINCE JUL 1    368                       608   -240      286

 COOLING
  TODAY            0                         0      0       MM
  MONTH TO DATE   10                         1      9        1
  SINCE SEP 1     10                         1      9        1
  SINCE JAN 1     22                         2     20       13
..................................................................


WIND (MPH)
  HIGHEST WIND SPEED    14   HIGHEST WIND DIRECTION     N (360)
  HIGHEST GUST SPEED    20   HIGHEST GUST DIRECTION     N (360)
  AVERAGE WIND SPEED     6.0


SKY COVER
  POSSIBLE SUNSHINE  MM
  AVERAGE SKY COVER 0.8


WEATHER CONDITIONS
 THE FOLLOWING WEATHER WAS RECORDED TODAY.
  NO SIGNIFICANT WEATHER WAS OBSERVED.


RELATIVE HUMIDITY (PERCENT)
 HIGHEST   100          1200 AM
 LOWEST     73           200 PM

..........................................................


THE NORTH BEND OR CLIMATE NORMALS FOR TOMORROW
                         NORMAL    RECORD    YEAR
 MAXIMUM TEMPERATURE (F)   63        83      1902
 MINIMUM TEMPERATURE (F)   48        37      1999


SUNRISE AND SUNSET
SEPTEMBER 30 2014.....SUNRISE   713 AM PDT   SUNSET   700 PM PDT
OCTOBER  1 2014.......SUNRISE   715 AM PDT   SUNSET   658 PM PDT


-  INDICATES NEGATIVE NUMBERS.
R  INDICATES RECORD WAS SET OR TIED.
MM INDICATES DATA IS MISSING.
T  INDICATES TRACE AMOUNT.




$$
