000
CDUS46 KMFR 190837
CLIOTH


CLIMATE REPORT
NATIONAL WEATHER SERVICE MEDFORD, OR
137 AM PDT TUE SEP 19 2017


...................................

...THE NORTH BEND OR CLIMATE SUMMARY FOR SEPTEMBER 18 2017...

CLIMATE NORMAL PERIOD 1981 TO 2010
CLIMATE RECORD PERIOD 1902 TO 2017


WEATHER ITEM   OBSERVED TIME   RECORD YEAR NORMAL DEPARTURE LAST
                VALUE   (LST)  VALUE       VALUE  FROM      YEAR
                                                  NORMAL
..................................................................
TEMPERATURE (F)
 YESTERDAY
  MAXIMUM         65        MM  87    1971  65      0       66
  MINIMUM         55        MM  38    1988  50      5       52
  AVERAGE         60                        57      3       59

PRECIPITATION (IN)
  YESTERDAY        0.32          2.43 2004   0.05   0.27     0.04
  MONTH TO DATE    0.58                      0.76  -0.18     0.23
  SINCE OCT 1     81.92                     64.09  17.83    58.10
  SINCE JAN 1     47.77                     38.00   9.77    32.47

SNOWFALL (IN)
  YESTERDAY       MM
  SNOW DEPTH      MM

DEGREE DAYS
 HEATING
  YESTERDAY        5                         8     -3        6
  MONTH TO DATE   65                       124    -59       93
  SINCE SEP 1     65                       124    -59       93
  SINCE JUL 1    372                       503   -131      381

 COOLING
  YESTERDAY        0                         0      0        0
  MONTH TO DATE    2                         0      2        0
  SINCE SEP 1      2                         0      2        0
  SINCE JAN 1      5                         1      4       15
..................................................................


WIND (MPH)
  HIGHEST WIND SPEED    16   HIGHEST WIND DIRECTION    SW (230)
  HIGHEST GUST SPEED    23   HIGHEST GUST DIRECTION    SW (230)
  AVERAGE WIND SPEED     9.8


SKY COVER
  POSSIBLE SUNSHINE  MM
  AVERAGE SKY COVER 0.9


WEATHER CONDITIONS
 THE FOLLOWING WEATHER WAS RECORDED YESTERDAY.
  RAIN
  LIGHT RAIN
  FOG


RELATIVE HUMIDITY (PERCENT)
 HIGHEST    93           200 AM
 LOWEST     67           200 PM

..........................................................


THE NORTH BEND OR CLIMATE NORMALS FOR TODAY
                         NORMAL    RECORD    YEAR
 MAXIMUM TEMPERATURE (F)   65        90      1942
 MINIMUM TEMPERATURE (F)   50        38      1928


SUNRISE AND SUNSET
SEPTEMBER 19 2017.....SUNRISE   701 AM PDT   SUNSET   719 PM PDT
SEPTEMBER 20 2017.....SUNRISE   702 AM PDT   SUNSET   717 PM PDT


-  INDICATES NEGATIVE NUMBERS.
R  INDICATES RECORD WAS SET OR TIED.
MM INDICATES DATA IS MISSING.
T  INDICATES TRACE AMOUNT.




$$
