000
CDUS46 KMFR 230839
CLIOTH


CLIMATE REPORT
NATIONAL WEATHER SERVICE MEDFORD, OR
1238 AM PST SUN NOV 23 2014


...................................

...THE NORTH BEND OR CLIMATE SUMMARY FOR NOVEMBER 22 2014...

CLIMATE NORMAL PERIOD 1981 TO 2010
CLIMATE RECORD PERIOD 1902 TO 2014


WEATHER ITEM   OBSERVED TIME   RECORD YEAR NORMAL DEPARTURE LAST
                VALUE   (LST)  VALUE       VALUE  FROM      YEAR
                                                  NORMAL
..................................................................
TEMPERATURE (F)
 YESTERDAY
  MAXIMUM         59        MM  68    1930  54      5       61
  MINIMUM         46        MM  28    1905  42      4       32
  AVERAGE         53                        48      5       47

PRECIPITATION (IN)
  YESTERDAY        0.28          3.51 1961   0.38  -0.10     0.00
  MONTH TO DATE    2.81                      7.16  -4.35     2.69
  SINCE SEP 1     10.60                     13.47  -2.87     9.40
  SINCE JAN 1     33.05                     50.71 -17.66    27.33

SNOWFALL (IN)
  YESTERDAY       MM
  SNOW DEPTH      MM

DEGREE DAYS
 HEATING
  YESTERDAY       12                        17     -5       18
  MONTH TO DATE  246                       341    -95      322
  SINCE SEP 1    512                       928   -416      816
  SINCE JUL 1    777                      1307   -530      983

 COOLING
  YESTERDAY        0                         0      0        0
  MONTH TO DATE    0                         0      0        0
  SINCE SEP 1     16                         1     15        1
  SINCE JAN 1     28                         2     26       13
..................................................................


WIND (MPH)
  HIGHEST WIND SPEED    16   HIGHEST WIND DIRECTION     W (270)
  HIGHEST GUST SPEED    25   HIGHEST GUST DIRECTION     W (250)
  AVERAGE WIND SPEED     9.2


SKY COVER
  POSSIBLE SUNSHINE  MM
  AVERAGE SKY COVER 0.7


WEATHER CONDITIONS
 THE FOLLOWING WEATHER WAS RECORDED YESTERDAY.
  NO SIGNIFICANT WEATHER WAS OBSERVED.


RELATIVE HUMIDITY (PERCENT)
 HIGHEST   100          1200 AM
 LOWEST     75          1200 PM

..........................................................


THE NORTH BEND OR CLIMATE NORMALS FOR TODAY
                         NORMAL    RECORD    YEAR
 MAXIMUM TEMPERATURE (F)   53        76      1933
 MINIMUM TEMPERATURE (F)   42        26      1929


SUNRISE AND SUNSET
NOVEMBER 23 2014......SUNRISE   721 AM PST   SUNSET   446 PM PST
NOVEMBER 24 2014......SUNRISE   722 AM PST   SUNSET   445 PM PST


-  INDICATES NEGATIVE NUMBERS.
R  INDICATES RECORD WAS SET OR TIED.
MM INDICATES DATA IS MISSING.
T  INDICATES TRACE AMOUNT.




$$
