000
CDUS46 KMFR 250837
CLIOTH


CLIMATE REPORT
NATIONAL WEATHER SERVICE MEDFORD, OR
137 AM PDT TUE APR 25 2017


...................................

...THE NORTH BEND OR CLIMATE SUMMARY FOR APRIL 24 2017...

CLIMATE NORMAL PERIOD 1981 TO 2010
CLIMATE RECORD PERIOD 1902 TO 2017


WEATHER ITEM   OBSERVED TIME   RECORD YEAR NORMAL DEPARTURE LAST
                VALUE   (LST)  VALUE       VALUE  FROM      YEAR
                                                  NORMAL
..................................................................
TEMPERATURE (F)
 YESTERDAY
  MAXIMUM         54        MM  75    2013  56     -2       55
                                      1926
  MINIMUM         46    300 AM  28    1924  44      2       45
  AVERAGE         50                        50      0       50

PRECIPITATION (IN)
  YESTERDAY        0.55          0.92 1975   0.15   0.40     0.65
  MONTH TO DATE    5.38                      4.37   1.01     2.99
  SINCE OCT 1     73.32                     56.07  17.25    55.14
  SINCE JAN 1     39.17                     29.98   9.19    29.51

SNOWFALL (IN)
  YESTERDAY       MM
  SNOW DEPTH      MM

DEGREE DAYS
 HEATING
  YESTERDAY       15                        15      0       15
  MONTH TO DATE  319                       388    -69      236
  SINCE MAR 1    750                       926   -176      659
  SINCE JUL 1   3526                      4100   -574     2984

 COOLING
  YESTERDAY        0                         0      0        0
  MONTH TO DATE    0                         0      0        6
  SINCE MAR 1      0                         0      0        6
  SINCE JAN 1      0                         0      0        8
..................................................................


WIND (MPH)
  HIGHEST WIND SPEED    23   HIGHEST WIND DIRECTION    SW (230)
  HIGHEST GUST SPEED    33   HIGHEST GUST DIRECTION    SW (230)
  AVERAGE WIND SPEED    13.0


SKY COVER
  POSSIBLE SUNSHINE  MM
  AVERAGE SKY COVER 1.0


WEATHER CONDITIONS
 THE FOLLOWING WEATHER WAS RECORDED YESTERDAY.
  RAIN
  LIGHT RAIN


RELATIVE HUMIDITY (PERCENT)
 HIGHEST   100           200 AM
 LOWEST     83           400 PM

..........................................................


THE NORTH BEND OR CLIMATE NORMALS FOR TODAY
                         NORMAL    RECORD    YEAR
 MAXIMUM TEMPERATURE (F)   56        81      1924
 MINIMUM TEMPERATURE (F)   44        31      1918


SUNRISE AND SUNSET
APRIL 25 2017.........SUNRISE   618 AM PDT   SUNSET   812 PM PDT
APRIL 26 2017.........SUNRISE   617 AM PDT   SUNSET   814 PM PDT


-  INDICATES NEGATIVE NUMBERS.
R  INDICATES RECORD WAS SET OR TIED.
MM INDICATES DATA IS MISSING.
T  INDICATES TRACE AMOUNT.




$$
