000
CDUS43 KDMX 020629 RRB
CLIOTM

CLIMATE REPORT
NATIONAL WEATHER SERVICE DES MOINES IA
1228 AM CST MON MAR 2 2015


...................................

...THE OTTUMWA IA CLIMATE SUMMARY FOR MARCH 1 2015...

CLIMATE NORMAL PERIOD 1981 TO 2010
CLIMATE RECORD PERIOD 1920 TO 2015


WEATHER ITEM   OBSERVED TIME   RECORD YEAR NORMAL DEPARTURE LAST
                VALUE   (LST)  VALUE       VALUE  FROM      YEAR
                                                  NORMAL
..................................................................
TEMPERATURE (F)
 YESTERDAY
  MAXIMUM         33    436 PM  75    1992  42     -9       21
  MINIMUM          7   1217 AM -20    1962  23    -16        2
  AVERAGE         20                        32    -12       12

PRECIPITATION (IN)
  YESTERDAY        0.00          0.92 1991   0.07  -0.07     0.34
  MONTH TO DATE    0.00                      0.07  -0.07     0.34
  SINCE MAR 1      0.00                      0.07  -0.07     0.34
  SINCE JAN 1      1.16                      2.25  -1.09     3.15

DEGREE DAYS
 HEATING
  YESTERDAY       45                        33     12       53
  MONTH TO DATE   45                        33     12       53
  SINCE MAR 1     45                        33     12       53
  SINCE JUL 1   5176                      4918    258     5566

 COOLING
  YESTERDAY        0                         0      0        0
  MONTH TO DATE    0                         0      0        0
  SINCE MAR 1      0                         0      0        0
  SINCE JAN 1      0                         0      0        0
..................................................................


WIND (MPH)
  HIGHEST WIND SPEED    13   HIGHEST WIND DIRECTION    NW (300)
  HIGHEST GUST SPEED    16   HIGHEST GUST DIRECTION    NW (310)
  AVERAGE WIND SPEED     5.0


SKY COVER
  POSSIBLE SUNSHINE  MM
  AVERAGE SKY COVER 0.6


WEATHER CONDITIONS
 THE FOLLOWING WEATHER WAS RECORDED YESTERDAY.
  FOG
  HAZE


RELATIVE HUMIDITY (PERCENT)
 HIGHEST    92           300 AM
 LOWEST     59           400 PM
 AVERAGE    76

..........................................................


THE OTTUMWA IA CLIMATE NORMALS FOR TODAY
                         NORMAL    RECORD    YEAR
 MAXIMUM TEMPERATURE (F)   43        74      1983
 MINIMUM TEMPERATURE (F)   23       -11      1913


SUNRISE AND SUNSET
MARCH  2 2015.........SUNRISE   643 AM CST   SUNSET   602 PM CST
MARCH  3 2015.........SUNRISE   641 AM CST   SUNSET   603 PM CST


-  INDICATES NEGATIVE NUMBERS.
R  INDICATES RECORD WAS SET OR TIED.
MM INDICATES DATA IS MISSING.
T  INDICATES TRACE AMOUNT.




$$
