000
CDUS43 KDMX 280634
CLIOTM

CLIMATE REPORT
NATIONAL WEATHER SERVICE DES MOINES IA
133 AM CDT FRI JUL 28 2017


...................................

...THE OTTUMWA IA CLIMATE SUMMARY FOR JULY 27 2017...

CLIMATE NORMAL PERIOD 1981 TO 2010
CLIMATE RECORD PERIOD 1920 TO 2017


WEATHER ITEM   OBSERVED TIME   RECORD YEAR NORMAL DEPARTURE LAST
                VALUE   (LST)  VALUE       VALUE  FROM      YEAR
                                                  NORMAL
..................................................................
TEMPERATURE (F)
 YESTERDAY
  MAXIMUM         89    315 PM 108    1930  85      4       85
  MINIMUM         69   1159 PM  49    2013  64      5       61
  AVERAGE         79                        75      4       73

PRECIPITATION (IN)
  YESTERDAY        0.00          2.29 1957   0.13  -0.13     0.00
  MONTH TO DATE    0.64                      3.92  -3.28     3.89
  SINCE JUN 1      1.61                      9.01  -7.40     6.47
  SINCE JAN 1     14.07                     21.54  -7.47    15.38

DEGREE DAYS
 HEATING
  YESTERDAY        0                         0      0        0
  MONTH TO DATE    0                         0      0        7
  SINCE JUN 1     10                        21    -11        8
  SINCE JUL 1      0                         0      0        7

 COOLING
  YESTERDAY       14                        10      4        8
  MONTH TO DATE  386                       270    116      249
  SINCE JUN 1    655                       471    184      523
  SINCE JAN 1    716                       535    181      594
..................................................................


WIND (MPH)
  HIGHEST WIND SPEED    17   HIGHEST WIND DIRECTION     N (20)
  HIGHEST GUST SPEED    22   HIGHEST GUST DIRECTION    NE (30)
  AVERAGE WIND SPEED     8.0


SKY COVER
  POSSIBLE SUNSHINE  MM
  AVERAGE SKY COVER 0.4


WEATHER CONDITIONS
 THE FOLLOWING WEATHER WAS RECORDED YESTERDAY.
  FOG


RELATIVE HUMIDITY (PERCENT)
 HIGHEST   100           100 AM
 LOWEST     46           400 PM
 AVERAGE    73

..........................................................


THE OTTUMWA IA CLIMATE NORMALS FOR TODAY
                         NORMAL    RECORD    YEAR
 MAXIMUM TEMPERATURE (F)   85       105      1983
 MINIMUM TEMPERATURE (F)   64        48      2013


SUNRISE AND SUNSET
JULY 28 2017..........SUNRISE   602 AM CDT   SUNSET   830 PM CDT
JULY 29 2017..........SUNRISE   603 AM CDT   SUNSET   829 PM CDT


-  INDICATES NEGATIVE NUMBERS.
R  INDICATES RECORD WAS SET OR TIED.
MM INDICATES DATA IS MISSING.
T  INDICATES TRACE AMOUNT.




$$
