712
CDUS43 KDMX 250633 RRC
CLIOTM

CLIMATE REPORT
NATIONAL WEATHER SERVICE DES MOINES IA
133 AM CDT MON SEP 25 2017

...................................

...THE OTTUMWA IA CLIMATE SUMMARY FOR SEPTEMBER 24 2017...

CLIMATE NORMAL PERIOD 1981 TO 2010
CLIMATE RECORD PERIOD 1920 TO 2017


WEATHER ITEM   OBSERVED TIME   RECORD YEAR NORMAL DEPARTURE LAST
                VALUE   (LST)  VALUE       VALUE  FROM      YEAR
                                                  NORMAL
..................................................................
TEMPERATURE (F)
 YESTERDAY
  MAXIMUM         90    322 PM  91    1984  73     17       88
  MINIMUM         66    553 AM  32    1942  49     17       65
  AVERAGE         78                        61     17       77

PRECIPITATION (IN)
  YESTERDAY        0.00          0.93 1973   0.12  -0.12     0.00
  MONTH TO DATE    3.65                      3.12   0.53     1.01
  SINCE SEP 1      3.65                      3.12   0.53     1.01
  SINCE JAN 1     19.49                     29.82 -10.33    22.20

DEGREE DAYS
 HEATING
  YESTERDAY        0                         6     -6        0
  MONTH TO DATE   18                        68    -50        4
  SINCE SEP 1     18                        68    -50        4
  SINCE JUL 1     18                        79    -61       11

 COOLING
  YESTERDAY       13                         2     11       12
  MONTH TO DATE  156                        86     70      171
  SINCE SEP 1    156                        86     70      171
  SINCE JAN 1   1081                       920    161     1070
..................................................................


WIND (MPH)
  HIGHEST WIND SPEED    17   HIGHEST WIND DIRECTION     S (180)
  HIGHEST GUST SPEED    23   HIGHEST GUST DIRECTION     S (170)
  AVERAGE WIND SPEED     8.2


SKY COVER
  POSSIBLE SUNSHINE  MM
  AVERAGE SKY COVER 0.0


WEATHER CONDITIONS
 THE FOLLOWING WEATHER WAS RECORDED YESTERDAY.
  HAZE


RELATIVE HUMIDITY (PERCENT)
 HIGHEST    87           600 AM
 LOWEST     41           300 PM
 AVERAGE    64

..........................................................


THE OTTUMWA IA CLIMATE NORMALS FOR TODAY
                         NORMAL    RECORD    YEAR
 MAXIMUM TEMPERATURE (F)   72        89      1920
 MINIMUM TEMPERATURE (F)   49        30      1928


SUNRISE AND SUNSET
SEPTEMBER 25 2017.....SUNRISE   701 AM CDT   SUNSET   701 PM CDT
SEPTEMBER 26 2017.....SUNRISE   702 AM CDT   SUNSET   700 PM CDT


-  INDICATES NEGATIVE NUMBERS.
R  INDICATES RECORD WAS SET OR TIED.
MM INDICATES DATA IS MISSING.
T  INDICATES TRACE AMOUNT.

$$

SMALL
