000
CDUS46 KOTX 300847
CLIOTX


CLIMATE REPORT
NATIONAL WEATHER SERVICE SPOKANE, WA
147 AM PDT SUN APR 30 2017


...................................

...THE SPOKANE  WA WFO CLIMATE SUMMARY FOR APRIL 29 2017...

CLIMATE NORMAL PERIOD 1981 TO 2010
CLIMATE RECORD PERIOD 1881 TO 2017


WEATHER ITEM   OBSERVED TIME   RECORD YEAR NORMAL DEPARTURE LAST
                VALUE   (LST)  VALUE       VALUE  FROM      YEAR
                                                  NORMAL
..................................................................
TEMPERATURE (F)
 YESTERDAY
  MAXIMUM         58        MM  MM      MM  61     -3       51
  MINIMUM         37        MM  MM      MM  37      0       46
  AVERAGE         48                        49     -1       49

PRECIPITATION (IN)
  YESTERDAY        T            MM      MM   0.03  -0.03     0.12
  MONTH TO DATE    1.90                      1.20   0.70     0.43
  SINCE OCT 1     22.06                     12.27   9.79    14.14
  SINCE JAN 1     11.69                      6.24   5.45     7.39

SNOWFALL (IN)
  YESTERDAY        0.0          MM      MM   0.0    0.0      0.0
  MONTH TO DATE    0.3                       1.9   -1.6      0.0
  SINCE MAR 1      5.3                       7.2   -1.9       T
  SINCE JUL 1     54.1                      53.6    0.5     32.6
  SNOW DEPTH       0

DEGREE DAYS
 HEATING
  YESTERDAY       17                        16      1       16
  MONTH TO DATE  588                       555     33      354
  SINCE MAR 1   1372                      1364      8     1086
  SINCE JUL 1   6741                      6563    178     5742

 COOLING
  YESTERDAY        0                         0      0        0
  MONTH TO DATE    0                         0      0        0
  SINCE MAR 1      0                         0      0        0
  SINCE JAN 1      0                         0      0        0
..................................................................


WIND (MPH)
  HIGHEST WIND SPEED    21   HIGHEST WIND DIRECTION    MM
  HIGHEST GUST SPEED    28   HIGHEST GUST DIRECTION    MM
  AVERAGE WIND SPEED    11.0


SKY COVER
  POSSIBLE SUNSHINE  MM
  AVERAGE SKY COVER  MM


WEATHER CONDITIONS
 THE FOLLOWING WEATHER WAS RECORDED YESTERDAY.
  NO SIGNIFICANT WEATHER WAS OBSERVED.


RELATIVE HUMIDITY (PERCENT)
 HIGHEST    90
 LOWEST     35
 AVERAGE    63

..........................................................


THE SPOKANE  WA WFO CLIMATE NORMALS FOR TODAY
                         NORMAL    RECORD    YEAR
 MAXIMUM TEMPERATURE (F)   61        MM        MM
 MINIMUM TEMPERATURE (F)   37        MM        MM


SUNRISE AND SUNSET
APRIL 30 2017.........SUNRISE   534 AM PDT   SUNSET   802 PM PDT
MAY  1 2017...........SUNRISE   533 AM PDT   SUNSET   803 PM PDT


-  INDICATES NEGATIVE NUMBERS.
R  INDICATES RECORD WAS SET OR TIED.
MM INDICATES DATA IS MISSING.
T  INDICATES TRACE AMOUNT.




$$
