000
CDUS46 KOTX 080824
CLIOTX


CLIMATE REPORT
NATIONAL WEATHER SERVICE SPOKANE, WA
1223 AM PST MON FEB 8 2016


...................................

...THE SPOKANE  WA WFO CLIMATE SUMMARY FOR FEBRUARY 7 2016...

CLIMATE NORMAL PERIOD 1981 TO 2010
CLIMATE RECORD PERIOD 1881 TO 2016


WEATHER ITEM   OBSERVED TIME   RECORD YEAR NORMAL DEPARTURE LAST
                VALUE   (LST)  VALUE       VALUE  FROM      YEAR
                                                  NORMAL
..................................................................
TEMPERATURE (F)
 YESTERDAY
  MAXIMUM         38        MM  MM      MM  37      1       54
  MINIMUM         24        MM  MM      MM  23      1       40
  AVERAGE         31                        30      1       47

PRECIPITATION (IN)
  YESTERDAY        0.00         MM      MM   0.05  -0.05     0.31
  MONTH TO DATE    0.13                      0.37  -0.24     1.15
  SINCE OCT 1      9.50                      8.27   1.23     7.76
  SINCE JAN 1      2.75                      2.24   0.51     3.05

SNOWFALL (IN)
  YESTERDAY        0.0          MM      MM   0.3   -0.3      0.0
  MONTH TO DATE    1.1                       2.1   -1.0      1.7
  SINCE DEC 1     31.1                      34.6   -3.5     14.6
  SINCE JUL 1     32.6                      42.5   -9.9     15.1
  SNOW DEPTH       0

DEGREE DAYS
 HEATING
  YESTERDAY       34                        35     -1       18
  MONTH TO DATE  246                       245      1      184
  SINCE DEC 1   2447                      2620   -173     2282
  SINCE JUL 1   4107                      4502   -395     3861

 COOLING
  YESTERDAY        0                         0      0        0
  MONTH TO DATE    0                         0      0        0
  SINCE DEC 1      0                         0      0        0
  SINCE JAN 1      0                         0      0        0
..................................................................


WIND (MPH)
  HIGHEST WIND SPEED     7   HIGHEST WIND DIRECTION    MM
  HIGHEST GUST SPEED     0   HIGHEST GUST DIRECTION    MM
  AVERAGE WIND SPEED     4.0


SKY COVER
  POSSIBLE SUNSHINE  MM
  AVERAGE SKY COVER  MM


WEATHER CONDITIONS
 THE FOLLOWING WEATHER WAS RECORDED YESTERDAY.
  NO SIGNIFICANT WEATHER WAS OBSERVED.


RELATIVE HUMIDITY (PERCENT)
 HIGHEST    99          1200 AM
 LOWEST     78          1200 AM
 AVERAGE    89

..........................................................


THE SPOKANE  WA WFO CLIMATE NORMALS FOR TODAY
                         NORMAL    RECORD    YEAR
 MAXIMUM TEMPERATURE (F)   37        MM        MM
 MINIMUM TEMPERATURE (F)   23        MM        MM


SUNRISE AND SUNSET
FEBRUARY  8 2016......SUNRISE   708 AM PST   SUNSET   502 PM PST
FEBRUARY  9 2016......SUNRISE   706 AM PST   SUNSET   504 PM PST


-  INDICATES NEGATIVE NUMBERS.
R  INDICATES RECORD WAS SET OR TIED.
MM INDICATES DATA IS MISSING.
T  INDICATES TRACE AMOUNT.




$$
