000
CDUS46 KOTX 250822
CLIOTX


CLIMATE REPORT
NATIONAL WEATHER SERVICE SPOKANE, WA
1221 AM PST THU DEC 25 2014


...................................

...THE SPOKANE  WA WFO CLIMATE SUMMARY FOR DECEMBER 24 2014...

CLIMATE NORMAL PERIOD 1981 TO 2010
CLIMATE RECORD PERIOD 1881 TO 2014


WEATHER ITEM   OBSERVED TIME   RECORD YEAR NORMAL DEPARTURE LAST
                VALUE   (LST)  VALUE       VALUE  FROM      YEAR
                                                  NORMAL
..................................................................
TEMPERATURE (F)
 YESTERDAY
  MAXIMUM         41        MM  MM      MM  30     11       38
  MINIMUM         28        MM  MM      MM  19      9       18
  AVERAGE         35                        25     10       28

PRECIPITATION (IN)
  YESTERDAY        0.19         MM      MM   0.08   0.11     0.00
  MONTH TO DATE    1.73                      1.98  -0.25     0.67
  SINCE OCT 1      4.56                      5.48  -0.92     2.51
  SINCE JAN 1     16.53                     16.53   0.00    12.97

SNOWFALL (IN)
  YESTERDAY        0.5          MM      MM   0.6   -0.1      0.0
  MONTH TO DATE    0.8                      12.5  -11.7      3.4
  SINCE DEC 1      0.8                      12.5  -11.7      3.4
  SINCE JUL 1      1.3                      20.4  -19.1      6.4
  SNOW DEPTH       0

DEGREE DAYS
 HEATING
  YESTERDAY       30                        40    -10       37
  MONTH TO DATE  726                       937   -211      992
  SINCE DEC 1    726                       937   -211      992
  SINCE JUL 1   2305                      2819   -514     2848

 COOLING
  YESTERDAY        0                         0      0        0
  MONTH TO DATE    0                         0      0        0
  SINCE DEC 1      0                         0      0        0
  SINCE JAN 1    408                       249    159      383
..................................................................


WIND (MPH)
  HIGHEST WIND SPEED    MM   HIGHEST WIND DIRECTION    MM
  HIGHEST GUST SPEED    MM   HIGHEST GUST DIRECTION    MM
  AVERAGE WIND SPEED    MM


SKY COVER
  POSSIBLE SUNSHINE  MM
  AVERAGE SKY COVER 0.0


WEATHER CONDITIONS
 THE FOLLOWING WEATHER WAS RECORDED YESTERDAY.
  LIGHT RAIN
  LIGHT SNOW


RELATIVE HUMIDITY (PERCENT)
 HIGHEST    MM          1200 AM
 LOWEST     MM          1200 AM
 AVERAGE    MM

..........................................................


THE SPOKANE  WA WFO CLIMATE NORMALS FOR TODAY
                         NORMAL    RECORD    YEAR
 MAXIMUM TEMPERATURE (F)   30        MM        MM
 MINIMUM TEMPERATURE (F)   19        MM        MM


SUNRISE AND SUNSET
DECEMBER 25 2014......SUNRISE   738 AM PST   SUNSET   404 PM PST
DECEMBER 26 2014......SUNRISE   738 AM PST   SUNSET   404 PM PST


-  INDICATES NEGATIVE NUMBERS.
R  INDICATES RECORD WAS SET OR TIED.
MM INDICATES DATA IS MISSING.
T  INDICATES TRACE AMOUNT.




$$
