000
CDUS46 KOTX 241245
CLIOTX


CLIMATE REPORT
NATIONAL WEATHER SERVICE SPOKANE, WA
545 AM PDT WED AUG 24 2016


...................................

...THE SPOKANE  WA WFO CLIMATE SUMMARY FOR AUGUST 23 2016...

CLIMATE NORMAL PERIOD 1981 TO 2010
CLIMATE RECORD PERIOD 1881 TO 2016


WEATHER ITEM   OBSERVED TIME   RECORD YEAR NORMAL DEPARTURE LAST
                VALUE   (LST)  VALUE       VALUE  FROM      YEAR
                                                  NORMAL
..................................................................
TEMPERATURE (F)
 YESTERDAY
  MAXIMUM         MM        MM  MM      MM  81     MM       83
  MINIMUM         MM        MM  MM      MM  49     MM       41
  AVERAGE         MM                        65     MM       62

PRECIPITATION (IN)
  YESTERDAY       MM            MM      MM   0.02  MM        0.00
  MONTH TO DATE    0.08                      0.33  -0.25     0.07
  SINCE OCT 1     16.63                     16.31   0.32    12.11
  SINCE JAN 1      9.88                     10.28  -0.40     7.40

SNOWFALL (IN)
  YESTERDAY       MM            MM      MM   0.0   MM        0.0
  MONTH TO DATE    0.0                       0.0    0.0      0.0
  SINCE JUN 1      0.0                       0.0    0.0      0.0
  SINCE JUL 1      0.0                       0.0    0.0      0.0
  SNOW DEPTH      MM

DEGREE DAYS
 HEATING
  YESTERDAY       MM                         2     MM        3
  MONTH TO DATE   17                        31    -14       16
  SINCE JUN 1    229                       270    -41       90
  SINCE JUL 1     74                        83     -9       32

 COOLING
  YESTERDAY       MM                         2     MM        0
  MONTH TO DATE   91                        89      2      124
  SINCE JUN 1    219                       213      6      463
  SINCE JAN 1    219                       218      1      480
..................................................................


WIND (MPH)
  HIGHEST WIND SPEED    MM   HIGHEST WIND DIRECTION    MM
  HIGHEST GUST SPEED     0   HIGHEST GUST DIRECTION     N (0)
  AVERAGE WIND SPEED    MM


SKY COVER
  POSSIBLE SUNSHINE   0 PERCENT
  AVERAGE SKY COVER 0.0


WEATHER CONDITIONS
 THE FOLLOWING WEATHER WAS RECORDED YESTERDAY.
  NO SIGNIFICANT WEATHER WAS OBSERVED.


RELATIVE HUMIDITY (PERCENT)
 HIGHEST     0          1200 AM
 LOWEST      0          1200 AM
 AVERAGE     0

..........................................................


THE SPOKANE  WA WFO CLIMATE NORMALS FOR TODAY
                         NORMAL    RECORD    YEAR
 MAXIMUM TEMPERATURE (F)   81        MM        MM
 MINIMUM TEMPERATURE (F)   49        MM        MM


SUNRISE AND SUNSET
AUGUST 24 2016........SUNRISE   559 AM PDT   SUNSET   745 PM PDT
AUGUST 25 2016........SUNRISE   600 AM PDT   SUNSET   743 PM PDT


-  INDICATES NEGATIVE NUMBERS.
R  INDICATES RECORD WAS SET OR TIED.
MM INDICATES DATA IS MISSING.
T  INDICATES TRACE AMOUNT.




$$
