000
CDUS46 KOTX 270834
CLIOTX


CLIMATE REPORT
NATIONAL WEATHER SERVICE SPOKANE, WA
1234 AM PST THU NOV 27 2014


...................................

...THE SPOKANE  WA WFO CLIMATE SUMMARY FOR NOVEMBER 26 2014...

CLIMATE NORMAL PERIOD 1981 TO 2010
CLIMATE RECORD PERIOD 1881 TO 2014


WEATHER ITEM   OBSERVED TIME   RECORD YEAR NORMAL DEPARTURE LAST
                VALUE   (LST)  VALUE       VALUE  FROM      YEAR
                                                  NORMAL
..................................................................
TEMPERATURE (F)
 YESTERDAY
  MAXIMUM         42        MM  MM      MM  36      6       38
  MINIMUM         32        MM  MM      MM  25      7       19
  AVERAGE         37                        30      7       29

PRECIPITATION (IN)
  YESTERDAY        0.02         MM      MM   0.08  -0.06     0.00
  MONTH TO DATE    1.48                      1.87  -0.39     1.60
  SINCE OCT 1      2.76                      3.16  -0.40     1.77
  SINCE JAN 1     14.73                     14.21   0.52    12.23

SNOWFALL (IN)
  YESTERDAY        T            MM      MM   0.5   -0.5      0.0
  MONTH TO DATE    0.5                       6.0   -5.5      2.7
  SINCE SEP 1      0.5                       6.1   -5.6      2.7
  SINCE JUL 1      0.5                       6.1   -5.6      2.7
  SNOW DEPTH       0

DEGREE DAYS
 HEATING
  YESTERDAY       28                        35     -7       36
  MONTH TO DATE  844                       783     61      800
  SINCE SEP 1   1430                      1628   -198     1677
  SINCE JUL 1   1457                      1739   -282     1703

 COOLING
  YESTERDAY        0                         0      0        0
  MONTH TO DATE    0                         0      0        0
  SINCE SEP 1     11                        16     -5       67
  SINCE JAN 1    408                       249    159      383
..................................................................


WIND (MPH)
  HIGHEST WIND SPEED    MM   HIGHEST WIND DIRECTION    MM
  HIGHEST GUST SPEED     0   HIGHEST GUST DIRECTION     N (0)
  AVERAGE WIND SPEED    MM


SKY COVER
  POSSIBLE SUNSHINE  MM
  AVERAGE SKY COVER 0.0


WEATHER CONDITIONS
 THE FOLLOWING WEATHER WAS RECORDED YESTERDAY.
  LIGHT RAIN
  LIGHT SNOW


RELATIVE HUMIDITY (PERCENT)
 HIGHEST     0          1200 AM
 LOWEST      0          1200 AM
 AVERAGE     0

..........................................................


THE SPOKANE  WA WFO CLIMATE NORMALS FOR TODAY
                         NORMAL    RECORD    YEAR
 MAXIMUM TEMPERATURE (F)   36        MM        MM
 MINIMUM TEMPERATURE (F)   24        MM        MM


SUNRISE AND SUNSET
NOVEMBER 27 2014......SUNRISE   713 AM PST   SUNSET   403 PM PST
NOVEMBER 28 2014......SUNRISE   714 AM PST   SUNSET   402 PM PST


-  INDICATES NEGATIVE NUMBERS.
R  INDICATES RECORD WAS SET OR TIED.
MM INDICATES DATA IS MISSING.
T  INDICATES TRACE AMOUNT.




$$
