171
CDAK49 PAFG 270954
CLIOTZ

CLIMATE REPORT
NATIONAL WEATHER SERVICE FAIRBANKS AK
1254 AM AKST MON FEB 27 2017


...................................

...THE KOTZEBUE AK CLIMATE SUMMARY FOR FEBRUARY 26 2017...

CLIMATE NORMAL PERIOD 1981 TO 2010
CLIMATE RECORD PERIOD 1920 TO 2017


WEATHER ITEM   OBSERVED TIME   RECORD YEAR NORMAL DEPARTURE LAST
                VALUE   (LST)  VALUE       VALUE  FROM      YEAR
                                                  NORMAL
..................................................................
TEMPERATURE (F)
 YESTERDAY
  MAXIMUM         34   1011 AM  35    2015   8     26       26
                                      1947
  MINIMUM         12   1159 PM -41    1956  -7     19        9
  AVERAGE         23                         0     23       18

PRECIPITATION (IN)
  YESTERDAY        0.01          0.14 2009   0.02  -0.01     0.03
  MONTH TO DATE    1.04                      0.61   0.43     0.33
  SINCE DEC 1      2.33                      1.99   0.34     1.17
  SINCE JAN 1      1.59                      1.23   0.36     0.71

SNOWFALL (IN)
  YESTERDAY        0.2           2.0  1939   0.4   -0.2     MM
  MONTH TO DATE   19.2                       8.9   10.3      3.4
  SINCE DEC 1     44.6                      29.5   15.1      6.6
  SINCE JUL 1     50.2                      46.9    3.3     20.0
  SNOW DEPTH      45

DEGREE DAYS
 HEATING
  YESTERDAY       42                        65    -23       47
  MONTH TO DATE 1664                      1713    -49     1391
  SINCE DEC 1   5420                      5759   -339     4915
  SINCE JUL 1   9033                     10117  -1084     8634

 COOLING
  YESTERDAY        0                         0      0        0
  MONTH TO DATE    0                         0      0        0
  SINCE DEC 1      0                         0      0        0
  SINCE JAN 1      0                         0      0        0
..................................................................


WIND (MPH)
  HIGHEST GUST SPEED    36   HIGHEST GUST DIRECTION    SW (230)


SKY COVER
  AVERAGE SKY COVER 1.0


WEATHER CONDITIONS
 THE FOLLOWING WEATHER WAS RECORDED YESTERDAY.
  LIGHT SNOW
  FOG
  HAZE


RELATIVE HUMIDITY (PERCENT)
 HIGHEST    92
 LOWEST     61
 AVERAGE    77

..........................................................


THE KOTZEBUE AK CLIMATE NORMALS FOR TODAY
                         NORMAL    RECORD    YEAR
 MAXIMUM TEMPERATURE (F)    8        35      1945
 MINIMUM TEMPERATURE (F)   -7       -42      1956


SUNRISE AND SUNSET
FEBRUARY 27 2017......SUNRISE   912 AM AKST  SUNSET   656 PM AKST
FEBRUARY 28 2017......SUNRISE   908 AM AKST  SUNSET   700 PM AKST

-  INDICATES NEGATIVE NUMBERS.
R  INDICATES RECORD WAS SET OR TIED.
MM INDICATES DATA IS MISSING.
T  INDICATES TRACE AMOUNT.

&&

SNOW DEPTH IS MEASURED AT 3AM AKST/4AM AKDT.

----------------------------
AVAILABLE DAYLIGHT

AMOUNT OF DAYLIGHT TODAY  (HOUR:MIN)........9:44
GAIN/LOSS SINCE YESTERDAY (HOUR:MIN:SEC)....+0:07:32

$$
CCC FEB 17
