000
CDAK49 PAOT 010040
CLIOTZ

CLIMATE REPORT
NATIONAL WEATHER SERVICE KOTZEBUE, AK
440 PM AKDT THU JUL 31 2014

...................................
...THE KOTZEBUE WSO AP CLIMATE SUMMARY FOR JULY 31 2014...
VALID TODAY AS OF 2:00 PM LOCAL TIME

CLIMATE NORMAL PERIOD  1981 TO  2010
CLIMATE RECORD PERIOD  1897 TO  2014

WEATHER ITEM   OBSERVED TIME    RECORD YEAR NORMAL DEPARTURE LAST
               VALUE    (LST)   VALUE       VALUE  FROM      YEAR
                                                   NORMAL
...................................................................
TEMPERATURE
TODAY
 MAXIMUM            57  0112 AM    74  1903     59      -2     67
 MINIMUM            54  1003 AM    33  1936     50       4     54
 AVERAGE            56                          54       2     61

PRECIPITATION
(INCHES)
 TODAY            0.01           0.46  1960   0.07   -0.06      T
 MONTH TO DATE    2.59                        1.45    1.14   1.28
 SINCE JUN 1      2.97                        2.03    0.94   2.19
 SINCE JAN 1      5.23                        4.70    0.53   5.79

SNOWFALL
(INCHES)
 TODAY             0.0            0.0  2014    0.0     0.0    0.0
 MONTH TO DATE     0.0                         0.0     0.0    0.0
 SINCE JUN 1       0.0                         0.0     0.0    0.0
 SINCE JUL 1       0.0                         0.0     0.0    0.0
 SNOW DEPTH (IN)     0                                          0

DEGREE DAYS
 HEATING
  TODAY              9                          11      -2      4
  MONTH TO DATE    353                         326      27    262
  SINCE JUN 1      970                         907      63    687
  SINCE JUL 1      353                         326      27    262

 COOLING
  TODAY              0                           0       0      0
  MONTH TO DATE      8                           0       8      5
  SINCE JUN 1        8                           0       8     13
  SINCE JAN 1        8                           0       8     13
...................................................................

WIND (MPH)
 HIGHEST WIND SPEED    12     HIGHEST WIND DIRECTION    160
 HIGHEST GUST SPEED    14     HIGHEST GUST DIRECTION    160
 AVERAGE WIND SPEED    MM

SKY COVER
  POSSIBLE SUNSHINE  MM            AVERAGE SKY COVER MM

WEATHER CONDITIONS
 THE FOLLOWING WEATHER WAS RECORDED TODAY.
FOG
RAIN


RELATIVE HUMIDITY
 HIGHEST RH     MM PERCENT       MM
 LOWEST  RH     MM PERCENT       MM
 AVERAGE RH     MM PERCENT       MM
...................................................................

THE KOTZEBUE CLIMATE NORMALS FOR TOMORROW
                        NORMAL    RECORD   YEAR
 MAXIMUM TEMPERATURE      59        71     2010
 MINIMUM TEMPERATURE      50        34     1931

SUNRISE AND SUNSET
 JUL 31 2014..........SUNRISE  5:21 AM      SUNSET 12:30 AM
 AUG 1 2014..........SUNRISE  5:26 AM      SUNSET 12:25 AM

-  INDICATES NEGATIVE NUMBERS.
R  INDICATES RECORD HAS BEEN SET OR TIED.
MM INDICATES DATA IS MISSING.
T  INDICATES TRACE OF PRECIPITATION.

&&
-------------------------------------------------------------------

AMOUNT OF DAYLIGHT TODAY  (HOUR:MIN)........19 HOURS 9 MINUTES
GAIN/LOSS SINCE YESTERDAY (HOUR:MIN:SEC)....-0:08:51

$$
EWH JUL 14
