000
CDAK49 PAOT 281244
CLIOTZ

CLIMATE REPORT
NATIONAL WEATHER SERVICE KOTZEBUE, AK
444 AM AKDT THU JUL 28 2016

...................................
...THE KOTZEBUE WSO AP CLIMATE SUMMARY FOR JULY 27 2016...

CLIMATE NORMAL PERIOD  1981 TO  2010
CLIMATE RECORD PERIOD  1897 TO  2016

WEATHER ITEM   OBSERVED TIME    RECORD YEAR NORMAL DEPARTURE LAST
               VALUE    (LST)   VALUE       VALUE  FROM      YEAR
                                                   NORMAL
...................................................................
TEMPERATURE
YESTERDAY
 MAXIMUM            61  1239 AM    75  1903     59       2     56
 MINIMUM            53  1205 PM    34  2000     51       2     48
 AVERAGE            57                          55       2     52

PRECIPITATION
(INCHES)
 YESTERDAY        0.19           1.30  1931   0.06    0.13      T
 MONTH TO DATE    1.42                        1.19    0.23   0.28
 SINCE JUN 1      1.67                        1.77   -0.10   0.49
 SINCE JAN 1      3.78                        4.44   -0.66   3.00

SNOWFALL
(INCHES)
 YESTERDAY         0.0              T  2000    0.0     0.0    0.0
 MONTH TO DATE     0.0                         0.0     0.0    0.0
 SINCE JUN 1       0.0                         0.0     0.0    0.0
 SINCE JUL 1       0.0                         0.0     0.0    0.0
 SNOW DEPTH (IN)     0                                          0

DEGREE DAYS
 HEATING
  YESTERDAY          8                          10      -2     13
  MONTH TO DATE    196                         285     -89    159
  SINCE JUN 1      600                         866    -266    568
  SINCE JUL 1      196                         285     -89    159

 COOLING
  YESTERDAY          0                           0       0      0
  MONTH TO DATE      5                           0       5     10
  SINCE JUN 1        5                           0       5     14
  SINCE JAN 1        5                           0       5     14
...................................................................

WIND (MPH)
 HIGHEST WIND SPEED    26     HIGHEST WIND DIRECTION    260
 HIGHEST GUST SPEED    30     HIGHEST GUST DIRECTION    260
 AVERAGE WIND SPEED  11.0

SKY COVER
  POSSIBLE SUNSHINE    MM          AVERAGE SKY COVER     MM

WEATHER CONDITIONS
 THE FOLLOWING WEATHER WAS RECORDED YESTERDAY.
  FOG
RAIN


RELATIVE HUMIDITY
 HIGHEST RH     MM PERCENT       MM
 LOWEST  RH     MM PERCENT       MM
 AVERAGE RH     MM PERCENT       MM
...................................................................

THE KOTZEBUE CLIMATE NORMALS FOR TODAY
                           NORMAL    RECORD   YEAR
 MAXIMUM TEMPERATURE (F)     59        76     1903
 MINIMUM TEMPERATURE (F)     51        36     2000

SUNRISE AND SUNSET
 JUL 28 2016..........SUNRISE  5:10 AM      SUNSET 12:41 AM
 JUL 29 2016..........SUNRISE  5:15 AM      SUNSET 12:36 AM

-  INDICATES NEGATIVE NUMBERS.
R  INDICATES RECORD HAS BEEN SET OR TIED.
MM INDICATES DATA IS MISSING.
T  INDICATES TRACE OF PRECIPITATION.

&&
-------------------------------------------------------------------

AMOUNT OF DAYLIGHT TODAY  (HOUR:MIN)........19 HOURS 31 MINUTES
LOSS SINCE YESTERDAY  (HOUR:MIN:SEC)........-0:09:05

$$
SV JUL 16
