000
CDAK49 PAOT 251302
CLIOTZ

CLIMATE REPORT
NATIONAL WEATHER SERVICE KOTZEBUE, AK
402 AM AKST THU DEC 25 2014

...................................
...THE KOTZEBUE WSO AP CLIMATE SUMMARY FOR DECEMBER 24 2014...

CLIMATE NORMAL PERIOD  1981 TO  2010
CLIMATE RECORD PERIOD  1897 TO  2014

WEATHER ITEM   OBSERVED TIME    RECORD YEAR NORMAL DEPARTURE LAST
               VALUE    (LST)   VALUE       VALUE  FROM      YEAR
                                                   NORMAL
...................................................................
TEMPERATURE
YESTERDAY
 MAXIMUM            -1  1120 PM    33  1983      7      -8    -13
 MINIMUM           -15  0221 AM   -41  1957     -6      -9    -24
 AVERAGE            -8                           1      -9    -19

PRECIPITATION
(INCHES)
 YESTERDAY        0.00           0.21  1960   0.03   -0.03   0.00
 MONTH TO DATE    0.09                        0.60   -0.51   0.76
 SINCE DEC 1      0.09                        0.60   -0.51   0.76
 SINCE JAN 1      9.35                       10.84   -1.49  12.07

SNOWFALL
(INCHES)
 YESTERDAY         0.0            4.3  1960    0.4    -0.4    0.0
 MONTH TO DATE     1.0                         9.1    -8.1    7.1
 SINCE DEC 1       1.0                         9.1    -8.1    7.1
 SINCE JUL 1       5.7                        26.5   -20.8   18.8
 SNOW DEPTH (IN)     2                                          7

DEGREE DAYS
 HEATING
  YESTERDAY         73                          64       9     84
  MONTH TO DATE   1407                        1487     -80   1329
  SINCE DEC 1     1404                        1487     -83   1325
  SINCE JUL 1     5079                        5846    -767   5209

 COOLING
  YESTERDAY          0                           0       0      0
  MONTH TO DATE      0                           0       0      0
  SINCE DEC 1        0                           0       0      0
  SINCE JAN 1       19                           0      19     13
...................................................................

WIND (MPH)
 HIGHEST WIND SPEED    13     HIGHEST WIND DIRECTION    360
 HIGHEST GUST SPEED    14     HIGHEST GUST DIRECTION    350
 AVERAGE WIND SPEED   7.2

SKY COVER
  POSSIBLE SUNSHINE    MM          AVERAGE SKY COVER     MM

WEATHER CONDITIONS
 THE FOLLOWING WEATHER WAS RECORDED YESTERDAY.
 NO SIGNIFICANT WEATHER WAS OBSERVED.

RELATIVE HUMIDITY
 HIGHEST RH     MM PERCENT       MM
 LOWEST  RH     MM PERCENT       MM
 AVERAGE RH     MM PERCENT       MM
...................................................................

THE KOTZEBUE CLIMATE NORMALS FOR TODAY
                           NORMAL    RECORD   YEAR
 MAXIMUM TEMPERATURE (F)      7        32     1971
 MINIMUM TEMPERATURE (F)     -6       -43     1961

SUNRISE AND SUNSET
 DEC 25 2014..........SUNRISE 12:57 PM      SUNSET  2:46 PM
 DEC 26 2014..........SUNRISE 12:56 PM      SUNSET  2:48 PM

-  INDICATES NEGATIVE NUMBERS.
R  INDICATES RECORD HAS BEEN SET OR TIED.
MM INDICATES DATA IS MISSING.
T  INDICATES TRACE OF PRECIPITATION.

&&
-------------------------------------------------------------------

AMOUNT OF DAYLIGHT TODAY  (HOUR:MIN)........1 HOURS 49 MINUTES
GAIN/LOSS SINCE YESTERDAY (HOUR:MIN:SEC)....+0:02:37

$$


DEC 14
