000
CDAK49 PAOT 021200
CLIOTZ

CLIMATE REPORT
NATIONAL WEATHER SERVICE KOTZEBUE, AK
400 AM AKDT TUE JUN 2 2015

...................................
...THE KOTZEBUE WSO AP CLIMATE SUMMARY FOR JUNE 1 2015...

CLIMATE NORMAL PERIOD  1981 TO  2010
CLIMATE RECORD PERIOD  1897 TO  2015

WEATHER ITEM   OBSERVED TIME    RECORD YEAR NORMAL DEPARTURE LAST
               VALUE    (LST)   VALUE       VALUE  FROM      YEAR
                                                   NORMAL
...................................................................
TEMPERATURE
YESTERDAY
 MAXIMUM            61  0641 PM    66  1981     45      16     38
 MINIMUM            41  0414 AM    22  1903     34       7     33
 AVERAGE            51                          39      12     36

PRECIPITATION
(INCHES)
 YESTERDAY        0.00           0.27  1982   0.01   -0.01      T
 MONTH TO DATE    0.00                        0.01   -0.01      T
 SINCE JUN 1      0.00                        0.01   -0.01   0.00
 SINCE JAN 1      2.51                        2.68   -0.17   2.26

SNOWFALL
(INCHES)
 YESTERDAY         0.0            0.3  1960    0.0     0.0      T
 MONTH TO DATE     0.0                         0.0     0.0      T
 SINCE JUN 1       0.0                         0.0     0.0    0.0
 SINCE JUL 1      24.7                        59.8   -35.1   32.2
 SNOW DEPTH (IN)     0                                          0

DEGREE DAYS
 HEATING
  YESTERDAY         14                          26     -12     29
  MONTH TO DATE     14                          26     -12     29
  SINCE JUN 1       14                          26     -12     29
  SINCE JUL 1    13150                       14832   -1682  12913

 COOLING
  YESTERDAY          0                           0       0      0
  MONTH TO DATE      0                           0       0      0
  SINCE JUN 1        0                           0       0      0
  SINCE JAN 1        0                           0       0      0
...................................................................

WIND (MPH)
 HIGHEST WIND SPEED    24     HIGHEST WIND DIRECTION     70
 HIGHEST GUST SPEED    30     HIGHEST GUST DIRECTION     80
 AVERAGE WIND SPEED  14.4

SKY COVER
  POSSIBLE SUNSHINE    MM          AVERAGE SKY COVER     MM

WEATHER CONDITIONS
 THE FOLLOWING WEATHER WAS RECORDED YESTERDAY.
  NONE.

RELATIVE HUMIDITY
 HIGHEST RH     MM PERCENT       MM
 LOWEST  RH     MM PERCENT       MM
 AVERAGE RH     MM PERCENT       MM
...................................................................

THE KOTZEBUE CLIMATE NORMALS FOR TODAY
                           NORMAL    RECORD   YEAR
 MAXIMUM TEMPERATURE (F)     45        72     1979
 MINIMUM TEMPERATURE (F)     34        22     1903

SUNRISE AND SUNSET
 JUN 2 2015..........SUNRISE  3:12 AM      SUNSET **.**
 JUN 3 2015..........SUNRISE  **.**        SUNSET **.**

-  INDICATES NEGATIVE NUMBERS.
R  INDICATES RECORD HAS BEEN SET OR TIED.
MM INDICATES DATA IS MISSING.
T  INDICATES TRACE OF PRECIPITATION.

&&
-------------------------------------------------------------------

AMOUNT OF DAYLIGHT TODAY  (HOUR:MIN)........20 HOURS 48 MINUTES
GAIN SINCE YESTERDAY (HOUR:MIN:SEC).........+0:22:53

$$
DT JUN 15
