000
CDAK49 PAFG 181023
CLIOTZ

CLIMATE REPORT
NATIONAL WEATHER SERVICE FAIRBANKS AK
223 AM AKDT WED OCT 18 2017


...................................

...THE KOTZEBUE AK CLIMATE SUMMARY FOR OCTOBER 17 2017...

CLIMATE NORMAL PERIOD 1981 TO 2010
CLIMATE RECORD PERIOD 1920 TO 2017


WEATHER ITEM   OBSERVED TIME   RECORD YEAR NORMAL DEPARTURE LAST
                VALUE   (LST)  VALUE       VALUE  FROM      YEAR
                                                  NORMAL
..................................................................
TEMPERATURE (F)
 YESTERDAY
  MAXIMUM         32    123 AM  43    2013  28      4       33
  MINIMUM         25    944 AM   2    1997  19      6       23
                                      1955
  AVERAGE         29                        24      5       28

PRECIPITATION (IN)
  YESTERDAY        0.00          0.25 1972   0.03  -0.03     0.00
  MONTH TO DATE    1.33                      0.66   0.67     0.04
  SINCE SEP 1      2.95                      2.24   0.71     2.06
  SINCE JAN 1      9.41                      9.12   0.29     7.80

SNOWFALL (IN)
  YESTERDAY        0.0           2.6  1973   0.2   -0.2      0.0
  MONTH TO DATE    0.7                       2.7   -2.0      0.0
  SINCE SEP 1      0.7                       3.5   -2.8      0.2
  SINCE JUL 1      0.7                       3.5   -2.8      0.2
  SNOW DEPTH       0

DEGREE DAYS
 HEATING
  YESTERDAY       36                        42     -6       37
  MONTH TO DATE  454                       618   -164      427
  SINCE SEP 1   1100                      1299   -199     1046
  SINCE JUL 1   1787                      2037   -250     1538

 COOLING
  YESTERDAY        0                         0      0        0
  MONTH TO DATE    0                         0      0        0
  SINCE SEP 1      0                         0      0        0
  SINCE JAN 1      1                         5     -4        5
..................................................................


WIND (MPH)
  HIGHEST GUST SPEED    21   HIGHEST GUST DIRECTION     N (350)


SKY COVER
  AVERAGE SKY COVER 0.6


WEATHER CONDITIONS
 THE FOLLOWING WEATHER WAS RECORDED YESTERDAY.
  NO SIGNIFICANT WEATHER WAS OBSERVED.


RELATIVE HUMIDITY (PERCENT)
 HIGHEST   100
 LOWEST     69
 AVERAGE    85

..........................................................


THE KOTZEBUE AK CLIMATE NORMALS FOR TODAY
                         NORMAL    RECORD    YEAR
 MAXIMUM TEMPERATURE (F)   27        41      2013
 MINIMUM TEMPERATURE (F)   19        -2      1997
                                             1955


SUNRISE AND SUNSET
OCTOBER 18 2017.......SUNRISE  1003 AM AKDT  SUNSET   708 PM AKDT
OCTOBER 19 2017.......SUNRISE  1006 AM AKDT  SUNSET   704 PM AKDT

-  INDICATES NEGATIVE NUMBERS.
R  INDICATES RECORD WAS SET OR TIED.
MM INDICATES DATA IS MISSING.
T  INDICATES TRACE AMOUNT.

&&

SNOW DEPTH IS MEASURED AT 3AM AKST/4AM AKDT.

----------------------------
AVAILABLE DAYLIGHT

AMOUNT OF DAYLIGHT TODAY  (HOUR:MIN)........9:05
GAIN/LOSS SINCE YESTERDAY (HOUR:MIN:SEC)....-0:07:29

$$
OCT 17
