897
CDUS43 KDDC 191425
CLIP28


CLIMATE REPORT
NATIONAL WEATHER SERVICE DODGE CITY KS
925 AM CDT SAT AUG 19 2017


...................................

...THE MEDICINE LODGE KS CLIMATE SUMMARY FOR AUGUST 19 2017...
VALID AS OF 0800 AM LOCAL TIME.

CLIMATE NORMAL PERIOD 1981 TO 2010
CLIMATE RECORD PERIOD 1893 TO 2017


WEATHER ITEM   OBSERVED TIME   RECORD YEAR NORMAL DEPARTURE LAST
                VALUE   (LST)  VALUE       VALUE  FROM      YEAR
                                                  NORMAL
..................................................................
TEMPERATURE (F)
 TODAY
  MAXIMUM         78   1254 AM 109    1899  92    -14       94
  MINIMUM         68    605 AM  52    1956  68      0       68
  AVERAGE         73                        80     -7       81

PRECIPITATION (IN)
  TODAY            0.00          2.22 1961   0.11  -0.11     0.00
  MONTH TO DATE    3.39                      1.83   1.56     4.63
  SINCE JUN 1      6.36                      9.32  -2.96     9.12
  SINCE JAN 1     21.91                     19.06   2.85    17.90

..................................................................


WIND (MPH)
  HIGHEST WIND SPEED     7   HIGHEST WIND DIRECTION    SE (130)
  HIGHEST GUST SPEED     8   HIGHEST GUST DIRECTION    SE (130)



WEATHER CONDITIONS
 THE FOLLOWING WEATHER WAS RECORDED TODAY.
  NO SIGNIFICANT WEATHER WAS OBSERVED.


RELATIVE HUMIDITY (PERCENT)
 HIGHEST    93           400 AM
 LOWEST     74          1200 AM

..........................................................


THE MEDICINE LODGE KS CLIMATE NORMALS FOR TOMORROW
                         NORMAL    RECORD    YEAR
 MAXIMUM TEMPERATURE (F)   92       110      1896
 MINIMUM TEMPERATURE (F)   68        48      1950


SUNRISE AND SUNSET
AUGUST 19 2017........SUNRISE   654 AM CDT   SUNSET   821 PM CDT
AUGUST 20 2017........SUNRISE   655 AM CDT   SUNSET   819 PM CDT


-  INDICATES NEGATIVE NUMBERS.
R  INDICATES RECORD WAS SET OR TIED.
MM INDICATES DATA IS MISSING.
T  INDICATES TRACE AMOUNT.




$$
