000
CDUS43 KDDC 241445
CLIP28


CLIMATE REPORT
NATIONAL WEATHER SERVICE DODGE CITY KS
845 AM CST MON NOV 24 2014


...................................

...THE MEDICINE LODGE KS CLIMATE SUMMARY FOR NOVEMBER 24 2014...
VALID AS OF 0800 AM LOCAL TIME.

CLIMATE NORMAL PERIOD 1981 TO 2010
CLIMATE RECORD PERIOD 1893 TO 2014


WEATHER ITEM   OBSERVED TIME   RECORD YEAR NORMAL DEPARTURE LAST
                VALUE   (LST)  VALUE       VALUE  FROM      YEAR
                                                  NORMAL
..................................................................
TEMPERATURE (F)
 TODAY
  MAXIMUM         39    140 AM  82    1990  54    -15       27
  MINIMUM         33    755 AM   5    1938  29      4       22
  AVERAGE         36                        41     -5       25

PRECIPITATION (IN)
  TODAY            0.00          0.65 1944   0.02  -0.02     0.00
  MONTH TO DATE    0.30                      0.80  -0.50     0.67
  SINCE SEP 1      1.85                      5.74  -3.89     3.59
  SINCE JAN 1     19.36                     26.09  -6.73    25.23

..................................................................


WIND (MPH)
  HIGHEST WIND SPEED    17   HIGHEST WIND DIRECTION    NW (320)
  HIGHEST GUST SPEED    25   HIGHEST GUST DIRECTION    NW (320)



WEATHER CONDITIONS
 THE FOLLOWING WEATHER WAS RECORDED TODAY.
  NO SIGNIFICANT WEATHER WAS OBSERVED.


RELATIVE HUMIDITY (PERCENT)
 HIGHEST    56

..........................................................


THE MEDICINE LODGE KS CLIMATE NORMALS FOR TOMORROW
                         NORMAL    RECORD    YEAR
 MAXIMUM TEMPERATURE (F)   53        83      1910
 MINIMUM TEMPERATURE (F)   29        11      1993


SUNRISE AND SUNSET
NOVEMBER 24 2014......SUNRISE   723 AM CST   SUNSET   519 PM CST
NOVEMBER 25 2014......SUNRISE   724 AM CST   SUNSET   519 PM CST


-  INDICATES NEGATIVE NUMBERS.
R  INDICATES RECORD WAS SET OR TIED.
MM INDICATES DATA IS MISSING.
T  INDICATES TRACE AMOUNT.




$$
