000
CDUS43 KDDC 221008
CLIP28


CLIMATE REPORT
NATIONAL WEATHER SERVICE DODGE CITY KS
407 AM CST MON DEC 22 2014


...................................

...THE MEDICINE LODGE KS CLIMATE SUMMARY FOR DECEMBER 21 2014...

CLIMATE NORMAL PERIOD 1981 TO 2010
CLIMATE RECORD PERIOD 1893 TO 2014


WEATHER ITEM   OBSERVED TIME   RECORD YEAR NORMAL DEPARTURE LAST
                VALUE   (LST)  VALUE       VALUE  FROM      YEAR
                                                  NORMAL
..................................................................
TEMPERATURE (F)
 YESTERDAY
  MAXIMUM         45    905 PM  73    1933  45      0       27
  MINIMUM         37   1236 AM  -6    1983  22     15       23
  AVERAGE         41                        33      8       25

PRECIPITATION (IN)
  YESTERDAY        0.01          0.72 1949   0.03  -0.02     0.49
  MONTH TO DATE    0.80                      0.65   0.15     0.50
  SINCE DEC 1      0.80                      0.65   0.15     0.50
  SINCE JAN 1     20.16                     26.87  -6.71    25.73

SNOWFALL (IN)
  YESTERDAY        0.0          MM      MM   0.1             5.0
  MONTH TO DATE    0.0                       2.0             5.0
  SINCE DEC 1      0.0                       2.0             5.0
  SINCE JUL 1      2.5                       2.2             6.5
  SNOW DEPTH       0

DEGREE DAYS
 HEATING
  YESTERDAY       24                        32     -8       40
  MONTH TO DATE  526                       621    -95      700
  SINCE DEC 1    526                       621    -95      700
  SINCE JUL 1   1431                      1479    -48     1638

 COOLING
  YESTERDAY        0                         0      0        0
  MONTH TO DATE    0                         0      0        0
  SINCE DEC 1      0                         0      0        0
  SINCE JAN 1   1802                      1770     32     1786
..................................................................


WIND (MPH)
  HIGHEST WIND SPEED    16   HIGHEST WIND DIRECTION     S (170)
  HIGHEST GUST SPEED    22   HIGHEST GUST DIRECTION     S (180)
  AVERAGE WIND SPEED    10.0




RELATIVE HUMIDITY (PERCENT)
 HIGHEST   100           100 AM
 LOWEST     92          1200 AM
 AVERAGE    96

..........................................................


THE MEDICINE LODGE KS CLIMATE NORMALS FOR TODAY
                         NORMAL    RECORD    YEAR
 MAXIMUM TEMPERATURE (F)   45        74      1915
 MINIMUM TEMPERATURE (F)   22       -15      1989


SUNRISE AND SUNSET
DECEMBER 22 2014......SUNRISE   745 AM CST   SUNSET   521 PM CST
DECEMBER 23 2014......SUNRISE   746 AM CST   SUNSET   521 PM CST


-  INDICATES NEGATIVE NUMBERS.
R  INDICATES RECORD WAS SET OR TIED.
MM INDICATES DATA IS MISSING.
T  INDICATES TRACE AMOUNT.




$$
