000
CDUS43 KDDC 192326
CLIP28


CLIMATE REPORT
NATIONAL WEATHER SERVICE DODGE CITY KS
625 PM CDT THU OCT 19 2017


...................................

...THE MEDICINE LODGE KS CLIMATE SUMMARY FOR OCTOBER 19 2017...
VALID TODAY AS OF 0500 PM LOCAL TIME.

CLIMATE NORMAL PERIOD 1981 TO 2010
CLIMATE RECORD PERIOD 1893 TO 2017


WEATHER ITEM   OBSERVED TIME   RECORD YEAR NORMAL DEPARTURE LAST
                VALUE   (LST)  VALUE       VALUE  FROM      YEAR
                                                  NORMAL
..................................................................
TEMPERATURE (F)
 TODAY
  MAXIMUM         80    256 PM  91    1943  70     10       78
  MINIMUM         48    320 AM  19    1917  45      3       49
  AVERAGE         64                        58      6       64

PRECIPITATION (IN)
  TODAY            0.00          1.60 1941   0.10  -0.10     0.00
  MONTH TO DATE    1.09                      1.86  -0.77     1.28
  SINCE SEP 1      7.04                      3.96   3.08     8.46
  SINCE JAN 1     29.17                     24.31   4.86    28.89

DEGREE DAYS
 HEATING
  TODAY            1                         8     -7        1
  MONTH TO DATE   67                       110    -43       55
  SINCE SEP 1     79                       144    -65       77
  SINCE JUL 1     79                       144    -65       77

 COOLING
  TODAY            0                         1     -1        0
  MONTH TO DATE   54                        35     19       56
  SINCE SEP 1    295                       255     40      311
  SINCE JAN 1   1654                      1766   -112     1911
..................................................................


WIND (MPH)
  HIGHEST WIND SPEED    18   HIGHEST WIND DIRECTION     S (170)
  HIGHEST GUST SPEED    27   HIGHEST GUST DIRECTION     S (170)
  AVERAGE WIND SPEED     7.7




RELATIVE HUMIDITY (PERCENT)
 HIGHEST    77           200 AM
 LOWEST     28           300 PM
 AVERAGE    53

..........................................................


THE MEDICINE LODGE KS CLIMATE NORMALS FOR TOMORROW
                         NORMAL    RECORD    YEAR
 MAXIMUM TEMPERATURE (F)   70        94      1927
 MINIMUM TEMPERATURE (F)   45        16      1976


SUNRISE AND SUNSET
OCTOBER 19 2017.......SUNRISE   746 AM CDT   SUNSET   652 PM CDT
OCTOBER 20 2017.......SUNRISE   747 AM CDT   SUNSET   650 PM CDT


-  INDICATES NEGATIVE NUMBERS.
R  INDICATES RECORD WAS SET OR TIED.
MM INDICATES DATA IS MISSING.
T  INDICATES TRACE AMOUNT.




$$
