000
CDUS43 KDDC 242327
CLIP28


CLIMATE REPORT
NATIONAL WEATHER SERVICE DODGE CITY KS
626 PM CDT MON APR 24 2017


...................................

...THE MEDICINE LODGE KS CLIMATE SUMMARY FOR APRIL 24 2017...
VALID TODAY AS OF 0500 PM LOCAL TIME.

CLIMATE NORMAL PERIOD 1981 TO 2010
CLIMATE RECORD PERIOD 1893 TO 2017


WEATHER ITEM   OBSERVED TIME   RECORD YEAR NORMAL DEPARTURE LAST
                VALUE   (LST)  VALUE       VALUE  FROM      YEAR
                                                  NORMAL
..................................................................
TEMPERATURE (F)
 TODAY
  MAXIMUM         79    251 PM  94    2012  71      8       82
                                      1989
  MINIMUM         46    539 AM  25    2013  47     -1       56
  AVERAGE         63                        59      4       69

PRECIPITATION (IN)
  TODAY            0.00          2.34 1897   0.10  -0.10     0.00
  MONTH TO DATE    2.32                      1.84   0.48     3.78
  SINCE MAR 1      4.55                      4.10   0.45     4.45
  SINCE JAN 1      8.47                      5.85   2.62     5.34

DEGREE DAYS
 HEATING
  TODAY            2                         7     -5        0
  MONTH TO DATE  170                       253    -83      150
  SINCE MAR 1    614                       821   -207      561
  SINCE JUL 1   3615                      4350   -735     3450

 COOLING
  TODAY            0                         1     -1        4
  MONTH TO DATE   28                        16     12       14
  SINCE MAR 1     40                        18     22       24
  SINCE JAN 1     40                        18     22       24
..................................................................


WIND (MPH)
  HIGHEST WIND SPEED    28   HIGHEST WIND DIRECTION     S (190)
  HIGHEST GUST SPEED    37   HIGHEST GUST DIRECTION     S (190)
  AVERAGE WIND SPEED    16.0




RELATIVE HUMIDITY (PERCENT)
 HIGHEST    71           500 AM
 LOWEST     31           100 PM
 AVERAGE    51

..........................................................


THE MEDICINE LODGE KS CLIMATE NORMALS FOR TOMORROW
                         NORMAL    RECORD    YEAR
 MAXIMUM TEMPERATURE (F)   72        96      2012
 MINIMUM TEMPERATURE (F)   47        29      1910


SUNRISE AND SUNSET
APRIL 24 2017.........SUNRISE   648 AM CDT   SUNSET   818 PM CDT
APRIL 25 2017.........SUNRISE   646 AM CDT   SUNSET   819 PM CDT


-  INDICATES NEGATIVE NUMBERS.
R  INDICATES RECORD WAS SET OR TIED.
MM INDICATES DATA IS MISSING.
T  INDICATES TRACE AMOUNT.




$$
