000
CDUS43 KDDC 280734
CLIP28


CLIMATE REPORT
NATIONAL WEATHER SERVICE DODGE CITY KS
205 AM CDT SAT MAY 28 2016


...................................

...THE MEDICINE LODGE KS CLIMATE SUMMARY FOR MAY 27 2016...

CLIMATE NORMAL PERIOD 1981 TO 2010
CLIMATE RECORD PERIOD 1893 TO 2016


WEATHER ITEM   OBSERVED TIME   RECORD YEAR NORMAL DEPARTURE LAST
                VALUE   (LST)  VALUE       VALUE  FROM      YEAR
                                                  NORMAL
..................................................................
TEMPERATURE (F)
 YESTERDAY
  MAXIMUM         82    344 PM 100    1896  83     -1       83
                                      1953
  MINIMUM         60    622 AM  44    1992  59      1       56
  AVERAGE         71                        71      0       70

PRECIPITATION (IN)
  YESTERDAY        0.00          2.90 1900   0.11  -0.11     0.04
  MONTH TO DATE    1.84                      2.77  -0.93     6.79
  SINCE MAR 1      7.45                      7.46  -0.01    10.65
  SINCE JAN 1      8.34                      9.21  -0.87    11.96

SNOWFALL (IN)
  YESTERDAY        0.0          MM      MM   0.0             0.0
  MONTH TO DATE    0.0                       0.0             0.0
  SINCE MAR 1      1.0                       0.1             0.3
  SINCE JUL 1      2.0                       8.5            13.2
  SNOW DEPTH       0

DEGREE DAYS
 HEATING
  YESTERDAY        0                         1     -1        0
  MONTH TO DATE  109                        69     40      103
  SINCE MAR 1    712                       925   -213      746
  SINCE JUL 1   3601                      4454   -853     4320

 COOLING
  YESTERDAY        6                         7     -1        5
  MONTH TO DATE   79                       104    -25       63
  SINCE MAR 1    115                       128    -13       95
  SINCE JAN 1    115                       128    -13       95
..................................................................


WIND (MPH)
  HIGHEST WIND SPEED    20   HIGHEST WIND DIRECTION    SW (220)
  HIGHEST GUST SPEED    26   HIGHEST GUST DIRECTION    SW (210)
  AVERAGE WIND SPEED     9.8




RELATIVE HUMIDITY (PERCENT)
 HIGHEST    90           100 AM
 LOWEST     35           500 PM
 AVERAGE    63

..........................................................


THE MEDICINE LODGE KS CLIMATE NORMALS FOR TODAY
                         NORMAL    RECORD    YEAR
 MAXIMUM TEMPERATURE (F)   83        98      2006
                                             1959
 MINIMUM TEMPERATURE (F)   59        42      1906


SUNRISE AND SUNSET
MAY 28 2016...........SUNRISE   617 AM CDT   SUNSET   847 PM CDT
MAY 29 2016...........SUNRISE   616 AM CDT   SUNSET   848 PM CDT


-  INDICATES NEGATIVE NUMBERS.
R  INDICATES RECORD WAS SET OR TIED.
MM INDICATES DATA IS MISSING.
T  INDICATES TRACE AMOUNT.




$$
