000
CDUS43 KDDC 261444
CLIP28


CLIMATE REPORT
NATIONAL WEATHER SERVICE DODGE CITY KS
944 AM CDT SAT JUL 26 2014


...................................

...THE MEDICINE LODGE KS CLIMATE SUMMARY FOR JULY 26 2014...
VALID AS OF 0800 AM LOCAL TIME.

CLIMATE NORMAL PERIOD 1981 TO 2010
CLIMATE RECORD PERIOD 1893 TO 2014


WEATHER ITEM   OBSERVED TIME   RECORD YEAR NORMAL DEPARTURE LAST
                VALUE   (LST)  VALUE       VALUE  FROM      YEAR
                                                  NORMAL
..................................................................
TEMPERATURE (F)
 TODAY
  MAXIMUM         82   1222 AM 108    1910  95    -13       85
  MINIMUM         73    635 AM  56    1900  70      3       66
  AVERAGE         78                        83     -5       76

PRECIPITATION (IN)
  TODAY            0.00          1.24 1941   0.09  -0.09     0.33
  MONTH TO DATE    2.48                      2.91  -0.43     2.19
  SINCE JUN 1     10.37                      7.02   3.35     4.41
  SINCE JAN 1     13.26                     16.76  -3.50    14.76

..................................................................


WIND (MPH)
  HIGHEST WIND SPEED    10   HIGHEST WIND DIRECTION     S (170)
  HIGHEST GUST SPEED    12   HIGHEST GUST DIRECTION     S (170)



WEATHER CONDITIONS
 THE FOLLOWING WEATHER WAS RECORDED TODAY.
  NO SIGNIFICANT WEATHER WAS OBSERVED.


RELATIVE HUMIDITY (PERCENT)
 HIGHEST    60

..........................................................


THE MEDICINE LODGE KS CLIMATE NORMALS FOR TOMORROW
                         NORMAL    RECORD    YEAR
 MAXIMUM TEMPERATURE (F)   95       112      2011
 MINIMUM TEMPERATURE (F)   70        54      1994


SUNRISE AND SUNSET
JULY 26 2014..........SUNRISE   634 AM CDT   SUNSET   847 PM CDT
JULY 27 2014..........SUNRISE   635 AM CDT   SUNSET   846 PM CDT


-  INDICATES NEGATIVE NUMBERS.
R  INDICATES RECORD WAS SET OR TIED.
MM INDICATES DATA IS MISSING.
T  INDICATES TRACE AMOUNT.




$$
