000
CDUS43 KDDC 241006
CLIP28


CLIMATE REPORT
NATIONAL WEATHER SERVICE DODGE CITY KS
506 AM CDT SUN MAY 24 2015


...................................

...THE MEDICINE LODGE KS CLIMATE SUMMARY FOR MAY 23 2015...

CLIMATE NORMAL PERIOD 1981 TO 2010
CLIMATE RECORD PERIOD 1893 TO 2015


WEATHER ITEM   OBSERVED TIME   RECORD YEAR NORMAL DEPARTURE LAST
                VALUE   (LST)  VALUE       VALUE  FROM      YEAR
                                                  NORMAL
..................................................................
TEMPERATURE (F)
 YESTERDAY
  MAXIMUM         60    728 PM 102    1939  82    -22       77
  MINIMUM         54    327 AM  38    1917  58     -4       62
  AVERAGE         57                        70    -13       70

PRECIPITATION (IN)
  YESTERDAY        1.72          2.22 1977   0.11   1.61     0.01
  MONTH TO DATE    6.69                      2.33   4.36     0.09
  SINCE MAR 1     10.55                      7.02   3.53     1.21
  SINCE JAN 1     11.86                      8.77   3.09     2.16

SNOWFALL (IN)
  YESTERDAY        0.0          MM      MM   0.0             0.0
  MONTH TO DATE    0.0                       0.0             0.0
  SINCE MAR 1      0.3                       0.1             5.5
  SINCE JUL 1     13.2                       8.5            28.5
  SNOW DEPTH       0

DEGREE DAYS
 HEATING
  YESTERDAY        8                         1      7        0
  MONTH TO DATE  101                        65     36       84
  SINCE MAR 1    744                       921   -177     1072
  SINCE JUL 1   4318                      4450   -132     5023

 COOLING
  YESTERDAY        0                         6     -6        5
  MONTH TO DATE   49                        79    -30      166
  SINCE MAR 1     81                       103    -22      195
  SINCE JAN 1     81                       103    -22      195
..................................................................


WIND (MPH)
  HIGHEST WIND SPEED    22   HIGHEST WIND DIRECTION     E (90)
  HIGHEST GUST SPEED    30   HIGHEST GUST DIRECTION     E (80)
  AVERAGE WIND SPEED     8.7




RELATIVE HUMIDITY (PERCENT)
 HIGHEST   100          1200 AM
 LOWEST     93           100 PM
 AVERAGE    97

..........................................................


THE MEDICINE LODGE KS CLIMATE NORMALS FOR TODAY
                         NORMAL    RECORD    YEAR
 MAXIMUM TEMPERATURE (F)   82       103      1896
                                             1996
 MINIMUM TEMPERATURE (F)   58        41      1979


SUNRISE AND SUNSET
MAY 24 2015...........SUNRISE   619 AM CDT   SUNSET   843 PM CDT
MAY 25 2015...........SUNRISE   619 AM CDT   SUNSET   844 PM CDT


-  INDICATES NEGATIVE NUMBERS.
R  INDICATES RECORD WAS SET OR TIED.
MM INDICATES DATA IS MISSING.
T  INDICATES TRACE AMOUNT.




$$
