000
CDUS43 KDDC 282343
CLIP28


CLIMATE REPORT
NATIONAL WEATHER SERVICE DODGE CITY KS
541 PM CST FRI NOV 28 2014


...................................

...THE MEDICINE LODGE KS CLIMATE SUMMARY FOR NOVEMBER 28 2014...
VALID TODAY AS OF 0500 PM LOCAL TIME.

CLIMATE NORMAL PERIOD 1981 TO 2010
CLIMATE RECORD PERIOD 1893 TO 2014


WEATHER ITEM   OBSERVED TIME   RECORD YEAR NORMAL DEPARTURE LAST
                VALUE   (LST)  VALUE       VALUE  FROM      YEAR
                                                  NORMAL
..................................................................
TEMPERATURE (F)
 TODAY
  MAXIMUM         64    319 PM  76    1949  52     12       49
  MINIMUM         28    707 AM   4    1976  27      1       21
  AVERAGE         46                        40      6       35

PRECIPITATION (IN)
  TODAY            0.00          1.85 1948   0.02  -0.02     0.00
  MONTH TO DATE    0.30                      0.89  -0.59     0.67
  SINCE SEP 1      1.85                      5.83  -3.98     3.59
  SINCE JAN 1     19.36                     26.18  -6.82    25.23

DEGREE DAYS
 HEATING
  TODAY           19                        25     -6       30
  MONTH TO DATE  684                       535    149      605
  SINCE SEP 1    858                       804     54      892
  SINCE JUL 1    863                       804     59      892

 COOLING
  TODAY            0                         0      0        0
  MONTH TO DATE    0                         0      0        0
  SINCE SEP 1    318                       258     60      337
  SINCE JAN 1   1802                      1769     33     1786
..................................................................


WIND (MPH)
  HIGHEST WIND SPEED    16   HIGHEST WIND DIRECTION     S (180)
  HIGHEST GUST SPEED    21   HIGHEST GUST DIRECTION     S (170)
  AVERAGE WIND SPEED     7.1




RELATIVE HUMIDITY (PERCENT)
 HIGHEST    85           600 AM
 LOWEST     34           200 PM
 AVERAGE    60

..........................................................


THE MEDICINE LODGE KS CLIMATE NORMALS FOR TOMORROW
                         NORMAL    RECORD    YEAR
 MAXIMUM TEMPERATURE (F)   52        78      1933
 MINIMUM TEMPERATURE (F)   27         0      1976


SUNRISE AND SUNSET
NOVEMBER 28 2014......SUNRISE   727 AM CST   SUNSET   518 PM CST
NOVEMBER 29 2014......SUNRISE   728 AM CST   SUNSET   517 PM CST


-  INDICATES NEGATIVE NUMBERS.
R  INDICATES RECORD WAS SET OR TIED.
MM INDICATES DATA IS MISSING.
T  INDICATES TRACE AMOUNT.




$$
