000
CDUS45 KRIW 270742
CLIP60


CLIMATE REPORT
NATIONAL WEATHER SERVICE RIVERTON WY
142 AM MDT WED AUG 27 2014


...................................

...THE LAKE YELLOWSTONE WY CLIMATE SUMMARY FOR AUGUST 26 2014...

CLIMATE NORMAL PERIOD 1981 TO 2010
CLIMATE RECORD PERIOD 1998 TO 2014


WEATHER ITEM   OBSERVED TIME   RECORD YEAR NORMAL DEPARTURE LAST
                VALUE   (LST)  VALUE       VALUE  FROM      YEAR
                                                  NORMAL
..................................................................
TEMPERATURE (F)
 YESTERDAY
  MAXIMUM         60    524 PM  80    2011  70    -10       70
                                      2010
  MINIMUM         34    302 AM  29    2005  37     -3       48
  AVERAGE         47                        54     -7       59

PRECIPITATION (IN)
  YESTERDAY        0.00          0.26 2004   0.05  -0.05     0.00
  MONTH TO DATE    2.72                      1.23   1.49     0.73
  SINCE JUN 1      6.41                      4.70   1.71     3.09
  SINCE JAN 1     21.55                     13.78   7.77    12.08

DEGREE DAYS
 HEATING
  YESTERDAY       18                        12      6        6
  MONTH TO DATE  322                       242     80      182
  SINCE JUN 1   1173                      1018    155      813
  SINCE JUL 1    587                       525     62      380

 COOLING
  YESTERDAY        0                         0      0        0
  MONTH TO DATE    0                         0      0        0
  SINCE JUN 1      0                         0      0        0
  SINCE JAN 1      0                         0      0        0
..................................................................


WIND (MPH)
  HIGHEST WIND SPEED     7   HIGHEST WIND DIRECTION     E (80)
  HIGHEST GUST SPEED    12   HIGHEST GUST DIRECTION     E (110)
  AVERAGE WIND SPEED     1.2


SKY COVER
  POSSIBLE SUNSHINE  MM
  AVERAGE SKY COVER 0.0


WEATHER CONDITIONS
 THE FOLLOWING WEATHER WAS RECORDED YESTERDAY.
  NO SIGNIFICANT WEATHER WAS OBSERVED.


RELATIVE HUMIDITY (PERCENT)
 HIGHEST   100           100 AM
 LOWEST     53           300 PM
 AVERAGE    77

..........................................................


THE LAKE YELLOWSTONE WY CLIMATE NORMALS FOR TODAY
                         NORMAL    RECORD    YEAR
 MAXIMUM TEMPERATURE (F)   70        79      2012
                                             2011
 MINIMUM TEMPERATURE (F)   37        30      2008


SUNRISE AND SUNSET
AUGUST 27 2014........SUNRISE   638 AM MDT   SUNSET   807 PM MDT
AUGUST 28 2014........SUNRISE   640 AM MDT   SUNSET   805 PM MDT


-  INDICATES NEGATIVE NUMBERS.
R  INDICATES RECORD WAS SET OR TIED.
MM INDICATES DATA IS MISSING.
T  INDICATES TRACE AMOUNT.




$$
