000
CDUS45 KRIW 010736
CLIP60


CLIMATE REPORT
NATIONAL WEATHER SERVICE RIVERTON WY
134 AM MDT FRI AUG 1 2014


...................................

...THE LAKE YELLOWSTONE WY CLIMATE SUMMARY FOR JULY 31 2014...

CLIMATE NORMAL PERIOD 1981 TO 2010
CLIMATE RECORD PERIOD 1998 TO 2014


WEATHER ITEM   OBSERVED TIME   RECORD YEAR NORMAL DEPARTURE LAST
                VALUE   (LST)  VALUE       VALUE  FROM      YEAR
                                                  NORMAL
..................................................................
TEMPERATURE (F)
 YESTERDAY
  MAXIMUM         70    128 PM  86    2000  74     -4       73
  MINIMUM         39    530 AM  34    2008  41     -2       36
                                      2001
  AVERAGE         55                        57     -2       55

PRECIPITATION (IN)
  YESTERDAY        0.05          0.13 2013   0.05   0.00     0.13
  MONTH TO DATE    1.35                      1.47  -0.12     1.60
  SINCE JUN 1      3.69                      3.47   0.22     2.36
  SINCE JAN 1     18.83                     12.55   6.28    11.35

DEGREE DAYS
 HEATING
  YESTERDAY       10                         8      2       10
  MONTH TO DATE  265                       283    -18      198
  SINCE JUN 1    851                       776     75      631
  SINCE JUL 1    265                       283    -18      198

 COOLING
  YESTERDAY        0                         0      0        0
  MONTH TO DATE    0                         0      0        0
  SINCE JUN 1      0                         0      0        0
  SINCE JAN 1      0                         0      0        0
..................................................................


WIND (MPH)
  HIGHEST WIND SPEED    10   HIGHEST WIND DIRECTION     N (20)
  HIGHEST GUST SPEED    20   HIGHEST GUST DIRECTION     N (360)
  AVERAGE WIND SPEED     2.5


SKY COVER
  POSSIBLE SUNSHINE  MM
  AVERAGE SKY COVER 0.0


WEATHER CONDITIONS
 THE FOLLOWING WEATHER WAS RECORDED YESTERDAY.
  NO SIGNIFICANT WEATHER WAS OBSERVED.


RELATIVE HUMIDITY (PERCENT)
 HIGHEST    92           400 AM
 LOWEST     35           100 PM
 AVERAGE    64

..........................................................


THE LAKE YELLOWSTONE WY CLIMATE NORMALS FOR TODAY
                         NORMAL    RECORD    YEAR
 MAXIMUM TEMPERATURE (F)   74        86      2000
 MINIMUM TEMPERATURE (F)   41        30      2001


SUNRISE AND SUNSET
AUGUST  1 2014........SUNRISE   608 AM MDT   SUNSET   847 PM MDT
AUGUST  2 2014........SUNRISE   609 AM MDT   SUNSET   846 PM MDT


-  INDICATES NEGATIVE NUMBERS.
R  INDICATES RECORD WAS SET OR TIED.
MM INDICATES DATA IS MISSING.
T  INDICATES TRACE AMOUNT.




$$
