000
CDUS45 KRIW 280740
CLIP60


CLIMATE REPORT
NATIONAL WEATHER SERVICE RIVERTON WY
128 AM MDT SAT MAY 28 2016


...................................

...THE LAKE YELLOWSTONE WY CLIMATE SUMMARY FOR MAY 27 2016...

CLIMATE NORMAL PERIOD 1981 TO 2010
CLIMATE RECORD PERIOD 1998 TO 2016


WEATHER ITEM   OBSERVED TIME   RECORD YEAR NORMAL DEPARTURE LAST
                VALUE   (LST)  VALUE       VALUE  FROM      YEAR
                                                  NORMAL
..................................................................
TEMPERATURE (F)
 YESTERDAY
  MAXIMUM         54    332 PM  70    2003  55     -1       53
  MINIMUM         31    159 AM  23    2011  31      0       34
                                      2005
  AVERAGE         43                        43      0       44

PRECIPITATION (IN)
  YESTERDAY        0.11          0.48 2011   0.08   0.03     0.03
  MONTH TO DATE    2.74                      1.91   0.83     2.34
  SINCE MAR 1      6.34                      5.20   1.14     4.08
  SINCE JAN 1      8.99                      8.72   0.27     6.97

DEGREE DAYS
 HEATING
  YESTERDAY       22                        22      0       21
  MONTH TO DATE  665                       691    -26      634
  SINCE MAR 1   2876                      3005   -129     2796
  SINCE JUL 1  10660                     10942   -282    10360

 COOLING
  YESTERDAY        0                         0      0        0
  MONTH TO DATE    0                         0      0        0
  SINCE MAR 1      0                         0      0        0
  SINCE JAN 1      0                         0      0        0
..................................................................


WIND (MPH)
  HIGHEST WIND SPEED    17   HIGHEST WIND DIRECTION     W (270)
  HIGHEST GUST SPEED    29   HIGHEST GUST DIRECTION     W (280)
  AVERAGE WIND SPEED     3.1


SKY COVER
  POSSIBLE SUNSHINE  MM
  AVERAGE SKY COVER 0.0


WEATHER CONDITIONS
 THE FOLLOWING WEATHER WAS RECORDED YESTERDAY.
  NO SIGNIFICANT WEATHER WAS OBSERVED.


RELATIVE HUMIDITY (PERCENT)
 HIGHEST   100           200 AM
 LOWEST     41           400 PM
 AVERAGE    71

..........................................................


THE LAKE YELLOWSTONE WY CLIMATE NORMALS FOR TODAY
                         NORMAL    RECORD    YEAR
 MAXIMUM TEMPERATURE (F)   55        78      2003
 MINIMUM TEMPERATURE (F)   31        27      2005


SUNRISE AND SUNSET
MAY 28 2016...........SUNRISE   542 AM MDT   SUNSET   857 PM MDT
MAY 29 2016...........SUNRISE   541 AM MDT   SUNSET   858 PM MDT


-  INDICATES NEGATIVE NUMBERS.
R  INDICATES RECORD WAS SET OR TIED.
MM INDICATES DATA IS MISSING.
T  INDICATES TRACE AMOUNT.




$$
