000
CDUS45 KRIW 310733
CLIP60


CLIMATE REPORT
NATIONAL WEATHER SERVICE RIVERTON WY
126 AM MDT FRI OCT 31 2014


...................................

...THE LAKE YELLOWSTONE WY CLIMATE SUMMARY FOR OCTOBER 30 2014...

CLIMATE NORMAL PERIOD 1981 TO 2010
CLIMATE RECORD PERIOD 1998 TO 2014


WEATHER ITEM   OBSERVED TIME   RECORD YEAR NORMAL DEPARTURE LAST
                VALUE   (LST)  VALUE       VALUE  FROM      YEAR
                                                  NORMAL
..................................................................
TEMPERATURE (F)
 YESTERDAY
  MAXIMUM         48    251 PM  56    2008  42      6       31
  MINIMUM         23    250 AM   3    2006  19      4       27
  AVERAGE         36                        30      6       29

PRECIPITATION (IN)
  YESTERDAY        0.00          0.47 2007   0.05  -0.05     0.06
  MONTH TO DATE    1.33                      1.30   0.03     1.55
  SINCE SEP 1      3.50                      2.60   0.90     5.63
  SINCE JAN 1     26.62                     16.67   9.95    17.80

DEGREE DAYS
 HEATING
  YESTERDAY       29                        35     -6       36
  MONTH TO DATE  805                       877    -72      975
  SINCE SEP 1   1343                      1425    -82     1504
  SINCE JUL 1   2005                      2012     -7     1928

 COOLING
  YESTERDAY        0                         0      0        0
  MONTH TO DATE    0                         0      0        0
  SINCE SEP 1      0                         0      0        0
  SINCE JAN 1      0                         0      0        0
..................................................................


WIND (MPH)
  HIGHEST WIND SPEED     6   HIGHEST WIND DIRECTION    NE (50)
  HIGHEST GUST SPEED    11   HIGHEST GUST DIRECTION     E (90)
  AVERAGE WIND SPEED     1.4


SKY COVER
  POSSIBLE SUNSHINE  MM
  AVERAGE SKY COVER 0.0


WEATHER CONDITIONS
 THE FOLLOWING WEATHER WAS RECORDED YESTERDAY.
  NO SIGNIFICANT WEATHER WAS OBSERVED.


RELATIVE HUMIDITY (PERCENT)
 HIGHEST    92          1200 AM
 LOWEST     45           300 PM
 AVERAGE    69

..........................................................


THE LAKE YELLOWSTONE WY CLIMATE NORMALS FOR TODAY
                         NORMAL    RECORD    YEAR
 MAXIMUM TEMPERATURE (F)   41        55      2008
 MINIMUM TEMPERATURE (F)   18         0      2003


SUNRISE AND SUNSET
OCTOBER 31 2014.......SUNRISE   758 AM MDT   SUNSET   612 PM MDT
NOVEMBER  1 2014......SUNRISE   759 AM MDT   SUNSET   611 PM MDT


-  INDICATES NEGATIVE NUMBERS.
R  INDICATES RECORD WAS SET OR TIED.
MM INDICATES DATA IS MISSING.
T  INDICATES TRACE AMOUNT.




$$
