000
CDUS45 KRIW 290743
CLIP60


CLIMATE REPORT
NATIONAL WEATHER SERVICE RIVERTON WY
143 AM MDT WED JUL 29 2015


...................................

...THE LAKE YELLOWSTONE WY CLIMATE SUMMARY FOR JULY 28 2015...

CLIMATE NORMAL PERIOD 1981 TO 2010
CLIMATE RECORD PERIOD 1998 TO 2015


WEATHER ITEM   OBSERVED TIME   RECORD YEAR NORMAL DEPARTURE LAST
                VALUE   (LST)  VALUE       VALUE  FROM      YEAR
                                                  NORMAL
..................................................................
TEMPERATURE (F)
 YESTERDAY
  MAXIMUM         55    411 PM  84    2006  74    -19       79
  MINIMUM         30R   602 AM  32    2002  41    -11       38
  AVERAGE         43                        57    -14       59

PRECIPITATION (IN)
  YESTERDAY        0.00          0.27 2013   0.05  -0.05     0.00
  MONTH TO DATE    1.13                      1.33  -0.20     1.24
  SINCE JUN 1      2.04                      3.33  -1.29     3.58
  SINCE JAN 1      9.78                     12.41  -2.63    18.72

DEGREE DAYS
 HEATING
  YESTERDAY       22                         8     14        6
  MONTH TO DATE  296                       259     37      235
  SINCE JUN 1    622                       752   -130      821
  SINCE JUL 1    296                       259     37      235

 COOLING
  YESTERDAY        0                         0      0        0
  MONTH TO DATE    0                         0      0        0
  SINCE JUN 1      1                         0      1        0
  SINCE JAN 1      1                         0      1        0
..................................................................


WIND (MPH)
  HIGHEST WIND SPEED    14   HIGHEST WIND DIRECTION     W (270)
  HIGHEST GUST SPEED    18   HIGHEST GUST DIRECTION     W (260)
  AVERAGE WIND SPEED     2.8


SKY COVER
  POSSIBLE SUNSHINE  MM
  AVERAGE SKY COVER 0.0


WEATHER CONDITIONS
 THE FOLLOWING WEATHER WAS RECORDED YESTERDAY.
  NO SIGNIFICANT WEATHER WAS OBSERVED.


RELATIVE HUMIDITY (PERCENT)
 HIGHEST   100           300 AM
 LOWEST     38           400 PM
 AVERAGE    69

..........................................................


THE LAKE YELLOWSTONE WY CLIMATE NORMALS FOR TODAY
                         NORMAL    RECORD    YEAR
 MAXIMUM TEMPERATURE (F)   74        82      2006
 MINIMUM TEMPERATURE (F)   41        33      2011


SUNRISE AND SUNSET
JULY 29 2015..........SUNRISE   605 AM MDT   SUNSET   851 PM MDT
JULY 30 2015..........SUNRISE   606 AM MDT   SUNSET   850 PM MDT


-  INDICATES NEGATIVE NUMBERS.
R  INDICATES RECORD WAS SET OR TIED.
MM INDICATES DATA IS MISSING.
T  INDICATES TRACE AMOUNT.




$$
