000
CDUS45 KLKN 080033
CLIP68


CLIMATE REPORT
NATIONAL WEATHER SERVICE ELKO NV
529 PM PDT TUE JUL 7 2015


...................................

...THE EUREKA AIRPORT NV CLIMATE SUMMARY FOR JULY 7 2015...
VALID TODAY AS OF 0500 PM LOCAL TIME.

CLIMATE NORMAL PERIOD 1981 TO 2010
CLIMATE RECORD PERIOD 1963 TO 2015


WEATHER ITEM   OBSERVED TIME   RECORD YEAR NORMAL DEPARTURE LAST
                VALUE   (LST)  VALUE       VALUE  FROM      YEAR
                                                  NORMAL
..................................................................
TEMPERATURE (F)
 TODAY
  MAXIMUM         85   1238 PM  97    1989  88     -3       93
  MINIMUM         54    451 AM  36    1969  48      6       57
  AVERAGE         70                        68      2       75

PRECIPITATION (IN)
  TODAY            0.00          0.32 2001   0.02  -0.02     0.05
  MONTH TO DATE    0.10                      0.09   0.01     0.05
  SINCE OCT 1      5.24                      7.30  -2.06     7.12
  SINCE JAN 1      4.12                      5.17  -1.05     4.72

DEGREE DAYS
 HEATING
  TODAY            0                         1     -1        0
  MONTH TO DATE    0                         7     -7        0
  SINCE JUN 1     39                       167   -128      103
  SINCE JUL 1      0                         7     -7        0

 COOLING
  TODAY            5                         4      1       10
  MONTH TO DATE   56                        21     35       65
  SINCE JUN 1    213                        50    163      106
  SINCE JAN 1    221                        53    168      108
..................................................................


WIND (MPH)
  HIGHEST WIND SPEED    23   HIGHEST WIND DIRECTION    SW (210)
  HIGHEST GUST SPEED    28   HIGHEST GUST DIRECTION    SW (210)




RELATIVE HUMIDITY (PERCENT)
 HIGHEST    55           300 AM
 LOWEST     20          1200 PM
 AVERAGE    38

..........................................................


THE EUREKA AIRPORT NV CLIMATE NORMALS FOR TOMORROW
                         NORMAL    RECORD    YEAR
 MAXIMUM TEMPERATURE (F)   88        97      2007
 MINIMUM TEMPERATURE (F)   48        35      1993


SUNRISE AND SUNSET
JULY  7 2015..........SUNRISE   524 AM PDT   SUNSET   814 PM PDT
JULY  8 2015..........SUNRISE   524 AM PDT   SUNSET   813 PM PDT


-  INDICATES NEGATIVE NUMBERS.
R  INDICATES RECORD WAS SET OR TIED.
MM INDICATES DATA IS MISSING.
T  INDICATES TRACE AMOUNT.




$$
