000
CDUS45 KLKN 310934
CLIP68


CLIMATE REPORT
NATIONAL WEATHER SERVICE ELKO NV
134 AM PST SAT JAN 31 2015


...................................

...THE EUREKA AIRPORT NV CLIMATE SUMMARY FOR JANUARY 30 2015...

CLIMATE NORMAL PERIOD 1981 TO 2010
CLIMATE RECORD PERIOD 1963 TO 2015


WEATHER ITEM   OBSERVED TIME   RECORD YEAR NORMAL DEPARTURE LAST
                VALUE   (LST)  VALUE       VALUE  FROM      YEAR
                                                  NORMAL
..................................................................
TEMPERATURE (F)
 YESTERDAY
  MAXIMUM         45    247 PM  59    2003  39      6       37
  MINIMUM         32    532 AM -25    2002  12     20       17
  AVERAGE         39                        25     14       27

PRECIPITATION (IN)
  YESTERDAY        0.01          0.53 2014   0.03  -0.02     0.53
  MONTH TO DATE    0.26                      0.71  -0.45     0.79
  SINCE OCT 1      1.38                      2.84  -1.46     3.19
  SINCE JAN 1      0.26                      0.71  -0.45     0.79

DEGREE DAYS
 HEATING
  YESTERDAY       26                        40    -14       38
  MONTH TO DATE  928                      1239   -311      966
  SINCE DEC 1   1940                      2486   -546     2306
  SINCE JUL 1   3280                      4245   -965     3917

 COOLING
  YESTERDAY        0                         0      0        0
  MONTH TO DATE    0                         0      0        0
  SINCE DEC 1      0                         0      0        0
  SINCE JAN 1      0                         0      0        0
..................................................................


WIND (MPH)
  HIGHEST WIND SPEED    18   HIGHEST WIND DIRECTION     N (360)
  HIGHEST GUST SPEED    23   HIGHEST GUST DIRECTION     N (340)
  AVERAGE WIND SPEED     7.5




RELATIVE HUMIDITY (PERCENT)
 HIGHEST    89           200 AM
 LOWEST     58           300 PM
 AVERAGE    74

..........................................................


THE EUREKA AIRPORT NV CLIMATE NORMALS FOR TODAY
                         NORMAL    RECORD    YEAR
 MAXIMUM TEMPERATURE (F)   39        63      2003
 MINIMUM TEMPERATURE (F)   12       -17      1983


SUNRISE AND SUNSET
JANUARY 31 2015.......SUNRISE   652 AM PST   SUNSET   503 PM PST
FEBRUARY  1 2015......SUNRISE   651 AM PST   SUNSET   504 PM PST


-  INDICATES NEGATIVE NUMBERS.
R  INDICATES RECORD WAS SET OR TIED.
MM INDICATES DATA IS MISSING.
T  INDICATES TRACE AMOUNT.




$$
