000
CDUS45 KLKN 300929
CLIP68


CLIMATE REPORT
NATIONAL WEATHER SERVICE ELKO NV
228 AM PDT SAT APR 30 2016


...................................

...THE EUREKA AIRPORT NV CLIMATE SUMMARY FOR APRIL 29 2016...

CLIMATE NORMAL PERIOD 1981 TO 2010
CLIMATE RECORD PERIOD 1963 TO 2016


WEATHER ITEM   OBSERVED TIME   RECORD YEAR NORMAL DEPARTURE LAST
                VALUE   (LST)  VALUE       VALUE  FROM      YEAR
                                                  NORMAL
..................................................................
TEMPERATURE (F)
 YESTERDAY
  MAXIMUM         51    402 PM  83    1992  63    -12       81
  MINIMUM         34    438 AM  12    1990  31      3       38
  AVERAGE         43                        47     -4       60

PRECIPITATION (IN)
  YESTERDAY        0.12          0.37 1999   0.03   0.09     0.00
  MONTH TO DATE    2.13                      0.94   1.19     0.35
  SINCE OCT 1      9.70                      5.60   4.10     2.37
  SINCE JAN 1      5.43                      3.47   1.96     1.25

DEGREE DAYS
 HEATING
  YESTERDAY       22                        18      4        5
  MONTH TO DATE  535                       631    -96      631
  SINCE MAR 1   1284                      1502   -218     1271
  SINCE JUL 1   6387                      6787   -400     5314

 COOLING
  YESTERDAY        0                         0      0        0
  MONTH TO DATE    0                         0      0        0
  SINCE MAR 1      0                         0      0        0
  SINCE JAN 1      0                         0      0        0
..................................................................


WIND (MPH)
  HIGHEST WIND SPEED    29   HIGHEST WIND DIRECTION     W (290)
  HIGHEST GUST SPEED    34   HIGHEST GUST DIRECTION     W (290)
  AVERAGE WIND SPEED     6.3




RELATIVE HUMIDITY (PERCENT)
 HIGHEST    89           500 AM
 LOWEST     54           400 PM
 AVERAGE    72

..........................................................


THE EUREKA AIRPORT NV CLIMATE NORMALS FOR TODAY
                         NORMAL    RECORD    YEAR
 MAXIMUM TEMPERATURE (F)   64        82      1981
 MINIMUM TEMPERATURE (F)   31        12      1991


SUNRISE AND SUNSET
APRIL 30 2016.........SUNRISE   545 AM PDT   SUNSET   737 PM PDT
MAY  1 2016...........SUNRISE   544 AM PDT   SUNSET   738 PM PDT


-  INDICATES NEGATIVE NUMBERS.
R  INDICATES RECORD WAS SET OR TIED.
MM INDICATES DATA IS MISSING.
T  INDICATES TRACE AMOUNT.




$$
