000
CDUS45 KLKN 240927
CLIP68


CLIMATE REPORT
NATIONAL WEATHER SERVICE ELKO NV
226 AM PDT THU JUL 24 2014


...................................

...THE EUREKA AIRPORT NV CLIMATE SUMMARY FOR JULY 23 2014...

CLIMATE NORMAL PERIOD 1981 TO 2010
CLIMATE RECORD PERIOD 1963 TO 2014


WEATHER ITEM   OBSERVED TIME   RECORD YEAR NORMAL DEPARTURE LAST
                VALUE   (LST)  VALUE       VALUE  FROM      YEAR
                                                  NORMAL
..................................................................
TEMPERATURE (F)
 YESTERDAY
  MAXIMUM         98    302 PM  99    2003  91      7       91
  MINIMUM         51    442 AM  32    1987  50      1       62
  AVERAGE         75                        70      5       77

PRECIPITATION (IN)
  YESTERDAY        0.00          0.53 1986   0.02  -0.02     0.00
  MONTH TO DATE    0.24                      0.43  -0.19     0.54
  SINCE OCT 1      7.31                      7.64  -0.33     5.11
  SINCE JAN 1      4.91                      5.51  -0.60     3.67

DEGREE DAYS
 HEATING
  YESTERDAY        0                         0      0        0
  MONTH TO DATE    0                         8     -8        1
  SINCE JUN 1    103                       168    -65       81
  SINCE JUL 1      0                         8     -8        1

 COOLING
  YESTERDAY       10                         6      4       12
  MONTH TO DATE  209                        99    110      218
  SINCE JUN 1    250                       128    122      310
  SINCE JAN 1    252                       131    121      311
..................................................................


WIND (MPH)
  HIGHEST WIND SPEED    31   HIGHEST WIND DIRECTION     S (180)
  HIGHEST GUST SPEED    40   HIGHEST GUST DIRECTION     S (180)
  AVERAGE WIND SPEED    10.6




RELATIVE HUMIDITY (PERCENT)
 HIGHEST    36          1100 PM
 LOWEST      4           300 PM
 AVERAGE    20

..........................................................


THE EUREKA AIRPORT NV CLIMATE NORMALS FOR TODAY
                         NORMAL    RECORD    YEAR
 MAXIMUM TEMPERATURE (F)   91        97      2010
 MINIMUM TEMPERATURE (F)   50        37      1993


SUNRISE AND SUNSET
JULY 24 2014..........SUNRISE   536 AM PDT   SUNSET   804 PM PDT
JULY 25 2014..........SUNRISE   537 AM PDT   SUNSET   803 PM PDT


-  INDICATES NEGATIVE NUMBERS.
R  INDICATES RECORD WAS SET OR TIED.
MM INDICATES DATA IS MISSING.
T  INDICATES TRACE AMOUNT.




$$
