000
CDUS45 KLKN 200931
CLIP68


CLIMATE REPORT
NATIONAL WEATHER SERVICE ELKO NV
229 AM PDT MON OCT 20 2014


...................................

...THE EUREKA AIRPORT NV CLIMATE SUMMARY FOR OCTOBER 19 2014...

CLIMATE NORMAL PERIOD 1981 TO 2010
CLIMATE RECORD PERIOD 1963 TO 2014


WEATHER ITEM   OBSERVED TIME   RECORD YEAR NORMAL DEPARTURE LAST
                VALUE   (LST)  VALUE       VALUE  FROM      YEAR
                                                  NORMAL
..................................................................
TEMPERATURE (F)
 YESTERDAY
  MAXIMUM         74    233 PM  78    2003  63     11       66
  MINIMUM         34    455 AM   9    1982  28      6       25
  AVERAGE         54                        45      9       46

PRECIPITATION (IN)
  YESTERDAY        0.00          0.35 1986   0.03  -0.03     0.00
  MONTH TO DATE    0.00                      0.41  -0.41     0.25
  SINCE OCT 1      0.00                      0.41  -0.41     0.25
  SINCE JAN 1      7.94                      7.28   0.66     6.39

DEGREE DAYS
 HEATING
  YESTERDAY       11                        20     -9       19
  MONTH TO DATE  210                       315   -105      376
  SINCE SEP 1    303                       532   -229      566
  SINCE JUL 1    328                       579   -251      567

 COOLING
  YESTERDAY        0                         0      0        0
  MONTH TO DATE    0                         0      0        0
  SINCE SEP 1     37                        11     26       44
  SINCE JAN 1    436                       288    148      585
..................................................................


WIND (MPH)
  HIGHEST WIND SPEED    17   HIGHEST WIND DIRECTION     S (160)
  HIGHEST GUST SPEED    24   HIGHEST GUST DIRECTION     S (160)
  AVERAGE WIND SPEED     6.4




RELATIVE HUMIDITY (PERCENT)
 HIGHEST    56           500 AM
 LOWEST     19           200 PM
 AVERAGE    38

..........................................................


THE EUREKA AIRPORT NV CLIMATE NORMALS FOR TODAY
                         NORMAL    RECORD    YEAR
 MAXIMUM TEMPERATURE (F)   62        81      2003
 MINIMUM TEMPERATURE (F)   27         7      1996


SUNRISE AND SUNSET
OCTOBER 20 2014.......SUNRISE   659 AM PDT   SUNSET   558 PM PDT
OCTOBER 21 2014.......SUNRISE   700 AM PDT   SUNSET   556 PM PDT


-  INDICATES NEGATIVE NUMBERS.
R  INDICATES RECORD WAS SET OR TIED.
MM INDICATES DATA IS MISSING.
T  INDICATES TRACE AMOUNT.




$$
