000
CDUS45 KLKN 240928
CLIP68


CLIMATE REPORT
NATIONAL WEATHER SERVICE ELKO NV
128 AM PST FRI NOV 4  2017


...................................

...THE EUREKA AIRPORT NV CLIMATE SUMMARY FOR NOVEMBER 23 2017...

CLIMATE NORMAL PERIOD 1981 TO 2010
CLIMATE RECORD PERIOD 1963 TO 2017


WEATHER ITEM   OBSERVED TIME   RECORD YEAR NORMAL DEPARTURE LAST
                VALUE   (LST)  VALUE       VALUE  FROM      YEAR
                                                  NORMAL
..................................................................
TEMPERATURE (F)
 YESTERDAY
  MAXIMUM         70R   148 PM  61    1995  46     24       43
  MINIMUM         37    719 AM -10    1994  17     20       14
  AVERAGE         54                        32     22       29

PRECIPITATION (IN)
  YESTERDAY        0.00          0.33 1968   0.03  -0.03     0.11
  MONTH TO DATE    0.24                      0.63  -0.39     0.37
  SINCE OCT 1      0.52                      1.37  -0.85     0.89
  SINCE JAN 1      9.56                      8.24   1.32     9.80

DEGREE DAYS
 HEATING
  YESTERDAY       11                        33    -22       36
  MONTH TO DATE  536                       667   -131      509
  SINCE SEP 1   1399                      1467    -68     1144
  SINCE JUL 1   1403                      1514   -111     1168

 COOLING
  YESTERDAY        0                         0      0        0
  MONTH TO DATE    0                         0      0        0
  SINCE SEP 1     61                        11     50        9
  SINCE JAN 1    570                       288    282      424
..................................................................


WIND (MPH)
  HIGHEST WIND SPEED    14   HIGHEST WIND DIRECTION     W (270)
  HIGHEST GUST SPEED    18   HIGHEST GUST DIRECTION     W (270)
  AVERAGE WIND SPEED     7.2




RELATIVE HUMIDITY (PERCENT)
 HIGHEST    76           600 AM
 LOWEST     18           100 PM
 AVERAGE    47

..........................................................


THE EUREKA AIRPORT NV CLIMATE NORMALS FOR TODAY
                         NORMAL    RECORD    YEAR
 MAXIMUM TEMPERATURE (F)   45        65      1995
 MINIMUM TEMPERATURE (F)   17       -12      2010


SUNRISE AND SUNSET
NOVEMBER 24 2017......SUNRISE   638 AM PST   SUNSET   423 PM PST
NOVEMBER 25 2017......SUNRISE   639 AM PST   SUNSET   422 PM PST


-  INDICATES NEGATIVE NUMBERS.
R  INDICATES RECORD WAS SET OR TIED.
MM INDICATES DATA IS MISSING.
T  INDICATES TRACE AMOUNT.




$$
