000
CDUS45 KLKN 290930
CLIP68


CLIMATE REPORT
NATIONAL WEATHER SERVICE ELKO NV
227 AM PDT MON MAY 29 2017


...................................

...THE EUREKA AIRPORT NV CLIMATE SUMMARY FOR MAY 28 2017...

CLIMATE NORMAL PERIOD 1981 TO 2010
CLIMATE RECORD PERIOD 1963 TO 2017


WEATHER ITEM   OBSERVED TIME   RECORD YEAR NORMAL DEPARTURE LAST
                VALUE   (LST)  VALUE       VALUE  FROM      YEAR
                                                  NORMAL
..................................................................
TEMPERATURE (F)
 YESTERDAY
  MAXIMUM         78    225 PM  95    2003  73      5       71
  MINIMUM         34    351 AM  25    1982  36     -2       36
  AVERAGE         56                        55      1       54

PRECIPITATION (IN)
  YESTERDAY        0.00          0.55 1990   0.02  -0.02     0.08
  MONTH TO DATE    0.40                      0.66  -0.26     1.81
  SINCE OCT 1      8.96                      6.29   2.67    11.51
  SINCE JAN 1      6.87                      4.16   2.71     7.24

DEGREE DAYS
 HEATING
  YESTERDAY        9                        10     -1       11
  MONTH TO DATE  343                       382    -39      393
  SINCE MAR 1   1675                      1901   -226     1697
  SINCE JUL 1   6535                      7186   -651     6800

 COOLING
  YESTERDAY        0                         0      0        0
  MONTH TO DATE    0                         0      0        0
  SINCE MAR 1      0                         0      0        0
  SINCE JAN 1      0                         0      0        0
..................................................................


WIND (MPH)
  HIGHEST WIND SPEED    15   HIGHEST WIND DIRECTION    NE (30)
  HIGHEST GUST SPEED    19   HIGHEST GUST DIRECTION    NE (30)
  AVERAGE WIND SPEED     5.9




RELATIVE HUMIDITY (PERCENT)
 HIGHEST    64           300 AM
 LOWEST     11           300 PM
 AVERAGE    38

..........................................................


THE EUREKA AIRPORT NV CLIMATE NORMALS FOR TODAY
                         NORMAL    RECORD    YEAR
 MAXIMUM TEMPERATURE (F)   74        92      2003
 MINIMUM TEMPERATURE (F)   37        24      1989


SUNRISE AND SUNSET
MAY 29 2017...........SUNRISE   520 AM PDT   SUNSET   803 PM PDT
MAY 30 2017...........SUNRISE   519 AM PDT   SUNSET   804 PM PDT


-  INDICATES NEGATIVE NUMBERS.
R  INDICATES RECORD WAS SET OR TIED.
MM INDICATES DATA IS MISSING.
T  INDICATES TRACE AMOUNT.




$$
