730
CDUS45 KLKN 270941
CLIP68


CLIMATE REPORT
NATIONAL WEATHER SERVICE ELKO NV
139 AM PST MON FEB 27 2017


...................................

...THE EUREKA AIRPORT NV CLIMATE SUMMARY FOR FEBRUARY 26 2017...

CLIMATE NORMAL PERIOD 1981 TO 2010
CLIMATE RECORD PERIOD 1963 TO 2017


WEATHER ITEM   OBSERVED TIME   RECORD YEAR NORMAL DEPARTURE LAST
                VALUE   (LST)  VALUE       VALUE  FROM      YEAR
                                                  NORMAL
..................................................................
TEMPERATURE (F)
 YESTERDAY
  MAXIMUM         42    410 PM  62    1995  46     -4       55
                                      1965
  MINIMUM         10    611 AM  -6    1987  19     -9       23
  AVERAGE         26                        32     -6       39

PRECIPITATION (IN)
  YESTERDAY        0.02          0.29 2004   0.03  -0.01     0.00
  MONTH TO DATE    0.36                      0.80  -0.44     0.33
  SINCE OCT 1      4.90                      3.67   1.23     6.24
  SINCE JAN 1      2.81                      1.54   1.27     1.97

DEGREE DAYS
 HEATING
  YESTERDAY       39                        33      6       26
  MONTH TO DATE  776                       939   -163     1019
  SINCE DEC 1   3358                      3463   -105     3554
  SINCE JUL 1   4771                      5222   -451     5040

 COOLING
  YESTERDAY        0                         0      0        0
  MONTH TO DATE    0                         0      0        0
  SINCE DEC 1      0                         0      0        0
  SINCE JAN 1      0                         0      0        0
..................................................................


WIND (MPH)
  HIGHEST WIND SPEED    20   HIGHEST WIND DIRECTION     W (280)
  HIGHEST GUST SPEED    24   HIGHEST GUST DIRECTION     W (280)
  AVERAGE WIND SPEED     6.6




RELATIVE HUMIDITY (PERCENT)
 HIGHEST    85          1100 PM
 LOWEST     24           400 PM
 AVERAGE    55

..........................................................


THE EUREKA AIRPORT NV CLIMATE NORMALS FOR TODAY
                         NORMAL    RECORD    YEAR
 MAXIMUM TEMPERATURE (F)   46        62      1992
                                             1980
                                             1968
 MINIMUM TEMPERATURE (F)   19        -8      1996
                                             1969


SUNRISE AND SUNSET
FEBRUARY 27 2017......SUNRISE   619 AM PST   SUNSET   534 PM PST
FEBRUARY 28 2017......SUNRISE   618 AM PST   SUNSET   535 PM PST


-  INDICATES NEGATIVE NUMBERS.
R  INDICATES RECORD WAS SET OR TIED.
MM INDICATES DATA IS MISSING.
T  INDICATES TRACE AMOUNT.




$$
