000
CDUS45 KLKN 300031
CLIP68


CLIMATE REPORT
NATIONAL WEATHER SERVICE ELKO NV
526 PM PDT SUN MAR 29 2015


...................................

...THE EUREKA AIRPORT NV CLIMATE SUMMARY FOR MARCH 29 2015...
VALID TODAY AS OF 0500 PM LOCAL TIME.

CLIMATE NORMAL PERIOD 1981 TO 2010
CLIMATE RECORD PERIOD 1963 TO 2015


WEATHER ITEM   OBSERVED TIME   RECORD YEAR NORMAL DEPARTURE LAST
                VALUE   (LST)  VALUE       VALUE  FROM      YEAR
                                                  NORMAL
..................................................................
TEMPERATURE (F)
 TODAY
  MAXIMUM         73R   223 PM  70    2010  54     19       61
  MINIMUM         22    447 AM   8    1997  25     -3       32
                                      1987
  AVERAGE         48                        40      8       47

PRECIPITATION (IN)
  TODAY            0.00          0.36 1982   0.03  -0.03     0.00
  MONTH TO DATE    0.31                      0.86  -0.55     0.25
  SINCE OCT 1      2.02                      4.59  -2.57     4.39
  SINCE JAN 1      0.90                      2.46  -1.56     1.99

DEGREE DAYS
 HEATING
  TODAY           17                        26     -9       18
  MONTH TO DATE  619                       823   -204      717
  SINCE MAR 1    619                       823   -204      717
  SINCE JUL 1   4662                      6108  -1446     5521

 COOLING
  TODAY            0                         0      0        0
  MONTH TO DATE    0                         0      0        0
  SINCE MAR 1      0                         0      0        0
  SINCE JAN 1      0                         0      0        0
..................................................................


WIND (MPH)
  HIGHEST WIND SPEED    10   HIGHEST WIND DIRECTION    NE (50)
  HIGHEST GUST SPEED    14   HIGHEST GUST DIRECTION     N (350)




RELATIVE HUMIDITY (PERCENT)
 HIGHEST    50           400 AM
 LOWEST     10           100 PM
 AVERAGE    30

..........................................................


THE EUREKA AIRPORT NV CLIMATE NORMALS FOR TOMORROW
                         NORMAL    RECORD    YEAR
 MAXIMUM TEMPERATURE (F)   54        73      1968
 MINIMUM TEMPERATURE (F)   25        11      1985


SUNRISE AND SUNSET
MARCH 29 2015.........SUNRISE   633 AM PDT   SUNSET   705 PM PDT
MARCH 30 2015.........SUNRISE   632 AM PDT   SUNSET   706 PM PDT


-  INDICATES NEGATIVE NUMBERS.
R  INDICATES RECORD WAS SET OR TIED.
MM INDICATES DATA IS MISSING.
T  INDICATES TRACE AMOUNT.




$$
