000
CDUS45 KLKN 270927
CLIP68


CLIMATE REPORT
NATIONAL WEATHER SERVICE ELKO NV
227 AM PDT WED MAY 27 2015


...................................

...THE EUREKA AIRPORT NV CLIMATE SUMMARY FOR MAY 26 2015...

CLIMATE NORMAL PERIOD 1981 TO 2010
CLIMATE RECORD PERIOD 1963 TO 2015


WEATHER ITEM   OBSERVED TIME   RECORD YEAR NORMAL DEPARTURE LAST
                VALUE   (LST)  VALUE       VALUE  FROM      YEAR
                                                  NORMAL
..................................................................
TEMPERATURE (F)
 YESTERDAY
  MAXIMUM         70    253 PM  88    1986  73     -3       87
  MINIMUM         42    229 AM  22    1989  36      6       44
  AVERAGE         56                        54      2       66

PRECIPITATION (IN)
  YESTERDAY        0.03          0.28 1987   0.02   0.01     0.00
  MONTH TO DATE    1.85                      0.62   1.23     0.95
  SINCE OCT 1      4.22                      6.25  -2.03     6.95
  SINCE JAN 1      3.10                      4.12  -1.02     4.55

DEGREE DAYS
 HEATING
  YESTERDAY        9                        11     -2        0
  MONTH TO DATE  366                       361      5      335
  SINCE MAR 1   1646                      1880   -234     1702
  SINCE JUL 1   5689                      7165  -1476     6506

 COOLING
  YESTERDAY        0                         0      0        1
  MONTH TO DATE    0                         0      0        1
  SINCE MAR 1      0                         0      0        1
  SINCE JAN 1      0                         0      0        1
..................................................................


WIND (MPH)
  HIGHEST WIND SPEED    18   HIGHEST WIND DIRECTION     S (160)
  HIGHEST GUST SPEED    24   HIGHEST GUST DIRECTION     S (160)
  AVERAGE WIND SPEED     5.7




RELATIVE HUMIDITY (PERCENT)
 HIGHEST    92           100 AM
 LOWEST     33           200 PM
 AVERAGE    63

..........................................................


THE EUREKA AIRPORT NV CLIMATE NORMALS FOR TODAY
                         NORMAL    RECORD    YEAR
 MAXIMUM TEMPERATURE (F)   73        90      2014
                                             2003
 MINIMUM TEMPERATURE (F)   36        24      1980


SUNRISE AND SUNSET
MAY 27 2015...........SUNRISE   521 AM PDT   SUNSET   801 PM PDT
MAY 28 2015...........SUNRISE   521 AM PDT   SUNSET   802 PM PDT


-  INDICATES NEGATIVE NUMBERS.
R  INDICATES RECORD WAS SET OR TIED.
MM INDICATES DATA IS MISSING.
T  INDICATES TRACE AMOUNT.




$$
