000
CDUS43 KPAH 240632
CLIPAH


CLIMATE REPORT
NATIONAL WEATHER SERVICE PADUCAH KY
126 AM CDT SUN SEP 24 2017


...................................

...THE PADUCAH KY CLIMATE SUMMARY FOR SEPTEMBER 23 2017...

CLIMATE NORMAL PERIOD 1981 TO 2010
CLIMATE RECORD PERIOD 1937 TO 2017


WEATHER ITEM   OBSERVED TIME   RECORD YEAR NORMAL DEPARTURE LAST
                VALUE   (LST)  VALUE       VALUE  FROM      YEAR
                                                  NORMAL
..................................................................
TEMPERATURE (F)
 YESTERDAY
  MAXIMUM         92    257 PM  95    2007  79     13       93
  MINIMUM         65    617 AM  37    1995  55     10       62
  AVERAGE         79                        67     12       78

PRECIPITATION (IN)
  YESTERDAY        0.00          2.53 1993   0.13  -0.13     0.00
  MONTH TO DATE    2.55                      2.79  -0.24     0.66
  SINCE SEP 1      2.55                      2.79  -0.24     0.66
  SINCE JAN 1     35.68                     35.27   0.41    43.33

SNOWFALL (IN)
  YESTERDAY        0.0           T    2001   0.0    0.0      0.0
  MONTH TO DATE    0.0                       0.0    0.0      0.0
  SINCE SEP 1      0.0                       0.0    0.0      0.0
  SINCE JUL 1      0.0                       0.0    0.0      0.0
  SNOW DEPTH       0

DEGREE DAYS
 HEATING
  YESTERDAY        0                         2     -2        0
  MONTH TO DATE   11                        15     -4        0
  SINCE SEP 1     11                        15     -4        0
  SINCE JUL 1     11                        16     -5        0

 COOLING
  YESTERDAY       14                         4     10       13
  MONTH TO DATE  162                       163     -1      257
  SINCE SEP 1    162                       163     -1      257
  SINCE JAN 1   1536                      1476     60     1787
..................................................................


WIND (MPH)
  HIGHEST WIND SPEED    10   HIGHEST WIND DIRECTION    SE (140)
  HIGHEST GUST SPEED    13   HIGHEST GUST DIRECTION     E (110)
  AVERAGE WIND SPEED     2.6


SKY COVER
  POSSIBLE SUNSHINE  MM
  AVERAGE SKY COVER 0.0


WEATHER CONDITIONS
 THE FOLLOWING WEATHER WAS RECORDED YESTERDAY.
  FOG
  HAZE


RELATIVE HUMIDITY (PERCENT)
 HIGHEST    93           200 AM
 LOWEST     38           200 PM
 AVERAGE    66

..........................................................


THE PADUCAH KY CLIMATE NORMALS FOR TODAY
                         NORMAL    RECORD    YEAR
 MAXIMUM TEMPERATURE (F)   79        94      2016
                                             1945
                                             1941
 MINIMUM TEMPERATURE (F)   54        35      1995


SUNRISE AND SUNSET
SEPTEMBER 24 2017.....SUNRISE   645 AM CDT   SUNSET   649 PM CDT
SEPTEMBER 25 2017.....SUNRISE   646 AM CDT   SUNSET   647 PM CDT


-  INDICATES NEGATIVE NUMBERS.
R  INDICATES RECORD WAS SET OR TIED.
MM INDICATES DATA IS MISSING.
T  INDICATES TRACE AMOUNT.


&&

..............................................

     ***** AGRICULTURAL DATA *****

SOIL TEMPERATURES AT A DEPTH OF FOUR INCHES

UNDER GRASS... MAX: 77     MIN: 76

$$
