000
CDUS43 KPAH 300633
CLIPAH


CLIMATE REPORT
NATIONAL WEATHER SERVICE PADUCAH KY
129 AM CDT SAT APR 30 2016


...................................

...THE PADUCAH KY CLIMATE SUMMARY FOR APRIL 29 2016...

CLIMATE NORMAL PERIOD 1981 TO 2010
CLIMATE RECORD PERIOD 1937 TO 2016


WEATHER ITEM   OBSERVED TIME   RECORD YEAR NORMAL DEPARTURE LAST
                VALUE   (LST)  VALUE       VALUE  FROM      YEAR
                                                  NORMAL
..................................................................
TEMPERATURE (F)
 YESTERDAY
  MAXIMUM         64   1148 AM  89    1987  74    -10       73
  MINIMUM         54    513 AM  33    2008  51      3       42
  AVERAGE         59                        62     -3       58

PRECIPITATION (IN)
  YESTERDAY        0.16          4.13 1984   0.17  -0.01     0.00
  MONTH TO DATE    2.50                      4.59  -2.09     5.89
  SINCE MAR 1     11.71                      8.52   3.19    14.62
  SINCE JAN 1     17.17                     16.11   1.06    21.91

SNOWFALL (IN)
  YESTERDAY        0.0                       0.0    0.0      0.0
  MONTH TO DATE    0.0                       0.0    0.0      0.0
  SINCE MAR 1      T                         0.6   -0.6     12.1
  SINCE JUL 1     12.1                       9.1    3.0     28.6
  SNOW DEPTH       0

DEGREE DAYS
 HEATING
  YESTERDAY        6                         5      1        7
  MONTH TO DATE  180                       240    -60      155
  SINCE MAR 1    539                       763   -224      750
  SINCE JUL 1   3201                      4059   -858     4419

 COOLING
  YESTERDAY        0                         2     -2        0
  MONTH TO DATE   31                        36     -5       41
  SINCE MAR 1     33                        43    -10       42
  SINCE JAN 1     33                        43    -10       42
..................................................................


WIND (MPH)
  HIGHEST WIND SPEED    13   HIGHEST WIND DIRECTION     E (110)
  HIGHEST GUST SPEED    17   HIGHEST GUST DIRECTION     E (110)
  AVERAGE WIND SPEED     5.8


SKY COVER
  POSSIBLE SUNSHINE  MM
  AVERAGE SKY COVER 0.4


WEATHER CONDITIONS
 THE FOLLOWING WEATHER WAS RECORDED YESTERDAY.
  THUNDERSTORM
  LIGHT RAIN
  FOG


RELATIVE HUMIDITY (PERCENT)
 HIGHEST    90           300 PM
 LOWEST     63          1100 AM
 AVERAGE    77

..........................................................


THE PADUCAH KY CLIMATE NORMALS FOR TODAY
                         NORMAL    RECORD    YEAR
 MAXIMUM TEMPERATURE (F)   74        88      2007
 MINIMUM TEMPERATURE (F)   51        35      1969


SUNRISE AND SUNSET
APRIL 30 2016.........SUNRISE   601 AM CDT   SUNSET   744 PM CDT
MAY  1 2016...........SUNRISE   600 AM CDT   SUNSET   745 PM CDT


-  INDICATES NEGATIVE NUMBERS.
R  INDICATES RECORD WAS SET OR TIED.
MM INDICATES DATA IS MISSING.
T  INDICATES TRACE AMOUNT.

&&
.......................................................
***** AGRICULTURAL DATA ^^^^^

SOIL TEMPERATURES AT A DEPTH OF FOUR INCHES

UNDER GRASS...  MAX: 66  MIN: 63

$$
