878
CDUS44 KLZK 260644
CLIPBF


CLIMATE REPORT
NATIONAL WEATHER SERVICE LITTLE ROCK AR
144 AM CDT WED APR 26 2017


...................................

...THE PINE BLUFF CLIMATE SUMMARY FOR APRIL 25 2017...

CLIMATE NORMAL PERIOD 1981 TO 2010
CLIMATE RECORD PERIOD 1883 TO 2017


WEATHER ITEM   OBSERVED TIME   RECORD YEAR NORMAL DEPARTURE LAST
                VALUE   (LST)  VALUE       VALUE  FROM      YEAR
                                                  NORMAL
..................................................................
TEMPERATURE (F)
 YESTERDAY
  MAXIMUM         81    421 PM  89    1954  77      4       81
                                      1925
  MINIMUM         52    526 AM  30    1910  55     -3       59
  AVERAGE         67                        66      1       70

PRECIPITATION (IN)
  YESTERDAY        0.00          3.67 1905   0.17  -0.17     0.00
  MONTH TO DATE    4.07                      4.13  -0.06     1.95
  SINCE MAR 1      7.17                      9.53  -2.36    17.63
  SINCE JAN 1     13.47                     17.35  -3.88    23.68

SNOWFALL (IN)
  YESTERDAY        0.0          MM      MM   0.0    0.0      0.0
  MONTH TO DATE    0.0                       0.0    0.0      0.0
  SINCE MAR 1      0.0                       0.0    0.0      0.0
  SINCE JUL 1      1.5                       3.1   -1.6      3.6
  SNOW DEPTH       0

DEGREE DAYS
 HEATING
  YESTERDAY        0                         2     -2        0
  MONTH TO DATE   45                       119    -74       73
  SINCE MAR 1    292                       466   -174      299
  SINCE JUL 1   2003                      2854   -851     2206

 COOLING
  YESTERDAY        2                         3     -1        5
  MONTH TO DATE   82                        49     33       31
  SINCE MAR 1    118                        66     52       52
  SINCE JAN 1    139                        69     70       56
..................................................................


WIND (MPH)
  HIGHEST WIND SPEED    22   HIGHEST WIND DIRECTION     S (180)
  HIGHEST GUST SPEED    28   HIGHEST GUST DIRECTION     S (160)
  AVERAGE WIND SPEED    10.4


SKY COVER
  POSSIBLE SUNSHINE  MM
  AVERAGE SKY COVER 0.1


WEATHER CONDITIONS
 THE FOLLOWING WEATHER WAS RECORDED YESTERDAY.
  LIGHT RAIN


RELATIVE HUMIDITY (PERCENT)
 HIGHEST    89           300 AM
 LOWEST     42           200 PM
 AVERAGE    66

..........................................................


THE PINE BLUFF CLIMATE NORMALS FOR TODAY
                         NORMAL    RECORD    YEAR
 MAXIMUM TEMPERATURE (F)   77        92      1896
 MINIMUM TEMPERATURE (F)   55        34      1910


SUNRISE AND SUNSET
APRIL 26 2017.........SUNRISE   623 AM CDT   SUNSET   748 PM CDT
APRIL 27 2017.........SUNRISE   622 AM CDT   SUNSET   749 PM CDT


-  INDICATES NEGATIVE NUMBERS.
R  INDICATES RECORD WAS SET OR TIED.
MM INDICATES DATA IS MISSING.
T  INDICATES TRACE AMOUNT.




$$
