000
CDUS44 KLZK 050648
CLIPBF


CLIMATE REPORT
NATIONAL WEATHER SERVICE LITTLE ROCK AR
148 AM CDT THU MAY 5 2016


...................................

...THE PINE BLUFF CLIMATE SUMMARY FOR MAY 4 2016...

CLIMATE NORMAL PERIOD 1981 TO 2010
CLIMATE RECORD PERIOD 1883 TO 2016


WEATHER ITEM   OBSERVED TIME   RECORD YEAR NORMAL DEPARTURE LAST
                VALUE   (LST)  VALUE       VALUE  FROM      YEAR
                                                  NORMAL
..................................................................
TEMPERATURE (F)
 YESTERDAY
  MAXIMUM         81    404 PM  94    1943  79      2       83
  MINIMUM         51    547 AM  35    2013  58     -7       60
  AVERAGE         66                        68     -2       72

PRECIPITATION (IN)
  YESTERDAY        0.00          4.07 1979   0.18  -0.18     0.00
  MONTH TO DATE    0.57                      0.70  -0.13     0.00
  SINCE MAR 1     21.08                     11.03  10.05    15.71
  SINCE JAN 1     27.13                     18.85   8.28    22.64

SNOWFALL (IN)
  YESTERDAY        0.0          MM      MM   0.0    0.0      0.0
  MONTH TO DATE    0.0                       0.0    0.0      0.0
  SINCE MAR 1      0.0                       0.0    0.0      2.0
  SINCE JUL 1      3.6                       3.1    0.5      9.2
  SNOW DEPTH       0

DEGREE DAYS
 HEATING
  YESTERDAY        0                         1     -1        0
  MONTH TO DATE    7                         5      2        5
  SINCE MAR 1    306                       481   -175      507
  SINCE JUL 1   2213                      2869   -656     3241

 COOLING
  YESTERDAY        1                         4     -3        7
  MONTH TO DATE   10                        16     -6       11
  SINCE MAR 1     93                       100     -7       96
  SINCE JAN 1     97                       103     -6       96
..................................................................


WIND (MPH)
  HIGHEST WIND SPEED    22   HIGHEST WIND DIRECTION     W (270)
  HIGHEST GUST SPEED    28   HIGHEST GUST DIRECTION     W (290)
  AVERAGE WIND SPEED     9.8


SKY COVER
  POSSIBLE SUNSHINE  MM
  AVERAGE SKY COVER 0.1


WEATHER CONDITIONS
 THE FOLLOWING WEATHER WAS RECORDED YESTERDAY.
  NO SIGNIFICANT WEATHER WAS OBSERVED.


RELATIVE HUMIDITY (PERCENT)
 HIGHEST    89           400 AM
 LOWEST     30           400 PM
 AVERAGE    60

..........................................................


THE PINE BLUFF CLIMATE NORMALS FOR TODAY
                         NORMAL    RECORD    YEAR
 MAXIMUM TEMPERATURE (F)   79        94      1943
 MINIMUM TEMPERATURE (F)   58        41      2013


SUNRISE AND SUNSET
MAY  5 2016...........SUNRISE   614 AM CDT   SUNSET   755 PM CDT
MAY  6 2016...........SUNRISE   613 AM CDT   SUNSET   756 PM CDT


-  INDICATES NEGATIVE NUMBERS.
R  INDICATES RECORD WAS SET OR TIED.
MM INDICATES DATA IS MISSING.
T  INDICATES TRACE AMOUNT.




$$
