000
CDUS44 KLZK 242205
CLIPBF


CLIMATE REPORT
NATIONAL WEATHER SERVICE LITTLE ROCK AR
405 PM CST FRI NOV 24 2017


...................................

...THE PINE BLUFF CLIMATE SUMMARY FOR NOVEMBER 24 2017...
VALID TODAY AS OF 0400 PM LOCAL TIME.

CLIMATE NORMAL PERIOD 1981 TO 2010
CLIMATE RECORD PERIOD 1883 TO 2017


WEATHER ITEM   OBSERVED TIME   RECORD YEAR NORMAL DEPARTURE LAST
                VALUE   (LST)  VALUE       VALUE  FROM      YEAR
                                                  NORMAL
..................................................................
TEMPERATURE (F)
 TODAY
  MAXIMUM         68    156 PM  85    1908  60      8       58
  MINIMUM         31    707 AM  19    1970  40     -9       41
  AVERAGE         50                        50      0       50

PRECIPITATION (IN)
  TODAY            0.00          2.32 2000   0.17  -0.17     0.00
  MONTH TO DATE    0.25                      3.78  -3.53     1.87
  SINCE SEP 1      2.01                     11.47  -9.46     3.79
  SINCE JAN 1     42.52                     44.66  -2.14    47.74

SNOWFALL (IN)
  TODAY            0.0           T    1950   0.0    0.0      0.0
  MONTH TO DATE    0.0                       0.0    0.0      0.0
  SINCE SEP 1      0.0                       0.0    0.0      0.0
  SINCE JUL 1      0.0                       0.0    0.0      0.0
  SNOW DEPTH       0

DEGREE DAYS
 HEATING
  TODAY           15                        15      0       15
  MONTH TO DATE  255                       270    -15      178
  SINCE SEP 1    394                       407    -13      206
  SINCE JUL 1    394                       407    -13      206

 COOLING
  TODAY            0                         0      0        0
  MONTH TO DATE   35                        10     25       15
  SINCE SEP 1    448                       371     77      520
  SINCE JAN 1   2094                      2129    -35     2328
..................................................................


WIND (MPH)
  HIGHEST WIND SPEED    15   HIGHEST WIND DIRECTION    SW (210)
  HIGHEST GUST SPEED    20   HIGHEST GUST DIRECTION    SW (220)
  AVERAGE WIND SPEED     5.7


SKY COVER
  POSSIBLE SUNSHINE  MM
  AVERAGE SKY COVER 0.0


WEATHER CONDITIONS
 THE FOLLOWING WEATHER WAS RECORDED TODAY.
  NO SIGNIFICANT WEATHER WAS OBSERVED.


RELATIVE HUMIDITY (PERCENT)
 HIGHEST    85           700 AM
 LOWEST     29           200 PM
 AVERAGE    57

..........................................................


THE PINE BLUFF CLIMATE NORMALS FOR TOMORROW
                         NORMAL    RECORD    YEAR
 MAXIMUM TEMPERATURE (F)   60        82      1908
 MINIMUM TEMPERATURE (F)   40        18      1950


SUNRISE AND SUNSET
NOVEMBER 24 2017......SUNRISE   649 AM CST   SUNSET   459 PM CST
NOVEMBER 25 2017......SUNRISE   650 AM CST   SUNSET   459 PM CST


-  INDICATES NEGATIVE NUMBERS.
R  INDICATES RECORD WAS SET OR TIED.
MM INDICATES DATA IS MISSING.
T  INDICATES TRACE AMOUNT.




$$
