000
CDUS44 KLZK 240638
CLIPBF


CLIMATE REPORT
NATIONAL WEATHER SERVICE LITTLE ROCK AR
1238 AM CST TUE JAN 24 2017


...................................

...THE PINE BLUFF CLIMATE SUMMARY FOR JANUARY 23 2017...

CLIMATE NORMAL PERIOD 1981 TO 2010
CLIMATE RECORD PERIOD 1883 TO 2017


WEATHER ITEM   OBSERVED TIME   RECORD YEAR NORMAL DEPARTURE LAST
                VALUE   (LST)  VALUE       VALUE  FROM      YEAR
                                                  NORMAL
..................................................................
TEMPERATURE (F)
 YESTERDAY
  MAXIMUM         57    434 PM  82    1943  52      5       36
  MINIMUM         41   1159 PM   2    1918  33      8       27
  AVERAGE         49                        42      7       32

PRECIPITATION (IN)
  YESTERDAY        0.00          1.34 1932   0.12  -0.12     0.00
  MONTH TO DATE    2.86                      2.76   0.10     1.93
  SINCE DEC 1      7.44                      8.20  -0.76     7.27
  SINCE JAN 1      2.86                      2.76   0.10     1.93

SNOWFALL (IN)
  YESTERDAY        0.0           3.5  1940   0.1   -0.1      0.0
  MONTH TO DATE    1.5                       1.3    0.2      3.6
  SINCE DEC 1      1.5                       1.5    0.0      3.6
  SINCE JUL 1      1.5                       1.5    0.0      3.6
  SNOW DEPTH       0

DEGREE DAYS
 HEATING
  YESTERDAY       16                        23     -7       33
  MONTH TO DATE  383                       529   -146      573
  SINCE DEC 1    994                      1178   -184      976
  SINCE JUL 1   1291                      1682   -391     1315

 COOLING
  YESTERDAY        0                         0      0        0
  MONTH TO DATE    5                         0      5        0
  SINCE DEC 1     10                         1      9       10
  SINCE JAN 1      5                         0      5        0
..................................................................


WIND (MPH)
  HIGHEST WIND SPEED    20   HIGHEST WIND DIRECTION     N (340)
  HIGHEST GUST SPEED    25   HIGHEST GUST DIRECTION    NW (330)
  AVERAGE WIND SPEED     8.0


SKY COVER
  POSSIBLE SUNSHINE  MM
  AVERAGE SKY COVER 0.2


WEATHER CONDITIONS
 THE FOLLOWING WEATHER WAS RECORDED YESTERDAY.
  NO SIGNIFICANT WEATHER WAS OBSERVED.


RELATIVE HUMIDITY (PERCENT)
 HIGHEST    92           900 PM
 LOWEST     47           400 PM
 AVERAGE    70

..........................................................


THE PINE BLUFF CLIMATE NORMALS FOR TODAY
                         NORMAL    RECORD    YEAR
 MAXIMUM TEMPERATURE (F)   52        81      1972
 MINIMUM TEMPERATURE (F)   33         6      1963


SUNRISE AND SUNSET
JANUARY 24 2017.......SUNRISE   710 AM CST   SUNSET   530 PM CST
JANUARY 25 2017.......SUNRISE   709 AM CST   SUNSET   531 PM CST


-  INDICATES NEGATIVE NUMBERS.
R  INDICATES RECORD WAS SET OR TIED.
MM INDICATES DATA IS MISSING.
T  INDICATES TRACE AMOUNT.




$$
