000
CDUS44 KLZK 210709 RRA
CLIPBF

CLIMATE REPORT
NATIONAL WEATHER SERVICE LITTLE ROCK AR
134 AM CDT THU SEP 21 2017


...................................

...THE PINE BLUFF CLIMATE SUMMARY FOR SEPTEMBER 20 2017...

CLIMATE NORMAL PERIOD 1981 TO 2010
CLIMATE RECORD PERIOD 1883 TO 2017


WEATHER ITEM   OBSERVED TIME   RECORD YEAR NORMAL DEPARTURE LAST
                VALUE   (LST)  VALUE       VALUE  FROM      YEAR
                                                  NORMAL
..................................................................
TEMPERATURE (F)
 YESTERDAY
  MAXIMUM         90    344 PM 102    1925  84      6       91
  MINIMUM         70    429 AM  43    1901  61      9       66
  AVERAGE         80                        73      7       79

PRECIPITATION (IN)
  YESTERDAY        0.00          4.26 2013   0.09  -0.09     0.00
  MONTH TO DATE    0.80                      1.60  -0.80     1.19
  SINCE SEP 1      0.80                      1.60  -0.80     1.19
  SINCE JAN 1     41.31                     34.79   6.52    45.14

SNOWFALL (IN)
  YESTERDAY        0.0           0.0  2002   0.0    0.0      0.0
                                      2001
  MONTH TO DATE    0.0                       0.0    0.0      0.0
  SINCE SEP 1      0.0                       0.0    0.0      0.0
  SINCE JUL 1      0.0                       0.0    0.0      0.0
  SNOW DEPTH       0

DEGREE DAYS
 HEATING
  YESTERDAY        0                         0      0        0
  MONTH TO DATE    2                         0      2        0
  SINCE SEP 1      2                         0      2        0
  SINCE JUL 1      2                         0      2        0

 COOLING
  YESTERDAY       15                         8      7       14
  MONTH TO DATE  162                       222    -60      285
  SINCE SEP 1    162                       222    -60      285
  SINCE JAN 1   1808                      1980   -172     2093
..................................................................


WIND (MPH)
  HIGHEST WIND SPEED    16   HIGHEST WIND DIRECTION     S (190)
  HIGHEST GUST SPEED    20   HIGHEST GUST DIRECTION     S (190)
  AVERAGE WIND SPEED     6.5


SKY COVER
  POSSIBLE SUNSHINE  MM
  AVERAGE SKY COVER 0.0


WEATHER CONDITIONS
 THE FOLLOWING WEATHER WAS RECORDED YESTERDAY.
  FOG


RELATIVE HUMIDITY (PERCENT)
 HIGHEST   100          1200 AM
 LOWEST     56           300 PM
 AVERAGE    78

..........................................................


THE PINE BLUFF CLIMATE NORMALS FOR TODAY
                         NORMAL    RECORD    YEAR
 MAXIMUM TEMPERATURE (F)   84       103      1925
 MINIMUM TEMPERATURE (F)   61        43      1983
                                             1918


SUNRISE AND SUNSET
SEPTEMBER 21 2017.....SUNRISE   655 AM CDT   SUNSET   705 PM CDT
SEPTEMBER 22 2017.....SUNRISE   656 AM CDT   SUNSET   704 PM CDT


-  INDICATES NEGATIVE NUMBERS.
R  INDICATES RECORD WAS SET OR TIED.
MM INDICATES DATA IS MISSING.
T  INDICATES TRACE AMOUNT.

$$
