000
CDUS44 KLZK 300644
CLIPBF


CLIMATE REPORT
NATIONAL WEATHER SERVICE LITTLE ROCK AR
143 AM CDT SAT JUL 30 2016


...................................

...THE PINE BLUFF CLIMATE SUMMARY FOR JULY 29 2016...

CLIMATE NORMAL PERIOD 1981 TO 2010
CLIMATE RECORD PERIOD 1883 TO 2016


WEATHER ITEM   OBSERVED TIME   RECORD YEAR NORMAL DEPARTURE LAST
                VALUE   (LST)  VALUE       VALUE  FROM      YEAR
                                                  NORMAL
..................................................................
TEMPERATURE (F)
 YESTERDAY
  MAXIMUM         91    421 PM 109    1930  93     -2      100
  MINIMUM         72   1035 PM  62    1994  72      0       77
  AVERAGE         82                        82      0       89

PRECIPITATION (IN)
  YESTERDAY        0.12          4.04 1967   0.12   0.00     0.00
  MONTH TO DATE    1.71                      3.70  -1.99     2.61
  SINCE JUN 1      4.75                      7.28  -2.53     4.70
  SINCE JAN 1     35.75                     30.48   5.27    32.35

SNOWFALL (IN)
  YESTERDAY        0.0          MM      MM   0.0    0.0      0.0
  MONTH TO DATE    0.0                       0.0    0.0      0.0
  SINCE JUN 1      0.0                       0.0    0.0      0.0
  SINCE JUL 1      0.0                       0.0    0.0      0.0
  SNOW DEPTH       0

DEGREE DAYS
 HEATING
  YESTERDAY        0                         0      0        0
  MONTH TO DATE    0                         0      0        0
  SINCE JUN 1      0                         0      0        0
  SINCE JUL 1      0                         0      0        0

 COOLING
  YESTERDAY       17                        17      0       24
  MONTH TO DATE  533                       492     41      550
  SINCE JUN 1    999                       914     85     1006
  SINCE JAN 1   1247                      1221     26     1335
..................................................................


WIND (MPH)
  HIGHEST WIND SPEED    28   HIGHEST WIND DIRECTION     N (340)
  HIGHEST GUST SPEED    38   HIGHEST GUST DIRECTION     N (340)
  AVERAGE WIND SPEED     7.9


SKY COVER
  POSSIBLE SUNSHINE  MM
  AVERAGE SKY COVER 0.4


WEATHER CONDITIONS
 THE FOLLOWING WEATHER WAS RECORDED YESTERDAY.
  THUNDERSTORM
  HEAVY RAIN
  LIGHT RAIN


RELATIVE HUMIDITY (PERCENT)
 HIGHEST   100           300 AM
 LOWEST     64           100 PM
 AVERAGE    82

..........................................................


THE PINE BLUFF CLIMATE NORMALS FOR TODAY
                         NORMAL    RECORD    YEAR
 MAXIMUM TEMPERATURE (F)   93       107      1986
 MINIMUM TEMPERATURE (F)   72        63      2014


SUNRISE AND SUNSET
JULY 30 2016..........SUNRISE   618 AM CDT   SUNSET   810 PM CDT
JULY 31 2016..........SUNRISE   619 AM CDT   SUNSET   809 PM CDT


-  INDICATES NEGATIVE NUMBERS.
R  INDICATES RECORD WAS SET OR TIED.
MM INDICATES DATA IS MISSING.
T  INDICATES TRACE AMOUNT.




$$
