000
CDUS44 KLZK 082201
CLIPBF


CLIMATE REPORT
NATIONAL WEATHER SERVICE LITTLE ROCK AR
401 PM CST THU DEC 8 2016


...................................

...THE PINE BLUFF CLIMATE SUMMARY FOR DECEMBER 8 2016...
VALID TODAY AS OF 0400 PM LOCAL TIME.

CLIMATE NORMAL PERIOD 1981 TO 2010
CLIMATE RECORD PERIOD 1883 TO 2016


WEATHER ITEM   OBSERVED TIME   RECORD YEAR NORMAL DEPARTURE LAST
                VALUE   (LST)  VALUE       VALUE  FROM      YEAR
                                                  NORMAL
..................................................................
TEMPERATURE (F)
 TODAY
  MAXIMUM         40    259 PM  77    2007  55    -15       67
  MINIMUM         36    917 AM  16    1927  36      0       39
  AVERAGE         38                        46     -8       53

PRECIPITATION (IN)
  TODAY            0.00          3.70 1924   0.19  -0.19     0.00
  MONTH TO DATE    1.30                      1.52  -0.22     0.01
  SINCE DEC 1      1.30                      1.52  -0.22     0.01
  SINCE JAN 1     51.10                     47.23   3.87    45.98

SNOWFALL (IN)
  TODAY            0.0           1.0  2005   0.0    0.0      0.0
  MONTH TO DATE    0.0                       0.0    0.0      0.0
  SINCE DEC 1      0.0                       0.0    0.0      0.0
  SINCE JUL 1      0.0                       0.0    0.0      0.0
  SNOW DEPTH       0

DEGREE DAYS
 HEATING
  TODAY           27                        20      7       12
  MONTH TO DATE  161                       149     12      144
  SINCE DEC 1    161                       149     12      144
  SINCE JUL 1    458                       653   -195      483

 COOLING
  TODAY            0                         0      0        0
  MONTH TO DATE    0                         0      0        0
  SINCE DEC 1      0                         0      0        0
  SINCE JAN 1   2328                      2131    197     2287
..................................................................


WIND (MPH)
  HIGHEST WIND SPEED    18   HIGHEST WIND DIRECTION     N (360)
  HIGHEST GUST SPEED    24   HIGHEST GUST DIRECTION     N (360)
  AVERAGE WIND SPEED    11.9


SKY COVER
  POSSIBLE SUNSHINE  MM
  AVERAGE SKY COVER 0.4


WEATHER CONDITIONS
 THE FOLLOWING WEATHER WAS RECORDED TODAY.
  NO SIGNIFICANT WEATHER WAS OBSERVED.


RELATIVE HUMIDITY (PERCENT)
 HIGHEST    70           800 AM
 LOWEST     40           300 PM
 AVERAGE    55

..........................................................


THE PINE BLUFF CLIMATE NORMALS FOR TOMORROW
                         NORMAL    RECORD    YEAR
 MAXIMUM TEMPERATURE (F)   55        77      2007
 MINIMUM TEMPERATURE (F)   36        10      1917


SUNRISE AND SUNSET
DECEMBER  8 2016......SUNRISE   702 AM CST   SUNSET   458 PM CST
DECEMBER  9 2016......SUNRISE   702 AM CST   SUNSET   458 PM CST


-  INDICATES NEGATIVE NUMBERS.
R  INDICATES RECORD WAS SET OR TIED.
MM INDICATES DATA IS MISSING.
T  INDICATES TRACE AMOUNT.




$$
