000
CDUS42 KMFL 070841
CLIPBI


CLIMATE REPORT
NATIONAL WEATHER SERVICE MIAMI, FL
437 AM EDT TUE JUL 7 2015


...................................

...THE WEST PALM BEACH CLIMATE SUMMARY FOR JULY 6 2015...

CLIMATE NORMAL PERIOD 1981 TO 2010
CLIMATE RECORD PERIOD 1888 TO 2015


WEATHER ITEM   OBSERVED TIME   RECORD YEAR NORMAL DEPARTURE LAST
                VALUE   (LST)  VALUE       VALUE  FROM      YEAR
                                                  NORMAL
..................................................................
TEMPERATURE (F)
 YESTERDAY
  MAXIMUM         90   1258 PM  95    1998  89      1       89
                                      1992
                                      1980
  MINIMUM         73    207 AM  67    1920  75     -2       76
  AVERAGE         82                        82      0       83

PRECIPITATION (IN)
  YESTERDAY        T             2.93 1941   0.21  -0.21     0.07
  MONTH TO DATE    0.50                      1.30  -0.80     2.00
  SINCE JUN 1      4.52                      9.60  -5.08     9.98
  SINCE JAN 1     18.27                     28.31 -10.04    27.70

SNOWFALL (IN)
  YESTERDAY        0.0
  MONTH TO DATE    0.0
  SINCE JUN 1      0.0
  SINCE JUL 1      0.0
  SNOW DEPTH       0

DEGREE DAYS
 HEATING
  YESTERDAY        0                         0      0        0
  MONTH TO DATE    0                         0      0        0
  SINCE JUN 1      0                         0      0        0
  SINCE JUL 1      0                         0      0        0

 COOLING
  YESTERDAY       17                        17      0       18
  MONTH TO DATE  105                       102      3      110
  SINCE JUN 1    640                       592     48      598
  SINCE JAN 1   2174                      1701    473     1950
..................................................................


WIND (MPH)
  HIGHEST WIND SPEED    15   HIGHEST WIND DIRECTION     E (100)
  HIGHEST GUST SPEED    19   HIGHEST GUST DIRECTION    SE (120)
  AVERAGE WIND SPEED     7.6


SKY COVER
  AVERAGE SKY COVER 0.6


WEATHER CONDITIONS
 THE FOLLOWING WEATHER WAS RECORDED YESTERDAY.
  THUNDERSTORM
  LIGHT RAIN


RELATIVE HUMIDITY (PERCENT)
 HIGHEST    84
 LOWEST     63
 AVERAGE    74

..........................................................


THE WEST PALM BEACH CLIMATE NORMALS FOR TODAY
                         NORMAL    RECORD    YEAR
 MAXIMUM TEMPERATURE (F)   90        97      1980
 MINIMUM TEMPERATURE (F)   75        67      1922


SUNRISE AND SUNSET
JULY  7 2015..........SUNRISE   633 AM EDT   SUNSET   818 PM EDT
JULY  8 2015..........SUNRISE   633 AM EDT   SUNSET   818 PM EDT


-  INDICATES NEGATIVE NUMBERS.
R  INDICATES RECORD WAS SET OR TIED.
MM INDICATES DATA IS MISSING.
T  INDICATES TRACE AMOUNT.




$$
