000
CDUS42 KMFL 272016
CLIPBI


CLIMATE REPORT
NATIONAL WEATHER SERVICE MIAMI, FL
415 PM EDT WED MAY 27 2015


...................................

...THE WEST PALM BEACH CLIMATE SUMMARY FOR MAY 27 2015...
VALID TODAY AS OF 0400 PM LOCAL TIME.

CLIMATE NORMAL PERIOD 1981 TO 2010
CLIMATE RECORD PERIOD 1888 TO 2015


WEATHER ITEM   OBSERVED TIME   RECORD YEAR NORMAL DEPARTURE LAST
                VALUE   (LST)  VALUE       VALUE  FROM      YEAR
                                                  NORMAL
..................................................................
TEMPERATURE (F)
 TODAY
  MAXIMUM         87    235 PM  96    1928  87      0       86
  MINIMUM         79    627 AM  62    1928  73      6       76
                                      1927
  AVERAGE         83                        80      3       81

PRECIPITATION (IN)
  TODAY            0.00          3.51 1906   0.22  -0.22     0.08
  MONTH TO DATE    1.48                      3.63  -2.15     2.66
  SINCE NOV 1     17.37                     25.96  -8.59    24.70
  SINCE JAN 1     13.67                     17.83  -4.16    17.58

SNOWFALL (IN)
  TODAY            0.0
  MONTH TO DATE    0.0
  SINCE MAR 1      0.0
  SINCE JUL 1      0.0
  SNOW DEPTH       0

DEGREE DAYS
 HEATING
  TODAY            0                         0      0        0
  MONTH TO DATE    0                         0      0        0
  SINCE MAR 1      2                        28    -26        7
  SINCE JUL 1    126                       233   -107      122

 COOLING
  TODAY           18                        15      3       16
  MONTH TO DATE  405                       352     53      398
  SINCE MAR 1   1192                       812    380      941
  SINCE JAN 1   1470                      1047    423     1287
..................................................................


WIND (MPH)
  HIGHEST WIND SPEED    21   HIGHEST WIND DIRECTION     E (110)
  HIGHEST GUST SPEED    26   HIGHEST GUST DIRECTION     E (100)
  AVERAGE WIND SPEED    14.2


SKY COVER
  AVERAGE SKY COVER 0.4


WEATHER CONDITIONS
 THE FOLLOWING WEATHER WAS RECORDED TODAY.
  NO SIGNIFICANT WEATHER WAS OBSERVED.


RELATIVE HUMIDITY (PERCENT)
 HIGHEST    67
 LOWEST     48
 AVERAGE    58

..........................................................


THE WEST PALM BEACH CLIMATE NORMALS FOR TOMORROW
                         NORMAL    RECORD    YEAR
 MAXIMUM TEMPERATURE (F)   87        94      1928
 MINIMUM TEMPERATURE (F)   73        59      1920


SUNRISE AND SUNSET
MAY 27 2015...........SUNRISE   628 AM EDT   SUNSET   807 PM EDT
MAY 28 2015...........SUNRISE   628 AM EDT   SUNSET   808 PM EDT


-  INDICATES NEGATIVE NUMBERS.
R  INDICATES RECORD WAS SET OR TIED.
MM INDICATES DATA IS MISSING.
T  INDICATES TRACE AMOUNT.




$$
