000
CDUS42 KMFL 300929
CLIPBI


CLIMATE REPORT
NATIONAL WEATHER SERVICE MIAMI, FL
429 AM EST FRI JAN 30 2015


...................................

...THE WEST PALM BEACH CLIMATE SUMMARY FOR JANUARY 29 2015...

CLIMATE NORMAL PERIOD 1981 TO 2010
CLIMATE RECORD PERIOD 1888 TO 2015


WEATHER ITEM   OBSERVED TIME   RECORD YEAR NORMAL DEPARTURE LAST
                VALUE   (LST)  VALUE       VALUE  FROM      YEAR
                                                  NORMAL
..................................................................
TEMPERATURE (F)
 YESTERDAY
  MAXIMUM         73   1248 PM  85    2009  75     -2       74
                                      1991
  MINIMUM         50    230 AM  31    1928  57     -7       63
  AVERAGE         62                        66     -4       69

PRECIPITATION (IN)
  YESTERDAY        0.00          1.94 1929   0.09  -0.09     0.49
  MONTH TO DATE    1.05                      2.95  -1.90     7.21
  SINCE NOV 1      4.75                     11.08  -6.33    14.33
  SINCE JAN 1      1.05                      2.95  -1.90     7.21

SNOWFALL (IN)
  YESTERDAY        0.0
  MONTH TO DATE    0.0
  SINCE DEC 1      0.0
  SINCE JUL 1      0.0
  SNOW DEPTH       0

DEGREE DAYS
 HEATING
  YESTERDAY        3                         2      1
  MONTH TO DATE   27                        84    -57
  SINCE DEC 1     52                       143    -91
  SINCE JUL 1     69                       155    -86

 COOLING
  YESTERDAY        0                         4     -4
  MONTH TO DATE  164                        98     66
  SINCE DEC 1    362                       253    109
  SINCE JAN 1    164                        98     66
..................................................................


WIND (MPH)
  HIGHEST WIND SPEED    17   HIGHEST WIND DIRECTION     E (100)
  HIGHEST GUST SPEED    21   HIGHEST GUST DIRECTION     E (90)
  AVERAGE WIND SPEED     8.1


SKY COVER
  AVERAGE SKY COVER 0.7


WEATHER CONDITIONS
 THE FOLLOWING WEATHER WAS RECORDED YESTERDAY.
  NO SIGNIFICANT WEATHER WAS OBSERVED.


RELATIVE HUMIDITY (PERCENT)
 HIGHEST    89
 LOWEST     44
 AVERAGE    67

..........................................................


THE WEST PALM BEACH CLIMATE NORMALS FOR TODAY
                         NORMAL    RECORD    YEAR
 MAXIMUM TEMPERATURE (F)   75        87      1991
 MINIMUM TEMPERATURE (F)   57        35      1966


SUNRISE AND SUNSET
JANUARY 30 2015.......SUNRISE   707 AM EST   SUNSET   601 PM EST
JANUARY 31 2015.......SUNRISE   706 AM EST   SUNSET   602 PM EST


-  INDICATES NEGATIVE NUMBERS.
R  INDICATES RECORD WAS SET OR TIED.
MM INDICATES DATA IS MISSING.
T  INDICATES TRACE AMOUNT.




$$
