000
CDUS42 KMFL 290822
CLIPBI


CLIMATE REPORT
NATIONAL WEATHER SERVICE MIAMI, FL
422 AM EDT SAT AUG 29 2015


...................................

...THE WEST PALM BEACH CLIMATE SUMMARY FOR AUGUST 28 2015...

CLIMATE NORMAL PERIOD 1981 TO 2010
CLIMATE RECORD PERIOD 1888 TO 2015


WEATHER ITEM   OBSERVED TIME   RECORD YEAR NORMAL DEPARTURE LAST
                VALUE   (LST)  VALUE       VALUE  FROM      YEAR
                                                  NORMAL
..................................................................
TEMPERATURE (F)
 YESTERDAY
  MAXIMUM         87   1147 AM  97    1932  90     -3       89
  MINIMUM         73   1252 PM  68    1889  76     -3       77
  AVERAGE         80                        83     -3       83

PRECIPITATION (IN)
  YESTERDAY        0.91          1.76 1957   0.27   0.64     0.21
  MONTH TO DATE    5.61                      7.13  -1.52     9.63
  SINCE JUN 1     15.67                     21.19  -5.52    25.34
  SINCE JAN 1     29.42                     39.90 -10.48    43.06

SNOWFALL (IN)
  YESTERDAY        0.0
  MONTH TO DATE    0.0
  SINCE JUN 1      0.0
  SINCE JUL 1      0.0
  SNOW DEPTH       0

DEGREE DAYS
 HEATING
  YESTERDAY        0                         0      0        0
  MONTH TO DATE    0                         0      0        0
  SINCE JUN 1      0                         0      0        0
  SINCE JUL 1      0                         0      0        0

 COOLING
  YESTERDAY       15                        18     -3       18
  MONTH TO DATE  512                       504      8      542
  SINCE JUN 1   1627                      1543     84     1594
  SINCE JAN 1   3161                      2652    509     2946
..................................................................


WIND (MPH)
  HIGHEST WIND SPEED    32   HIGHEST WIND DIRECTION    NE (50)
  HIGHEST GUST SPEED    40   HIGHEST GUST DIRECTION    NE (50)
  AVERAGE WIND SPEED     5.7


SKY COVER
  AVERAGE SKY COVER 0.6


WEATHER CONDITIONS
 THE FOLLOWING WEATHER WAS RECORDED YESTERDAY.
  THUNDERSTORM
  HEAVY RAIN
  RAIN
  LIGHT RAIN
  FOG


RELATIVE HUMIDITY (PERCENT)
 HIGHEST   100
 LOWEST     63
 AVERAGE    82

..........................................................


THE WEST PALM BEACH CLIMATE NORMALS FOR TODAY
                         NORMAL    RECORD    YEAR
 MAXIMUM TEMPERATURE (F)   90        96      1932
 MINIMUM TEMPERATURE (F)   76        70      1927
                                             1909
                                             1904


SUNRISE AND SUNSET
AUGUST 29 2015........SUNRISE   659 AM EDT   SUNSET   744 PM EDT
AUGUST 30 2015........SUNRISE   659 AM EDT   SUNSET   743 PM EDT


-  INDICATES NEGATIVE NUMBERS.
R  INDICATES RECORD WAS SET OR TIED.
MM INDICATES DATA IS MISSING.
T  INDICATES TRACE AMOUNT.




$$
