414
CDUS42 KMFL 040925
CLIPBI


CLIMATE REPORT
NATIONAL WEATHER SERVICE MIAMI, FL
422 AM EST SUN DEC 4 2016


...................................

...THE WEST PALM BEACH CLIMATE SUMMARY FOR DECEMBER 3 2016...

CLIMATE NORMAL PERIOD 1981 TO 2010
CLIMATE RECORD PERIOD 1888 TO 2016


WEATHER ITEM   OBSERVED TIME   RECORD YEAR NORMAL DEPARTURE LAST
                VALUE   (LST)  VALUE       VALUE  FROM      YEAR
                                                  NORMAL
..................................................................
TEMPERATURE (F)
 YESTERDAY
  MAXIMUM         78    227 PM  87    1991  78      0       79
                                      1948
                                      1902
  MINIMUM         72    659 AM  43    1903  62     10       70
  AVERAGE         75                        70      5       75

PRECIPITATION (IN)
  YESTERDAY        0.00          1.04 1905   0.11  -0.11     0.37
  MONTH TO DATE    0.44                      0.34   0.10     1.94
  SINCE NOV 1      1.44                      5.09  -3.65     5.00
  SINCE JAN 1     48.05                     59.29 -11.24    45.22

SNOWFALL (IN)
  YESTERDAY        0.0
  MONTH TO DATE    0.0
  SINCE DEC 1      0.0
  SINCE JUL 1      0.0
  SNOW DEPTH       0

DEGREE DAYS
 HEATING
  YESTERDAY        0                         1     -1        0
  MONTH TO DATE    0                         3     -3        0
  SINCE DEC 1      0                         3     -3        0
  SINCE JUL 1      1                        15    -14        0

 COOLING
  YESTERDAY       10                         6      4       10
  MONTH TO DATE   36                        18     18       35
  SINCE DEC 1     36                        18     18       35
  SINCE JAN 1   4442                      3884    558     4624
..................................................................


WIND (MPH)
  HIGHEST WIND SPEED    16   HIGHEST WIND DIRECTION     E (90)
  HIGHEST GUST SPEED    21   HIGHEST GUST DIRECTION     E (80)
  AVERAGE WIND SPEED    11.1


SKY COVER
  AVERAGE SKY COVER 0.6


WEATHER CONDITIONS
 THE FOLLOWING WEATHER WAS RECORDED YESTERDAY.
  NO SIGNIFICANT WEATHER WAS OBSERVED.


RELATIVE HUMIDITY (PERCENT)
 HIGHEST    73
 LOWEST     54
 AVERAGE    64

..........................................................


THE WEST PALM BEACH CLIMATE NORMALS FOR TODAY
                         NORMAL    RECORD    YEAR
 MAXIMUM TEMPERATURE (F)   78        89      1942
 MINIMUM TEMPERATURE (F)   62        42      1974


SUNRISE AND SUNSET
DECEMBER  4 2016......SUNRISE   654 AM EST   SUNSET   527 PM EST
DECEMBER  5 2016......SUNRISE   655 AM EST   SUNSET   527 PM EST


-  INDICATES NEGATIVE NUMBERS.
R  INDICATES RECORD WAS SET OR TIED.
MM INDICATES DATA IS MISSING.
T  INDICATES TRACE AMOUNT.




$$
