000
CDUS42 KMFL 202116
CLIPBI


CLIMATE REPORT
NATIONAL WEATHER SERVICE MIAMI, FL
415 PM EST MON NOV 20 2017


...................................

...THE WEST PALM BEACH CLIMATE SUMMARY FOR NOVEMBER 20 2017...
VALID TODAY AS OF 0400 PM LOCAL TIME.

CLIMATE NORMAL PERIOD 1981 TO 2010
CLIMATE RECORD PERIOD 1888 TO 2017


WEATHER ITEM   OBSERVED TIME   RECORD YEAR NORMAL DEPARTURE LAST
                VALUE   (LST)  VALUE       VALUE  FROM      YEAR
                                                  NORMAL
..................................................................
TEMPERATURE (F)
 TODAY
  MAXIMUM         78    247 PM  88    1948  79     -1       75
  MINIMUM         69    749 AM  44    1918  65      4       55
                                      1916
  AVERAGE         74                        72      2       65

PRECIPITATION (IN)
  TODAY            0.00          1.99 2005   0.13  -0.13     0.00
  MONTH TO DATE    1.96                      3.43  -1.47     0.97
  SINCE NOV 1      1.96                      3.43  -1.47     0.97
  SINCE JAN 1     57.65                     57.63   0.02    47.58

SNOWFALL (IN)
  TODAY            0.0
  MONTH TO DATE    0.0
  SINCE SEP 1      0.0
  SINCE JUL 1      0.0
  SNOW DEPTH       0

DEGREE DAYS
 HEATING
  TODAY            0                         0      0        0
  MONTH TO DATE    0                         0      0        0
  SINCE SEP 1      4                         1      3        0
  SINCE JUL 1      4                         1      3        0

 COOLING
  TODAY            9                         7      2        0
  MONTH TO DATE  216                       176     40      174
  SINCE SEP 1   1213                      1091    122     1204
  SINCE JAN 1   4274                      3797    477     4325
..................................................................


WIND (MPH)
  HIGHEST WIND SPEED    16   HIGHEST WIND DIRECTION     E (80)
  HIGHEST GUST SPEED    22   HIGHEST GUST DIRECTION    NE (60)
  AVERAGE WIND SPEED    11.6


SKY COVER
  AVERAGE SKY COVER 0.5


WEATHER CONDITIONS
 THE FOLLOWING WEATHER WAS RECORDED TODAY.
  NO SIGNIFICANT WEATHER WAS OBSERVED.


RELATIVE HUMIDITY (PERCENT)
 HIGHEST    79
 LOWEST     56
 AVERAGE    68

..........................................................


THE WEST PALM BEACH CLIMATE NORMALS FOR TOMORROW
                         NORMAL    RECORD    YEAR
 MAXIMUM TEMPERATURE (F)   79        90      1900
 MINIMUM TEMPERATURE (F)   65        38      1914


SUNRISE AND SUNSET
NOVEMBER 20 2017......SUNRISE   644 AM EST   SUNSET   528 PM EST
NOVEMBER 21 2017......SUNRISE   644 AM EST   SUNSET   528 PM EST


-  INDICATES NEGATIVE NUMBERS.
R  INDICATES RECORD WAS SET OR TIED.
MM INDICATES DATA IS MISSING.
T  INDICATES TRACE AMOUNT.




$$
