000
CDUS42 KMFL 220928
CLIPBI


CLIMATE REPORT
NATIONAL WEATHER SERVICE MIAMI, FL
428 AM EST MON DEC 22 2014


...................................

...THE WEST PALM BEACH CLIMATE SUMMARY FOR DECEMBER 21 2014...

CLIMATE NORMAL PERIOD 1981 TO 2010
CLIMATE RECORD PERIOD 1888 TO 2014


WEATHER ITEM   OBSERVED TIME   RECORD YEAR NORMAL DEPARTURE LAST
                VALUE   (LST)  VALUE       VALUE  FROM      YEAR
                                                  NORMAL
..................................................................
TEMPERATURE (F)
 YESTERDAY
  MAXIMUM         82    118 PM  87    1948  76      6       84
                                      1914
  MINIMUM         61    559 AM  35    1935  59      2       76
  AVERAGE         72                        67      5       80

PRECIPITATION (IN)
  YESTERDAY        0.00          6.45 1994   0.11  -0.11     0.00
  MONTH TO DATE    0.41                      2.26  -1.85     4.18
  SINCE NOV 1      2.35                      7.01  -4.66     6.96
  SINCE JAN 1     59.94                     61.21  -1.27    64.82

SNOWFALL (IN)
  YESTERDAY        0.0
  MONTH TO DATE    0.0
  SINCE DEC 1      0.0
  SINCE JUL 1      0.0
  SNOW DEPTH       0

DEGREE DAYS
 HEATING
  YESTERDAY        0                         2     -2
  MONTH TO DATE   25                        32     -7
  SINCE DEC 1     25                        32     -7
  SINCE JUL 1     42                        44     -2

 COOLING
  YESTERDAY        7                         5      2
  MONTH TO DATE   97                       114    -17
  SINCE DEC 1     97                       114    -17
  SINCE JAN 1   4237                      3980    257
..................................................................


WIND (MPH)
  HIGHEST WIND SPEED    17   HIGHEST WIND DIRECTION    SE (130)
  HIGHEST GUST SPEED    21   HIGHEST GUST DIRECTION    SE (130)
  AVERAGE WIND SPEED     5.0


SKY COVER
  AVERAGE SKY COVER 0.5


WEATHER CONDITIONS
 THE FOLLOWING WEATHER WAS RECORDED YESTERDAY.
  FOG


RELATIVE HUMIDITY (PERCENT)
 HIGHEST   100
 LOWEST     58
 AVERAGE    79

..........................................................


THE WEST PALM BEACH CLIMATE NORMALS FOR TODAY
                         NORMAL    RECORD    YEAR
 MAXIMUM TEMPERATURE (F)   76        86      1951
 MINIMUM TEMPERATURE (F)   59        36      1973


SUNRISE AND SUNSET
DECEMBER 22 2014......SUNRISE   705 AM EST   SUNSET   533 PM EST
DECEMBER 23 2014......SUNRISE   706 AM EST   SUNSET   534 PM EST


-  INDICATES NEGATIVE NUMBERS.
R  INDICATES RECORD WAS SET OR TIED.
MM INDICATES DATA IS MISSING.
T  INDICATES TRACE AMOUNT.




$$
