000
CDUS42 KMFL 202018
CLIPBI


CLIMATE REPORT
NATIONAL WEATHER SERVICE MIAMI, FL
418 PM EDT WED AUG 20 2014


...................................

...THE WEST PALM BEACH CLIMATE SUMMARY FOR AUGUST 20 2014...
VALID TODAY AS OF 0400 PM LOCAL TIME.

CLIMATE NORMAL PERIOD 1981 TO 2010
CLIMATE RECORD PERIOD 1894 TO 2014


WEATHER ITEM   OBSERVED TIME   RECORD YEAR NORMAL DEPARTURE LAST
                VALUE   (LST)  VALUE       VALUE  FROM      YEAR
                                                  NORMAL
..................................................................
TEMPERATURE (F)
 TODAY
  MAXIMUM         93   1255 PM  95    1958  90      3       92
                                      1951
  MINIMUM         79    612 AM  69    1956  76      3       80
                                      1910
  AVERAGE         86                        83      3       86

PRECIPITATION (IN)
  TODAY            0.00          6.70 1988   0.25  -0.25      T
  MONTH TO DATE    9.37                      4.93   4.44     2.89
  SINCE JUN 1     25.08                     18.99   6.09    21.46
  SINCE JAN 1     42.80                     37.70   5.10    46.41

SNOWFALL (IN)
  TODAY            0.0
  MONTH TO DATE    0.0
  SINCE JUN 1      0.0
  SINCE JUL 1      0.0
  SNOW DEPTH       0

DEGREE DAYS
 HEATING
  TODAY            0                         0      0
  MONTH TO DATE    0                         0      0
  SINCE JUN 1      0                         0      0
  SINCE JUL 1      0                         0      0

 COOLING
  TODAY           21                        18      3
  MONTH TO DATE  381                       360     21
  SINCE JUN 1   1433                      1399     34
  SINCE JAN 1   2785                      2508    277
..................................................................


WIND (MPH)
  HIGHEST WIND SPEED    15   HIGHEST WIND DIRECTION     E (100)
  HIGHEST GUST SPEED    20   HIGHEST GUST DIRECTION     E (110)
  AVERAGE WIND SPEED     3.4


SKY COVER
  AVERAGE SKY COVER 0.5


WEATHER CONDITIONS
 THE FOLLOWING WEATHER WAS RECORDED TODAY.
  THUNDERSTORM


RELATIVE HUMIDITY (PERCENT)
 HIGHEST    91
 LOWEST     56
 AVERAGE    74

..........................................................


THE WEST PALM BEACH CLIMATE NORMALS FOR TOMORROW
                         NORMAL    RECORD    YEAR
 MAXIMUM TEMPERATURE (F)   90        96      1993
                                             1991
                                             1949
 MINIMUM TEMPERATURE (F)   76        68      1969


SUNRISE AND SUNSET
AUGUST 20 2014........SUNRISE   655 AM EDT   SUNSET   753 PM EDT
AUGUST 21 2014........SUNRISE   655 AM EDT   SUNSET   752 PM EDT


-  INDICATES NEGATIVE NUMBERS.
R  INDICATES RECORD WAS SET OR TIED.
MM INDICATES DATA IS MISSING.
T  INDICATES TRACE AMOUNT.

$$
