253
CDUS42 KMFL 270825
CLIPBI


CLIMATE REPORT
NATIONAL WEATHER SERVICE MIAMI, FL
425 AM EDT FRI MAY 27 2016


...................................

...THE WEST PALM BEACH CLIMATE SUMMARY FOR MAY 26 2016...

CLIMATE NORMAL PERIOD 1981 TO 2010
CLIMATE RECORD PERIOD 1888 TO 2016


WEATHER ITEM   OBSERVED TIME   RECORD YEAR NORMAL DEPARTURE LAST
                VALUE   (LST)  VALUE       VALUE  FROM      YEAR
                                                  NORMAL
..................................................................
TEMPERATURE (F)
 YESTERDAY
  MAXIMUM         85    252 PM  93    2000  87     -2       87
                                      1927
  MINIMUM         68    554 AM  57    1979  73     -5       78
  AVERAGE         77                        80     -3       83

PRECIPITATION (IN)
  YESTERDAY        0.00          3.65 1968   0.21  -0.21     0.03
  MONTH TO DATE    4.88                      3.41   1.47     1.48
  SINCE NOV 1     31.72                     25.74   5.98    17.37
  SINCE JAN 1     21.32                     17.61   3.71    13.67

SNOWFALL (IN)
  YESTERDAY        0.0
  MONTH TO DATE    0.0
  SINCE MAR 1      0.0
  SINCE JUL 1      0.0
  SNOW DEPTH       0

DEGREE DAYS
 HEATING
  YESTERDAY        0                         0      0        0
  MONTH TO DATE    0                         0      0        0
  SINCE MAR 1      2                        28    -26        2
  SINCE JUL 1    135                       233    -98      126

 COOLING
  YESTERDAY       12                        15     -3       18
  MONTH TO DATE  351                       337     14      387
  SINCE MAR 1    999                       797    202     1174
  SINCE JAN 1   1201                      1032    169     1452
..................................................................


WIND (MPH)
  HIGHEST WIND SPEED    18   HIGHEST WIND DIRECTION     E (80)
  HIGHEST GUST SPEED    25   HIGHEST GUST DIRECTION    NE (60)
  AVERAGE WIND SPEED    10.7


SKY COVER
  AVERAGE SKY COVER 0.3


WEATHER CONDITIONS
 THE FOLLOWING WEATHER WAS RECORDED YESTERDAY.
  NO SIGNIFICANT WEATHER WAS OBSERVED.


RELATIVE HUMIDITY (PERCENT)
 HIGHEST    73
 LOWEST     43
 AVERAGE    58

..........................................................


THE WEST PALM BEACH CLIMATE NORMALS FOR TODAY
                         NORMAL    RECORD    YEAR
 MAXIMUM TEMPERATURE (F)   87        96      1928
 MINIMUM TEMPERATURE (F)   73        62      1928
                                             1927


SUNRISE AND SUNSET
MAY 27 2016...........SUNRISE   628 AM EDT   SUNSET   807 PM EDT
MAY 28 2016...........SUNRISE   628 AM EDT   SUNSET   808 PM EDT


-  INDICATES NEGATIVE NUMBERS.
R  INDICATES RECORD WAS SET OR TIED.
MM INDICATES DATA IS MISSING.
T  INDICATES TRACE AMOUNT.




$$
