000
CDUS42 KMFL 110924
CLIPBI


CLIMATE REPORT
NATIONAL WEATHER SERVICE MIAMI, FL
423 AM EST THU FEB 11 2016


...................................

...THE WEST PALM BEACH CLIMATE SUMMARY FOR FEBRUARY 10 2016...

CLIMATE NORMAL PERIOD 1981 TO 2010
CLIMATE RECORD PERIOD 1888 TO 2016


WEATHER ITEM   OBSERVED TIME   RECORD YEAR NORMAL DEPARTURE LAST
                VALUE   (LST)  VALUE       VALUE  FROM      YEAR
                                                  NORMAL
..................................................................
TEMPERATURE (F)
 YESTERDAY
  MAXIMUM         62    305 PM  90    1949  76    -14       73
  MINIMUM         49   1159 PM  34    1895  59    -10       57
  AVERAGE         56                        67    -11       65

PRECIPITATION (IN)
  YESTERDAY        0.00          4.97 2002   0.09  -0.09      T
  MONTH TO DATE    0.88                      0.94  -0.06     1.58
  SINCE NOV 1     21.18                     12.20   8.98     6.33
  SINCE JAN 1     10.78                      4.07   6.71     2.63

SNOWFALL (IN)
  YESTERDAY        0.0
  MONTH TO DATE    0.0
  SINCE DEC 1      0.0
  SINCE JUL 1      0.0
  SNOW DEPTH       0

DEGREE DAYS
 HEATING
  YESTERDAY        9                         2      7        0
  MONTH TO DATE   32                        20     12        1
  SINCE DEC 1     98                       165    -67       54
  SINCE JUL 1     98                       177    -79       71

 COOLING
  YESTERDAY        0                         4     -4        0
  MONTH TO DATE   46                        40      6       40
  SINCE DEC 1    493                       303    190      402
  SINCE JAN 1    137                       148    -11      204
..................................................................


WIND (MPH)
  HIGHEST WIND SPEED    20   HIGHEST WIND DIRECTION    NW (310)
  HIGHEST GUST SPEED    23   HIGHEST GUST DIRECTION    NW (300)
  AVERAGE WIND SPEED     9.5


SKY COVER
  AVERAGE SKY COVER 0.7


WEATHER CONDITIONS
 THE FOLLOWING WEATHER WAS RECORDED YESTERDAY.
  NO SIGNIFICANT WEATHER WAS OBSERVED.


RELATIVE HUMIDITY (PERCENT)
 HIGHEST    77
 LOWEST     30
 AVERAGE    54

..........................................................


THE WEST PALM BEACH CLIMATE NORMALS FOR TODAY
                         NORMAL    RECORD    YEAR
 MAXIMUM TEMPERATURE (F)   76        88      1986
                                             1960
                                             1940
 MINIMUM TEMPERATURE (F)   59        38      1974


SUNRISE AND SUNSET
FEBRUARY 11 2016......SUNRISE   700 AM EST   SUNSET   610 PM EST
FEBRUARY 12 2016......SUNRISE   659 AM EST   SUNSET   611 PM EST


-  INDICATES NEGATIVE NUMBERS.
R  INDICATES RECORD WAS SET OR TIED.
MM INDICATES DATA IS MISSING.
T  INDICATES TRACE AMOUNT.




$$
