000
CDUS42 KMFL 170923
CLIPBI


CLIMATE REPORT
NATIONAL WEATHER SERVICE MIAMI, FL
423 AM EST TUE JAN 17 2017


...................................

...THE WEST PALM BEACH CLIMATE SUMMARY FOR JANUARY 16 2017...

CLIMATE NORMAL PERIOD 1981 TO 2010
CLIMATE RECORD PERIOD 1888 TO 2017


WEATHER ITEM   OBSERVED TIME   RECORD YEAR NORMAL DEPARTURE LAST
                VALUE   (LST)  VALUE       VALUE  FROM      YEAR
                                                  NORMAL
..................................................................
TEMPERATURE (F)
 YESTERDAY
  MAXIMUM         79    245 PM  84    1954  74      5       76
                                      1946
  MINIMUM         71    732 AM  34    1921  57     14       55
  AVERAGE         75                        65     10       66

PRECIPITATION (IN)
  YESTERDAY        T             1.86 1991   0.10  -0.10      T
  MONTH TO DATE    0.24                      1.72  -1.48     2.51
  SINCE NOV 1      4.71                      9.85  -5.14    12.91
  SINCE JAN 1      0.24                      1.72  -1.48     2.51

SNOWFALL (IN)
  YESTERDAY        0.0
  MONTH TO DATE    0.0
  SINCE DEC 1      0.0
  SINCE JUL 1      0.0
  SNOW DEPTH       0

DEGREE DAYS
 HEATING
  YESTERDAY        0                         3     -3        0
  MONTH TO DATE   15                        48    -33        7
  SINCE DEC 1     21                       107    -86        7
  SINCE JUL 1     22                       119    -97        7

 COOLING
  YESTERDAY       10                         3      7        1
  MONTH TO DATE  113                        55     58       62
  SINCE DEC 1    406                       210    196      418
  SINCE JAN 1    113                        55     58       62
..................................................................


WIND (MPH)
  HIGHEST WIND SPEED    22   HIGHEST WIND DIRECTION     E (90)
  HIGHEST GUST SPEED    27   HIGHEST GUST DIRECTION     E (90)
  AVERAGE WIND SPEED    14.7


SKY COVER
  AVERAGE SKY COVER 0.7


WEATHER CONDITIONS
 THE FOLLOWING WEATHER WAS RECORDED YESTERDAY.
  NO SIGNIFICANT WEATHER WAS OBSERVED.


RELATIVE HUMIDITY (PERCENT)
 HIGHEST    68
 LOWEST     54
 AVERAGE    61

..........................................................


THE WEST PALM BEACH CLIMATE NORMALS FOR TODAY
                         NORMAL    RECORD    YEAR
 MAXIMUM TEMPERATURE (F)   74        86      1920
 MINIMUM TEMPERATURE (F)   57        37      1965


SUNRISE AND SUNSET
JANUARY 17 2017.......SUNRISE   710 AM EST   SUNSET   551 PM EST
JANUARY 18 2017.......SUNRISE   710 AM EST   SUNSET   552 PM EST


-  INDICATES NEGATIVE NUMBERS.
R  INDICATES RECORD WAS SET OR TIED.
MM INDICATES DATA IS MISSING.
T  INDICATES TRACE AMOUNT.




$$
