094
CDUS42 KMFL 212017
CLIPBI


CLIMATE REPORT
NATIONAL WEATHER SERVICE MIAMI, FL
416 PM EDT THU SEP 21 2017


...................................

...THE WEST PALM BEACH CLIMATE SUMMARY FOR SEPTEMBER 21 2017...
VALID TODAY AS OF 0400 PM LOCAL TIME.

CLIMATE NORMAL PERIOD 1981 TO 2010
CLIMATE RECORD PERIOD 1888 TO 2017


WEATHER ITEM   OBSERVED TIME   RECORD YEAR NORMAL DEPARTURE LAST
                VALUE   (LST)  VALUE       VALUE  FROM      YEAR
                                                  NORMAL
..................................................................
TEMPERATURE (F)
 TODAY
  MAXIMUM         91   1132 AM  94    1942  88      3       91
  MINIMUM         78    644 AM  66    1910  75      3       76
  AVERAGE         85                        82      3       84

PRECIPITATION (IN)
  TODAY            0.01          4.33 1941   0.28  -0.27     0.00
  MONTH TO DATE    4.04                      5.99  -1.95     6.03
  SINCE JUN 1     27.52                     28.00  -0.48    18.84
  SINCE JAN 1     38.93                     46.71  -7.78    40.23

SNOWFALL (IN)
  TODAY            0.0
  MONTH TO DATE    0.0
  SINCE SEP 1      0.0
  SINCE JUL 1      0.0
  SNOW DEPTH       0

DEGREE DAYS
 HEATING
  TODAY            0                         0      0        0
  MONTH TO DATE    0                         0      0        0
  SINCE SEP 1      0                         0      0        0
  SINCE JUL 1      0                         0      0        0

 COOLING
  TODAY           20                        17      3       19
  MONTH TO DATE  401                       357     44      403
  SINCE SEP 1    401                       357     44      403
  SINCE JAN 1   3462                      3063    399     3524
..................................................................


WIND (MPH)
  HIGHEST WIND SPEED    20   HIGHEST WIND DIRECTION     N (360)
  HIGHEST GUST SPEED    24   HIGHEST GUST DIRECTION     N (10)
  AVERAGE WIND SPEED     5.8


SKY COVER
  AVERAGE SKY COVER 0.5


WEATHER CONDITIONS
 THE FOLLOWING WEATHER WAS RECORDED TODAY.
  THUNDERSTORM
  LIGHT RAIN


RELATIVE HUMIDITY (PERCENT)
 HIGHEST    85
 LOWEST     63
 AVERAGE    74

..........................................................


THE WEST PALM BEACH CLIMATE NORMALS FOR TOMORROW
                         NORMAL    RECORD    YEAR
 MAXIMUM TEMPERATURE (F)   88        94      1942
 MINIMUM TEMPERATURE (F)   75        61      1897


SUNRISE AND SUNSET
SEPTEMBER 21 2017.....SUNRISE   709 AM EDT   SUNSET   718 PM EDT
SEPTEMBER 22 2017.....SUNRISE   709 AM EDT   SUNSET   717 PM EDT


-  INDICATES NEGATIVE NUMBERS.
R  INDICATES RECORD WAS SET OR TIED.
MM INDICATES DATA IS MISSING.
T  INDICATES TRACE AMOUNT.




$$
