000
CDUS42 KFFC 220819
CLIPDK


CLIMATE REPORT
NATIONAL WEATHER SERVICE PEACHTREE CITY GA
419 AM EDT TUE JUL 22 2014


...................................

...THE DEKALB PEACHTREE AIRPORT CLIMATE SUMMARY FOR JULY 21 2014...

CLIMATE NORMAL PERIOD 1981 TO 2010
CLIMATE RECORD PERIOD 9999 TO 9999


WEATHER ITEM   OBSERVED TIME   RECORD YEAR NORMAL DEPARTURE LAST
                VALUE   (LST)  VALUE       VALUE  FROM      YEAR
                                                  NORMAL
..................................................................
TEMPERATURE (F)
 YESTERDAY
  MAXIMUM         82    334 PM  MM      MM  90     -8       88
  MINIMUM         71    500 AM  MM      MM  71      0       71
  AVERAGE         77                        80     -3       80

PRECIPITATION (IN)
  YESTERDAY        0.35         MM      MM   0.14   0.21     0.27
  MONTH TO DATE    4.58                      3.64   0.94     8.79
  SINCE JUN 1      6.06                      8.40  -2.34    18.46
  SINCE JAN 1     24.94                     30.89  -5.95    27.98

DEGREE DAYS
 COOLING
  YESTERDAY       12                        15     -3       15
  MONTH TO DATE  272                       310    -38      255
  SINCE JUN 1    660                       663     -3      613
  SINCE JAN 1    877                       874      3      778
..................................................................


WIND (MPH)
  RESULTANT WIND SPEED   3   RESULTANT WIND DIRECTION  SE (140)
  HIGHEST WIND SPEED    21   HIGHEST WIND DIRECTION    NE (40)
  HIGHEST GUST SPEED    25   HIGHEST GUST DIRECTION    SW (210)
  AVERAGE WIND SPEED     3.6


SKY COVER
  AVERAGE SKY COVER 0.6


WEATHER CONDITIONS
 THE FOLLOWING WEATHER WAS RECORDED YESTERDAY.
  HEAVY RAIN
  RAIN
  LIGHT RAIN
  FOG


RELATIVE HUMIDITY (PERCENT)
 HIGHEST    93           100 AM
 LOWEST     65          1200 PM
 AVERAGE    79

..........................................................


THE DEKALB PEACHTREE AIRPORT CLIMATE NORMALS FOR TODAY
                         NORMAL    RECORD    YEAR
 MAXIMUM TEMPERATURE (F)   89        MM        MM
 MINIMUM TEMPERATURE (F)   71        MM        MM


SUNRISE AND SUNSET
JULY 22 2014..........SUNRISE   642 AM EDT   SUNSET   845 PM EDT
JULY 23 2014..........SUNRISE   643 AM EDT   SUNSET   844 PM EDT


-  INDICATES NEGATIVE NUMBERS.
R  INDICATES RECORD WAS SET OR TIED.
MM INDICATES DATA IS MISSING.
T  INDICATES TRACE AMOUNT.




$$
