000
CDUS42 KFFC 300820
CLIPDK


CLIMATE REPORT
NATIONAL WEATHER SERVICE PEACHTREE CITY GA
420 AM EDT SUN AUG 30 2015


...................................

...THE DEKALB PEACHTREE AIRPORT CLIMATE SUMMARY FOR AUGUST 29 2015...

CLIMATE NORMAL PERIOD 1981 TO 2010
CLIMATE RECORD PERIOD 9999 TO 9999


WEATHER ITEM   OBSERVED TIME   RECORD YEAR NORMAL DEPARTURE LAST
                VALUE   (LST)  VALUE       VALUE  FROM      YEAR
                                                  NORMAL
..................................................................
TEMPERATURE (F)
 YESTERDAY
  MAXIMUM         83    224 PM  MM      MM  87     -4       93
  MINIMUM         70    639 AM  MM      MM  68      2       63
  AVERAGE         77                        78     -1       78

PRECIPITATION (IN)
  YESTERDAY        0.00         MM      MM   0.10  -0.10     0.00
  MONTH TO DATE    6.82                      4.11   2.71     3.22
  SINCE JUN 1     10.79                     13.89  -3.10    11.11
  SINCE JAN 1     29.34                     36.38  -7.04    29.99

DEGREE DAYS
 COOLING
  YESTERDAY       12                        13     -1       13
  MONTH TO DATE  442                       411     31      373
  SINCE JUN 1   1410                      1223    187     1157
  SINCE JAN 1   1687                      1434    253     1374
..................................................................


WIND (MPH)
  RESULTANT WIND SPEED   3   RESULTANT WIND DIRECTION   E (100)
  HIGHEST WIND SPEED    10   HIGHEST WIND DIRECTION    SE (150)
  HIGHEST GUST SPEED    15   HIGHEST GUST DIRECTION    SE (130)
  AVERAGE WIND SPEED     2.8


SKY COVER
  AVERAGE SKY COVER 0.4


WEATHER CONDITIONS
 THE FOLLOWING WEATHER WAS RECORDED YESTERDAY.
  FOG


RELATIVE HUMIDITY (PERCENT)
 HIGHEST   100           400 AM
 LOWEST     58           200 PM
 AVERAGE    79

..........................................................


THE DEKALB PEACHTREE AIRPORT CLIMATE NORMALS FOR TODAY
                         NORMAL    RECORD    YEAR
 MAXIMUM TEMPERATURE (F)   87        MM        MM
 MINIMUM TEMPERATURE (F)   68        MM        MM


SUNRISE AND SUNSET
AUGUST 30 2015........SUNRISE   709 AM EDT   SUNSET   806 PM EDT
AUGUST 31 2015........SUNRISE   710 AM EDT   SUNSET   804 PM EDT


-  INDICATES NEGATIVE NUMBERS.
R  INDICATES RECORD WAS SET OR TIED.
MM INDICATES DATA IS MISSING.
T  INDICATES TRACE AMOUNT.




$$
