000
CDUS42 KFFC 180822
CLIPDK


CLIMATE REPORT
NATIONAL WEATHER SERVICE PEACHTREE CITY GA
422 AM EDT FRI AUG 18 2017


...................................

...THE DEKALB PEACHTREE AIRPORT CLIMATE SUMMARY FOR AUGUST 17 2017...

CLIMATE NORMAL PERIOD 1981 TO 2010
CLIMATE RECORD PERIOD 9999 TO 9999


WEATHER ITEM   OBSERVED TIME   RECORD YEAR NORMAL DEPARTURE LAST
                VALUE   (LST)  VALUE       VALUE  FROM      YEAR
                                                  NORMAL
..................................................................
TEMPERATURE (F)
 YESTERDAY
  MAXIMUM         86   1100 AM  MM      MM  88     -2       95
  MINIMUM         75    700 AM  MM      MM  70      5       73
  AVERAGE         81                        79      2       84

PRECIPITATION (IN)
  YESTERDAY        0.00         MM      MM   0.15  -0.15     0.27
  MONTH TO DATE    4.66                      2.68   1.98     1.42
  SINCE JUN 1     18.61                     12.46   6.15     5.11
  SINCE JAN 1     39.89                     34.95   4.94    21.64

DEGREE DAYS
 COOLING
  YESTERDAY       16                        14      2       19
  MONTH TO DATE  227                       249    -22      313
  SINCE JUN 1   1059                      1061     -2     1354
  SINCE JAN 1   1379                      1272    107     1635
..................................................................


WIND (MPH)
  RESULTANT WIND SPEED   3   RESULTANT WIND DIRECTION   W (260)
  HIGHEST WIND SPEED     6   HIGHEST WIND DIRECTION     W (260)
  HIGHEST GUST SPEED    MM   HIGHEST GUST DIRECTION    MM
  AVERAGE WIND SPEED     2.9


SKY COVER
  AVERAGE SKY COVER 0.3


WEATHER CONDITIONS
 THE FOLLOWING WEATHER WAS RECORDED YESTERDAY.
  NO SIGNIFICANT WEATHER WAS OBSERVED.


RELATIVE HUMIDITY (PERCENT)
 HIGHEST   100           700 AM
 LOWEST     61          1100 AM
 AVERAGE    81

..........................................................


THE DEKALB PEACHTREE AIRPORT CLIMATE NORMALS FOR TODAY
                         NORMAL    RECORD    YEAR
 MAXIMUM TEMPERATURE (F)   88        MM        MM
 MINIMUM TEMPERATURE (F)   70        MM        MM


SUNRISE AND SUNSET
AUGUST 18 2017........SUNRISE   701 AM EDT   SUNSET   820 PM EDT
AUGUST 19 2017........SUNRISE   702 AM EDT   SUNSET   819 PM EDT


-  INDICATES NEGATIVE NUMBERS.
R  INDICATES RECORD WAS SET OR TIED.
MM INDICATES DATA IS MISSING.
T  INDICATES TRACE AMOUNT.




$$
