000
CDUS46 KPDT 250913
CLIPDT

CLIMATE REPORT
NATIONAL WEATHER SERVICE PENDLETON OR
111 AM PST SAT FEB 25 2017


...................................

...THE PENDLETON OR CLIMATE SUMMARY FOR FEBRUARY 24 2017...

CLIMATE NORMAL PERIOD 1981 TO 2010
CLIMATE RECORD PERIOD 1890 TO 2017


WEATHER ITEM   OBSERVED TIME   RECORD YEAR NORMAL DEPARTURE LAST
                VALUE   (LST)  VALUE       VALUE  FROM      YEAR
                                                  NORMAL
..................................................................
TEMPERATURE (F)
 YESTERDAY
  MAXIMUM         43    208 PM  72    1986  49     -6       53
  MINIMUM         27    625 AM  10    1993  31     -4       30
  AVERAGE         35                        40     -5       42

PRECIPITATION (IN)
  YESTERDAY        0.00          1.12 1994   0.04  -0.04     0.00
  MONTH TO DATE    1.88                      0.94   0.94     0.82
  SINCE OCT 1      9.05                      6.37   2.68     6.60
  SINCE JAN 1      3.53                      2.37   1.16     2.33

SNOWFALL (IN)
  YESTERDAY        0.0          16.1  1994   0.1   -0.1      0.0
  MONTH TO DATE    3.0                       3.0    0.0       T
  SINCE JAN 1     21.5                       6.7   14.8       T
  SINCE JUL 1     40.0                      14.2   25.8      4.1
  SNOW DEPTH       0

DEGREE DAYS
 HEATING
  YESTERDAY       30                        25      5       23
  MONTH TO DATE  710                       644     66      526
  SINCE DEC 1   3159                      2549    610     2292
  SINCE JUL 1   4183                      3802    381     3492

 COOLING
  YESTERDAY        0                         0      0        0
  MONTH TO DATE    0                         0      0        0
  SINCE DEC 1      0                         0      0        0
  SINCE JAN 1      0                         0      0        0
..................................................................


WIND (MPH)
  HIGHEST WIND SPEED    12   HIGHEST WIND DIRECTION    NE (60)
  HIGHEST GUST SPEED    13   HIGHEST GUST DIRECTION    NE (60)
  AVERAGE WIND SPEED     5.5


SKY COVER
  POSSIBLE SUNSHINE  MM
  AVERAGE SKY COVER 0.3


WEATHER CONDITIONS
 THE FOLLOWING WEATHER WAS RECORDED YESTERDAY.
  NO SIGNIFICANT WEATHER WAS OBSERVED.


RELATIVE HUMIDITY (PERCENT)
 HIGHEST    85          1200 AM
 LOWEST     38           400 PM
 AVERAGE    62

..........................................................


THE PENDLETON OR CLIMATE NORMALS FOR TODAY
                         NORMAL    RECORD    YEAR
 MAXIMUM TEMPERATURE (F)   49        68      1932
 MINIMUM TEMPERATURE (F)   31         6      2011


SUNRISE AND SUNSET
FEBRUARY 25 2017......SUNRISE   640 AM PST   SUNSET   537 PM PST
FEBRUARY 26 2017......SUNRISE   639 AM PST   SUNSET   538 PM PST


-  INDICATES NEGATIVE NUMBERS.
R  INDICATES RECORD WAS SET OR TIED.
MM INDICATES DATA IS MISSING.
T  INDICATES TRACE AMOUNT.




$$
