000
CDUS46 KPDT 300851
CLIPDT

CLIMATE REPORT
NATIONAL WEATHER SERVICE PENDLETON OR
127 AM PDT WED JUL 30 2014


...................................

...THE PENDLETON OR CLIMATE SUMMARY FOR JULY 29 2014...

CLIMATE NORMAL PERIOD 1981 TO 2010
CLIMATE RECORD PERIOD 1890 TO 2014


WEATHER ITEM   OBSERVED TIME   RECORD YEAR NORMAL DEPARTURE LAST
                VALUE   (LST)  VALUE       VALUE  FROM      YEAR
                                                  NORMAL
..................................................................
TEMPERATURE (F)
 YESTERDAY
  MAXIMUM        104R   358 PM 104    2003  90     14       89
                                      1971
                                      1930
  MINIMUM         66    411 AM  38    1917  59      7       49
  AVERAGE         85                        74     11       69

PRECIPITATION (IN)
  YESTERDAY        0.00          0.82 1915   0.00   0.00     0.00
  MONTH TO DATE    0.22                      0.30  -0.08     0.06
  SINCE OCT 1      9.50                     11.69  -2.19     9.41
  SINCE JAN 1      7.71                      7.69   0.02     4.97

SNOWFALL (IN)
  YESTERDAY        0.0           0.0  2002   0.0    0.0      0.0
                                      2001
                                      2000
  MONTH TO DATE    0.0                       0.0    0.0      0.0
  SINCE JAN 1     15.2                       7.7    7.5      0.2
  SINCE JUL 1      0.0                       0.0    0.0      0.0
  SNOW DEPTH       0

DEGREE DAYS
 HEATING
  YESTERDAY        0                         0      0        0
  MONTH TO DATE    2                         7     -5        0
  SINCE JUN 1     45                        90    -45       80
  SINCE JUL 1      2                         7     -5        0

 COOLING
  YESTERDAY       20                        10     10        4
  MONTH TO DATE  362                       227    135      312
  SINCE JUN 1    422                       306    116      407
  SINCE JAN 1    444                       329    115      438
..................................................................


WIND (MPH)
  HIGHEST WIND SPEED    14   HIGHEST WIND DIRECTION    NW (320)
  HIGHEST GUST SPEED    20   HIGHEST GUST DIRECTION     W (270)
  AVERAGE WIND SPEED     7.0


SKY COVER
  POSSIBLE SUNSHINE  MM
  AVERAGE SKY COVER 0.0


WEATHER CONDITIONS
 THE FOLLOWING WEATHER WAS RECORDED YESTERDAY.
  NO SIGNIFICANT WEATHER WAS OBSERVED.


RELATIVE HUMIDITY (PERCENT)
 HIGHEST    45           300 AM
 LOWEST      8           600 PM
 AVERAGE    27

..........................................................


THE PENDLETON OR CLIMATE NORMALS FOR TODAY
                         NORMAL    RECORD    YEAR
 MAXIMUM TEMPERATURE (F)   90       107      1929
 MINIMUM TEMPERATURE (F)   59        40      1933


SUNRISE AND SUNSET
JULY 30 2014..........SUNRISE   537 AM PDT   SUNSET   826 PM PDT
JULY 31 2014..........SUNRISE   538 AM PDT   SUNSET   825 PM PDT


-  INDICATES NEGATIVE NUMBERS.
R  INDICATES RECORD WAS SET OR TIED.
MM INDICATES DATA IS MISSING.
T  INDICATES TRACE AMOUNT.




$$
