493
CDUS46 KPDT 110832
CLIPDT

CLIMATE REPORT
NATIONAL WEATHER SERVICE PENDLETON OR
1232 AM PST SUN DEC 11 2016


...................................

...THE PENDLETON OR CLIMATE SUMMARY FOR DECEMBER 10 2016...

CLIMATE NORMAL PERIOD 1981 TO 2010
CLIMATE RECORD PERIOD 1890 TO 2016


WEATHER ITEM   OBSERVED TIME   RECORD YEAR NORMAL DEPARTURE LAST
                VALUE   (LST)  VALUE       VALUE  FROM      YEAR
                                                  NORMAL
..................................................................
TEMPERATURE (F)
 YESTERDAY
  MAXIMUM         33   1055 PM  67    1933  40     -7       54
  MINIMUM         14    838 AM -13    1972  27    -13       38
  AVERAGE         24                        34    -10       46

PRECIPITATION (IN)
  YESTERDAY        0.05          0.84 1958   0.04   0.01     0.10
  MONTH TO DATE    0.49                      0.49   0.00     1.36
  SINCE OCT 1      3.72                      3.02   0.70     3.35
  SINCE JAN 1     11.79                     11.68   0.11     9.17

SNOWFALL (IN)
  YESTERDAY        0.4           1.3  2003   0.2    0.2      0.0
  MONTH TO DATE    6.5                       1.6    4.9      0.8
  SINCE JAN 1      6.5                      10.8   -4.3      2.8
  SINCE JUL 1      6.5                       3.1    3.4      2.4
  SNOW DEPTH       3

DEGREE DAYS
 HEATING
  YESTERDAY       41                        32      9       19
  MONTH TO DATE  365                       304     61      222
  SINCE DEC 1    365                       304     61      222
  SINCE JUL 1   1389                      1557   -168     1422

 COOLING
  YESTERDAY        0                         0      0        0
  MONTH TO DATE    0                         0      0        0
  SINCE DEC 1      0                         0      0        0
  SINCE JAN 1    605                       636    -31      912
..................................................................


WIND (MPH)
  HIGHEST WIND SPEED    12   HIGHEST WIND DIRECTION     S (180)
  HIGHEST GUST SPEED    17   HIGHEST GUST DIRECTION     S (160)
  AVERAGE WIND SPEED     6.2


SKY COVER
  POSSIBLE SUNSHINE  MM
  AVERAGE SKY COVER 0.7


WEATHER CONDITIONS
 THE FOLLOWING WEATHER WAS RECORDED YESTERDAY.
  LT FREEZING RAIN
  LIGHT SNOW
  FOG
  HAZE


RELATIVE HUMIDITY (PERCENT)
 HIGHEST    92          1200 AM
 LOWEST     69          1100 PM
 AVERAGE    81

..........................................................


THE PENDLETON OR CLIMATE NORMALS FOR TODAY
                         NORMAL    RECORD    YEAR
 MAXIMUM TEMPERATURE (F)   40        67      1924
 MINIMUM TEMPERATURE (F)   27       -10      1932


SUNRISE AND SUNSET
DECEMBER 11 2016......SUNRISE   727 AM PST   SUNSET   411 PM PST
DECEMBER 12 2016......SUNRISE   727 AM PST   SUNSET   411 PM PST


-  INDICATES NEGATIVE NUMBERS.
R  INDICATES RECORD WAS SET OR TIED.
MM INDICATES DATA IS MISSING.
T  INDICATES TRACE AMOUNT.


$$
