000
CDUS46 KPDT 300841
CLIPDT

CLIMATE REPORT
NATIONAL WEATHER SERVICE PENDLETON OR
141 AM PDT SUN AUG 30 2015


...................................

...THE PENDLETON OR CLIMATE SUMMARY FOR AUGUST 29 2015...

CLIMATE NORMAL PERIOD 1981 TO 2010
CLIMATE RECORD PERIOD 1890 TO 2015


WEATHER ITEM   OBSERVED TIME   RECORD YEAR NORMAL DEPARTURE LAST
                VALUE   (LST)  VALUE       VALUE  FROM      YEAR
                                                  NORMAL
..................................................................
TEMPERATURE (F)
 YESTERDAY
  MAXIMUM         83    714 AM 106    1915  83      0       86
  MINIMUM         53   1137 PM  36    1927  54     -1       56
  AVERAGE         68                        69     -1       71

PRECIPITATION (IN)
  YESTERDAY        0.01          0.71 1977   0.02  -0.01     0.00
  MONTH TO DATE    0.01                      0.35  -0.34     0.59
  SINCE OCT 1      9.71                     12.06  -2.35    10.09
  SINCE JAN 1      5.01                      8.06  -3.05     8.30

SNOWFALL (IN)
  YESTERDAY        0.0           0.0  2002   0.0    0.0      0.0
                                      2001
                                      1999
  MONTH TO DATE    0.0                       0.0    0.0      0.0
  SINCE JAN 1      0.4                       7.7   -7.3     15.2
  SINCE JUL 1      0.0                       0.0    0.0      0.0
  SNOW DEPTH       0

DEGREE DAYS
 HEATING
  YESTERDAY        0                         1     -1        0
  MONTH TO DATE    3                         6     -3        0
  SINCE JUN 1     13                       100    -87       45
  SINCE JUL 1      3                        17    -14        2

 COOLING
  YESTERDAY        3                         5     -2        6
  MONTH TO DATE  242                       214     28      274
  SINCE JUN 1    849                       539    310      735
  SINCE JAN 1    876                       562    314      757
..................................................................


WIND (MPH)
  HIGHEST WIND SPEED    39   HIGHEST WIND DIRECTION     W (280)
  HIGHEST GUST SPEED    45   HIGHEST GUST DIRECTION     W (280)
  AVERAGE WIND SPEED    11.0


SKY COVER
  POSSIBLE SUNSHINE  MM
  AVERAGE SKY COVER 0.2


WEATHER CONDITIONS
 THE FOLLOWING WEATHER WAS RECORDED YESTERDAY.
  LIGHT RAIN
  HAZE
  SANDSTORM


RELATIVE HUMIDITY (PERCENT)
 HIGHEST    62          1100 PM
 LOWEST     23           700 AM
 AVERAGE    43

..........................................................


THE PENDLETON OR CLIMATE NORMALS FOR TODAY
                         NORMAL    RECORD    YEAR
 MAXIMUM TEMPERATURE (F)   83       103      1967
                                             1915
 MINIMUM TEMPERATURE (F)   54        37      1924
                                             1912


SUNRISE AND SUNSET
AUGUST 30 2015........SUNRISE   614 AM PDT   SUNSET   737 PM PDT
AUGUST 31 2015........SUNRISE   615 AM PDT   SUNSET   735 PM PDT


-  INDICATES NEGATIVE NUMBERS.
R  INDICATES RECORD WAS SET OR TIED.
MM INDICATES DATA IS MISSING.
T  INDICATES TRACE AMOUNT.


$$
