000
CDUS46 KPQR 230221
CLIPDX


CLIMATE REPORT
NATIONAL WEATHER SERVICE PORTLAND OREGON
720 PM PDT MON SEP 22 2014


...................................

...THE PORTLAND OR CLIMATE SUMMARY FOR SEPTEMBER 22 2014...
VALID TODAY AS OF 0700 PM LOCAL TIME.

CLIMATE NORMAL PERIOD 1981 TO 2010
CLIMATE RECORD PERIOD 1940 TO 2014


WEATHER ITEM   OBSERVED TIME   RECORD YEAR NORMAL DEPARTURE LAST
                VALUE   (LST)  VALUE       VALUE  FROM      YEAR
                                                  NORMAL
..................................................................
TEMPERATURE (F)
 TODAY
  MAXIMUM         71    432 PM  93    1994  74     -3       62
                                      1990
                                      1987
  MINIMUM         61    522 AM  34    1961  52      9       56
  AVERAGE         66                        63      3       59

PRECIPITATION (IN)
  TODAY            T             0.73 1948   0.06  -0.06     0.19
  MONTH TO DATE    0.05                      0.98  -0.93     1.84
  SINCE OCT 1     30.02                     35.54  -5.52    39.05
  SINCE JAN 1     24.20                     21.42   2.78    17.12

DEGREE DAYS
 HEATING
  TODAY            0                         3     -3        6
  MONTH TO DATE    1                        41    -40       17
  SINCE SEP 1      1                        41    -40       17
  SINCE JUL 1      2                        68    -66       22

 COOLING
  TODAY            1                         1      0        0
  MONTH TO DATE   99                        52     47       86
  SINCE SEP 1     99                        52     47       86
  SINCE JAN 1    634                       415    219      539
..................................................................


WIND (MPH)
  HIGHEST WIND SPEED    12   HIGHEST WIND DIRECTION     S (190)
  HIGHEST GUST SPEED    13   HIGHEST GUST DIRECTION     S (190)
  AVERAGE WIND SPEED     5.0



WEATHER CONDITIONS
 THE FOLLOWING WEATHER WAS RECORDED TODAY.
  LIGHT RAIN


RELATIVE HUMIDITY (PERCENT)
 HIGHEST    78          1200 AM
 LOWEST     59           100 PM
 AVERAGE    69

..........................................................


THE PORTLAND OR CLIMATE NORMALS FOR TOMORROW
                         NORMAL    RECORD    YEAR
 MAXIMUM TEMPERATURE (F)   74        94      1974
 MINIMUM TEMPERATURE (F)   51        40      2000


SUNRISE AND SUNSET
SEPTEMBER 22 2014.....SUNRISE   657 AM PDT   SUNSET   708 PM PDT
SEPTEMBER 23 2014.....SUNRISE   659 AM PDT   SUNSET   706 PM PDT


-  INDICATES NEGATIVE NUMBERS.
R  INDICATES RECORD WAS SET OR TIED.
MM INDICATES DATA IS MISSING.
T  INDICATES TRACE AMOUNT.




$$
