000
CDUS46 KPQR 051141
CLIPDX


CLIMATE REPORT
NATIONAL WEATHER SERVICE PORTLAND OREGON
340 AM PST THU MAR 5 2015


...................................

...THE PORTLAND OR CLIMATE SUMMARY FOR MARCH 4 2015...

CLIMATE NORMAL PERIOD 1981 TO 2010
CLIMATE RECORD PERIOD 1940 TO 2015


WEATHER ITEM   OBSERVED TIME   RECORD YEAR NORMAL DEPARTURE LAST
                VALUE   (LST)  VALUE       VALUE  FROM      YEAR
                                                  NORMAL
..................................................................
TEMPERATURE (F)
 YESTERDAY
  MAXIMUM         60    426 PM  69    1987  55      5       62
  MINIMUM         30    635 AM  26    1960  38     -8       46
                                      1954
  AVERAGE         45                        46     -1       54

PRECIPITATION (IN)
  YESTERDAY        0.00          0.76 1996   0.13  -0.13     0.11
  MONTH TO DATE    T                         0.55  -0.55     0.78
  SINCE OCT 1     22.02                     23.21  -1.19    14.42
  SINCE JAN 1      7.04                      9.09  -2.05     8.60

DEGREE DAYS
 HEATING
  YESTERDAY       20                        19      1       11
  MONTH TO DATE   78                        76      2       71
  SINCE MAR 1     78                        76      2       71
  SINCE JUL 1   2550                      3134   -584     3369

 COOLING
  YESTERDAY        0                         0      0        0
  MONTH TO DATE    0                         0      0        0
  SINCE MAR 1      0                         0      0        0
  SINCE JAN 1      0                         0      0        0
..................................................................


WIND (MPH)
  HIGHEST WIND SPEED     8   HIGHEST WIND DIRECTION     W (280)
  HIGHEST GUST SPEED    10   HIGHEST GUST DIRECTION     W (270)
  AVERAGE WIND SPEED     2.3


SKY COVER
  POSSIBLE SUNSHINE  MM
  AVERAGE SKY COVER 0.1


WEATHER CONDITIONS
 THE FOLLOWING WEATHER WAS RECORDED YESTERDAY.
  NO SIGNIFICANT WEATHER WAS OBSERVED.


RELATIVE HUMIDITY (PERCENT)
 HIGHEST    92           600 AM
 LOWEST     15           400 PM
 AVERAGE    54

..........................................................


THE PORTLAND OR CLIMATE NORMALS FOR TODAY
                         NORMAL    RECORD    YEAR
 MAXIMUM TEMPERATURE (F)   55        66      1984
                                             1965
 MINIMUM TEMPERATURE (F)   38        19      1955


SUNRISE AND SUNSET
MARCH  5 2015.........SUNRISE   642 AM PST   SUNSET   603 PM PST
MARCH  6 2015.........SUNRISE   640 AM PST   SUNSET   604 PM PST


-  INDICATES NEGATIVE NUMBERS.
R  INDICATES RECORD WAS SET OR TIED.
MM INDICATES DATA IS MISSING.
T  INDICATES TRACE AMOUNT.




$$
