000
CDUS46 KPQR 241143
CLIPDX


CLIMATE REPORT
NATIONAL WEATHER SERVICE PORTLAND OREGON
343 AM PST FRI FEB 24 2017


...................................

...THE PORTLAND OR CLIMATE SUMMARY FOR FEBRUARY 23 2017...

CLIMATE NORMAL PERIOD 1981 TO 2010
CLIMATE RECORD PERIOD 1940 TO 2017


WEATHER ITEM   OBSERVED TIME   RECORD YEAR NORMAL DEPARTURE LAST
                VALUE   (LST)  VALUE       VALUE  FROM      YEAR
                                                  NORMAL
..................................................................
TEMPERATURE (F)
 YESTERDAY
  MAXIMUM         44    252 PM  67    1995  53     -9       59
  MINIMUM         32   1159 PM  25    1993  37     -5       33
  AVERAGE         38                        45     -7       46

PRECIPITATION (IN)
  YESTERDAY        T             1.07 1950   0.13  -0.13     0.00
  MONTH TO DATE   10.05                      3.01   7.04     3.19
  SINCE OCT 1     33.93                     22.01  11.92    33.84
  SINCE JAN 1     14.18                      7.89   6.29    10.42

SNOWFALL (IN)
  YESTERDAY        0.0           0.6  1962
  MONTH TO DATE    T
  SINCE DEC 1     11.2
  SINCE JUL 1     11.2

DEGREE DAYS
 HEATING
  YESTERDAY       27                        20      7       19
  MONTH TO DATE  547                       494     53      368
  SINCE DEC 1   2370                      1989    381     1715
  SINCE JUL 1   3080                      2958    122     2523

 COOLING
  YESTERDAY        0                         0      0        0
  MONTH TO DATE    0                         0      0        0
  SINCE DEC 1      0                         0      0        0
  SINCE JAN 1      0                         0      0        0
..................................................................


WIND (MPH)
  HIGHEST WIND SPEED    10   HIGHEST WIND DIRECTION    NW (300)
  HIGHEST GUST SPEED    13   HIGHEST GUST DIRECTION    NW (300)
  AVERAGE WIND SPEED     3.6


SKY COVER
  POSSIBLE SUNSHINE  MM
  AVERAGE SKY COVER 0.8


WEATHER CONDITIONS
 THE FOLLOWING WEATHER WAS RECORDED YESTERDAY.
  LIGHT RAIN
  SNOW
  FOG
  HAZE


RELATIVE HUMIDITY (PERCENT)
 HIGHEST   100           600 AM
 LOWEST     70           400 PM
 AVERAGE    85

..........................................................


THE PORTLAND OR CLIMATE NORMALS FOR TODAY
                         NORMAL    RECORD    YEAR
 MAXIMUM TEMPERATURE (F)   53        68      1986
 MINIMUM TEMPERATURE (F)   37        25      1969


SUNRISE AND SUNSET
FEBRUARY 24 2017......SUNRISE   657 AM PST   SUNSET   551 PM PST
FEBRUARY 25 2017......SUNRISE   655 AM PST   SUNSET   552 PM PST


-  INDICATES NEGATIVE NUMBERS.
R  INDICATES RECORD WAS SET OR TIED.
MM INDICATES DATA IS MISSING.
T  INDICATES TRACE AMOUNT.




$$
