000
CDUS46 KPQR 310221
CLIPDX


CLIMATE REPORT
NATIONAL WEATHER SERVICE PORTLAND OREGON
721 PM PDT THU JUL 30 2015


...................................

...THE PORTLAND OR CLIMATE SUMMARY FOR JULY 30 2015...
VALID TODAY AS OF 0700 PM LOCAL TIME.

CLIMATE NORMAL PERIOD 1981 TO 2010
CLIMATE RECORD PERIOD 1940 TO 2015


WEATHER ITEM   OBSERVED TIME   RECORD YEAR NORMAL DEPARTURE LAST
                VALUE   (LST)  VALUE       VALUE  FROM      YEAR
                                                  NORMAL
..................................................................
TEMPERATURE (F)
 TODAY
  MAXIMUM        103    453 PM 107    1965  82     21       89
  MINIMUM         63    541 AM  47    1945  59      4       60
  AVERAGE         83                        71     12       75

PRECIPITATION (IN)
  TODAY            0.00          0.52 1982   0.01  -0.01     0.00
  MONTH TO DATE    0.57                      0.63  -0.06     1.05
  SINCE OCT 1     30.04                     33.87  -3.83    29.96
  SINCE JAN 1     15.06                     19.75  -4.69    24.14

DEGREE DAYS
 HEATING
  TODAY            0                         0      0        0
  MONTH TO DATE    0                        15    -15        1
  SINCE JUN 1     19                       106    -87       63
  SINCE JUL 1      0                        15    -15        1

 COOLING
  TODAY           18                         6     12       10
  MONTH TO DATE  269                       143    126      208
  SINCE JUN 1    454                       190    264      237
  SINCE JAN 1    476                       207    269      265
..................................................................


WIND (MPH)
  HIGHEST WIND SPEED    13   HIGHEST WIND DIRECTION    NW (300)
  HIGHEST GUST SPEED    18   HIGHEST GUST DIRECTION    NW (330)
  AVERAGE WIND SPEED     5.0



WEATHER CONDITIONS
 THE FOLLOWING WEATHER WAS RECORDED TODAY.
  NO SIGNIFICANT WEATHER WAS OBSERVED.


RELATIVE HUMIDITY (PERCENT)
 HIGHEST    67           400 AM
 LOWEST     13           300 PM
 AVERAGE    40

..........................................................


THE PORTLAND OR CLIMATE NORMALS FOR TOMORROW
                         NORMAL    RECORD    YEAR
 MAXIMUM TEMPERATURE (F)   82       102      1965
 MINIMUM TEMPERATURE (F)   59        48      1956
                                             1953


SUNRISE AND SUNSET
JULY 30 2015..........SUNRISE   552 AM PDT   SUNSET   841 PM PDT
JULY 31 2015..........SUNRISE   553 AM PDT   SUNSET   840 PM PDT


-  INDICATES NEGATIVE NUMBERS.
R  INDICATES RECORD WAS SET OR TIED.
MM INDICATES DATA IS MISSING.
T  INDICATES TRACE AMOUNT.




$$
