000
CDUS46 KPQR 280222
CLIPDX


CLIMATE REPORT
NATIONAL WEATHER SERVICE PORTLAND OREGON
621 PM PST THU NOV 27 2014


...................................

...THE PORTLAND OR CLIMATE SUMMARY FOR NOVEMBER 27 2014...
VALID TODAY AS OF 0600 PM LOCAL TIME.

CLIMATE NORMAL PERIOD 1981 TO 2010
CLIMATE RECORD PERIOD 1940 TO 2014


WEATHER ITEM   OBSERVED TIME   RECORD YEAR NORMAL DEPARTURE LAST
                VALUE   (LST)  VALUE       VALUE  FROM      YEAR
                                                  NORMAL
..................................................................
TEMPERATURE (F)
 TODAY
  MAXIMUM         59    559 AM  63    1947  49     10       51
  MINIMUM         55    501 PM  20    1952  38     17       30
  AVERAGE         57                        44     13       41

PRECIPITATION (IN)
  TODAY            0.02          1.97 1984   0.21  -0.19     0.00
  MONTH TO DATE    2.37                      5.01  -2.64     2.91
  SINCE OCT 1      8.31                      8.01   0.30     4.06
  SINCE JAN 1     33.44                     29.92   3.52    24.96

DEGREE DAYS
 HEATING
  TODAY            8                        21    -13       24
  MONTH TO DATE  477                       484     -7      500
  SINCE SEP 1    657                       875   -218      934
  SINCE JUL 1    658                       902   -244      939

 COOLING
  TODAY            0                         0      0        0
  MONTH TO DATE    0                         0      0        0
  SINCE SEP 1    118                        61     57       86
  SINCE JAN 1    653                       424    229      539
..................................................................


WIND (MPH)
  HIGHEST WIND SPEED    22   HIGHEST WIND DIRECTION     S (180)
  HIGHEST GUST SPEED    32   HIGHEST GUST DIRECTION     S (190)
  AVERAGE WIND SPEED    11.2



WEATHER CONDITIONS
 THE FOLLOWING WEATHER WAS RECORDED TODAY.
  LIGHT RAIN
  FOG


RELATIVE HUMIDITY (PERCENT)
 HIGHEST    86          1200 PM
 LOWEST     67           600 AM
 AVERAGE    77

..........................................................


THE PORTLAND OR CLIMATE NORMALS FOR TOMORROW
                         NORMAL    RECORD    YEAR
 MAXIMUM TEMPERATURE (F)   49        59      1940
 MINIMUM TEMPERATURE (F)   38        20      1952


SUNRISE AND SUNSET
NOVEMBER 27 2014......SUNRISE   726 AM PST   SUNSET   430 PM PST
NOVEMBER 28 2014......SUNRISE   727 AM PST   SUNSET   430 PM PST


-  INDICATES NEGATIVE NUMBERS.
R  INDICATES RECORD WAS SET OR TIED.
MM INDICATES DATA IS MISSING.
T  INDICATES TRACE AMOUNT.




$$
