000
CDUS46 KPQR 220220
CLIPDX


CLIMATE REPORT
NATIONAL WEATHER SERVICE PORTLAND OREGON
620 PM PST SUN DEC 21 2014


...................................

...THE PORTLAND OR CLIMATE SUMMARY FOR DECEMBER 21 2014...
VALID TODAY AS OF 0600 PM LOCAL TIME.

CLIMATE NORMAL PERIOD 1981 TO 2010
CLIMATE RECORD PERIOD 1940 TO 2014


WEATHER ITEM   OBSERVED TIME   RECORD YEAR NORMAL DEPARTURE LAST
                VALUE   (LST)  VALUE       VALUE  FROM      YEAR
                                                  NORMAL
..................................................................
TEMPERATURE (F)
 TODAY
  MAXIMUM         59    116 AM  62    1940  45     14       53
  MINIMUM         52    548 PM  12    1990  35     17       41
  AVERAGE         56                        40     16       47

PRECIPITATION (IN)
  TODAY            0.04          1.99 1955   0.17  -0.13     0.07
  MONTH TO DATE    4.63                      3.84   0.79     1.28
  SINCE OCT 1     13.56                     12.47   1.09     5.48
  SINCE JAN 1     38.69                     34.38   4.31    26.38

DEGREE DAYS
 HEATING
  TODAY            9                        25    -16       18
  MONTH TO DATE  409                       508    -99      628
  SINCE DEC 1    409                       508    -99      628
  SINCE JUL 1   1142                      1477   -335     1639

 COOLING
  TODAY            0                         0      0        0
  MONTH TO DATE    0                         0      0        0
  SINCE DEC 1      0                         0      0        0
  SINCE JAN 1    653                       424    229      539
..................................................................


WIND (MPH)
  HIGHEST WIND SPEED    17   HIGHEST WIND DIRECTION    SW (210)
  HIGHEST GUST SPEED    21   HIGHEST GUST DIRECTION    SW (210)
  AVERAGE WIND SPEED     8.8



WEATHER CONDITIONS
 THE FOLLOWING WEATHER WAS RECORDED TODAY.
  LIGHT RAIN
  FOG


RELATIVE HUMIDITY (PERCENT)
 HIGHEST    89           900 AM
 LOWEST     77           200 AM
 AVERAGE    83

..........................................................


THE PORTLAND OR CLIMATE NORMALS FOR TOMORROW
                         NORMAL    RECORD    YEAR
 MAXIMUM TEMPERATURE (F)   45        60      1940
 MINIMUM TEMPERATURE (F)   35        13      1990


SUNRISE AND SUNSET
DECEMBER 21 2014......SUNRISE   748 AM PST   SUNSET   429 PM PST
DECEMBER 22 2014......SUNRISE   748 AM PST   SUNSET   430 PM PST


-  INDICATES NEGATIVE NUMBERS.
R  INDICATES RECORD WAS SET OR TIED.
MM INDICATES DATA IS MISSING.
T  INDICATES TRACE AMOUNT.




$$
