000
CDUS46 KPQR 301141
CLIPDX


CLIMATE REPORT
NATIONAL WEATHER SERVICE PORTLAND OREGON
440 AM PDT TUE SEP 30 2014


...................................

...THE PORTLAND OR CLIMATE SUMMARY FOR SEPTEMBER 29 2014...

CLIMATE NORMAL PERIOD 1981 TO 2010
CLIMATE RECORD PERIOD 1940 TO 2014


WEATHER ITEM   OBSERVED TIME   RECORD YEAR NORMAL DEPARTURE LAST
                VALUE   (LST)  VALUE       VALUE  FROM      YEAR
                                                  NORMAL
..................................................................
TEMPERATURE (F)
 YESTERDAY
  MAXIMUM         63    534 PM  89    2008  71     -8       58
                                      1993
                                      1987
  MINIMUM         54    419 AM  37    1954  50      4       51
  AVERAGE         59                        60     -1       55

PRECIPITATION (IN)
  YESTERDAY        0.10          1.44 2013   0.07   0.03     1.44
  MONTH TO DATE    0.88                      1.41  -0.53     5.06
  SINCE OCT 1     30.85                     35.97  -5.12    42.27
  SINCE JAN 1     25.03                     21.85   3.18    20.34

DEGREE DAYS
 HEATING
  YESTERDAY        6                         5      1       10
  MONTH TO DATE   11                        71    -60       76
  SINCE SEP 1     11                        71    -60       76
  SINCE JUL 1     12                        98    -86       81

 COOLING
  YESTERDAY        0                         1     -1        0
  MONTH TO DATE  101                        59     42       86
  SINCE SEP 1    101                        59     42       86
  SINCE JAN 1    636                       422    214      539
..................................................................


WIND (MPH)
  HIGHEST WIND SPEED    13   HIGHEST WIND DIRECTION    NW (300)
  HIGHEST GUST SPEED    16   HIGHEST GUST DIRECTION     S (200)
  AVERAGE WIND SPEED     3.9


SKY COVER
  POSSIBLE SUNSHINE  MM
  AVERAGE SKY COVER 0.7


WEATHER CONDITIONS
 THE FOLLOWING WEATHER WAS RECORDED YESTERDAY.
  RAIN
  LIGHT RAIN
  FOG


RELATIVE HUMIDITY (PERCENT)
 HIGHEST   100           500 AM
 LOWEST     78          1100 AM
 AVERAGE    89

..........................................................


THE PORTLAND OR CLIMATE NORMALS FOR TODAY
                         NORMAL    RECORD    YEAR
 MAXIMUM TEMPERATURE (F)   71        88      1987
 MINIMUM TEMPERATURE (F)   50        35      1954


SUNRISE AND SUNSET
SEPTEMBER 30 2014.....SUNRISE   707 AM PDT   SUNSET   652 PM PDT
OCTOBER  1 2014.......SUNRISE   709 AM PDT   SUNSET   650 PM PDT


-  INDICATES NEGATIVE NUMBERS.
R  INDICATES RECORD WAS SET OR TIED.
MM INDICATES DATA IS MISSING.
T  INDICATES TRACE AMOUNT.




$$
