000
CDUS46 KPQR 191142
CLIPDX


CLIMATE REPORT
NATIONAL WEATHER SERVICE PORTLAND OREGON
341 AM PST THU JAN 19 2017


...................................

...THE PORTLAND OR CLIMATE SUMMARY FOR JANUARY 18 2017...

CLIMATE NORMAL PERIOD 1981 TO 2010
CLIMATE RECORD PERIOD 1940 TO 2017


WEATHER ITEM   OBSERVED TIME   RECORD YEAR NORMAL DEPARTURE LAST
                VALUE   (LST)  VALUE       VALUE  FROM      YEAR
                                                  NORMAL
..................................................................
TEMPERATURE (F)
 YESTERDAY
  MAXIMUM         47    826 PM  66    2005  47      0       51
  MINIMUM         33    100 AM  10    1943  36     -3       40
  AVERAGE         40                        42     -2       46

PRECIPITATION (IN)
  YESTERDAY        1.06R         1.06 1974   0.16   0.90     0.25
  MONTH TO DATE    3.36                      2.99   0.37     4.45
  SINCE OCT 1     23.11                     17.11   6.00    27.87
  SINCE JAN 1      3.36                      2.99   0.37     4.45

SNOWFALL (IN)
  YESTERDAY       MM             2.0  1960
  MONTH TO DATE    8.4
  SINCE DEC 1     11.7
  SINCE JUL 1     11.7

DEGREE DAYS
 HEATING
  YESTERDAY       25                        23      2       19
  MONTH TO DATE  642                       436    206      458
  SINCE DEC 1   1496                      1199    297     1117
  SINCE JUL 1   2206                      2168     38     1925

 COOLING
  YESTERDAY        0                         0      0        0
  MONTH TO DATE    0                         0      0        0
  SINCE DEC 1      0                         0      0        0
  SINCE JAN 1      0                         0      0        0
..................................................................


WIND (MPH)
  HIGHEST WIND SPEED    30   HIGHEST WIND DIRECTION     E (110)
  HIGHEST GUST SPEED    35   HIGHEST GUST DIRECTION     E (110)
  AVERAGE WIND SPEED    15.0


SKY COVER
  POSSIBLE SUNSHINE  MM
  AVERAGE SKY COVER 1.0


WEATHER CONDITIONS
 THE FOLLOWING WEATHER WAS RECORDED YESTERDAY.
  RAIN
  LIGHT RAIN
  FOG


RELATIVE HUMIDITY (PERCENT)
 HIGHEST   100           400 AM
 LOWEST     89           100 AM
 AVERAGE    95

..........................................................


THE PORTLAND OR CLIMATE NORMALS FOR TODAY
                         NORMAL    RECORD    YEAR
 MAXIMUM TEMPERATURE (F)   47        60      1971
 MINIMUM TEMPERATURE (F)   36        18      1950


SUNRISE AND SUNSET
JANUARY 19 2017.......SUNRISE   744 AM PST   SUNSET   459 PM PST
JANUARY 20 2017.......SUNRISE   743 AM PST   SUNSET   500 PM PST


-  INDICATES NEGATIVE NUMBERS.
R  INDICATES RECORD WAS SET OR TIED.
MM INDICATES DATA IS MISSING.
T  INDICATES TRACE AMOUNT.




$$
