000
CDUS46 KPQR 241142
CLIPDX


CLIMATE REPORT
NATIONAL WEATHER SERVICE PORTLAND OREGON
441 AM PDT SUN MAY 24 2015


...................................

...THE PORTLAND OR CLIMATE SUMMARY FOR MAY 23 2015...

CLIMATE NORMAL PERIOD 1981 TO 2010
CLIMATE RECORD PERIOD 1940 TO 2015


WEATHER ITEM   OBSERVED TIME   RECORD YEAR NORMAL DEPARTURE LAST
                VALUE   (LST)  VALUE       VALUE  FROM      YEAR
                                                  NORMAL
..................................................................
TEMPERATURE (F)
 YESTERDAY
  MAXIMUM         63    429 PM  90    1947  70     -7       71
  MINIMUM         54    638 AM  35    1964  50      4       58
  AVERAGE         59                        60     -1       65

PRECIPITATION (IN)
  YESTERDAY        T             0.96 1997   0.08  -0.08      T
  MONTH TO DATE    0.59                      1.79  -1.20     2.18
  SINCE OCT 1     29.07                     30.86  -1.79    26.37
  SINCE JAN 1     14.09                     16.74  -2.65    20.55

DEGREE DAYS
 HEATING
  YESTERDAY        6                         6      0        0
  MONTH TO DATE  122                       181    -59      108
  SINCE MAR 1    865                      1086   -221      924
  SINCE JUL 1   3337                      4144   -807     4222

 COOLING
  YESTERDAY        0                         1     -1        0
  MONTH TO DATE    3                         4     -1       25
  SINCE MAR 1      5                         5      0       28
  SINCE JAN 1      5                         5      0       28
..................................................................


WIND (MPH)
  HIGHEST WIND SPEED     8   HIGHEST WIND DIRECTION    NW (320)
  HIGHEST GUST SPEED    12   HIGHEST GUST DIRECTION    NW (310)
  AVERAGE WIND SPEED     3.4


SKY COVER
  POSSIBLE SUNSHINE  MM
  AVERAGE SKY COVER 1.0


WEATHER CONDITIONS
 THE FOLLOWING WEATHER WAS RECORDED YESTERDAY.
  LIGHT RAIN


RELATIVE HUMIDITY (PERCENT)
 HIGHEST    93           500 AM
 LOWEST     65           300 PM
 AVERAGE    79

..........................................................


THE PORTLAND OR CLIMATE NORMALS FOR TODAY
                         NORMAL    RECORD    YEAR
 MAXIMUM TEMPERATURE (F)   70        93      1992
 MINIMUM TEMPERATURE (F)   50        37      1955


SUNRISE AND SUNSET
MAY 24 2015...........SUNRISE   531 AM PDT   SUNSET   844 PM PDT
MAY 25 2015...........SUNRISE   530 AM PDT   SUNSET   846 PM PDT


-  INDICATES NEGATIVE NUMBERS.
R  INDICATES RECORD WAS SET OR TIED.
MM INDICATES DATA IS MISSING.
T  INDICATES TRACE AMOUNT.




$$
