000
CDUS46 KPQR 252322
CLIPDX


CLIMATE REPORT
NATIONAL WEATHER SERVICE PORTLAND OREGON
422 PM PDT SUN SEP 25 2016


...................................

...THE PORTLAND OR CLIMATE SUMMARY FOR SEPTEMBER 25 2016...
VALID TODAY AS OF 0400 PM LOCAL TIME.

CLIMATE NORMAL PERIOD 1981 TO 2010
CLIMATE RECORD PERIOD 1940 TO 2016


WEATHER ITEM   OBSERVED TIME   RECORD YEAR NORMAL DEPARTURE LAST
                VALUE   (LST)  VALUE       VALUE  FROM      YEAR
                                                  NORMAL
..................................................................
TEMPERATURE (F)
 TODAY
  MAXIMUM         82    259 PM  94    1991  73      9       66
  MINIMUM         50    615 AM  38    1955  51     -1       58
  AVERAGE         66                        62      4       62

PRECIPITATION (IN)
  TODAY            0.00          1.48 1986   0.06  -0.06     0.28
  MONTH TO DATE    1.69                      1.15   0.54     1.26
  SINCE OCT 1     47.02                     35.71  11.31    31.96
  SINCE JAN 1     23.60                     21.59   2.01    16.98

DEGREE DAYS
 HEATING
  TODAY            0                         4     -4        3
  MONTH TO DATE   60                        53      7       63
  SINCE SEP 1     60                        53      7       63
  SINCE JUL 1     66                        80    -14       63

 COOLING
  TODAY            1                         1      0        0
  MONTH TO DATE   20                        55    -35       51
  SINCE SEP 1     20                        55    -35       51
  SINCE JAN 1    538                       418    120      780
..................................................................


WIND (MPH)
  HIGHEST WIND SPEED    10   HIGHEST WIND DIRECTION    NW (300)
  HIGHEST GUST SPEED    14   HIGHEST GUST DIRECTION     W (270)
  AVERAGE WIND SPEED     3.4



WEATHER CONDITIONS
 THE FOLLOWING WEATHER WAS RECORDED TODAY.
  NO SIGNIFICANT WEATHER WAS OBSERVED.


RELATIVE HUMIDITY (PERCENT)
 HIGHEST    93           400 AM
 LOWEST     33           200 PM
 AVERAGE    63

..........................................................


THE PORTLAND OR CLIMATE NORMALS FOR TOMORROW
                         NORMAL    RECORD    YEAR
 MAXIMUM TEMPERATURE (F)   73        92      1967
 MINIMUM TEMPERATURE (F)   51        38      1961


SUNRISE AND SUNSET
SEPTEMBER 25 2016.....SUNRISE   702 AM PDT   SUNSET   701 PM PDT
SEPTEMBER 26 2016.....SUNRISE   703 AM PDT   SUNSET   659 PM PDT


-  INDICATES NEGATIVE NUMBERS.
R  INDICATES RECORD WAS SET OR TIED.
MM INDICATES DATA IS MISSING.
T  INDICATES TRACE AMOUNT.




$$
