000
CDUS46 KPQR 291142
CLIPDX


CLIMATE REPORT
NATIONAL WEATHER SERVICE PORTLAND OREGON
341 AM PST THU JAN 29 2015


...................................

...THE PORTLAND OR CLIMATE SUMMARY FOR JANUARY 28 2015...

CLIMATE NORMAL PERIOD 1981 TO 2010
CLIMATE RECORD PERIOD 1940 TO 2015


WEATHER ITEM   OBSERVED TIME   RECORD YEAR NORMAL DEPARTURE LAST
                VALUE   (LST)  VALUE       VALUE  FROM      YEAR
                                                  NORMAL
..................................................................
TEMPERATURE (F)
 YESTERDAY
  MAXIMUM         55    444 PM  59    1992  49      6       45
  MINIMUM         44   1156 PM  10    1957  36      8       38
                                      1950
                                      1949
  AVERAGE         50                        42      8       42

PRECIPITATION (IN)
  YESTERDAY        0.04          1.20 1990   0.14  -0.10     0.27
  MONTH TO DATE    3.33                      4.46  -1.13     2.27
  SINCE OCT 1     18.31                     18.58  -0.27     8.09
  SINCE JAN 1      3.33                      4.46  -1.13     2.27

DEGREE DAYS
 HEATING
  YESTERDAY       15                        23     -8       23
  MONTH TO DATE  596                       666    -70      667
  SINCE DEC 1   1236                      1429   -193     1547
  SINCE JUL 1   1969                      2398   -429     2558

 COOLING
  YESTERDAY        0                         0      0        0
  MONTH TO DATE    0                         0      0        0
  SINCE DEC 1      0                         0      0        0
  SINCE JAN 1      0                         0      0        0
..................................................................


WIND (MPH)
  HIGHEST WIND SPEED     9   HIGHEST WIND DIRECTION    SE (140)
  HIGHEST GUST SPEED    11   HIGHEST GUST DIRECTION    SE (140)
  AVERAGE WIND SPEED     3.0


SKY COVER
  POSSIBLE SUNSHINE  MM
  AVERAGE SKY COVER 0.9


WEATHER CONDITIONS
 THE FOLLOWING WEATHER WAS RECORDED YESTERDAY.
  LIGHT RAIN
  FOG
  FOG W/VISIBILITY <= 1/4 MILE


RELATIVE HUMIDITY (PERCENT)
 HIGHEST   100          1200 AM
 LOWEST     80          1000 PM
 AVERAGE    90

..........................................................


THE PORTLAND OR CLIMATE NORMALS FOR TODAY
                         NORMAL    RECORD    YEAR
 MAXIMUM TEMPERATURE (F)   49        62      1984
 MINIMUM TEMPERATURE (F)   36         8      1950


SUNRISE AND SUNSET
JANUARY 29 2015.......SUNRISE   735 AM PST   SUNSET   512 PM PST
JANUARY 30 2015.......SUNRISE   734 AM PST   SUNSET   514 PM PST


-  INDICATES NEGATIVE NUMBERS.
R  INDICATES RECORD WAS SET OR TIED.
MM INDICATES DATA IS MISSING.
T  INDICATES TRACE AMOUNT.




$$
