000
CDUS41 KPBZ 282121
CLIPHD


CLIMATE REPORT
NATIONAL WEATHER SERVICE PITTSBURGH PA
520 PM EDT TUE JUL 28 2015


...................................

...THE NEW PHILADELPHIA OH CLIMATE SUMMARY FOR JULY 28 2015...
VALID TODAY AS OF 0500 PM LOCAL TIME.

CLIMATE NORMAL PERIOD 1981 TO 2010
CLIMATE RECORD PERIOD 1946 TO 2015


WEATHER ITEM   OBSERVED TIME   RECORD YEAR NORMAL DEPARTURE LAST
                VALUE   (LST)  VALUE       VALUE  FROM      YEAR
                                                  NORMAL
..................................................................
TEMPERATURE (F)
 TODAY
  MAXIMUM         89    359 PM  96    1964  84      5       70
  MINIMUM         64    519 AM  44    1962  62      2       56
  AVERAGE         77                        73      4       63

PRECIPITATION (IN)
  TODAY            0.00         MM      MM   0.14  -0.14     0.01
  MONTH TO DATE    3.17                      3.58  -0.41     4.62
  SINCE JUN 1      8.25                      7.31   0.94     9.49
  SINCE JAN 1     21.47                     22.91  -1.44    24.67

DEGREE DAYS
 HEATING
  TODAY            0                         0      0        2
  MONTH TO DATE    0                         0      0       12
  SINCE JUN 1     23                        35    -12       22
  SINCE JUL 1      0                         0      0       12

 COOLING
  TODAY           12                         8      4        0
  MONTH TO DATE  154                       215    -61      149
  SINCE JUN 1    380                       358     22      326
  SINCE JAN 1    541                       401    140      392
..................................................................


WIND (MPH)
  HIGHEST WIND SPEED     5   HIGHEST WIND DIRECTION     N (20)
  HIGHEST GUST SPEED     5   HIGHEST GUST DIRECTION     N (20)
  AVERAGE WIND SPEED     1.0


SKY COVER
  POSSIBLE SUNSHINE  MM
  AVERAGE SKY COVER 0.1


WEATHER CONDITIONS
 THE FOLLOWING WEATHER WAS RECORDED TODAY.
  FOG


RELATIVE HUMIDITY (PERCENT)
 HIGHEST   100           100 AM
 LOWEST     50           200 PM
 AVERAGE    75

..........................................................


THE NEW PHILADELPHIA OH CLIMATE NORMALS FOR TOMORROW
                         NORMAL    RECORD    YEAR
 MAXIMUM TEMPERATURE (F)   84        94      1993
 MINIMUM TEMPERATURE (F)   62        49      1968


SUNRISE AND SUNSET
JULY 28 2015..........SUNRISE   619 AM EDT   SUNSET   845 PM EDT
JULY 29 2015..........SUNRISE   620 AM EDT   SUNSET   844 PM EDT


-  INDICATES NEGATIVE NUMBERS.
R  INDICATES RECORD WAS SET OR TIED.
MM INDICATES DATA IS MISSING.
T  INDICATES TRACE AMOUNT.




$$
