000
CDUS41 KPBZ 272136
CLIPHD


CLIMATE REPORT
NATIONAL WEATHER SERVICE PITTSBURGH PA
535 PM EDT THU AUG 27 2015


...................................

...THE NEW PHILADELPHIA OH CLIMATE SUMMARY FOR AUGUST 27 2015...
VALID TODAY AS OF 0500 PM LOCAL TIME.

CLIMATE NORMAL PERIOD 1981 TO 2010
CLIMATE RECORD PERIOD 1946 TO 2015


WEATHER ITEM   OBSERVED TIME   RECORD YEAR NORMAL DEPARTURE LAST
                VALUE   (LST)  VALUE       VALUE  FROM      YEAR
                                                  NORMAL
..................................................................
TEMPERATURE (F)
 TODAY
  MAXIMUM         76    301 PM  95    1993  82     -6       85
  MINIMUM         54    624 AM  43    1968  58     -4       64
  AVERAGE         65                        70     -5       75

PRECIPITATION (IN)
  TODAY            0.00         MM      MM   0.14  -0.14     0.00
  MONTH TO DATE    0.13                      3.07  -2.94     6.52
  SINCE JUN 1      8.38                     10.83  -2.45    16.27
  SINCE JAN 1     21.60                     26.43  -4.83    31.45

DEGREE DAYS
 HEATING
  TODAY            0                         0      0        0
  MONTH TO DATE   13                         0     13       13
  SINCE JUN 1     36                        38     -2       42
  SINCE JUL 1     13                         3     10       32

 COOLING
  TODAY            0                         5     -5       10
  MONTH TO DATE  126                       180    -54      138
  SINCE JUN 1    532                       557    -25      467
  SINCE JAN 1    693                       600     93      533
..................................................................


WIND (MPH)
  HIGHEST WIND SPEED     9   HIGHEST WIND DIRECTION     N (350)
  HIGHEST GUST SPEED    12   HIGHEST GUST DIRECTION     N (340)
  AVERAGE WIND SPEED     1.6


SKY COVER
  POSSIBLE SUNSHINE  MM
  AVERAGE SKY COVER 0.8


WEATHER CONDITIONS
 THE FOLLOWING WEATHER WAS RECORDED TODAY.
  FOG


RELATIVE HUMIDITY (PERCENT)
 HIGHEST   100           500 AM
 LOWEST     53           300 PM
 AVERAGE    77

..........................................................


THE NEW PHILADELPHIA OH CLIMATE NORMALS FOR TOMORROW
                         NORMAL    RECORD    YEAR
 MAXIMUM TEMPERATURE (F)   82        95      1993
 MINIMUM TEMPERATURE (F)   58        39      1968


SUNRISE AND SUNSET
AUGUST 27 2015........SUNRISE   648 AM EDT   SUNSET   806 PM EDT
AUGUST 28 2015........SUNRISE   649 AM EDT   SUNSET   804 PM EDT


-  INDICATES NEGATIVE NUMBERS.
R  INDICATES RECORD WAS SET OR TIED.
MM INDICATES DATA IS MISSING.
T  INDICATES TRACE AMOUNT.




$$
