000
CDUS41 KPBZ 240702
CLIPHD


CLIMATE REPORT
NATIONAL WEATHER SERVICE PITTSBURGH PA
300 AM EDT SAT JUN 24 2017


...................................

...THE NEW PHILADELPHIA OH CLIMATE SUMMARY FOR JUNE 23 2017...

CLIMATE NORMAL PERIOD 1981 TO 2010
CLIMATE RECORD PERIOD 1948 TO 2017


WEATHER ITEM   OBSERVED TIME   RECORD YEAR NORMAL DEPARTURE LAST
                VALUE   (LST)  VALUE       VALUE  FROM      YEAR
                                                  NORMAL
..................................................................
TEMPERATURE (F)
 YESTERDAY
  MAXIMUM         75   1236 PM  97    1988  82     -7       77
  MINIMUM         69            39    1992  59     10       68
  AVERAGE         72                        70      2       73

PRECIPITATION (IN)
  YESTERDAY        0.69          1.61 1969   0.11   0.58     0.77
  MONTH TO DATE    1.83                      3.10  -1.27     1.17
  SINCE JUN 1      1.83                      3.10  -1.27     1.17
  SINCE JAN 1     22.58                     18.70   3.88    15.82

DEGREE DAYS
 HEATING
  YESTERDAY        0                         0      0        0
  MONTH TO DATE   19                        33    -14        7
  SINCE JUN 1     19                        33    -14        7
  SINCE JUL 1   4703                      5642   -939     4818

 COOLING
  YESTERDAY        7                         6      1        8
  MONTH TO DATE  161                        99     62      206
  SINCE JUN 1    161                        99     62      206
  SINCE JAN 1    228                       142     86      285
..................................................................


WIND (MPH)
  HIGHEST WIND SPEED    16   HIGHEST WIND DIRECTION     W (280)
  HIGHEST GUST SPEED    24   HIGHEST GUST DIRECTION     W (290)
  AVERAGE WIND SPEED     5.1


SKY COVER
  POSSIBLE SUNSHINE  MM
  AVERAGE SKY COVER 0.9


WEATHER CONDITIONS
 THE FOLLOWING WEATHER WAS RECORDED YESTERDAY.
  HEAVY RAIN
  RAIN
  LIGHT RAIN
  FOG


RELATIVE HUMIDITY (PERCENT)
 HIGHEST    97          1100 PM
 LOWEST     74          1200 AM
 AVERAGE    86

..........................................................


THE NEW PHILADELPHIA OH CLIMATE NORMALS FOR TODAY
                         NORMAL    RECORD    YEAR
 MAXIMUM TEMPERATURE (F)   82        94      1964
 MINIMUM TEMPERATURE (F)   59        41      1982


SUNRISE AND SUNSET
JUNE 24 2017..........SUNRISE   556 AM EDT   SUNSET   900 PM EDT
JUNE 25 2017..........SUNRISE   557 AM EDT   SUNSET   900 PM EDT


-  INDICATES NEGATIVE NUMBERS.
R  INDICATES RECORD WAS SET OR TIED.
MM INDICATES DATA IS MISSING.
T  INDICATES TRACE AMOUNT.




$$
