000
CDUS41 KPBZ 200702
CLIPHD


CLIMATE REPORT
NATIONAL WEATHER SERVICE PITTSBURGH PA
302 AM EDT FRI OCT   2017


...................................

...THE NEW PHILADELPHIA OH CLIMATE SUMMARY FOR OCTOBER 19 2017...

CLIMATE NORMAL PERIOD 1981 TO 2010
CLIMATE RECORD PERIOD 1948 TO 2017


WEATHER ITEM   OBSERVED TIME   RECORD YEAR NORMAL DEPARTURE LAST
                VALUE   (LST)  VALUE       VALUE  FROM      YEAR
                                                  NORMAL
..................................................................
TEMPERATURE (F)
 YESTERDAY
  MAXIMUM         74    339 PM  79    1985  63     11       78
                                      1963
  MINIMUM         40            25    2015  40      0       58
  AVERAGE         57                        52      5       68

PRECIPITATION (IN)
  YESTERDAY        0.00          1.75 2011   0.09  -0.09     0.84
  MONTH TO DATE    2.55                      1.69   0.86     1.07
  SINCE JUN 1     13.50                     16.30  -2.80    12.20
  SINCE JAN 1     34.25                     31.90   2.35    26.85

DEGREE DAYS
 HEATING
  YESTERDAY        8                        14     -6        0
  MONTH TO DATE   56                       207   -151      105
  SINCE SEP 1    137                       303   -166      125
  SINCE JUL 1    147                       313   -166      125

 COOLING
  YESTERDAY        0                         0      0        3
  MONTH TO DATE   46                         9     37       25
  SINCE SEP 1    163                        75     88      209
  SINCE JAN 1    831                       697    134     1337
..................................................................


WIND (MPH)
  HIGHEST WIND SPEED    14   HIGHEST WIND DIRECTION     S (200)
  HIGHEST GUST SPEED    20   HIGHEST GUST DIRECTION     S (180)
  AVERAGE WIND SPEED     4.2


SKY COVER
  POSSIBLE SUNSHINE  MM
  AVERAGE SKY COVER 0.0


WEATHER CONDITIONS
 THE FOLLOWING WEATHER WAS RECORDED YESTERDAY.
  FOG


RELATIVE HUMIDITY (PERCENT)
 HIGHEST    96          1200 AM
 LOWEST     41           300 PM
 AVERAGE    69

..........................................................


THE NEW PHILADELPHIA OH CLIMATE NORMALS FOR TODAY
                         NORMAL    RECORD    YEAR
 MAXIMUM TEMPERATURE (F)   63        79      1963
 MINIMUM TEMPERATURE (F)   39        22      1992
                                             1972


SUNRISE AND SUNSET
OCTOBER 20 2017.......SUNRISE   742 AM EDT   SUNSET   638 PM EDT
OCTOBER 21 2017.......SUNRISE   743 AM EDT   SUNSET   636 PM EDT


-  INDICATES NEGATIVE NUMBERS.
R  INDICATES RECORD WAS SET OR TIED.
MM INDICATES DATA IS MISSING.
T  INDICATES TRACE AMOUNT.




$$
