000
CDUS41 KPHI 240628
CLIPHL


CLIMATE REPORT
NATIONAL WEATHER SERVICE MOUNT HOLLY NJ
228 AM EDT SAT JUN 24 2017


...................................

...THE PHILADELPHIA PA CLIMATE SUMMARY FOR JUNE 23 2017...

CLIMATE NORMAL PERIOD 1981 TO 2010
CLIMATE RECORD PERIOD 1872 TO 2017


WEATHER ITEM   OBSERVED TIME   RECORD YEAR NORMAL DEPARTURE LAST
                VALUE   (LST)  VALUE       VALUE  FROM      YEAR
                                                  NORMAL
..................................................................
TEMPERATURE (F)
 YESTERDAY
  MAXIMUM         89    444 PM  97    1888  85      4       85
  MINIMUM         75   1102 AM  47    1963  66      9       70
  AVERAGE         82                        76      6       78

PRECIPITATION (IN)
  YESTERDAY        0.02          2.12 1887   0.11  -0.09     0.16
  MONTH TO DATE    0.94                      2.64  -1.70     1.24
  SINCE JUN 1      0.94                      2.64  -1.70     1.24
  SINCE JAN 1     18.89                     19.38  -0.49    18.64

SNOWFALL (IN)
  YESTERDAY        0.0           0.0    MM   0.0    0.0      0.0
  MONTH TO DATE    0.0                       0.0    0.0      0.0
  SINCE JUN 1      0.0                       0.0    0.0      0.0
  SINCE JUL 1     15.0                      22.4   -7.4     27.5
  SNOW DEPTH       0

DEGREE DAYS
 HEATING
  YESTERDAY        0                         0      0        0
  MONTH TO DATE    8                         9     -1        0
  SINCE JUN 1      8                         9     -1        0
  SINCE JUL 1   3858                      4611   -753     3587

 COOLING
  YESTERDAY       17                        10      7       13
  MONTH TO DATE  225                       179     46      203
  SINCE JUN 1    225                       179     46      203
  SINCE JAN 1    336                       270     66      317
..................................................................


WIND (MPH)
  HIGHEST WIND SPEED    26   HIGHEST WIND DIRECTION    SW (220)
  HIGHEST GUST SPEED    34   HIGHEST GUST DIRECTION    SW (220)
  AVERAGE WIND SPEED    14.8


SKY COVER
  POSSIBLE SUNSHINE  MM
  AVERAGE SKY COVER 0.8


WEATHER CONDITIONS
 THE FOLLOWING WEATHER WAS RECORDED YESTERDAY.
  LIGHT RAIN
  FOG


RELATIVE HUMIDITY (PERCENT)
 HIGHEST    87           500 AM
 LOWEST     56           400 PM
 AVERAGE    72

..........................................................


THE PHILADELPHIA PA CLIMATE NORMALS FOR TODAY
                         NORMAL    RECORD    YEAR
 MAXIMUM TEMPERATURE (F)   85        99      1923
 MINIMUM TEMPERATURE (F)   66        52      1947


SUNRISE AND SUNSET
JUNE 24 2017..........SUNRISE   534 AM EDT   SUNSET   833 PM EDT
JUNE 25 2017..........SUNRISE   534 AM EDT   SUNSET   833 PM EDT


-  INDICATES NEGATIVE NUMBERS.
R  INDICATES RECORD WAS SET OR TIED.
MM INDICATES DATA IS MISSING.
T  INDICATES TRACE AMOUNT.




$$
