000
CDUS41 KPHI 210604
CLIPHL


CLIMATE REPORT
NATIONAL WEATHER SERVICE MOUNT HOLLY NJ
102 AM EST WED FEB 21 2018


...................................

...THE PHILADELPHIA PA CLIMATE SUMMARY FOR FEBRUARY 20 2018...

CLIMATE NORMAL PERIOD 1981 TO 2010
CLIMATE RECORD PERIOD 1872 TO 2018


WEATHER ITEM   OBSERVED TIME   RECORD YEAR NORMAL DEPARTURE LAST
                VALUE   (LST)  VALUE       VALUE  FROM      YEAR
                                                  NORMAL
..................................................................
TEMPERATURE (F)
 YESTERDAY
  MAXIMUM         72R   443 PM  70    1939  45     27       58
                                      1930
  MINIMUM         47    304 AM   1    1979  29     18       41
  AVERAGE         60                        37     23       50

PRECIPITATION (IN)
  YESTERDAY        T             2.40 1921   0.09  -0.09     0.00
  MONTH TO DATE    5.00                      1.88   3.12     0.79
  SINCE DEC 1      9.16                      8.47   0.69     6.42
  SINCE JAN 1      7.85                      4.91   2.94     3.70

SNOWFALL (IN)
  YESTERDAY        0.0           8.0  1947   0.3   -0.3      0.0
  MONTH TO DATE    1.4                       6.8   -5.4      2.0
  SINCE DEC 1     14.6                      16.7   -2.1      8.0
  SINCE JUL 1     14.6                      17.0   -2.4      8.0
  SNOW DEPTH       0

DEGREE DAYS
 HEATING
  YESTERDAY        5                        28    -23       15
  MONTH TO DATE  506                       601    -95      468
  SINCE DEC 1   2390                      2448    -58     2087
  SINCE JUL 1   3025                      3264   -239     2718

 COOLING
  YESTERDAY        0                         0      0        0
  MONTH TO DATE    0                         0      0        0
  SINCE DEC 1      0                         0      0        0
  SINCE JAN 1      0                         0      0        0
..................................................................


WIND (MPH)
  HIGHEST WIND SPEED    17   HIGHEST WIND DIRECTION    SW (220)
  HIGHEST GUST SPEED    22   HIGHEST GUST DIRECTION     S (200)
  AVERAGE WIND SPEED     9.3


SKY COVER
  POSSIBLE SUNSHINE  MM
  AVERAGE SKY COVER 0.8


WEATHER CONDITIONS
 THE FOLLOWING WEATHER WAS RECORDED YESTERDAY.
  LIGHT RAIN
  FOG
  FOG W/VISIBILITY <= 1/4 MILE


RELATIVE HUMIDITY (PERCENT)
 HIGHEST   100          1200 AM
 LOWEST     61           300 PM
 AVERAGE    81

..........................................................


THE PHILADELPHIA PA CLIMATE NORMALS FOR TODAY
                         NORMAL    RECORD    YEAR
 MAXIMUM TEMPERATURE (F)   45        72      1930
 MINIMUM TEMPERATURE (F)   29         6      1968


SUNRISE AND SUNSET
FEBRUARY 21 2018......SUNRISE   646 AM EST   SUNSET   544 PM EST
FEBRUARY 22 2018......SUNRISE   644 AM EST   SUNSET   545 PM EST


-  INDICATES NEGATIVE NUMBERS.
R  INDICATES RECORD WAS SET OR TIED.
MM INDICATES DATA IS MISSING.
T  INDICATES TRACE AMOUNT.




$$
