000
CDUS41 KPHI 192129
CLIPHL


CLIMATE REPORT
NATIONAL WEATHER SERVICE MOUNT HOLLY NJ
529 PM EDT THU OCT 19 2017


...................................

...THE PHILADELPHIA PA CLIMATE SUMMARY FOR OCTOBER 19 2017...
VALID TODAY AS OF 0500 PM LOCAL TIME.

CLIMATE NORMAL PERIOD 1981 TO 2010
CLIMATE RECORD PERIOD 1872 TO 2017


WEATHER ITEM   OBSERVED TIME   RECORD YEAR NORMAL DEPARTURE LAST
                VALUE   (LST)  VALUE       VALUE  FROM      YEAR
                                                  NORMAL
..................................................................
TEMPERATURE (F)
 TODAY
  MAXIMUM         72    329 PM  86    2016  66      6       86
  MINIMUM         51    659 AM  29    1976  47      4       66
  AVERAGE         62                        56      6       76

PRECIPITATION (IN)
  TODAY            0.00          3.59 1966   0.09  -0.09     0.00
  MONTH TO DATE    0.96                      2.01  -1.05     1.17
  SINCE SEP 1      4.82                      5.79  -0.97     4.69
  SINCE JAN 1     36.03                     33.81   2.22    29.54

SNOWFALL (IN)
  TODAY            0.0           0.5  1940   0.0    0.0      0.0
  MONTH TO DATE    0.0                       0.0    0.0      0.0
  SINCE SEP 1      0.0                       0.0    0.0      0.0
  SINCE JUL 1      0.0                       0.0    0.0      0.0
  SNOW DEPTH       0

DEGREE DAYS
 HEATING
  TODAY            3                         9     -6        0
  MONTH TO DATE   41                       123    -82       66
  SINCE SEP 1     55                       160   -105       76
  SINCE JUL 1     55                       161   -106       76

 COOLING
  TODAY            0                         0      0       11
  MONTH TO DATE   79                        19     60       30
  SINCE SEP 1    293                       180    113      302
  SINCE JAN 1   1483                      1297    186     1714
..................................................................


WIND (MPH)
  HIGHEST WIND SPEED    17   HIGHEST WIND DIRECTION    SW (240)
  HIGHEST GUST SPEED    21   HIGHEST GUST DIRECTION    SW (210)
  AVERAGE WIND SPEED     8.4


SKY COVER
  POSSIBLE SUNSHINE  MM
  AVERAGE SKY COVER 0.2


WEATHER CONDITIONS
 THE FOLLOWING WEATHER WAS RECORDED TODAY.
  NO SIGNIFICANT WEATHER WAS OBSERVED.


RELATIVE HUMIDITY (PERCENT)
 HIGHEST    89           500 AM
 LOWEST     37           200 PM
 AVERAGE    63

..........................................................


THE PHILADELPHIA PA CLIMATE NORMALS FOR TOMORROW
                         NORMAL    RECORD    YEAR
 MAXIMUM TEMPERATURE (F)   65        81      2016
 MINIMUM TEMPERATURE (F)   47        27      1974


SUNRISE AND SUNSET
OCTOBER 19 2017.......SUNRISE   716 AM EDT   SUNSET   615 PM EDT
OCTOBER 20 2017.......SUNRISE   717 AM EDT   SUNSET   614 PM EDT


-  INDICATES NEGATIVE NUMBERS.
R  INDICATES RECORD WAS SET OR TIED.
MM INDICATES DATA IS MISSING.
T  INDICATES TRACE AMOUNT.




$$
