000
CDUS41 KPHI 210630
CLIPHL


CLIMATE REPORT
NATIONAL WEATHER SERVICE MOUNT HOLLY NJ
230 AM EDT MON APR 21 2014


...................................

...THE PHILADELPHIA PA CLIMATE SUMMARY FOR APRIL 20 2014...

CLIMATE NORMAL PERIOD 1981 TO 2010
CLIMATE RECORD PERIOD 1872 TO 2014


WEATHER ITEM   OBSERVED TIME   RECORD YEAR NORMAL DEPARTURE LAST
                VALUE   (LST)  VALUE       VALUE  FROM      YEAR
                                                  NORMAL
..................................................................
TEMPERATURE (F)
 YESTERDAY
  MAXIMUM         60    320 PM  92    1941  66     -6       60
  MINIMUM         41   1138 PM  27    1897  46     -5       46
  AVERAGE         51                        56     -5       53

PRECIPITATION (IN)
  YESTERDAY        0.00          1.71 1874   0.12  -0.12     0.11
  MONTH TO DATE    1.38                      2.44  -1.06     2.02
  SINCE MAR 1      5.61                      6.23  -0.62     4.44
  SINCE JAN 1     14.28                     11.91   2.37     9.90

SNOWFALL (IN)
  YESTERDAY        0.0           0.6  1983   0.1   -0.1      0.0
  MONTH TO DATE    T                         0.5   -0.5      0.0
  SINCE MAR 1      8.5                       3.4    5.1      1.3
  SINCE JUL 1     68.0                      22.4   45.6      8.3
  SNOW DEPTH       0

DEGREE DAYS
 HEATING
  YESTERDAY       14                        10      4       12
  MONTH TO DATE  239                       261    -22      212
  SINCE MAR 1   1040                       926    114      942
  SINCE JUL 1   4696                      4408    288     4149

 COOLING
  YESTERDAY        0                         1     -1        0
  MONTH TO DATE    9                         2      7       17
  SINCE MAR 1      9                         3      6       17
  SINCE JAN 1      9                         3      6       17
..................................................................


WIND (MPH)
  HIGHEST WIND SPEED    21   HIGHEST WIND DIRECTION     E (80)
  HIGHEST GUST SPEED    26   HIGHEST GUST DIRECTION     E (90)
  AVERAGE WIND SPEED    10.8


SKY COVER
  POSSIBLE SUNSHINE  MM
  AVERAGE SKY COVER 0.6


WEATHER CONDITIONS
 THE FOLLOWING WEATHER WAS RECORDED YESTERDAY.
  NO SIGNIFICANT WEATHER WAS OBSERVED.


RELATIVE HUMIDITY (PERCENT)
 HIGHEST    66           100 AM
 LOWEST     30           400 PM
 AVERAGE    48

..........................................................


THE PHILADELPHIA PA CLIMATE NORMALS FOR TODAY
                         NORMAL    RECORD    YEAR
 MAXIMUM TEMPERATURE (F)   66        89      1976
 MINIMUM TEMPERATURE (F)   46        27      1875


SUNRISE AND SUNSET
APRIL 21 2014.........SUNRISE   615 AM EDT   SUNSET   745 PM EDT
APRIL 22 2014.........SUNRISE   613 AM EDT   SUNSET   746 PM EDT


-  INDICATES NEGATIVE NUMBERS.
R  INDICATES RECORD WAS SET OR TIED.
MM INDICATES DATA IS MISSING.
T  INDICATES TRACE AMOUNT.




$$
