000
CDUS41 KPHI 140630
CLIPHL


CLIMATE REPORT
NATIONAL WEATHER SERVICE MOUNT HOLLY NJ
126 AM EST SUN FEB 14 2016


...................................

...THE PHILADELPHIA PA CLIMATE SUMMARY FOR FEBRUARY 13 2016...

CLIMATE NORMAL PERIOD 1981 TO 2010
CLIMATE RECORD PERIOD 1872 TO 2016


WEATHER ITEM   OBSERVED TIME   RECORD YEAR NORMAL DEPARTURE LAST
                VALUE   (LST)  VALUE       VALUE  FROM      YEAR
                                                  NORMAL
..................................................................
TEMPERATURE (F)
 YESTERDAY
  MAXIMUM         24   1205 AM  66    1951  43    -19       24
  MINIMUM         14   1159 PM   3    1983  27    -13       10
                                      1917
                                      1914
  AVERAGE         19                        35    -16       17

PRECIPITATION (IN)
  YESTERDAY        T             2.04 1930   0.09  -0.09     0.00
  MONTH TO DATE    1.08                      1.23  -0.15     1.02
  SINCE DEC 1      8.85                      7.82   1.03     8.81
  SINCE JAN 1      3.71                      4.26  -0.55     5.54

SNOWFALL (IN)
  YESTERDAY        T            10.4  2014   0.4   -0.4      0.0
  MONTH TO DATE    2.3                       4.5   -2.2      0.8
  SINCE DEC 1     25.2                      14.4   10.8      5.2
  SINCE JUL 1     25.2                      14.7   10.5      5.2
  SNOW DEPTH       T

DEGREE DAYS
 HEATING
  YESTERDAY       46                        30     16       48
  MONTH TO DATE  373                       399    -26      447
  SINCE DEC 1   1741                      2246   -505     2229
  SINCE JUL 1   2301                      3062   -761     3007

 COOLING
  YESTERDAY        0                         0      0        0
  MONTH TO DATE    0                         0      0        0
  SINCE DEC 1      2                         0      2        0
  SINCE JAN 1      0                         0      0        0
..................................................................


WIND (MPH)
  HIGHEST WIND SPEED    32   HIGHEST WIND DIRECTION    NW (310)
  HIGHEST GUST SPEED    41   HIGHEST GUST DIRECTION    NW (310)
  AVERAGE WIND SPEED    17.7


SKY COVER
  POSSIBLE SUNSHINE  MM
  AVERAGE SKY COVER 0.5


WEATHER CONDITIONS
 THE FOLLOWING WEATHER WAS RECORDED YESTERDAY.
  LIGHT SNOW


RELATIVE HUMIDITY (PERCENT)
 HIGHEST    77           300 AM
 LOWEST     27           600 PM
 AVERAGE    52

..........................................................


THE PHILADELPHIA PA CLIMATE NORMALS FOR TODAY
                         NORMAL    RECORD    YEAR
 MAXIMUM TEMPERATURE (F)   44        67      1990
                                             1946
 MINIMUM TEMPERATURE (F)   28         2      1979


SUNRISE AND SUNSET
FEBRUARY 14 2016......SUNRISE   656 AM EST   SUNSET   535 PM EST
FEBRUARY 15 2016......SUNRISE   654 AM EST   SUNSET   537 PM EST


-  INDICATES NEGATIVE NUMBERS.
R  INDICATES RECORD WAS SET OR TIED.
MM INDICATES DATA IS MISSING.
T  INDICATES TRACE AMOUNT.




$$
