000
CDUS41 KPHI 252134
CLIPHL


CLIMATE REPORT
NATIONAL WEATHER SERVICE MOUNT HOLLY NJ
533 PM EDT WED MAY 25 2016


...................................

...THE PHILADELPHIA PA CLIMATE SUMMARY FOR MAY 25 2016...
VALID TODAY AS OF 0500 PM LOCAL TIME.

CLIMATE NORMAL PERIOD 1981 TO 2010
CLIMATE RECORD PERIOD 1872 TO 2016


WEATHER ITEM   OBSERVED TIME   RECORD YEAR NORMAL DEPARTURE LAST
                VALUE   (LST)  VALUE       VALUE  FROM      YEAR
                                                  NORMAL
..................................................................
TEMPERATURE (F)
 TODAY
  MAXIMUM         88    254 PM  96    1991  77     11       87
  MINIMUM         57    515 AM  40    1963  57      0       63
  AVERAGE         73                        67      6       75

PRECIPITATION (IN)
  TODAY            0.00          1.77 1952   0.12  -0.12     0.00
  MONTH TO DATE    5.14                      2.96   2.18     0.59
  SINCE MAR 1      8.90                     10.31  -1.41     9.69
  SINCE JAN 1     15.89                     15.99  -0.10    16.57

SNOWFALL (IN)
  TODAY            0.0           0.0  1870   0.0    0.0      0.0
  MONTH TO DATE    0.0                       0.0    0.0      0.0
  SINCE MAR 1      1.3                       3.4   -2.1     12.0
  SINCE JUL 1     27.5                      22.4    5.1     27.0
  SNOW DEPTH       0

DEGREE DAYS
 HEATING
  TODAY            0                         2     -2        0
  MONTH TO DATE  145                       101     44       32
  SINCE MAR 1    901                      1109   -208     1111
  SINCE JUL 1   3587                      4591  -1004     4764

 COOLING
  TODAY            8                         4      4       10
  MONTH TO DATE   15                        51    -36      113
  SINCE MAR 1     38                        64    -26      116
  SINCE JAN 1     38                        64    -26      116
..................................................................


WIND (MPH)
  HIGHEST WIND SPEED    18   HIGHEST WIND DIRECTION     W (260)
  HIGHEST GUST SPEED    28   HIGHEST GUST DIRECTION     W (280)
  AVERAGE WIND SPEED     6.8


SKY COVER
  POSSIBLE SUNSHINE  MM
  AVERAGE SKY COVER 0.4


WEATHER CONDITIONS
 THE FOLLOWING WEATHER WAS RECORDED TODAY.
  NO SIGNIFICANT WEATHER WAS OBSERVED.


RELATIVE HUMIDITY (PERCENT)
 HIGHEST    75           400 AM
 LOWEST     17           300 PM
 AVERAGE    46

..........................................................


THE PHILADELPHIA PA CLIMATE NORMALS FOR TOMORROW
                         NORMAL    RECORD    YEAR
 MAXIMUM TEMPERATURE (F)   77        96      1880
 MINIMUM TEMPERATURE (F)   57        43      1961


SUNRISE AND SUNSET
MAY 25 2016...........SUNRISE   538 AM EDT   SUNSET   818 PM EDT
MAY 26 2016...........SUNRISE   537 AM EDT   SUNSET   819 PM EDT


-  INDICATES NEGATIVE NUMBERS.
R  INDICATES RECORD WAS SET OR TIED.
MM INDICATES DATA IS MISSING.
T  INDICATES TRACE AMOUNT.




$$
