297
CDUS41 KPHI 272131
CLIPHL


CLIMATE REPORT
NATIONAL WEATHER SERVICE MOUNT HOLLY NJ
431 PM EST MON FEB 27 2017


...................................

...THE PHILADELPHIA PA CLIMATE SUMMARY FOR FEBRUARY 27 2017...
VALID TODAY AS OF 0400 PM LOCAL TIME.

CLIMATE NORMAL PERIOD 1981 TO 2010
CLIMATE RECORD PERIOD 1872 TO 2017


WEATHER ITEM   OBSERVED TIME   RECORD YEAR NORMAL DEPARTURE LAST
                VALUE   (LST)  VALUE       VALUE  FROM      YEAR
                                                  NORMAL
..................................................................
TEMPERATURE (F)
 TODAY
  MAXIMUM         54    359 PM  74    1997  47      7       44
  MINIMUM         31    337 AM   6    1900  30      1       27
  AVERAGE         43                        38      5       36

PRECIPITATION (IN)
  TODAY            0.00          1.55 1958   0.09  -0.09     0.00
  MONTH TO DATE    1.12                      2.55  -1.43     4.35
  SINCE DEC 1      6.75                      9.14  -2.39    12.12
  SINCE JAN 1      4.03                      5.58  -1.55     6.98

SNOWFALL (IN)
  TODAY            0.0           3.1  1940   0.2   -0.2      0.0
  MONTH TO DATE    2.0                       8.6   -6.6      3.3
  SINCE DEC 1      8.0                      18.5  -10.5     26.2
  SINCE JUL 1      8.0                      18.8  -10.8     26.2
  SNOW DEPTH       0

DEGREE DAYS
 HEATING
  TODAY           22                        27     -5       29
  MONTH TO DATE  566                       793   -227      732
  SINCE DEC 1   2185                      2640   -455     2100
  SINCE JUL 1   2816                      3456   -640     2660

 COOLING
  TODAY            0                         0      0        0
  MONTH TO DATE    0                         0      0        0
  SINCE DEC 1      0                         0      0        2
  SINCE JAN 1      0                         0      0        0
..................................................................


WIND (MPH)
  HIGHEST WIND SPEED    17   HIGHEST WIND DIRECTION     S (200)
  HIGHEST GUST SPEED    25   HIGHEST GUST DIRECTION     S (190)
  AVERAGE WIND SPEED     7.0


SKY COVER
  POSSIBLE SUNSHINE  MM
  AVERAGE SKY COVER 0.6


WEATHER CONDITIONS
 THE FOLLOWING WEATHER WAS RECORDED TODAY.
  NO SIGNIFICANT WEATHER WAS OBSERVED.


RELATIVE HUMIDITY (PERCENT)
 HIGHEST    69           300 AM
 LOWEST     35           200 PM
 AVERAGE    52

..........................................................


THE PHILADELPHIA PA CLIMATE NORMALS FOR TOMORROW
                         NORMAL    RECORD    YEAR
 MAXIMUM TEMPERATURE (F)   47        68      1976
 MINIMUM TEMPERATURE (F)   30         9      1934


SUNRISE AND SUNSET
FEBRUARY 27 2017......SUNRISE   637 AM EST   SUNSET   551 PM EST
FEBRUARY 28 2017......SUNRISE   635 AM EST   SUNSET   552 PM EST


-  INDICATES NEGATIVE NUMBERS.
R  INDICATES RECORD WAS SET OR TIED.
MM INDICATES DATA IS MISSING.
T  INDICATES TRACE AMOUNT.




$$
