000
CDUS41 KPHI 220946 CCA
CLIPHL

CLIMATE REPORT...CORRECTED
NATIONAL WEATHER SERVICE MOUNT HOLLY NJ
544 AM EDT TUE AUG 22 2017


...................................

...THE PHILADELPHIA PA CLIMATE SUMMARY FOR AUGUST 21 2017...

CLIMATE NORMAL PERIOD 1981 TO 2010
CLIMATE RECORD PERIOD 1872 TO 2017


WEATHER ITEM   OBSERVED TIME   RECORD YEAR NORMAL DEPARTURE LAST
                VALUE   (LST)  VALUE       VALUE  FROM      YEAR
                                                  NORMAL
..................................................................
TEMPERATURE (F)
 YESTERDAY
  MAXIMUM         87   1210 PM  96    1916  85      2       89
  MINIMUM         67    526 AM  54    1949  68     -1       73
                                      1940
                                      1879
  AVERAGE         77                        76      1       81

PRECIPITATION (IN)
  YESTERDAY        0.00          1.77 1888   0.11  -0.11     0.60
  MONTH TO DATE    3.15                      2.45   0.70     1.70
  SINCE JUN 1     10.36                     10.23   0.13     7.45
  SINCE JAN 1     28.31                     26.97   1.34    24.85

SNOWFALL (IN)
  YESTERDAY        0.0           0.0    MM   0.0    0.0      0.0
  MONTH TO DATE    0.0                       0.0    0.0      0.0
  SINCE JUN 1      0.0                       0.0    0.0      0.0
  SINCE JUL 1      0.0                       0.0    0.0      0.0
  SNOW DEPTH       0

DEGREE DAYS
 HEATING
  YESTERDAY        0                         0      0        0
  MONTH TO DATE    0                         0      0        0
  SINCE JUN 1      8                        11     -3        0
  SINCE JUL 1      0                         0      0        0

 COOLING
  YESTERDAY       12                        11      1       16
  MONTH TO DATE  248                       258    -10      359
  SINCE JUN 1   1002                       924     78     1152
  SINCE JAN 1   1113                      1015     98     1266
..................................................................


WIND (MPH)
  HIGHEST WIND SPEED    14   HIGHEST WIND DIRECTION     S (190)
  HIGHEST GUST SPEED    22   HIGHEST GUST DIRECTION     S (180)
  AVERAGE WIND SPEED     5.2


SKY COVER
  POSSIBLE SUNSHINE  MM
  AVERAGE SKY COVER 0.7


WEATHER CONDITIONS
 THE FOLLOWING WEATHER WAS RECORDED YESTERDAY.
  NO SIGNIFICANT WEATHER WAS OBSERVED.


RELATIVE HUMIDITY (PERCENT)
 HIGHEST    90           600 AM
 LOWEST     51          1000 AM
 AVERAGE    71

..........................................................


THE PHILADELPHIA PA CLIMATE NORMALS FOR TODAY
                         NORMAL    RECORD    YEAR
 MAXIMUM TEMPERATURE (F)   85        97      1916
 MINIMUM TEMPERATURE (F)   67        52      1940


SUNRISE AND SUNSET
AUGUST 22 2017........SUNRISE   620 AM EDT   SUNSET   747 PM EDT
AUGUST 23 2017........SUNRISE   621 AM EDT   SUNSET   746 PM EDT


-  INDICATES NEGATIVE NUMBERS.
R  INDICATES RECORD WAS SET OR TIED.
MM INDICATES DATA IS MISSING.
T  INDICATES TRACE AMOUNT.




$$
CORRECTED HIGH TEMPERATURE.
