000
CDUS43 KUNR 250836
CLIPHP


CLIMATE REPORT
NATIONAL WEATHER SERVICE RAPID CITY SD
232 AM MDT FRI JUL 25 2014


...................................

...THE PHILIP SD CLIMATE SUMMARY FOR JULY 24 2014...

CLIMATE NORMAL PERIOD 1981 TO 2010
CLIMATE RECORD PERIOD 9999 TO 9999


WEATHER ITEM   OBSERVED TIME   NORMAL DEPARTURE LAST
                VALUE   (LST)  VALUE  FROM      YEAR
                                      NORMAL
......................................................
TEMPERATURE (F)
 YESTERDAY
  MAXIMUM        106    403 PM  91     15       88
  MINIMUM         67    348 AM  61      6       60
  AVERAGE         87            76     11       74

PRECIPITATION (IN)
  YESTERDAY        0.00          0.06  -0.06     0.00
  MONTH TO DATE    0.11          1.68  -1.57     0.99
  SINCE JUN 1      4.11          4.61  -0.50     2.89
  SINCE JAN 1      8.93         11.53  -2.60     8.45

DEGREE DAYS
 HEATING
  YESTERDAY        0             0      0        0
  MONTH TO DATE   16             3     13        0
  SINCE JUN 1     94            66     28       64
  SINCE JUL 1     16             3     13        0

 COOLING
  YESTERDAY       22            11     11        9
  MONTH TO DATE  209           227    -18      291
  SINCE JUN 1    265           350    -85      418
  SINCE JAN 1    305           377    -72      439
......................................................


WIND (MPH)
  HIGHEST WIND SPEED    22   HIGHEST WIND DIRECTION     W (290)
  HIGHEST GUST SPEED    30   HIGHEST GUST DIRECTION    NW (300)
  AVERAGE WIND SPEED     8.7


SKY COVER
  AVERAGE SKY COVER 0.0


WEATHER CONDITIONS
 THE FOLLOWING WEATHER WAS RECORDED YESTERDAY.
  NO SIGNIFICANT WEATHER WAS OBSERVED.


RELATIVE HUMIDITY (PERCENT)
 HIGHEST    78           300 AM
 LOWEST     20           500 PM
 AVERAGE    49

..........................................................




SUNRISE AND SUNSET
JULY 25 2014..........SUNRISE   527 AM MDT   SUNSET   818 PM MDT
JULY 26 2014..........SUNRISE   528 AM MDT   SUNSET   817 PM MDT


-  INDICATES NEGATIVE NUMBERS.
R  INDICATES RECORD WAS SET OR TIED.
MM INDICATES DATA IS MISSING.
T  INDICATES TRACE AMOUNT.




$$
