265
CDUS43 KUNR 100834
CLIPHP


CLIMATE REPORT
NATIONAL WEATHER SERVICE RAPID CITY SD
134 AM MST SAT DEC 10 2016


...................................

...THE PHILIP SD CLIMATE SUMMARY FOR DECEMBER 9 2016...

CLIMATE NORMAL PERIOD 1981 TO 2010
CLIMATE RECORD PERIOD 9999 TO 9999


WEATHER ITEM   OBSERVED TIME   NORMAL DEPARTURE LAST
                VALUE   (LST)  VALUE  FROM      YEAR
                                      NORMAL
......................................................
TEMPERATURE (F)
 YESTERDAY
  MAXIMUM          7    159 PM  37    -30       64
  MINIMUM         -8   1200 AM  12    -20       29
  AVERAGE          0            24    -24       47

PRECIPITATION (IN)
  YESTERDAY        0.02          0.01   0.01      T
  MONTH TO DATE    0.02          0.14  -0.12     0.02
  SINCE DEC 1      0.02          0.14  -0.12     0.02
  SINCE JAN 1     12.87         17.06  -4.19    19.25

DEGREE DAYS
 HEATING
  YESTERDAY       65            41     24       18
  MONTH TO DATE  429           357     72      267
  SINCE DEC 1    429           357     72      267
  SINCE JUL 1   1567          1992   -425     1607

 COOLING
  YESTERDAY        0             0      0        0
  MONTH TO DATE    0             0      0        0
  SINCE DEC 1      0             0      0        0
  SINCE JAN 1    908           818     90      750
......................................................


WIND (MPH)
  HIGHEST WIND SPEED    16   HIGHEST WIND DIRECTION     E (90)
  HIGHEST GUST SPEED    19   HIGHEST GUST DIRECTION     E (80)
  AVERAGE WIND SPEED     9.5


SKY COVER
  AVERAGE SKY COVER 0.9


WEATHER CONDITIONS
 THE FOLLOWING WEATHER WAS RECORDED YESTERDAY.
  LIGHT SNOW
  FOG
  HAZE


RELATIVE HUMIDITY (PERCENT)
 HIGHEST    95           800 AM
 LOWEST     79           100 AM
 AVERAGE    87

..........................................................




SUNRISE AND SUNSET
DECEMBER 10 2016......SUNRISE   711 AM MST   SUNSET   408 PM MST
DECEMBER 11 2016......SUNRISE   712 AM MST   SUNSET   408 PM MST


-  INDICATES NEGATIVE NUMBERS.
R  INDICATES RECORD WAS SET OR TIED.
MM INDICATES DATA IS MISSING.
T  INDICATES TRACE AMOUNT.




$$
