000
CDUS43 KUNR 240833
CLIPHP


CLIMATE REPORT
NATIONAL WEATHER SERVICE RAPID CITY SD
233 AM MDT SUN JUL 24 2016


...................................

...THE PHILIP SD CLIMATE SUMMARY FOR JULY 23 2016...

CLIMATE NORMAL PERIOD 1981 TO 2010
CLIMATE RECORD PERIOD 9999 TO 9999


WEATHER ITEM   OBSERVED TIME   NORMAL DEPARTURE LAST
                VALUE   (LST)  VALUE  FROM      YEAR
                                      NORMAL
......................................................
TEMPERATURE (F)
 YESTERDAY
  MAXIMUM         95    241 PM  91      4      100
  MINIMUM         58   1159 PM  61     -3       66
  AVERAGE         77            76      1       83

PRECIPITATION (IN)
  YESTERDAY        0.00          0.05  -0.05     0.00
  MONTH TO DATE    1.03          1.62  -0.59     0.35
  SINCE JUN 1      1.75          4.55  -2.80     6.18
  SINCE JAN 1      8.47         11.47  -3.00    13.16

DEGREE DAYS
 HEATING
  YESTERDAY        0             0      0        0
  MONTH TO DATE    4             3      1        0
  SINCE JUN 1     11            66    -55       12
  SINCE JUL 1      4             3      1        0

 COOLING
  YESTERDAY       12            11      1       18
  MONTH TO DATE  247           216     31      208
  SINCE JUN 1    474           339    135      318
  SINCE JAN 1    488           366    122      324
......................................................


WIND (MPH)
  HIGHEST WIND SPEED    32   HIGHEST WIND DIRECTION    NW (330)
  HIGHEST GUST SPEED    42   HIGHEST GUST DIRECTION    NW (330)
  AVERAGE WIND SPEED    12.1


SKY COVER
  AVERAGE SKY COVER 0.1


WEATHER CONDITIONS
 THE FOLLOWING WEATHER WAS RECORDED YESTERDAY.
  FOG
  FOG W/VISIBILITY <= 1/4 MILE


RELATIVE HUMIDITY (PERCENT)
 HIGHEST   100           400 AM
 LOWEST     20           400 PM
 AVERAGE    60

..........................................................




SUNRISE AND SUNSET
JULY 24 2016..........SUNRISE   527 AM MDT   SUNSET   819 PM MDT
JULY 25 2016..........SUNRISE   528 AM MDT   SUNSET   818 PM MDT


-  INDICATES NEGATIVE NUMBERS.
R  INDICATES RECORD WAS SET OR TIED.
MM INDICATES DATA IS MISSING.
T  INDICATES TRACE AMOUNT.




$$
