000
CDUS43 KUNR 060837
CLIPHP


CLIMATE REPORT
NATIONAL WEATHER SERVICE RAPID CITY SD
132 AM MST FRI MAR 6 2015


...................................

...THE PHILIP SD CLIMATE SUMMARY FOR MARCH 5 2015...

CLIMATE NORMAL PERIOD 1981 TO 2010
CLIMATE RECORD PERIOD 9999 TO 9999


WEATHER ITEM   OBSERVED TIME   NORMAL DEPARTURE LAST
                VALUE   (LST)  VALUE  FROM      YEAR
                                      NORMAL
......................................................
TEMPERATURE (F)
 YESTERDAY
  MAXIMUM         46    512 PM  43      3       45
  MINIMUM         -9    617 AM  18    -27       13
  AVERAGE         19            31    -12       29

PRECIPITATION (IN)
  YESTERDAY        0.00          0.05  -0.05     0.00
  MONTH TO DATE    0.09          0.20  -0.11     0.23
  SINCE MAR 1      0.09          0.20  -0.11     0.23
  SINCE JAN 1      0.20          0.98  -0.78     0.71

DEGREE DAYS
 HEATING
  YESTERDAY       46            34     12       36
  MONTH TO DATE  237           175     62      297
  SINCE MAR 1    237           175     62      297
  SINCE JUL 1   5377          5540   -163     5900

 COOLING
  YESTERDAY        0             0      0        0
  MONTH TO DATE    0             0      0        0
  SINCE MAR 1      0             0      0        0
  SINCE JAN 1      0             0      0        0
......................................................


WIND (MPH)
  HIGHEST WIND SPEED    20   HIGHEST WIND DIRECTION     W (250)
  HIGHEST GUST SPEED    24   HIGHEST GUST DIRECTION     W (250)
  AVERAGE WIND SPEED     7.4


SKY COVER
  AVERAGE SKY COVER 0.1


WEATHER CONDITIONS
 THE FOLLOWING WEATHER WAS RECORDED YESTERDAY.
  NO SIGNIFICANT WEATHER WAS OBSERVED.


RELATIVE HUMIDITY (PERCENT)
 HIGHEST    82           100 AM
 LOWEST     31           500 PM
 AVERAGE    57

..........................................................




SUNRISE AND SUNSET
MARCH  6 2015.........SUNRISE   615 AM MST   SUNSET   541 PM MST
MARCH  7 2015.........SUNRISE   613 AM MST   SUNSET   542 PM MST


-  INDICATES NEGATIVE NUMBERS.
R  INDICATES RECORD WAS SET OR TIED.
MM INDICATES DATA IS MISSING.
T  INDICATES TRACE AMOUNT.




$$
