000
CDUS43 KUNR 240837
CLIPHP


CLIMATE REPORT
NATIONAL WEATHER SERVICE RAPID CITY SD
236 AM MDT SUN MAY 24 2015


...................................

...THE PHILIP SD CLIMATE SUMMARY FOR MAY 23 2015...

CLIMATE NORMAL PERIOD 1981 TO 2010
CLIMATE RECORD PERIOD 9999 TO 9999


WEATHER ITEM   OBSERVED TIME   NORMAL DEPARTURE LAST
                VALUE   (LST)  VALUE  FROM      YEAR
                                      NORMAL
......................................................
TEMPERATURE (F)
 YESTERDAY
  MAXIMUM         64    242 PM  73     -9       81
  MINIMUM         48    436 AM  47      1       55
  AVERAGE         56            60     -4       68

PRECIPITATION (IN)
  YESTERDAY        0.05          0.10  -0.05     0.00
  MONTH TO DATE    5.48          2.25   3.23     1.90
  SINCE MAR 1      5.91          5.36   0.55     3.86
  SINCE JAN 1      6.02          6.14  -0.12     4.34

DEGREE DAYS
 HEATING
  YESTERDAY        9             6      3        0
  MONTH TO DATE  248           226     22      305
  SINCE MAR 1   1479          1728   -249     1864
  SINCE JUL 1   6619          7093   -474     7467

 COOLING
  YESTERDAY        0             1     -1        3
  MONTH TO DATE    2            18    -16        4
  SINCE MAR 1      5            21    -16        4
  SINCE JAN 1      5            21    -16        4
......................................................


WIND (MPH)
  HIGHEST WIND SPEED    18   HIGHEST WIND DIRECTION     E (100)
  HIGHEST GUST SPEED    23   HIGHEST GUST DIRECTION    SE (120)
  AVERAGE WIND SPEED    10.2


SKY COVER
  AVERAGE SKY COVER 1.0


WEATHER CONDITIONS
 THE FOLLOWING WEATHER WAS RECORDED YESTERDAY.
  LIGHT RAIN
  FOG


RELATIVE HUMIDITY (PERCENT)
 HIGHEST   100           900 PM
 LOWEST     72           200 PM
 AVERAGE    86

..........................................................




SUNRISE AND SUNSET
MAY 24 2015...........SUNRISE   512 AM MDT   SUNSET   815 PM MDT
MAY 25 2015...........SUNRISE   511 AM MDT   SUNSET   816 PM MDT


-  INDICATES NEGATIVE NUMBERS.
R  INDICATES RECORD WAS SET OR TIED.
MM INDICATES DATA IS MISSING.
T  INDICATES TRACE AMOUNT.




$$
