000
CDUS43 KUNR 220831
CLIPHP


CLIMATE REPORT
NATIONAL WEATHER SERVICE RAPID CITY SD
131 AM MST WED FEB 22 2017


...................................

...THE PHILIP SD CLIMATE SUMMARY FOR FEBRUARY 21 2017...

CLIMATE NORMAL PERIOD 1981 TO 2010
CLIMATE RECORD PERIOD 9999 TO 9999


WEATHER ITEM   OBSERVED TIME   NORMAL DEPARTURE LAST
                VALUE   (LST)  VALUE  FROM      YEAR
                                      NORMAL
......................................................
TEMPERATURE (F)
 YESTERDAY
  MAXIMUM         75    356 PM  40     35       39
  MINIMUM         44    640 AM  14     30       24
  AVERAGE         60            27     33       32

PRECIPITATION (IN)
  YESTERDAY        0.00          0.02  -0.02     0.00
  MONTH TO DATE    0.16          0.28  -0.12     0.26
  SINCE DEC 1      1.39          1.01   0.38     1.46
  SINCE JAN 1      0.97          0.58   0.39     0.47

DEGREE DAYS
 HEATING
  YESTERDAY        5            38    -33       33
  MONTH TO DATE  683           842   -159      634
  SINCE DEC 1   3679          3472    207     3243
  SINCE JUL 1   4817          5107   -290     4583

 COOLING
  YESTERDAY        0             0      0        0
  MONTH TO DATE    0             0      0        0
  SINCE DEC 1      0             0      0        0
  SINCE JAN 1      0             0      0        0
......................................................


WIND (MPH)
  HIGHEST WIND SPEED    25   HIGHEST WIND DIRECTION     W (270)
  HIGHEST GUST SPEED    33   HIGHEST GUST DIRECTION     W (250)
  AVERAGE WIND SPEED    14.6


SKY COVER
  AVERAGE SKY COVER 0.1


WEATHER CONDITIONS
 THE FOLLOWING WEATHER WAS RECORDED YESTERDAY.
  NO SIGNIFICANT WEATHER WAS OBSERVED.


RELATIVE HUMIDITY (PERCENT)
 HIGHEST    59          1000 PM
 LOWEST     19           300 PM
 AVERAGE    39

..........................................................




SUNRISE AND SUNSET
FEBRUARY 22 2017......SUNRISE   634 AM MST   SUNSET   526 PM MST
FEBRUARY 23 2017......SUNRISE   633 AM MST   SUNSET   527 PM MST


-  INDICATES NEGATIVE NUMBERS.
R  INDICATES RECORD WAS SET OR TIED.
MM INDICATES DATA IS MISSING.
T  INDICATES TRACE AMOUNT.




$$
