000
CDUS43 KUNR 010834
CLIPHP


CLIMATE REPORT
NATIONAL WEATHER SERVICE RAPID CITY SD
234 AM MDT WED JUL 1 2015


...................................

...THE PHILIP SD CLIMATE SUMMARY FOR JUNE 30 2015...

CLIMATE NORMAL PERIOD 1981 TO 2010
CLIMATE RECORD PERIOD 9999 TO 9999


WEATHER ITEM   OBSERVED TIME   NORMAL DEPARTURE LAST
                VALUE   (LST)  VALUE  FROM      YEAR
                                      NORMAL
......................................................
TEMPERATURE (F)
 YESTERDAY
  MAXIMUM         86    214 PM  86      0       78
  MINIMUM         66    343 AM  57      9       53
  AVERAGE         76            71      5       66

PRECIPITATION (IN)
  YESTERDAY        0.00          0.08  -0.08     0.00
  MONTH TO DATE    5.83          2.93   2.90     4.00
  SINCE JUN 1      5.83          2.93   2.90     4.00
  SINCE JAN 1     12.81          9.85   2.96     8.82

DEGREE DAYS
 HEATING
  YESTERDAY        0             1     -1        0
  MONTH TO DATE   12            64    -52       78
  SINCE JUN 1     12            63    -51       78
  SINCE JUL 1   6686          7197   -511     7545

 COOLING
  YESTERDAY       11             7      4        1
  MONTH TO DATE  110           123    -13       56
  SINCE JUN 1    110           123    -13       56
  SINCE JAN 1    116           150    -34       96
......................................................


WIND (MPH)
  HIGHEST WIND SPEED    25   HIGHEST WIND DIRECTION     N (20)
  HIGHEST GUST SPEED    33   HIGHEST GUST DIRECTION     N (10)
  AVERAGE WIND SPEED     8.3


SKY COVER
  AVERAGE SKY COVER 0.0


WEATHER CONDITIONS
 THE FOLLOWING WEATHER WAS RECORDED YESTERDAY.
  NO SIGNIFICANT WEATHER WAS OBSERVED.


RELATIVE HUMIDITY (PERCENT)
 HIGHEST    87           100 AM
 LOWEST     58          1000 AM
 AVERAGE    73

..........................................................




SUNRISE AND SUNSET
JULY  1 2015..........SUNRISE   507 AM MDT   SUNSET   833 PM MDT
JULY  2 2015..........SUNRISE   508 AM MDT   SUNSET   833 PM MDT


-  INDICATES NEGATIVE NUMBERS.
R  INDICATES RECORD WAS SET OR TIED.
MM INDICATES DATA IS MISSING.
T  INDICATES TRACE AMOUNT.




$$
