000
CDUS43 KUNR 270837
CLIPHP


CLIMATE REPORT
NATIONAL WEATHER SERVICE RAPID CITY SD
236 AM MDT THU AUG 27 2015


...................................

...THE PHILIP SD CLIMATE SUMMARY FOR AUGUST 26 2015...

CLIMATE NORMAL PERIOD 1981 TO 2010
CLIMATE RECORD PERIOD 9999 TO 9999


WEATHER ITEM   OBSERVED TIME   NORMAL DEPARTURE LAST
                VALUE   (LST)  VALUE  FROM      YEAR
                                      NORMAL
......................................................
TEMPERATURE (F)
 YESTERDAY
  MAXIMUM         86    431 PM  87     -1       78
  MINIMUM         55    530 AM  56     -1       51
  AVERAGE         71            71      0       65

PRECIPITATION (IN)
  YESTERDAY       MM             0.05  MM         T
  MONTH TO DATE    2.73          1.25   1.48     3.69
  SINCE JUN 1      9.18          6.21   2.97     7.80
  SINCE JAN 1     16.16         13.13   3.03    12.62

DEGREE DAYS
 HEATING
  YESTERDAY        0             1     -1        0
  MONTH TO DATE   32             6     26        3
  SINCE JUN 1     44            77    -33       97
  SINCE JUL 1     32            14     18       19

 COOLING
  YESTERDAY        6             7     -1        0
  MONTH TO DATE  182           247    -65      222
  SINCE JUN 1    573           675   -102      528
  SINCE JAN 1    579           702   -123      568
......................................................


WIND (MPH)
  HIGHEST WIND SPEED    56   HIGHEST WIND DIRECTION    NW (330)
  HIGHEST GUST SPEED    76   HIGHEST GUST DIRECTION    NE (30)
  AVERAGE WIND SPEED    11.6


SKY COVER
  AVERAGE SKY COVER 0.0


WEATHER CONDITIONS
 THE FOLLOWING WEATHER WAS RECORDED YESTERDAY.
  THUNDERSTORM
  HEAVY RAIN
  LIGHT RAIN
  FOG


RELATIVE HUMIDITY (PERCENT)
 HIGHEST   100           500 AM
 LOWEST     61           200 PM
 AVERAGE    81

..........................................................




SUNRISE AND SUNSET
AUGUST 27 2015........SUNRISE   604 AM MDT   SUNSET   731 PM MDT
AUGUST 28 2015........SUNRISE   605 AM MDT   SUNSET   730 PM MDT


-  INDICATES NEGATIVE NUMBERS.
R  INDICATES RECORD WAS SET OR TIED.
MM INDICATES DATA IS MISSING.
T  INDICATES TRACE AMOUNT.




$$
