000
CDUS43 KUNR 190832
CLIPHP


CLIMATE REPORT
NATIONAL WEATHER SERVICE RAPID CITY SD
231 AM MDT SAT AUG 19 2017


...................................

...THE PHILIP SD CLIMATE SUMMARY FOR AUGUST 18 2017...

CLIMATE NORMAL PERIOD 1981 TO 2010
CLIMATE RECORD PERIOD 9999 TO 9999


WEATHER ITEM   OBSERVED TIME   NORMAL DEPARTURE LAST
                VALUE   (LST)  VALUE  FROM      YEAR
                                      NORMAL
......................................................
TEMPERATURE (F)
 YESTERDAY
  MAXIMUM         90    340 PM  89      1       89
  MINIMUM         55    542 AM  58     -3       64
  AVERAGE         73            74     -1       77

PRECIPITATION (IN)
  YESTERDAY        0.00          0.05  -0.05     0.00
  MONTH TO DATE    0.28          0.87  -0.59     1.97
  SINCE JUN 1      2.94          5.83  -2.89     4.41
  SINCE JAN 1      7.78         12.75  -4.97    11.13

DEGREE DAYS
 HEATING
  YESTERDAY        0             0      0        0
  MONTH TO DATE    6             0      6        0
  SINCE JUN 1     29            71    -42       11
  SINCE JUL 1      6             8     -2        4

 COOLING
  YESTERDAY        8             9     -1       12
  MONTH TO DATE   72           185   -113      200
  SINCE JUN 1    682           613     69      753
  SINCE JAN 1    695           640     55      767
......................................................


WIND (MPH)
  HIGHEST WIND SPEED    17   HIGHEST WIND DIRECTION     N (360)
  HIGHEST GUST SPEED    22   HIGHEST GUST DIRECTION     N (350)
  AVERAGE WIND SPEED     9.0


SKY COVER
  AVERAGE SKY COVER 0.0


WEATHER CONDITIONS
 THE FOLLOWING WEATHER WAS RECORDED YESTERDAY.
  NO SIGNIFICANT WEATHER WAS OBSERVED.


RELATIVE HUMIDITY (PERCENT)
 HIGHEST    83           300 AM
 LOWEST     19           300 PM
 AVERAGE    51

..........................................................




SUNRISE AND SUNSET
AUGUST 19 2017........SUNRISE   555 AM MDT   SUNSET   744 PM MDT
AUGUST 20 2017........SUNRISE   556 AM MDT   SUNSET   742 PM MDT


-  INDICATES NEGATIVE NUMBERS.
R  INDICATES RECORD WAS SET OR TIED.
MM INDICATES DATA IS MISSING.
T  INDICATES TRACE AMOUNT.




$$
