000
CDUS45 KPSR 240037 CCA
CLIPHX

CLIMATE REPORT
NATIONAL WEATHER SERVICE PHOENIX AZ
536 PM MST SUN NOV 23 2014 CORRECTS TODAY`S PRECIP.


...................................

...THE PHOENIX AZ CLIMATE SUMMARY FOR NOVEMBER 23 2014...
VALID TODAY AS OF 0500 PM LOCAL TIME.

CLIMATE NORMAL PERIOD 1981 TO 2010
CLIMATE RECORD PERIOD 1895 TO 2014


WEATHER ITEM   OBSERVED TIME   RECORD YEAR NORMAL DEPARTURE LAST
                VALUE   (LST)  VALUE       VALUE  FROM      YEAR
                                                  NORMAL
..................................................................
TEMPERATURE (F)
 TODAY
  MAXIMUM         74    344 PM  87    1950  72      2       59
  MINIMUM         48    713 AM  27    1931  50     -2       51
  AVERAGE         61                        61      0       55

PRECIPITATION (IN)
  TODAY            0.00          0.98 1906   0.03  -0.03     0.40
  MONTH TO DATE    0.00                      0.46  -0.46     2.42
  SINCE OCT 1      0.13                      1.04  -0.91     2.42
  SINCE JAN 1      7.46                      6.96   0.50     8.02

SNOWFALL (IN)
  TODAY           MM
  MONTH TO DATE    0.0
  SINCE JAN 1      0.0
  SINCE JUL 1      0.0
  SNOW DEPTH       0

DEGREE DAYS
 HEATING
  TODAY            4                         5     -1       10
  MONTH TO DATE   33                        56    -23       18
  SINCE SEP 1     33                        62    -29       19
  SINCE JUL 1     33                        62    -29       19

 COOLING
  TODAY            0                         1     -1        0
  MONTH TO DATE   84                        67     17      111
  SINCE SEP 1   1283                      1134    149     1135
  SINCE JAN 1   5028                      4603    425     5023
..................................................................


WIND (MPH)
  HIGHEST WIND SPEED    20   HIGHEST WIND DIRECTION    NW (300)
  HIGHEST GUST SPEED    30   HIGHEST GUST DIRECTION    NW (300)
  AVERAGE WIND SPEED     8.1


SKY COVER
  AVERAGE SKY COVER 0.3


WEATHER CONDITIONS
 THE FOLLOWING WEATHER WAS RECORDED TODAY.
  NO SIGNIFICANT WEATHER WAS OBSERVED.


RELATIVE HUMIDITY (PERCENT)
 HIGHEST    56           700 AM
 LOWEST      8           400 PM
 AVERAGE    32

..........................................................


THE PHOENIX AZ CLIMATE NORMALS FOR TOMORROW
                         NORMAL    RECORD    YEAR
 MAXIMUM TEMPERATURE (F)   72        88      1950
 MINIMUM TEMPERATURE (F)   49        28      1931


SUNRISE AND SUNSET
NOVEMBER 23 2014......SUNRISE   707 AM MST   SUNSET   522 PM MST
NOVEMBER 24 2014......SUNRISE   708 AM MST   SUNSET   522 PM MST


-  INDICATES NEGATIVE NUMBERS.
R  INDICATES RECORD WAS SET OR TIED.
MM INDICATES DATA IS MISSING.
T  INDICATES TRACE AMOUNT.

$$
