000
CDUS45 KPSR 290852
CLIPHX

CDUS45 KPSR DDHHMM
CLIPHX

CLIMATE REPORT
NATIONAL WEATHER SERVICE PHOENIX AZ
149 AM MST SUN MAY 29 2016


...................................

...THE PHOENIX AZ CLIMATE SUMMARY FOR MAY 28 2016...

CLIMATE NORMAL PERIOD 1981 TO 2010
CLIMATE RECORD PERIOD 1895 TO 2016


WEATHER ITEM   OBSERVED TIME   RECORD YEAR NORMAL DEPARTURE LAST
                VALUE   (LST)  VALUE       VALUE  FROM      YEAR
                                                  NORMAL
..................................................................
TEMPERATURE (F)
 YESTERDAY
  MAXIMUM         97    344 PM 113    1984  99     -2       98
                                      1983
  MINIMUM         69    528 AM  53    1929  73     -4       71
                                      1918
                                      1917
  AVERAGE         83                        86     -3       85

PRECIPITATION (IN)
  YESTERDAY        0.00          0.27 1907   0.00   0.00     0.00
  MONTH TO DATE    0.05                      0.10  -0.05     1.17
  SINCE OCT 1      3.04                      5.31  -2.27     3.54
  SINCE JAN 1      1.87                      3.20  -1.33     2.50

SNOWFALL (IN)
  YESTERDAY        0.0
  MONTH TO DATE    0.0
  SINCE JAN 1      0.0
  SINCE JUL 1      0.0
  SNOW DEPTH       0

DEGREE DAYS
 HEATING
  YESTERDAY        0                         0      0        0
  MONTH TO DATE    0                         0      0        0
  SINCE MAR 1     16                       101    -85       25
  SINCE JUL 1    829                       934   -105      520

 COOLING
  YESTERDAY       18                        21     -3       20
  MONTH TO DATE  412                       468    -56      359
  SINCE MAR 1    837                       806     31      901
  SINCE JAN 1    950                       823    127      949
..................................................................


WIND (MPH)
  HIGHEST WIND SPEED    18   HIGHEST WIND DIRECTION     W (260)
  HIGHEST GUST SPEED    24   HIGHEST GUST DIRECTION    SW (230)
  AVERAGE WIND SPEED     7.2


SKY COVER
  AVERAGE SKY COVER 0.1


WEATHER CONDITIONS
 THE FOLLOWING WEATHER WAS RECORDED YESTERDAY.
  NO SIGNIFICANT WEATHER WAS OBSERVED.


RELATIVE HUMIDITY (PERCENT)
 HIGHEST    28           500 AM
 LOWEST      8           300 PM
 AVERAGE    18

..........................................................


THE PHOENIX AZ CLIMATE NORMALS FOR TODAY
                         NORMAL    RECORD    YEAR
 MAXIMUM TEMPERATURE (F)   99       112      1910
 MINIMUM TEMPERATURE (F)   73        50      1918


SUNRISE AND SUNSET
MAY 29 2016...........SUNRISE   520 AM MST   SUNSET   731 PM MST
MAY 30 2016...........SUNRISE   520 AM MST   SUNSET   732 PM MST


-  INDICATES NEGATIVE NUMBERS.
R  INDICATES RECORD WAS SET OR TIED.
MM INDICATES DATA IS MISSING.
T  INDICATES TRACE AMOUNT.

&&
.....................................................................

DEW POINT
  HIGHEST DEW POINT    37
   LOWEST DEW POINT    24
  AVERAGE DEW POINT    31
.....................................................................

$$
