000
CDUS45 KPSR 200826
CLIPHX

CLIMATE REPORT
NATIONAL WEATHER SERVICE PHOENIX AZ
125 AM MST SUN AUG 20 2017


...................................

...THE PHOENIX AZ CLIMATE SUMMARY FOR AUGUST 19 2017...

CLIMATE NORMAL PERIOD 1981 TO 2010
CLIMATE RECORD PERIOD 1895 TO 2017


WEATHER ITEM   OBSERVED TIME   RECORD YEAR NORMAL DEPARTURE LAST
                VALUE   (LST)  VALUE       VALUE  FROM      YEAR
                                                  NORMAL
..................................................................
TEMPERATURE (F)
 YESTERDAY
  MAXIMUM        105    251 PM 113    1986 104      1      104
  MINIMUM         81    607 AM  63    1918  83     -2       79
  AVERAGE         93                        94     -1       92

PRECIPITATION (IN)
  YESTERDAY        0.00          0.78 1995   0.03  -0.03      T
  MONTH TO DATE    1.37                      0.63   0.74     1.13
  SINCE OCT 1      6.50                      7.02  -0.52     5.07
  SINCE JAN 1      4.67                      4.91  -0.24     3.90

SNOWFALL (IN)
  YESTERDAY        0.0
  MONTH TO DATE    0.0
  SINCE JAN 1      0.0
  SINCE JUL 1      0.0
  SNOW DEPTH       0

DEGREE DAYS
 HEATING
  YESTERDAY        0                         0      0        0
  MONTH TO DATE    0                         0      0        0
  SINCE JUN 1      0                         0      0        0
  SINCE JUL 1      0                         0      0        0

 COOLING
  YESTERDAY       28                        28      0       27
  MONTH TO DATE  527                       550    -23      537
  SINCE JUN 1   2363                      2248    115     2443
  SINCE JAN 1   3437                      3134    303     3450
..................................................................


WIND (MPH)
  HIGHEST WIND SPEED    16   HIGHEST WIND DIRECTION     W (290)
  HIGHEST GUST SPEED    20   HIGHEST GUST DIRECTION     W (280)
  AVERAGE WIND SPEED     5.9


SKY COVER
  AVERAGE SKY COVER 0.4


WEATHER CONDITIONS
 THE FOLLOWING WEATHER WAS RECORDED YESTERDAY.
  NO SIGNIFICANT WEATHER WAS OBSERVED.


RELATIVE HUMIDITY (PERCENT)
 HIGHEST    34           400 AM
 LOWEST     14           300 PM
 AVERAGE    24

..........................................................


THE PHOENIX AZ CLIMATE NORMALS FOR TODAY
                         NORMAL    RECORD    YEAR
 MAXIMUM TEMPERATURE (F)  104       112      1986
                                             1982
 MINIMUM TEMPERATURE (F)   83        58      1917


SUNRISE AND SUNSET
AUGUST 20 2017........SUNRISE   554 AM MST   SUNSET   708 PM MST
AUGUST 21 2017........SUNRISE   555 AM MST   SUNSET   707 PM MST


-  INDICATES NEGATIVE NUMBERS.
R  INDICATES RECORD WAS SET OR TIED.
MM INDICATES DATA IS MISSING.
T  INDICATES TRACE AMOUNT.

&&
.....................................................................

DEW POINT
  HIGHEST DEW POINT    53
   LOWEST DEW POINT    45
  AVERAGE DEW POINT    49
.....................................................................

$$
