237
CDUS45 KPSR 040835
CLIPHX

CDUS45 KPSR DDHHMM
CLIPHX

CLIMATE REPORT
NATIONAL WEATHER SERVICE PHOENIX AZ
134 AM MST WED MAY 4 2016


...................................

...THE PHOENIX AZ CLIMATE SUMMARY FOR MAY 3 2016...

CLIMATE NORMAL PERIOD 1981 TO 2010
CLIMATE RECORD PERIOD 1895 TO 2016


WEATHER ITEM   OBSERVED TIME   RECORD YEAR NORMAL DEPARTURE LAST
                VALUE   (LST)  VALUE       VALUE  FROM      YEAR
                                                  NORMAL
..................................................................
TEMPERATURE (F)
 YESTERDAY
  MAXIMUM         94    408 PM 109    1947  91      3       96
  MINIMUM         64    456 AM  39    1899  66     -2       75
  AVERAGE         79                        78      1       86

PRECIPITATION (IN)
  YESTERDAY        0.00          0.09 1935   0.00   0.00     0.00
  MONTH TO DATE    T                         0.01  -0.01     0.00
  SINCE OCT 1      2.99                      5.22  -2.23     2.37
  SINCE JAN 1      1.82                      3.11  -1.29     1.33

SNOWFALL (IN)
  YESTERDAY        0.0
  MONTH TO DATE    0.0
  SINCE JAN 1      0.0
  SINCE JUL 1      0.0
  SNOW DEPTH       0

DEGREE DAYS
 HEATING
  YESTERDAY        0                         0      0        0
  MONTH TO DATE    0                         0      0        0
  SINCE MAR 1     16                       101    -85       25
  SINCE JUL 1    829                       934   -105      520

 COOLING
  YESTERDAY       14                        13      1       21
  MONTH TO DATE   28                        39    -11       62
  SINCE MAR 1    453                       377     76      604
  SINCE JAN 1    566                       394    172      652
..................................................................


WIND (MPH)
  HIGHEST WIND SPEED    13   HIGHEST WIND DIRECTION     S (160)
  HIGHEST GUST SPEED    16   HIGHEST GUST DIRECTION    NE (50)
  AVERAGE WIND SPEED     4.1


SKY COVER
  AVERAGE SKY COVER 0.1


WEATHER CONDITIONS
 THE FOLLOWING WEATHER WAS RECORDED YESTERDAY.
  NO SIGNIFICANT WEATHER WAS OBSERVED.


RELATIVE HUMIDITY (PERCENT)
 HIGHEST    48           500 AM
 LOWEST     10           300 PM
 AVERAGE    29

..........................................................


THE PHOENIX AZ CLIMATE NORMALS FOR TODAY
                         NORMAL    RECORD    YEAR
 MAXIMUM TEMPERATURE (F)   91       106      1947
 MINIMUM TEMPERATURE (F)   66        45      1899


SUNRISE AND SUNSET
MAY  4 2016...........SUNRISE   536 AM MST   SUNSET   714 PM MST
MAY  5 2016...........SUNRISE   535 AM MST   SUNSET   714 PM MST


-  INDICATES NEGATIVE NUMBERS.
R  INDICATES RECORD WAS SET OR TIED.
MM INDICATES DATA IS MISSING.
T  INDICATES TRACE AMOUNT.

&&
.....................................................................

DEW POINT
  HIGHEST DEW POINT    44
   LOWEST DEW POINT    29
  AVERAGE DEW POINT    36
.....................................................................

$$
