000
CDUS45 KPSR 190826
CLIPHX

CDUS45 KPSR DDHHMM
CLIPHX

CLIMATE REPORT
NATIONAL WEATHER SERVICE PHOENIX AZ
119 AM MST SUN FEB 19 2017


...................................

...THE PHOENIX AZ CLIMATE SUMMARY FOR FEBRUARY 18 2017...

CLIMATE NORMAL PERIOD 1981 TO 2010
CLIMATE RECORD PERIOD 1895 TO 2017


WEATHER ITEM   OBSERVED TIME   RECORD YEAR NORMAL DEPARTURE LAST
                VALUE   (LST)  VALUE       VALUE  FROM      YEAR
                                                  NORMAL
..................................................................
TEMPERATURE (F)
 YESTERDAY
  MAXIMUM         67    118 AM  86    2014  71     -4       82
                                      1977
  MINIMUM         50   1159 PM  29    1964  49      1       57
                                      1910
  AVERAGE         59                        60     -1       70

PRECIPITATION (IN)
  YESTERDAY        0.63          0.72 1917   0.03   0.60     0.00
  MONTH TO DATE    0.63                      0.54   0.09     0.00
  SINCE OCT 1      3.56                      3.56   0.00     2.48
  SINCE JAN 1      1.73                      1.45   0.28     1.31

SNOWFALL (IN)
  YESTERDAY        0.0
  MONTH TO DATE    0.0
  SINCE JAN 1      0.0
  SINCE JUL 1      0.0
  SNOW DEPTH       0

DEGREE DAYS
 HEATING
  YESTERDAY        6                         5      1        0
  MONTH TO DATE   35                       115    -80       86
  SINCE DEC 1    545                       682   -137      692
  SINCE JUL 1    603                       785   -182      813

 COOLING
  YESTERDAY        0                         1     -1        5
  MONTH TO DATE   19                         1     18       58
  SINCE DEC 1     20                         4     16       58
  SINCE JAN 1     19                         3     16       58
..................................................................


WIND (MPH)
  HIGHEST WIND SPEED    22   HIGHEST WIND DIRECTION     E (80)
  HIGHEST GUST SPEED    30   HIGHEST GUST DIRECTION    SE (130)
  AVERAGE WIND SPEED     8.6


SKY COVER
  AVERAGE SKY COVER 1.0


WEATHER CONDITIONS
 THE FOLLOWING WEATHER WAS RECORDED YESTERDAY.
  THUNDERSTORM
  RAIN
  LIGHT RAIN
  FOG


RELATIVE HUMIDITY (PERCENT)
 HIGHEST    89           800 PM
 LOWEST     37          1200 AM
 AVERAGE    63

..........................................................


THE PHOENIX AZ CLIMATE NORMALS FOR TODAY
                         NORMAL    RECORD    YEAR
 MAXIMUM TEMPERATURE (F)   71        88      1981
                                             1977
 MINIMUM TEMPERATURE (F)   49        29      1955


SUNRISE AND SUNSET
FEBRUARY 19 2017......SUNRISE   707 AM MST   SUNSET   617 PM MST
FEBRUARY 20 2017......SUNRISE   706 AM MST   SUNSET   618 PM MST


-  INDICATES NEGATIVE NUMBERS.
R  INDICATES RECORD WAS SET OR TIED.
MM INDICATES DATA IS MISSING.
T  INDICATES TRACE AMOUNT.

&&
.....................................................................

DEW POINT
  HIGHEST DEW POINT    53
   LOWEST DEW POINT    40
  AVERAGE DEW POINT    49
.....................................................................

$$
