000
CDUS45 KPSR 160821
CLIPHX

CLIMATE REPORT
NATIONAL WEATHER SERVICE PHOENIX AZ
120 AM MST WED APR 16 2014


...................................

...THE PHOENIX AZ CLIMATE SUMMARY FOR APRIL 15 2014...

CLIMATE NORMAL PERIOD 1981 TO 2010
CLIMATE RECORD PERIOD 1895 TO 2014


WEATHER ITEM   OBSERVED TIME   RECORD YEAR NORMAL DEPARTURE LAST
                VALUE   (LST)  VALUE       VALUE  FROM      YEAR
                                                  NORMAL
..................................................................
TEMPERATURE (F)
 YESTERDAY
  MAXIMUM         90    349 PM 101    1962  85      5       89
  MINIMUM         60    516 AM  40    1970  60      0       64
  AVERAGE         75                        72      3       77

PRECIPITATION (IN)
  YESTERDAY        0.00          0.30 1988   0.00   0.00     0.00
  MONTH TO DATE    0.00                      0.20  -0.20     0.06
  SINCE OCT 1      3.81                      5.13  -1.32     3.53
  SINCE JAN 1      0.99                      3.02  -2.03     2.61

SNOWFALL (IN)
  YESTERDAY        0.0
  MONTH TO DATE    0.0
  SINCE JAN 1      0.0
  SINCE JUL 1      0.0
  SNOW DEPTH       0

DEGREE DAYS
 HEATING
  YESTERDAY        0                         1     -1        0
  MONTH TO DATE    5                        15    -10        0
  SINCE MAR 1     12                        96    -84       34
  SINCE JUL 1    546                       929   -383      881

 COOLING
  YESTERDAY       10                         8      2       12
  MONTH TO DATE  128                        97     31      131
  SINCE MAR 1    265                       184     81      311
  SINCE JAN 1    327                       201    126      319
..................................................................


WIND (MPH)
  HIGHEST WIND SPEED    15   HIGHEST WIND DIRECTION     E (80)
  HIGHEST GUST SPEED    17   HIGHEST GUST DIRECTION     N (340)
  AVERAGE WIND SPEED     4.7


SKY COVER
  AVERAGE SKY COVER 0.4


WEATHER CONDITIONS
 THE FOLLOWING WEATHER WAS RECORDED YESTERDAY.
  NO SIGNIFICANT WEATHER WAS OBSERVED.


RELATIVE HUMIDITY (PERCENT)
 HIGHEST    27           500 AM
 LOWEST      4           700 PM
 AVERAGE    16

..........................................................


THE PHOENIX AZ CLIMATE NORMALS FOR TODAY
                         NORMAL    RECORD    YEAR
 MAXIMUM TEMPERATURE (F)   85       101      1984
 MINIMUM TEMPERATURE (F)   60        40      1924


SUNRISE AND SUNSET
APRIL 16 2014.........SUNRISE   556 AM MST   SUNSET   700 PM MST
APRIL 17 2014.........SUNRISE   555 AM MST   SUNSET   700 PM MST


-  INDICATES NEGATIVE NUMBERS.
R  INDICATES RECORD WAS SET OR TIED.
MM INDICATES DATA IS MISSING.
T  INDICATES TRACE AMOUNT.

&&
.....................................................................

DEW POINT
  HIGHEST DEW POINT    26
   LOWEST DEW POINT    5
  AVERAGE DEW POINT    16
.....................................................................

$$
