279
CDUS45 KPSR 220818
CLIPHX

CLIMATE REPORT
NATIONAL WEATHER SERVICE PHOENIX AZ
118 AM MST FRI MAY 22 2015


...................................

...THE PHOENIX AZ CLIMATE SUMMARY FOR MAY 21 2015...

CLIMATE NORMAL PERIOD 1981 TO 2010
CLIMATE RECORD PERIOD 1895 TO 2015


WEATHER ITEM   OBSERVED TIME   RECORD YEAR NORMAL DEPARTURE LAST
                VALUE   (LST)  VALUE       VALUE  FROM      YEAR
                                                  NORMAL
..................................................................
TEMPERATURE (F)
 YESTERDAY
  MAXIMUM         91    336 PM 109    2005  96     -5       91
  MINIMUM         72    612 AM  48    1902  71      1       67
  AVERAGE         82                        84     -2       79

PRECIPITATION (IN)
  YESTERDAY        0.00          0.42 1920   0.00   0.00     0.00
  MONTH TO DATE    1.17                      0.08   1.09     0.00
  SINCE OCT 1      3.54                      5.29  -1.75     3.81
  SINCE JAN 1      2.50                      3.18  -0.68     0.99

SNOWFALL (IN)
  YESTERDAY        0.0
  MONTH TO DATE    0.0
  SINCE JAN 1      0.0
  SINCE JUL 1      0.0
  SNOW DEPTH       0

DEGREE DAYS
 HEATING
  YESTERDAY        0                         0      0        0
  MONTH TO DATE    0                         0      0        0
  SINCE MAR 1     25                       101    -76       12
  SINCE JUL 1    520                       934   -414      546

 COOLING
  YESTERDAY       17                        19     -2       14
  MONTH TO DATE  256                       329    -73      340
  SINCE MAR 1    798                       667    131      783
  SINCE JAN 1    846                       684    162      845
..................................................................


WIND (MPH)
  HIGHEST WIND SPEED    23   HIGHEST WIND DIRECTION     W (260)
  HIGHEST GUST SPEED    29   HIGHEST GUST DIRECTION     W (250)
  AVERAGE WIND SPEED     9.6


SKY COVER
  AVERAGE SKY COVER 0.6


WEATHER CONDITIONS
 THE FOLLOWING WEATHER WAS RECORDED YESTERDAY.
  NO SIGNIFICANT WEATHER WAS OBSERVED.


RELATIVE HUMIDITY (PERCENT)
 HIGHEST    29           500 AM
 LOWEST     10           700 PM
 AVERAGE    20

..........................................................


THE PHOENIX AZ CLIMATE NORMALS FOR TODAY
                         NORMAL    RECORD    YEAR
 MAXIMUM TEMPERATURE (F)   97       109      2005
                                             2000
 MINIMUM TEMPERATURE (F)   71        48      1962


SUNRISE AND SUNSET
MAY 22 2015...........SUNRISE   524 AM MST   SUNSET   726 PM MST
MAY 23 2015...........SUNRISE   523 AM MST   SUNSET   727 PM MST


-  INDICATES NEGATIVE NUMBERS.
R  INDICATES RECORD WAS SET OR TIED.
MM INDICATES DATA IS MISSING.
T  INDICATES TRACE AMOUNT.

&&
.....................................................................

DEW POINT
  HIGHEST DEW POINT    40
   LOWEST DEW POINT    23
  AVERAGE DEW POINT    34
.....................................................................

$$
