000
CDUS45 KPSR 290829
CLIPHX

CLIMATE REPORT
NATIONAL WEATHER SERVICE PHOENIX AZ
127 AM MST MON AUG 29 2016


...................................

...THE PHOENIX AZ CLIMATE SUMMARY FOR AUGUST 28 2016...

CLIMATE NORMAL PERIOD 1981 TO 2010
CLIMATE RECORD PERIOD 1895 TO 2016


WEATHER ITEM   OBSERVED TIME   RECORD YEAR NORMAL DEPARTURE LAST
                VALUE   (LST)  VALUE       VALUE  FROM      YEAR
                                                  NORMAL
..................................................................
TEMPERATURE (F)
 YESTERDAY
  MAXIMUM         99    449 PM 113    2009 104     -5      109
                                      2005
                                      1998
  MINIMUM         77    549 AM  64    2008  82     -5       81
                                      1920
  AVERAGE         88                        93     -5       95

PRECIPITATION (IN)
  YESTERDAY        0.00          0.94 2008   0.03  -0.03     0.00
  MONTH TO DATE    1.27                      0.92   0.35     0.79
  SINCE OCT 1      5.21                      7.31  -2.10     5.71
  SINCE JAN 1      4.04                      5.20  -1.16     4.67

SNOWFALL (IN)
  YESTERDAY        0.0
  MONTH TO DATE    0.0
  SINCE JAN 1      0.0
  SINCE JUL 1      0.0
  SNOW DEPTH       0

DEGREE DAYS
 HEATING
  YESTERDAY        0                         0      0        0
  MONTH TO DATE    0                         0      0        0
  SINCE JUN 1      0                         0      0        0
  SINCE JUL 1      0                         0      0        0

 COOLING
  YESTERDAY       23                        28     -5       30
  MONTH TO DATE  752                       802    -50      900
  SINCE JUN 1   2658                      2500    158     2702
  SINCE JAN 1   3665                      3386    279     3727
..................................................................


WIND (MPH)
  HIGHEST WIND SPEED    15   HIGHEST WIND DIRECTION    NW (330)
  HIGHEST GUST SPEED    21   HIGHEST GUST DIRECTION    NW (310)
  AVERAGE WIND SPEED     4.8


SKY COVER
  AVERAGE SKY COVER 0.1


WEATHER CONDITIONS
 THE FOLLOWING WEATHER WAS RECORDED YESTERDAY.
  NO SIGNIFICANT WEATHER WAS OBSERVED.


RELATIVE HUMIDITY (PERCENT)
 HIGHEST    42           600 AM
 LOWEST     16           100 PM
 AVERAGE    29

..........................................................


THE PHOENIX AZ CLIMATE NORMALS FOR TODAY
                         NORMAL    RECORD    YEAR
 MAXIMUM TEMPERATURE (F)  104       113      2009
                                             2007
                                             1981
 MINIMUM TEMPERATURE (F)   82        64      1920


SUNRISE AND SUNSET
AUGUST 29 2016........SUNRISE   601 AM MST   SUNSET   656 PM MST
AUGUST 30 2016........SUNRISE   601 AM MST   SUNSET   655 PM MST


-  INDICATES NEGATIVE NUMBERS.
R  INDICATES RECORD WAS SET OR TIED.
MM INDICATES DATA IS MISSING.
T  INDICATES TRACE AMOUNT.




$$
