000
CDUS43 KILX 182228
CLIPIA


CLIMATE REPORT
NATIONAL WEATHER SERVICE LINCOLN IL
428 PM CST SUN FEB 18 2018


...................................

...THE PEORIA IL CLIMATE SUMMARY FOR FEBRUARY 18 2018...
VALID TODAY AS OF 0400 PM LOCAL TIME.

CLIMATE NORMAL PERIOD 1981 TO 2010
CLIMATE RECORD PERIOD 1883 TO 2018


WEATHER ITEM   OBSERVED TIME   RECORD YEAR NORMAL DEPARTURE LAST
                VALUE   (LST)  VALUE       VALUE  FROM      YEAR
                                                  NORMAL
..................................................................
TEMPERATURE (F)
 TODAY
  MAXIMUM         47    359 PM  68    2017  39      8       68
  MINIMUM         16    421 AM -14    1936  22     -6       38
  AVERAGE         32                        30      2       53

PRECIPITATION (IN)
  TODAY            0.00          1.00 1908   0.06  -0.06     0.00
  MONTH TO DATE    0.80                      1.05  -0.25     0.57
  SINCE DEC 1      3.34                      5.25  -1.91     3.36
  SINCE JAN 1      2.54                      2.83  -0.29     2.14

SNOWFALL (IN)
  TODAY            0.0           2.1  1934   0.3   -0.3      0.0
  MONTH TO DATE    9.4                       4.3    5.1      3.5
  SINCE DEC 1     20.3                      18.3    2.0      9.5
  SINCE JUL 1     20.3                      19.4    0.9      9.5
  SNOW DEPTH       2

DEGREE DAYS
 HEATING
  TODAY           33                        35     -2       12
  MONTH TO DATE  760                       669     91      523
  SINCE DEC 1   3156                      3042    114     2714
  SINCE JUL 1   4143                      4190    -47     3452

 COOLING
  TODAY            0                         0      0        0
  MONTH TO DATE    0                         0      0        0
  SINCE DEC 1      0                         0      0        0
  SINCE JAN 1      0                         0      0        0
..................................................................


WIND (MPH)
  HIGHEST WIND SPEED    23   HIGHEST WIND DIRECTION     S (170)
  HIGHEST GUST SPEED    33   HIGHEST GUST DIRECTION    SE (150)
  AVERAGE WIND SPEED     8.1


SKY COVER
  POSSIBLE SUNSHINE  MM
  AVERAGE SKY COVER 0.0


WEATHER CONDITIONS
 THE FOLLOWING WEATHER WAS RECORDED TODAY.
  FOG


RELATIVE HUMIDITY (PERCENT)
 HIGHEST   100           800 AM
 LOWEST     60           300 PM
 AVERAGE    80

..........................................................


THE PEORIA IL CLIMATE NORMALS FOR TOMORROW
                         NORMAL    RECORD    YEAR
 MAXIMUM TEMPERATURE (F)   39        71      1930
 MINIMUM TEMPERATURE (F)   22       -12      1979


SUNRISE AND SUNSET
FEBRUARY 18 2018......SUNRISE   649 AM CST   SUNSET   537 PM CST
FEBRUARY 19 2018......SUNRISE   647 AM CST   SUNSET   538 PM CST


-  INDICATES NEGATIVE NUMBERS.
R  INDICATES RECORD WAS SET OR TIED.
MM INDICATES DATA IS MISSING.
T  INDICATES TRACE AMOUNT.




$$
