000
CDUS43 KILX 290632
CLIPIA


CLIMATE REPORT
NATIONAL WEATHER SERVICE LINCOLN IL
131 AM CDT SUN MAR 29 2015


...................................

...THE PEORIA IL CLIMATE SUMMARY FOR MARCH 28 2015...

CLIMATE NORMAL PERIOD 1981 TO 2010
CLIMATE RECORD PERIOD 1883 TO 2015


WEATHER ITEM   OBSERVED TIME   RECORD YEAR NORMAL DEPARTURE LAST
                VALUE   (LST)  VALUE       VALUE  FROM      YEAR
                                                  NORMAL
..................................................................
TEMPERATURE (F)
 YESTERDAY
  MAXIMUM         43    356 PM  83    1985  56    -13       46
                                      1910
  MINIMUM         22    532 AM  12    1887  35    -13       40
  AVERAGE         33                        45    -12       43

PRECIPITATION (IN)
  YESTERDAY        0.00          1.21 1985   0.10  -0.10     0.00
  MONTH TO DATE    0.60                      2.48  -1.88     1.94
  SINCE MAR 1      0.60                      2.48  -1.88     1.94
  SINCE JAN 1      4.32                      6.05  -1.73     6.81

SNOWFALL (IN)
  YESTERDAY        0.0           3.0  1894   0.1   -0.1      0.0
  MONTH TO DATE    2.7                       2.6    0.1      7.1
  SINCE MAR 1      2.7                       2.6    0.1      7.1
  SINCE JUL 1     27.0                      23.9    3.1     57.3
  SNOW DEPTH       0

DEGREE DAYS
 HEATING
  YESTERDAY       32                        20     12       22
  MONTH TO DATE  706                       700      6      881
  SINCE MAR 1    706                       700      6      881
  SINCE JUL 1   5412                      5216    196     6060

 COOLING
  YESTERDAY        0                         0      0        0
  MONTH TO DATE    0                         0      0        0
  SINCE MAR 1      0                         0      0        0
  SINCE JAN 1      0                         0      0        0
..................................................................


WIND (MPH)
  HIGHEST WIND SPEED    12   HIGHEST WIND DIRECTION     S (180)
  HIGHEST GUST SPEED    16   HIGHEST GUST DIRECTION     S (160)
  AVERAGE WIND SPEED     5.3


SKY COVER
  POSSIBLE SUNSHINE  MM
  AVERAGE SKY COVER 0.0


WEATHER CONDITIONS
 THE FOLLOWING WEATHER WAS RECORDED YESTERDAY.
  NO SIGNIFICANT WEATHER WAS OBSERVED.


RELATIVE HUMIDITY (PERCENT)
 HIGHEST    68           100 AM
 LOWEST     27           500 PM
 AVERAGE    48

..........................................................


THE PEORIA IL CLIMATE NORMALS FOR TODAY
                         NORMAL    RECORD    YEAR
 MAXIMUM TEMPERATURE (F)   56        86      1986
                                             1895
 MINIMUM TEMPERATURE (F)   36        13      1887


SUNRISE AND SUNSET
MARCH 29 2015.........SUNRISE   648 AM CDT   SUNSET   720 PM CDT
MARCH 30 2015.........SUNRISE   646 AM CDT   SUNSET   721 PM CDT


-  INDICATES NEGATIVE NUMBERS.
R  INDICATES RECORD WAS SET OR TIED.
MM INDICATES DATA IS MISSING.
T  INDICATES TRACE AMOUNT.




$$
