000
CDUS43 KILX 250635
CLIPIA


CLIMATE REPORT
NATIONAL WEATHER SERVICE LINCOLN IL
130 AM CDT TUE JUL 25 2017


...................................

...THE PEORIA IL CLIMATE SUMMARY FOR JULY 24 2017...

CLIMATE NORMAL PERIOD 1981 TO 2010
CLIMATE RECORD PERIOD 1883 TO 2017


WEATHER ITEM   OBSERVED TIME   RECORD YEAR NORMAL DEPARTURE LAST
                VALUE   (LST)  VALUE       VALUE  FROM      YEAR
                                                  NORMAL
..................................................................
TEMPERATURE (F)
 YESTERDAY
  MAXIMUM         78    506 PM 106    1901  85     -7       93
  MINIMUM         66   1159 PM  51    1906  65      1       76
  AVERAGE         72                        75     -3       85

PRECIPITATION (IN)
  YESTERDAY        0.00          1.75 1993   0.12  -0.12     0.01
  MONTH TO DATE    3.76                      3.02   0.74     5.01
  SINCE JUN 1      5.54                      6.55  -1.01     8.45
  SINCE JAN 1     24.03                     20.88   3.15    17.56

SNOWFALL (IN)
  YESTERDAY        0.0           0.0    MM   0.0    0.0      0.0
  MONTH TO DATE    0.0                       0.0    0.0      0.0
  SINCE JUN 1      0.0                       0.0    0.0      0.0
  SINCE JUL 1      0.0                       0.0    0.0      0.0
  SNOW DEPTH       0

DEGREE DAYS
 HEATING
  YESTERDAY        0                         0      0        0
  MONTH TO DATE    0                         0      0        4
  SINCE JUN 1      6                        18    -12        4
  SINCE JUL 1      0                         0      0        4

 COOLING
  YESTERDAY        7                        10     -3       20
  MONTH TO DATE  309                       259     50      278
  SINCE JUN 1    568                       481     87      605
  SINCE JAN 1    649                       562     87      711
..................................................................


WIND (MPH)
  HIGHEST WIND SPEED    14   HIGHEST WIND DIRECTION    NE (60)
  HIGHEST GUST SPEED    18   HIGHEST GUST DIRECTION    NE (60)
  AVERAGE WIND SPEED     7.0


SKY COVER
  POSSIBLE SUNSHINE  MM
  AVERAGE SKY COVER 0.5


WEATHER CONDITIONS
 THE FOLLOWING WEATHER WAS RECORDED YESTERDAY.
  FOG


RELATIVE HUMIDITY (PERCENT)
 HIGHEST    93           300 AM
 LOWEST     64           600 PM
 AVERAGE    79

..........................................................


THE PEORIA IL CLIMATE NORMALS FOR TODAY
                         NORMAL    RECORD    YEAR
 MAXIMUM TEMPERATURE (F)   85       104      1940
 MINIMUM TEMPERATURE (F)   65        51      1911


SUNRISE AND SUNSET
JULY 25 2017..........SUNRISE   549 AM CDT   SUNSET   821 PM CDT
JULY 26 2017..........SUNRISE   550 AM CDT   SUNSET   820 PM CDT


-  INDICATES NEGATIVE NUMBERS.
R  INDICATES RECORD WAS SET OR TIED.
MM INDICATES DATA IS MISSING.
T  INDICATES TRACE AMOUNT.




$$
