000
CDUS43 KILX 010646
CLIPIA


CLIMATE REPORT
NATIONAL WEATHER SERVICE LINCOLN IL
140 AM CDT FRI AUG 1 2014


...................................

...THE PEORIA IL CLIMATE SUMMARY FOR JULY 31 2014...

CLIMATE NORMAL PERIOD 1981 TO 2010
CLIMATE RECORD PERIOD 1883 TO 2014


WEATHER ITEM   OBSERVED TIME   RECORD YEAR NORMAL DEPARTURE LAST
                VALUE   (LST)  VALUE       VALUE  FROM      YEAR
                                                  NORMAL
..................................................................
TEMPERATURE (F)
 YESTERDAY
  MAXIMUM         85    240 PM 102    1988  85      0       76
                                      1890
  MINIMUM         60    536 AM  47    1971  65     -5       67
  AVERAGE         73                        75     -2       72

PRECIPITATION (IN)
  YESTERDAY        0.00          1.81 1970   0.12  -0.12     0.00
  MONTH TO DATE    1.49                      3.85  -2.36     1.79
  SINCE JUN 1     11.16                      7.38   3.78     3.98
  SINCE JAN 1     23.14                     21.71   1.43    31.50

SNOWFALL (IN)
  YESTERDAY        0.0           0.0    MM   0.0    0.0      0.0
  MONTH TO DATE    0.0                       0.0    0.0      0.0
  SINCE JUN 1      0.0                       0.0    0.0      0.0
  SINCE JUL 1      0.0                       0.0    0.0      0.0
  SNOW DEPTH       0

DEGREE DAYS
 HEATING
  YESTERDAY        0                         0      0        0
  MONTH TO DATE    2                         0      2        4
  SINCE JUN 1      2                        19    -17       22
  SINCE JUL 1      2                         1      1        4

 COOLING
  YESTERDAY        8                        10     -2        7
  MONTH TO DATE  232                       328    -96      300
  SINCE JUN 1    524                       550    -26      523
  SINCE JAN 1    682                       631     51      630
..................................................................


WIND (MPH)
  HIGHEST WIND SPEED    12   HIGHEST WIND DIRECTION    SW (240)
  HIGHEST GUST SPEED    14   HIGHEST GUST DIRECTION    SW (230)
  AVERAGE WIND SPEED     2.8


SKY COVER
  POSSIBLE SUNSHINE  MM
  AVERAGE SKY COVER 0.0


WEATHER CONDITIONS
 THE FOLLOWING WEATHER WAS RECORDED YESTERDAY.
  NO SIGNIFICANT WEATHER WAS OBSERVED.


RELATIVE HUMIDITY (PERCENT)
 HIGHEST    90           400 AM
 LOWEST     40           200 PM
 AVERAGE    65

..........................................................


THE PEORIA IL CLIMATE NORMALS FOR TODAY
                         NORMAL    RECORD    YEAR
 MAXIMUM TEMPERATURE (F)   85       101      1988
 MINIMUM TEMPERATURE (F)   65        52      1990
                                             1962
                                             1925


SUNRISE AND SUNSET
AUGUST  1 2014........SUNRISE   556 AM CDT   SUNSET   814 PM CDT
AUGUST  2 2014........SUNRISE   556 AM CDT   SUNSET   813 PM CDT


-  INDICATES NEGATIVE NUMBERS.
R  INDICATES RECORD WAS SET OR TIED.
MM INDICATES DATA IS MISSING.
T  INDICATES TRACE AMOUNT.




$$
