000
CDUS43 KILX 270656
CLIPIA


CLIMATE REPORT
NATIONAL WEATHER SERVICE LINCOLN IL
1247 AM CST TUE JAN 27 2015


...................................

...THE PEORIA IL CLIMATE SUMMARY FOR JANUARY 26 2015...

CLIMATE NORMAL PERIOD 1981 TO 2010
CLIMATE RECORD PERIOD 1883 TO 2015


WEATHER ITEM   OBSERVED TIME   RECORD YEAR NORMAL DEPARTURE LAST
                VALUE   (LST)  VALUE       VALUE  FROM      YEAR
                                                  NORMAL
..................................................................
TEMPERATURE (F)
 YESTERDAY
  MAXIMUM         33   1159 PM  60    2002  33      0       44
  MINIMUM         20    655 AM -11    1936  17      3        8
  AVERAGE         27                        25      2       26

PRECIPITATION (IN)
  YESTERDAY        0.10          1.02 1974   0.05   0.05     0.01
  MONTH TO DATE    1.94                      1.52   0.42     1.93
  SINCE DEC 1      3.17                      3.94  -0.77     3.42
  SINCE JAN 1      1.94                      1.52   0.42     1.93

SNOWFALL (IN)
  YESTERDAY        0.9           7.6  1967   0.2    0.7      0.2
  MONTH TO DATE    9.9                       5.8    4.1     15.0
  SINCE DEC 1      9.9                      12.9   -3.0     23.5
  SINCE JUL 1     11.2                      14.0   -2.8     24.1
  SNOW DEPTH       0

DEGREE DAYS
 HEATING
  YESTERDAY       38                        40     -2       39
  MONTH TO DATE 1047                      1040      7     1190
  SINCE DEC 1   2015                      2170   -155     2434
  SINCE JUL 1   3256                      3318    -62     3616

 COOLING
  YESTERDAY        0                         0      0        0
  MONTH TO DATE    0                         0      0        0
  SINCE DEC 1      0                         0      0        0
  SINCE JAN 1      0                         0      0        0
..................................................................


WIND (MPH)
  HIGHEST WIND SPEED    13   HIGHEST WIND DIRECTION     S (180)
  HIGHEST GUST SPEED    15   HIGHEST GUST DIRECTION     S (180)
  AVERAGE WIND SPEED     5.0


SKY COVER
  POSSIBLE SUNSHINE  MM
  AVERAGE SKY COVER 0.7


WEATHER CONDITIONS
 THE FOLLOWING WEATHER WAS RECORDED YESTERDAY.
  LIGHT SNOW
  FOG
  HAZE


RELATIVE HUMIDITY (PERCENT)
 HIGHEST    92           400 PM
 LOWEST     71           200 AM
 AVERAGE    82

..........................................................


THE PEORIA IL CLIMATE NORMALS FOR TODAY
                         NORMAL    RECORD    YEAR
 MAXIMUM TEMPERATURE (F)   33        63      1944
 MINIMUM TEMPERATURE (F)   17       -14      1955


SUNRISE AND SUNSET
JANUARY 27 2015.......SUNRISE   713 AM CST   SUNSET   510 PM CST
JANUARY 28 2015.......SUNRISE   712 AM CST   SUNSET   511 PM CST


-  INDICATES NEGATIVE NUMBERS.
R  INDICATES RECORD WAS SET OR TIED.
MM INDICATES DATA IS MISSING.
T  INDICATES TRACE AMOUNT.




$$
