000
CDUS43 KILX 300630
CLIPIA


CLIMATE REPORT
NATIONAL WEATHER SERVICE LINCOLN IL
129 AM CDT SAT JUL 30 2016


...................................

...THE PEORIA IL CLIMATE SUMMARY FOR JULY 29 2016...

CLIMATE NORMAL PERIOD 1981 TO 2010
CLIMATE RECORD PERIOD 1883 TO 2016


WEATHER ITEM   OBSERVED TIME   RECORD YEAR NORMAL DEPARTURE LAST
                VALUE   (LST)  VALUE       VALUE  FROM      YEAR
                                                  NORMAL
..................................................................
TEMPERATURE (F)
 YESTERDAY
  MAXIMUM         82    336 PM 104    1887  85     -3       87
  MINIMUM         67    442 AM  50    1971  65      2       70
  AVERAGE         75                        75      0       79

PRECIPITATION (IN)
  YESTERDAY        0.00          1.20 1983   0.12  -0.12     0.43
  MONTH TO DATE    5.01                      3.61   1.40     5.84
  SINCE JUN 1      8.45                      7.14   1.31    17.44
  SINCE JAN 1     17.56                     21.47  -3.91    30.21

SNOWFALL (IN)
  YESTERDAY        0.0           0.0    MM   0.0    0.0      0.0
  MONTH TO DATE    0.0                       0.0    0.0      0.0
  SINCE JUN 1      0.0                       0.0    0.0      0.0
  SINCE JUL 1      0.0                       0.0    0.0      0.0
  SNOW DEPTH       0

DEGREE DAYS
 HEATING
  YESTERDAY        0                         0      0        0
  MONTH TO DATE    4                         0      4        5
  SINCE JUN 1      4                        18    -14       12
  SINCE JUL 1      4                         0      4        5

 COOLING
  YESTERDAY       10                        10      0       14
  MONTH TO DATE  343                       309     34      339
  SINCE JUN 1    670                       531    139      627
  SINCE JAN 1    776                       612    164      781
..................................................................


WIND (MPH)
  HIGHEST WIND SPEED    13   HIGHEST WIND DIRECTION     W (260)
  HIGHEST GUST SPEED    18   HIGHEST GUST DIRECTION     W (290)
  AVERAGE WIND SPEED     5.0


SKY COVER
  POSSIBLE SUNSHINE  MM
  AVERAGE SKY COVER 0.4


WEATHER CONDITIONS
 THE FOLLOWING WEATHER WAS RECORDED YESTERDAY.
  FOG
  FOG W/VISIBILITY <= 1/4 MILE


RELATIVE HUMIDITY (PERCENT)
 HIGHEST   100           700 AM
 LOWEST     62           300 PM
 AVERAGE    81

..........................................................


THE PEORIA IL CLIMATE NORMALS FOR TODAY
                         NORMAL    RECORD    YEAR
 MAXIMUM TEMPERATURE (F)   85       104      1885
 MINIMUM TEMPERATURE (F)   65        48      1971


SUNRISE AND SUNSET
JULY 30 2016..........SUNRISE   554 AM CDT   SUNSET   816 PM CDT
JULY 31 2016..........SUNRISE   555 AM CDT   SUNSET   815 PM CDT


-  INDICATES NEGATIVE NUMBERS.
R  INDICATES RECORD WAS SET OR TIED.
MM INDICATES DATA IS MISSING.
T  INDICATES TRACE AMOUNT.




$$
