385
CDUS43 KILX 070633
CLIPIA


CLIMATE REPORT
NATIONAL WEATHER SERVICE LINCOLN IL
1232 AM CST SUN FEB 7 2016


...................................

...THE PEORIA IL CLIMATE SUMMARY FOR FEBRUARY 6 2016...

CLIMATE NORMAL PERIOD 1981 TO 2010
CLIMATE RECORD PERIOD 1883 TO 2016


WEATHER ITEM   OBSERVED TIME   RECORD YEAR NORMAL DEPARTURE LAST
                VALUE   (LST)  VALUE       VALUE  FROM      YEAR
                                                  NORMAL
..................................................................
TEMPERATURE (F)
 YESTERDAY
  MAXIMUM         47    359 PM  59    1904  35     12       37
  MINIMUM         23    706 AM -15    1982  19      4       11
  AVERAGE         35                        27      8       24

PRECIPITATION (IN)
  YESTERDAY        0.00          2.83 1942   0.05  -0.05     0.00
  MONTH TO DATE    0.38                      0.31   0.07     1.24
  SINCE DEC 1      7.45                      4.51   2.94     4.69
  SINCE JAN 1      1.14                      2.09  -0.95     3.46

SNOWFALL (IN)
  YESTERDAY        0.0           5.0  2008   0.2   -0.2      0.0
                                      1893
  MONTH TO DATE    0.0                       1.4   -1.4      9.3
  SINCE DEC 1      7.7                      15.4   -7.7     19.5
  SINCE JUL 1     12.3                      16.5   -4.2     20.8
  SNOW DEPTH       0

DEGREE DAYS
 HEATING
  YESTERDAY       30                        38     -8       41
  MONTH TO DATE  188                       232    -44      277
  SINCE DEC 1   2101                      2605   -504     2451
  SINCE JUL 1   2858                      3753   -895     3692

 COOLING
  YESTERDAY        0                         0      0        0
  MONTH TO DATE    0                         0      0        0
  SINCE DEC 1      0                         0      0        0
  SINCE JAN 1      0                         0      0        0
..................................................................


WIND (MPH)
  HIGHEST WIND SPEED    17   HIGHEST WIND DIRECTION    SW (220)
  HIGHEST GUST SPEED    21   HIGHEST GUST DIRECTION    SW (220)
  AVERAGE WIND SPEED     5.6


SKY COVER
  POSSIBLE SUNSHINE  MM
  AVERAGE SKY COVER 0.2


WEATHER CONDITIONS
 THE FOLLOWING WEATHER WAS RECORDED YESTERDAY.
  FOG
  HAZE


RELATIVE HUMIDITY (PERCENT)
 HIGHEST    92           800 AM
 LOWEST     42           300 PM
 AVERAGE    67

..........................................................


THE PEORIA IL CLIMATE NORMALS FOR TODAY
                         NORMAL    RECORD    YEAR
 MAXIMUM TEMPERATURE (F)   35        65      2009
 MINIMUM TEMPERATURE (F)   19       -17      1905


SUNRISE AND SUNSET
FEBRUARY  7 2016......SUNRISE   703 AM CST   SUNSET   523 PM CST
FEBRUARY  8 2016......SUNRISE   702 AM CST   SUNSET   525 PM CST


-  INDICATES NEGATIVE NUMBERS.
R  INDICATES RECORD WAS SET OR TIED.
MM INDICATES DATA IS MISSING.
T  INDICATES TRACE AMOUNT.




$$
