000
CDUS43 KILX 250706
CLIPIA


CLIMATE REPORT
NATIONAL WEATHER SERVICE LINCOLN IL
105 AM CST SAT FEB 25 2017


...................................

...THE PEORIA IL CLIMATE SUMMARY FOR FEBRUARY 24 2017...

CLIMATE NORMAL PERIOD 1981 TO 2010
CLIMATE RECORD PERIOD 1883 TO 2017


WEATHER ITEM   OBSERVED TIME   RECORD YEAR NORMAL DEPARTURE LAST
                VALUE   (LST)  VALUE       VALUE  FROM      YEAR
                                                  NORMAL
..................................................................
TEMPERATURE (F)
 YESTERDAY
  MAXIMUM         63    919 AM  71    1930  41     22       40
  MINIMUM         33   1159 PM  -5    1989  24      9       34
                                      1910
  AVERAGE         48                        32     16       37

PRECIPITATION (IN)
  YESTERDAY        0.01          1.67 2001   0.08  -0.07     0.00
  MONTH TO DATE    0.70                      1.48  -0.78     0.61
  SINCE DEC 1      3.49                      5.68  -2.19     7.68
  SINCE JAN 1      2.27                      3.26  -0.99     1.37

SNOWFALL (IN)
  YESTERDAY        T             2.8  1965   0.2   -0.2      0.0
  MONTH TO DATE    3.5                       5.5   -2.0      2.8
  SINCE DEC 1      9.5                      19.5  -10.0     10.5
  SINCE JUL 1      9.5                      20.6  -11.1     15.1
  SNOW DEPTH       0

DEGREE DAYS
 HEATING
  YESTERDAY       17                        32    -15       28
  MONTH TO DATE  586                       869   -283      796
  SINCE DEC 1   2777                      3242   -465     2709
  SINCE JUL 1   3515                      4390   -875     3466

 COOLING
  YESTERDAY        0                         0      0        0
  MONTH TO DATE    0                         0      0        0
  SINCE DEC 1      0                         0      0        0
  SINCE JAN 1      0                         0      0        0
..................................................................


WIND (MPH)
  HIGHEST WIND SPEED    24   HIGHEST WIND DIRECTION     W (270)
  HIGHEST GUST SPEED    31   HIGHEST GUST DIRECTION    SW (240)
  AVERAGE WIND SPEED    13.0


SKY COVER
  POSSIBLE SUNSHINE  MM
  AVERAGE SKY COVER 0.8


WEATHER CONDITIONS
 THE FOLLOWING WEATHER WAS RECORDED YESTERDAY.
  LIGHT RAIN
  LIGHT SNOW
  FOG
  HAZE


RELATIVE HUMIDITY (PERCENT)
 HIGHEST   100           200 AM
 LOWEST     70           500 PM
 AVERAGE    85

..........................................................


THE PEORIA IL CLIMATE NORMALS FOR TODAY
                         NORMAL    RECORD    YEAR
 MAXIMUM TEMPERATURE (F)   42        70      2000
                                             1932
 MINIMUM TEMPERATURE (F)   24        -9      1967


SUNRISE AND SUNSET
FEBRUARY 25 2017......SUNRISE   638 AM CST   SUNSET   546 PM CST
FEBRUARY 26 2017......SUNRISE   637 AM CST   SUNSET   547 PM CST


-  INDICATES NEGATIVE NUMBERS.
R  INDICATES RECORD WAS SET OR TIED.
MM INDICATES DATA IS MISSING.
T  INDICATES TRACE AMOUNT.




$$
