000
CDUS43 KILX 260634
CLIPIA


CLIMATE REPORT
NATIONAL WEATHER SERVICE LINCOLN IL
133 AM CDT SUN MAR 26 2017


...................................

...THE PEORIA IL CLIMATE SUMMARY FOR MARCH 25 2017...

CLIMATE NORMAL PERIOD 1981 TO 2010
CLIMATE RECORD PERIOD 1883 TO 2017


WEATHER ITEM   OBSERVED TIME   RECORD YEAR NORMAL DEPARTURE LAST
                VALUE   (LST)  VALUE       VALUE  FROM      YEAR
                                                  NORMAL
..................................................................
TEMPERATURE (F)
 YESTERDAY
  MAXIMUM         65   1238 PM  81    1907  54     11       51
  MINIMUM         47    640 AM   5    1960  34     13       27
  AVERAGE         56                        44     12       39

PRECIPITATION (IN)
  YESTERDAY        0.79          2.06 1888   0.10   0.69     0.00
  MONTH TO DATE    1.87                      2.19  -0.32     1.76
  SINCE MAR 1      1.87                      2.19  -0.32     1.76
  SINCE JAN 1      4.53                      5.76  -1.23     3.14

SNOWFALL (IN)
  YESTERDAY        0.0           8.1  1957   0.1   -0.1      0.0
  MONTH TO DATE    4.2                       2.4    1.8      0.2
  SINCE MAR 1      4.2                       2.4    1.8      0.2
  SINCE JUL 1     13.9                      23.7   -9.8     15.3
  SNOW DEPTH       0

DEGREE DAYS
 HEATING
  YESTERDAY        9                        21    -12       26
  MONTH TO DATE  592                       640    -48      457
  SINCE MAR 1    592                       640    -48      457
  SINCE JUL 1   4199                      5156   -957     4040

 COOLING
  YESTERDAY        0                         0      0        0
  MONTH TO DATE    0                         0      0        0
  SINCE MAR 1      0                         0      0        0
  SINCE JAN 1      0                         0      0        0
..................................................................


WIND (MPH)
  HIGHEST WIND SPEED    21   HIGHEST WIND DIRECTION     E (70)
  HIGHEST GUST SPEED    27   HIGHEST GUST DIRECTION     E (70)
  AVERAGE WIND SPEED    11.5


SKY COVER
  POSSIBLE SUNSHINE  MM
  AVERAGE SKY COVER 0.9


WEATHER CONDITIONS
 THE FOLLOWING WEATHER WAS RECORDED YESTERDAY.
  THUNDERSTORM
  HEAVY RAIN
  RAIN
  LIGHT RAIN
  FOG
  HAZE


RELATIVE HUMIDITY (PERCENT)
 HIGHEST   100           300 AM
 LOWEST     73          1100 AM
 AVERAGE    87

..........................................................


THE PEORIA IL CLIMATE NORMALS FOR TODAY
                         NORMAL    RECORD    YEAR
 MAXIMUM TEMPERATURE (F)   55        82      1991
                                             1907
 MINIMUM TEMPERATURE (F)   34         5      1955


SUNRISE AND SUNSET
MARCH 26 2017.........SUNRISE   652 AM CDT   SUNSET   717 PM CDT
MARCH 27 2017.........SUNRISE   650 AM CDT   SUNSET   719 PM CDT


-  INDICATES NEGATIVE NUMBERS.
R  INDICATES RECORD WAS SET OR TIED.
MM INDICATES DATA IS MISSING.
T  INDICATES TRACE AMOUNT.




$$
