000
CDUS43 KILX 250636
CLIPIA


CLIMATE REPORT
NATIONAL WEATHER SERVICE LINCOLN IL
136 AM CDT THU MAY 25 2017


...................................

...THE PEORIA IL CLIMATE SUMMARY FOR MAY 24 2017...

CLIMATE NORMAL PERIOD 1981 TO 2010
CLIMATE RECORD PERIOD 1883 TO 2017


WEATHER ITEM   OBSERVED TIME   RECORD YEAR NORMAL DEPARTURE LAST
                VALUE   (LST)  VALUE       VALUE  FROM      YEAR
                                                  NORMAL
..................................................................
TEMPERATURE (F)
 YESTERDAY
  MAXIMUM         65   1123 AM  93    1939  76    -11       86
                                      1921
  MINIMUM         51    556 AM  34    1925  54     -3       59
  AVERAGE         58                        65     -7       73

PRECIPITATION (IN)
  YESTERDAY        0.00          1.51 1995   0.14  -0.14     0.00
  MONTH TO DATE    2.76                      3.41  -0.65     2.56
  SINCE MAR 1     14.97                      9.84   5.13     7.43
  SINCE JAN 1     17.63                     13.41   4.22     8.81

SNOWFALL (IN)
  YESTERDAY        0.0           0.0    MM   0.0    0.0      0.0
  MONTH TO DATE    0.0                       0.0    0.0      0.0
  SINCE MAR 1      4.2                       3.3    0.9      0.2
  SINCE JUL 1     13.9                      24.6  -10.7     15.3
  SNOW DEPTH       0

DEGREE DAYS
 HEATING
  YESTERDAY        7                         3      4        0
  MONTH TO DATE  147                       130     17      147
  SINCE MAR 1   1091                      1279   -188     1058
  SINCE JUL 1   4698                      5795  -1097     4641

 COOLING
  YESTERDAY        0                         3     -3        8
  MONTH TO DATE   50                        42      8       22
  SINCE MAR 1     68                        56     12       40
  SINCE JAN 1     68                        56     12       40
..................................................................


WIND (MPH)
  HIGHEST WIND SPEED    15   HIGHEST WIND DIRECTION     N (360)
  HIGHEST GUST SPEED    22   HIGHEST GUST DIRECTION     N (10)
  AVERAGE WIND SPEED     7.0


SKY COVER
  POSSIBLE SUNSHINE  MM
  AVERAGE SKY COVER 0.9


WEATHER CONDITIONS
 THE FOLLOWING WEATHER WAS RECORDED YESTERDAY.
  FOG
  FOG W/VISIBILITY <= 1/4 MILE


RELATIVE HUMIDITY (PERCENT)
 HIGHEST   100          1200 AM
 LOWEST     67          1100 AM
 AVERAGE    84

..........................................................


THE PEORIA IL CLIMATE NORMALS FOR TODAY
                         NORMAL    RECORD    YEAR
 MAXIMUM TEMPERATURE (F)   76        93      1911
 MINIMUM TEMPERATURE (F)   54        30      1925


SUNRISE AND SUNSET
MAY 25 2017...........SUNRISE   534 AM CDT   SUNSET   818 PM CDT
MAY 26 2017...........SUNRISE   533 AM CDT   SUNSET   819 PM CDT


-  INDICATES NEGATIVE NUMBERS.
R  INDICATES RECORD WAS SET OR TIED.
MM INDICATES DATA IS MISSING.
T  INDICATES TRACE AMOUNT.




$$
