000
CDUS43 KILX 010638
CLIPIA


CLIMATE REPORT
NATIONAL WEATHER SERVICE LINCOLN IL
137 AM CDT SAT OCT 1 2016


...................................

...THE PEORIA IL CLIMATE SUMMARY FOR SEPTEMBER 30 2016...

CLIMATE NORMAL PERIOD 1981 TO 2010
CLIMATE RECORD PERIOD 1883 TO 2016


WEATHER ITEM   OBSERVED TIME   RECORD YEAR NORMAL DEPARTURE LAST
                VALUE   (LST)  VALUE       VALUE  FROM      YEAR
                                                  NORMAL
..................................................................
TEMPERATURE (F)
 YESTERDAY
  MAXIMUM         66    311 PM  91    1933  71     -5       70
  MINIMUM         58    613 AM  26    1899  49      9       50
  AVERAGE         62                        60      2       60

PRECIPITATION (IN)
  YESTERDAY        0.20          1.63 1925   0.09   0.11     0.00
  MONTH TO DATE    4.07                      3.15   0.92     3.25
  SINCE SEP 1      4.07                      3.15   0.92     3.25
  SINCE JAN 1     29.08                     28.10   0.98    35.49

SNOWFALL (IN)
  YESTERDAY        0.0           0.0    MM   0.0    0.0      0.0
  MONTH TO DATE    0.0                       0.0    0.0      0.0
  SINCE SEP 1      0.0                       0.0    0.0      0.0
  SINCE JUL 1      0.0                       0.0    0.0      0.0
  SNOW DEPTH       0

DEGREE DAYS
 HEATING
  YESTERDAY        3                         7     -4        5
  MONTH TO DATE   19                        85    -66       16
  SINCE SEP 1     19                        84    -65       16
  SINCE JUL 1     23                        90    -67       21

 COOLING
  YESTERDAY        0                         2     -2        0
  MONTH TO DATE  212                       117     95      275
  SINCE SEP 1    212                       117     95      275
  SINCE JAN 1   1369                      1024    345     1387
..................................................................


WIND (MPH)
  HIGHEST WIND SPEED    12   HIGHEST WIND DIRECTION     N (20)
  HIGHEST GUST SPEED    18   HIGHEST GUST DIRECTION     N (360)
  AVERAGE WIND SPEED     6.6


SKY COVER
  POSSIBLE SUNSHINE  MM
  AVERAGE SKY COVER 1.0


WEATHER CONDITIONS
 THE FOLLOWING WEATHER WAS RECORDED YESTERDAY.
  HEAVY RAIN
  RAIN
  LIGHT RAIN
  FOG


RELATIVE HUMIDITY (PERCENT)
 HIGHEST   100           600 AM
 LOWEST     90          1200 AM
 AVERAGE    95

..........................................................


THE PEORIA IL CLIMATE NORMALS FOR TODAY
                         NORMAL    RECORD    YEAR
 MAXIMUM TEMPERATURE (F)   71        89      1937
                                             1922
                                             1891
 MINIMUM TEMPERATURE (F)   48        32      1920
                                             1908


SUNRISE AND SUNSET
OCTOBER  1 2016.......SUNRISE   656 AM CDT   SUNSET   640 PM CDT
OCTOBER  2 2016.......SUNRISE   657 AM CDT   SUNSET   638 PM CDT


-  INDICATES NEGATIVE NUMBERS.
R  INDICATES RECORD WAS SET OR TIED.
MM INDICATES DATA IS MISSING.
T  INDICATES TRACE AMOUNT.




$$
