000
CDUS45 KPIH 010731
CLIPIH


CLIMATE REPORT
NATIONAL WEATHER SERVICE POCATELLO ID
131 AM MDT FRI AUG 1 2014


...................................

...THE POCATELLO ID CLIMATE SUMMARY FOR JULY 31 2014...

CLIMATE NORMAL PERIOD 1981 TO 2010
CLIMATE RECORD PERIOD 1939 TO 2014


WEATHER ITEM   OBSERVED TIME   RECORD YEAR NORMAL DEPARTURE LAST
                VALUE   (LST)  VALUE       VALUE  FROM      YEAR
                                                  NORMAL
..................................................................
TEMPERATURE (F)
 YESTERDAY
  MAXIMUM         91    327 PM 103    2000  90      1       96
  MINIMUM         50    456 AM  38    1995  53     -3       51
  AVERAGE         71                        71      0       74

PRECIPITATION (IN)
  YESTERDAY        0.01          0.55 1976   0.02  -0.01      T
  MONTH TO DATE    0.46                      0.64  -0.18     0.27
  SINCE OCT 1      7.97                     10.68  -2.71     7.98
  SINCE JAN 1      6.60                      7.46  -0.86     3.82

SNOWFALL (IN)
  YESTERDAY        0.0
  MONTH TO DATE    0.0
  SINCE JUN 1      0.0
  SINCE JUL 1      0.0
  SNOW DEPTH       0

DEGREE DAYS
 HEATING
  YESTERDAY        0                         0      0        0
  MONTH TO DATE    2                        17    -15        0
  SINCE JUN 1    112                       151    -39       90
  SINCE JUL 1      2                        20    -18        0

 COOLING
  YESTERDAY        6                         6      0        9
  MONTH TO DATE  247                       172     75      292
  SINCE JUN 1    267                       218     49      385
  SINCE JAN 1    267                       223     44      394
..................................................................


WIND (MPH)
  HIGHEST WIND SPEED    17   HIGHEST WIND DIRECTION     N (350)
  HIGHEST GUST SPEED    22   HIGHEST GUST DIRECTION     N (10)
  AVERAGE WIND SPEED     6.2


SKY COVER
  POSSIBLE SUNSHINE  MM
  AVERAGE SKY COVER 0.2


WEATHER CONDITIONS
 THE FOLLOWING WEATHER WAS RECORDED YESTERDAY.
  THUNDERSTORM
  LIGHT RAIN


RELATIVE HUMIDITY (PERCENT)
 HIGHEST    83           500 AM
 LOWEST     20           600 PM
 AVERAGE    52

..........................................................


THE POCATELLO ID CLIMATE NORMALS FOR TODAY
                         NORMAL    RECORD    YEAR
 MAXIMUM TEMPERATURE (F)   90        99      2004
                                             1992
 MINIMUM TEMPERATURE (F)   53        40      2001


SUNRISE AND SUNSET
AUGUST  1 2014........SUNRISE   622 AM MDT   SUNSET   851 PM MDT
AUGUST  2 2014........SUNRISE   623 AM MDT   SUNSET   850 PM MDT


-  INDICATES NEGATIVE NUMBERS.
R  INDICATES RECORD WAS SET OR TIED.
MM INDICATES DATA IS MISSING.
T  INDICATES TRACE AMOUNT.




$$
