000
CDUS45 KPIH 260734
CLIPIH


CLIMATE REPORT
NATIONAL WEATHER SERVICE POCATELLO ID
130 AM MDT SUN OCT 26 2014


...................................

...THE POCATELLO ID CLIMATE SUMMARY FOR OCTOBER 25 2014...

CLIMATE NORMAL PERIOD 1981 TO 2010
CLIMATE RECORD PERIOD 1939 TO 2014


WEATHER ITEM   OBSERVED TIME   RECORD YEAR NORMAL DEPARTURE LAST
                VALUE   (LST)  VALUE       VALUE  FROM      YEAR
                                                  NORMAL
..................................................................
TEMPERATURE (F)
 YESTERDAY
  MAXIMUM         76R   121 PM  75    1990  57     19       66
                                      1977
  MINIMUM         33    538 AM  15    1997  31      2       26
  AVERAGE         55                        44     11       46

PRECIPITATION (IN)
  YESTERDAY        0.01          0.38 1996   0.03  -0.02     0.00
  MONTH TO DATE    0.04                      0.70  -0.66     0.38
  SINCE OCT 1      0.04                      0.70  -0.66     0.38
  SINCE JAN 1     10.30                      9.61   0.69     5.18

SNOWFALL (IN)
  YESTERDAY        0.0
  MONTH TO DATE    0.0
  SINCE SEP 1      0.0
  SINCE JUL 1      0.0
  SNOW DEPTH       0

DEGREE DAYS
 HEATING
  YESTERDAY       10                        21    -11       19
  MONTH TO DATE  310                       422   -112      511
  SINCE SEP 1    453                       625   -172      648
  SINCE JUL 1    488                       671   -183      648

 COOLING
  YESTERDAY        0                         0      0        0
  MONTH TO DATE    0                         0      0        0
  SINCE SEP 1     35                        22     13       61
  SINCE JAN 1    421                       392     29      688
..................................................................


WIND (MPH)
  HIGHEST WIND SPEED    41   HIGHEST WIND DIRECTION     S (200)
  HIGHEST GUST SPEED    53   HIGHEST GUST DIRECTION     S (190)
  AVERAGE WIND SPEED    15.6


SKY COVER
  POSSIBLE SUNSHINE  MM
  AVERAGE SKY COVER 0.1


WEATHER CONDITIONS
 THE FOLLOWING WEATHER WAS RECORDED YESTERDAY.
  LIGHT RAIN


RELATIVE HUMIDITY (PERCENT)
 HIGHEST    82           400 AM
 LOWEST     18          1200 PM
 AVERAGE    50

..........................................................


THE POCATELLO ID CLIMATE NORMALS FOR TODAY
                         NORMAL    RECORD    YEAR
 MAXIMUM TEMPERATURE (F)   56        75      1999
                                             1944
 MINIMUM TEMPERATURE (F)   31        13      2012


SUNRISE AND SUNSET
OCTOBER 26 2014.......SUNRISE   757 AM MDT   SUNSET   631 PM MDT
OCTOBER 27 2014.......SUNRISE   759 AM MDT   SUNSET   629 PM MDT


-  INDICATES NEGATIVE NUMBERS.
R  INDICATES RECORD WAS SET OR TIED.
MM INDICATES DATA IS MISSING.
T  INDICATES TRACE AMOUNT.




$$
