000
CDUS45 KPIH 282322
CLIPIH


CLIMATE REPORT
NATIONAL WEATHER SERVICE POCATELLO ID
521 PM MDT SUN AUG 28 2016


...................................

...THE POCATELLO ID CLIMATE SUMMARY FOR AUGUST 28 2016...
VALID TODAY AS OF 0500 PM LOCAL TIME.

CLIMATE NORMAL PERIOD 1981 TO 2010
CLIMATE RECORD PERIOD 1939 TO 2016


WEATHER ITEM   OBSERVED TIME   RECORD YEAR NORMAL DEPARTURE LAST
                VALUE   (LST)  VALUE       VALUE  FROM      YEAR
                                                  NORMAL
..................................................................
TEMPERATURE (F)
 TODAY
  MAXIMUM         88    344 PM  97    2012  84      4       93
  MINIMUM         46    614 AM  38    2004  48     -2       52
  AVERAGE         67                        66      1       73

PRECIPITATION (IN)
  TODAY            0.00          0.69 1982   0.02  -0.02     0.00
  MONTH TO DATE    0.24                      0.54  -0.30     0.48
  SINCE OCT 1     11.15                     11.22  -0.07     9.16
  SINCE JAN 1      7.58                      8.00  -0.42     6.77

SNOWFALL (IN)
  TODAY            0.0
  MONTH TO DATE    0.0
  SINCE JUN 1      0.0
  SINCE JUL 1      0.0
  SNOW DEPTH       0

DEGREE DAYS
 HEATING
  TODAY            0                         2     -2        0
  MONTH TO DATE   21                        17      4       15
  SINCE JUN 1     81                       168    -87       66
  SINCE JUL 1     38                        37      1       38

 COOLING
  TODAY            2                         3     -1        8
  MONTH TO DATE   97                       137    -40      142
  SINCE JUN 1    383                       355     28      438
  SINCE JAN 1    383                       360     23      442
..................................................................


WIND (MPH)
  HIGHEST WIND SPEED    21   HIGHEST WIND DIRECTION     W (260)
  HIGHEST GUST SPEED    25   HIGHEST GUST DIRECTION     W (250)
  AVERAGE WIND SPEED     9.5


SKY COVER
  POSSIBLE SUNSHINE  MM
  AVERAGE SKY COVER 0.0


WEATHER CONDITIONS
 THE FOLLOWING WEATHER WAS RECORDED TODAY.
  NO SIGNIFICANT WEATHER WAS OBSERVED.


RELATIVE HUMIDITY (PERCENT)
 HIGHEST    65           600 AM
 LOWEST     14           400 PM
 AVERAGE    40

..........................................................


THE POCATELLO ID CLIMATE NORMALS FOR TOMORROW
                         NORMAL    RECORD    YEAR
 MAXIMUM TEMPERATURE (F)   84        97      2015
                                             1990
 MINIMUM TEMPERATURE (F)   48        35      1975


SUNRISE AND SUNSET
AUGUST 28 2016........SUNRISE   651 AM MDT   SUNSET   811 PM MDT
AUGUST 29 2016........SUNRISE   652 AM MDT   SUNSET   809 PM MDT


-  INDICATES NEGATIVE NUMBERS.
R  INDICATES RECORD WAS SET OR TIED.
MM INDICATES DATA IS MISSING.
T  INDICATES TRACE AMOUNT.




$$
