000
CDUS45 KPIH 230733
CLIPIH


CLIMATE REPORT
NATIONAL WEATHER SERVICE POCATELLO ID
132 AM MDT SUN JUL 23 2017


...................................

...THE POCATELLO ID CLIMATE SUMMARY FOR JULY 22 2017...

CLIMATE NORMAL PERIOD 1981 TO 2010
CLIMATE RECORD PERIOD 1939 TO 2017


WEATHER ITEM   OBSERVED TIME   RECORD YEAR NORMAL DEPARTURE LAST
                VALUE   (LST)  VALUE       VALUE  FROM      YEAR
                                                  NORMAL
..................................................................
TEMPERATURE (F)
 YESTERDAY
  MAXIMUM         92    440 PM 104    2000  89      3       94
  MINIMUM         54    510 AM  41    1954  53      1       69
  AVERAGE         73                        71      2       82

PRECIPITATION (IN)
  YESTERDAY        0.00          0.78 1973   0.02  -0.02      T
  MONTH TO DATE    0.02                      0.45  -0.43     0.14
  SINCE OCT 1     17.73                     10.49   7.24    10.90
  SINCE JAN 1     11.17                      7.27   3.90     7.33

SNOWFALL (IN)
  YESTERDAY        0.0
  MONTH TO DATE    0.0
  SINCE JUN 1      0.0
  SINCE JUL 1      0.0
  SNOW DEPTH       0

DEGREE DAYS
 HEATING
  YESTERDAY        0                         0      0        0
  MONTH TO DATE    0                        17    -17       17
  SINCE JUN 1     89                       148    -59       60
  SINCE JUL 1      0                        17    -17       17

 COOLING
  YESTERDAY        8                         6      2       17
  MONTH TO DATE  208                       112     96      114
  SINCE JUN 1    269                       158    111      204
  SINCE JAN 1    271                       163    108      204
..................................................................


WIND (MPH)
  HIGHEST WIND SPEED    12   HIGHEST WIND DIRECTION     W (250)
  HIGHEST GUST SPEED    16   HIGHEST GUST DIRECTION    SW (240)
  AVERAGE WIND SPEED     5.9


SKY COVER
  POSSIBLE SUNSHINE  MM
  AVERAGE SKY COVER 0.0


WEATHER CONDITIONS
 THE FOLLOWING WEATHER WAS RECORDED YESTERDAY.
  NO SIGNIFICANT WEATHER WAS OBSERVED.


RELATIVE HUMIDITY (PERCENT)
 HIGHEST    47           100 AM
 LOWEST     10           400 PM
 AVERAGE    29

..........................................................


THE POCATELLO ID CLIMATE NORMALS FOR TODAY
                         NORMAL    RECORD    YEAR
 MAXIMUM TEMPERATURE (F)   90       102      1976
 MINIMUM TEMPERATURE (F)   53        41      1954


SUNRISE AND SUNSET
JULY 23 2017..........SUNRISE   613 AM MDT   SUNSET   900 PM MDT
JULY 24 2017..........SUNRISE   614 AM MDT   SUNSET   900 PM MDT


-  INDICATES NEGATIVE NUMBERS.
R  INDICATES RECORD WAS SET OR TIED.
MM INDICATES DATA IS MISSING.
T  INDICATES TRACE AMOUNT.




$$
