000
CDUS45 KPIH 110732
CLIPIH


CLIMATE REPORT
NATIONAL WEATHER SERVICE POCATELLO ID
1231 AM MST SUN DEC 11 2016


...................................

...THE POCATELLO ID CLIMATE SUMMARY FOR DECEMBER 10 2016...

CLIMATE NORMAL PERIOD 1981 TO 2010
CLIMATE RECORD PERIOD 1939 TO 2016


WEATHER ITEM   OBSERVED TIME   RECORD YEAR NORMAL DEPARTURE LAST
                VALUE   (LST)  VALUE       VALUE  FROM      YEAR
                                                  NORMAL
..................................................................
TEMPERATURE (F)
 YESTERDAY
  MAXIMUM         39    235 PM  63    1939  33      6       53
  MINIMUM         34   1159 PM -28    1972  16     18       30
  AVERAGE         37                        25     12       42

PRECIPITATION (IN)
  YESTERDAY        0.37          0.46 1964   0.04   0.33      T
  MONTH TO DATE    0.99                      0.42   0.57     0.11
  SINCE OCT 1      4.69                      2.40   2.29     2.74
  SINCE JAN 1     14.37                     11.31   3.06    10.48

SNOWFALL (IN)
  YESTERDAY        0.0
  MONTH TO DATE    7.7
  SINCE DEC 1      7.7
  SINCE JUL 1     10.3
  SNOW DEPTH       2

DEGREE DAYS
 HEATING
  YESTERDAY       28                        40    -12       23
  MONTH TO DATE  417                       390     27      333
  SINCE DEC 1    417                       390     27      333
  SINCE JUL 1   1852                      2118   -266     1777

 COOLING
  YESTERDAY        0                         0      0        0
  MONTH TO DATE    0                         0      0        0
  SINCE DEC 1      0                         0      0        0
  SINCE JAN 1    416                       392     24      502
..................................................................


WIND (MPH)
  HIGHEST WIND SPEED    24   HIGHEST WIND DIRECTION    SW (230)
  HIGHEST GUST SPEED    29   HIGHEST GUST DIRECTION    SW (230)
  AVERAGE WIND SPEED    15.4


SKY COVER
  POSSIBLE SUNSHINE  MM
  AVERAGE SKY COVER 0.8


WEATHER CONDITIONS
 THE FOLLOWING WEATHER WAS RECORDED YESTERDAY.
  LIGHT RAIN
  FOG


RELATIVE HUMIDITY (PERCENT)
 HIGHEST    92           200 AM
 LOWEST     82          1000 PM
 AVERAGE    87

..........................................................


THE POCATELLO ID CLIMATE NORMALS FOR TODAY
                         NORMAL    RECORD    YEAR
 MAXIMUM TEMPERATURE (F)   33        60      1939
 MINIMUM TEMPERATURE (F)   16       -26      1972


SUNRISE AND SUNSET
DECEMBER 11 2016......SUNRISE   752 AM MST   SUNSET   456 PM MST
DECEMBER 12 2016......SUNRISE   753 AM MST   SUNSET   456 PM MST


-  INDICATES NEGATIVE NUMBERS.
R  INDICATES RECORD WAS SET OR TIED.
MM INDICATES DATA IS MISSING.
T  INDICATES TRACE AMOUNT.




$$
