000
CDUS45 KPIH 300752
CLIPIH


CLIMATE REPORT
NATIONAL WEATHER SERVICE POCATELLO ID
150 AM MDT FRI SEP 30 2016


...................................

...THE POCATELLO ID CLIMATE SUMMARY FOR SEPTEMBER 29 2016...

CLIMATE NORMAL PERIOD 1981 TO 2010
CLIMATE RECORD PERIOD 1939 TO 2016


WEATHER ITEM   OBSERVED TIME   RECORD YEAR NORMAL DEPARTURE LAST
                VALUE   (LST)  VALUE       VALUE  FROM      YEAR
                                                  NORMAL
..................................................................
TEMPERATURE (F)
 YESTERDAY
  MAXIMUM         78   1216 PM  89    1989  69      9       82
  MINIMUM         53    717 AM  19    1985  38     15       42
  AVERAGE         66                        53     13       62

PRECIPITATION (IN)
  YESTERDAY        T             0.32 1977   0.03  -0.03      T
  MONTH TO DATE    2.10                      0.81   1.29     0.82
  SINCE OCT 1     13.25                     12.10   1.15    10.13
  SINCE JAN 1      9.68                      8.88   0.80     7.74

SNOWFALL (IN)
  YESTERDAY        0.0
  MONTH TO DATE    0.0
  SINCE SEP 1      0.0
  SINCE JUL 1      0.0
  SNOW DEPTH       0

DEGREE DAYS
 HEATING
  YESTERDAY        0                        12    -12        3
  MONTH TO DATE  203                       191     12      102
  SINCE SEP 1    203                       191     12      102
  SINCE JUL 1    241                       237      4      141

 COOLING
  YESTERDAY        1                         0      1        0
  MONTH TO DATE   17                        20     -3       37
  SINCE SEP 1     17                        20     -3       37
  SINCE JAN 1    416                       390     26      498
..................................................................


WIND (MPH)
  HIGHEST WIND SPEED    26   HIGHEST WIND DIRECTION     S (180)
  HIGHEST GUST SPEED    32   HIGHEST GUST DIRECTION     S (190)
  AVERAGE WIND SPEED     8.2


SKY COVER
  POSSIBLE SUNSHINE  MM
  AVERAGE SKY COVER 0.6


WEATHER CONDITIONS
 THE FOLLOWING WEATHER WAS RECORDED YESTERDAY.
  LIGHT RAIN


RELATIVE HUMIDITY (PERCENT)
 HIGHEST    89           800 AM
 LOWEST     36           100 AM
 AVERAGE    63

..........................................................


THE POCATELLO ID CLIMATE NORMALS FOR TODAY
                         NORMAL    RECORD    YEAR
 MAXIMUM TEMPERATURE (F)   69        90      2011
                                             1957
 MINIMUM TEMPERATURE (F)   37        19      1985


SUNRISE AND SUNSET
SEPTEMBER 30 2016.....SUNRISE   727 AM MDT   SUNSET   712 PM MDT
OCTOBER  1 2016.......SUNRISE   728 AM MDT   SUNSET   711 PM MDT


-  INDICATES NEGATIVE NUMBERS.
R  INDICATES RECORD WAS SET OR TIED.
MM INDICATES DATA IS MISSING.
T  INDICATES TRACE AMOUNT.




$$
