000
CDUS45 KPIH 290744
CLIPIH


CLIMATE REPORT
NATIONAL WEATHER SERVICE POCATELLO ID
1234 AM MST THU JAN 29 2015


...................................

...THE POCATELLO ID CLIMATE SUMMARY FOR JANUARY 28 2015...

CLIMATE NORMAL PERIOD 1981 TO 2010
CLIMATE RECORD PERIOD 1939 TO 2015


WEATHER ITEM   OBSERVED TIME   RECORD YEAR NORMAL DEPARTURE LAST
                VALUE   (LST)  VALUE       VALUE  FROM      YEAR
                                                  NORMAL
..................................................................
TEMPERATURE (F)
 YESTERDAY
  MAXIMUM         41   1217 AM  52    1967  33      8       36
  MINIMUM         33    754 PM -20    1979  17     16        9
  AVERAGE         37                        25     12       23

PRECIPITATION (IN)
  YESTERDAY        0.05          0.51 1942   0.02   0.03     0.00
  MONTH TO DATE    0.43                      0.90  -0.47     0.46
  SINCE OCT 1      2.82                      4.12  -1.30     1.83
  SINCE JAN 1      0.43                      0.90  -0.47     0.46

SNOWFALL (IN)
  YESTERDAY        0.0
  MONTH TO DATE    0.9
  SINCE DEC 1      8.1
  SINCE JUL 1     12.7
  SNOW DEPTH       0

DEGREE DAYS
 HEATING
  YESTERDAY       28                        40    -12       42
  MONTH TO DATE  984                      1140   -156     1017
  SINCE DEC 1   1990                      2397   -407     2405
  SINCE JUL 1   3517                      4125   -608     4017

 COOLING
  YESTERDAY        0                         0      0        0
  MONTH TO DATE    0                         0      0        0
  SINCE DEC 1      0                         0      0        0
  SINCE JAN 1      0                         0      0        0
..................................................................


WIND (MPH)
  HIGHEST WIND SPEED    20   HIGHEST WIND DIRECTION    SW (230)
  HIGHEST GUST SPEED    24   HIGHEST GUST DIRECTION    SW (230)
  AVERAGE WIND SPEED    10.1


SKY COVER
  POSSIBLE SUNSHINE  MM
  AVERAGE SKY COVER 1.0


WEATHER CONDITIONS
 THE FOLLOWING WEATHER WAS RECORDED YESTERDAY.
  LIGHT RAIN
  FOG
  FOG W/VISIBILITY <= 1/4 MILE


RELATIVE HUMIDITY (PERCENT)
 HIGHEST   100           400 AM
 LOWEST     92          1200 AM
 AVERAGE    96

..........................................................


THE POCATELLO ID CLIMATE NORMALS FOR TODAY
                         NORMAL    RECORD    YEAR
 MAXIMUM TEMPERATURE (F)   34        51      1992
 MINIMUM TEMPERATURE (F)   17       -22      1949


SUNRISE AND SUNSET
JANUARY 29 2015.......SUNRISE   748 AM MST   SUNSET   539 PM MST
JANUARY 30 2015.......SUNRISE   747 AM MST   SUNSET   540 PM MST


-  INDICATES NEGATIVE NUMBERS.
R  INDICATES RECORD WAS SET OR TIED.
MM INDICATES DATA IS MISSING.
T  INDICATES TRACE AMOUNT.




$$
