000
CDUS45 KPIH 012322
CLIPIH


CLIMATE REPORT
NATIONAL WEATHER SERVICE POCATELLO ID
420 PM MST SUN MAR 1 2015


...................................

...THE POCATELLO ID CLIMATE SUMMARY FOR MARCH 1 2015...
VALID TODAY AS OF 0400 PM LOCAL TIME.

CLIMATE NORMAL PERIOD 1981 TO 2010
CLIMATE RECORD PERIOD 1939 TO 2015


WEATHER ITEM   OBSERVED TIME   RECORD YEAR NORMAL DEPARTURE LAST
                VALUE   (LST)  VALUE       VALUE  FROM      YEAR
                                                  NORMAL
..................................................................
TEMPERATURE (F)
 TODAY
  MAXIMUM         44    353 PM  63    1992  43      1       45
  MINIMUM         14    723 AM  -9    1993  23     -9       26
  AVERAGE         29                        33     -4       36

PRECIPITATION (IN)
  TODAY            0.00          0.76 2014   0.04  -0.04     0.76
  MONTH TO DATE    0.00                      0.04  -0.04     0.76
  SINCE OCT 1      3.49                      5.22  -1.73     3.84
  SINCE JAN 1      1.10                      2.00  -0.90     2.47

SNOWFALL (IN)
  TODAY            0.0
  MONTH TO DATE    0.0
  SINCE MAR 1      0.0
  SINCE JUL 1     14.8
  SNOW DEPTH       0

DEGREE DAYS
 HEATING
  TODAY           36                        32      4       29
  MONTH TO DATE   36                        32      4       29
  SINCE MAR 1     36                        32      4       29
  SINCE JUL 1   4377                      5305   -928     5009

 COOLING
  TODAY            0                         0      0        0
  MONTH TO DATE    0                         0      0        0
  SINCE MAR 1      0                         0      0        0
  SINCE JAN 1      0                         0      0        0
..................................................................


WIND (MPH)
  HIGHEST WIND SPEED    15   HIGHEST WIND DIRECTION    NE (40)
  HIGHEST GUST SPEED    19   HIGHEST GUST DIRECTION    NE (30)
  AVERAGE WIND SPEED     7.7


SKY COVER
  POSSIBLE SUNSHINE  MM
  AVERAGE SKY COVER 0.0


WEATHER CONDITIONS
 THE FOLLOWING WEATHER WAS RECORDED TODAY.
  NO SIGNIFICANT WEATHER WAS OBSERVED.


RELATIVE HUMIDITY (PERCENT)
 HIGHEST    62           200 AM
 LOWEST     22           400 PM
 AVERAGE    42

..........................................................


THE POCATELLO ID CLIMATE NORMALS FOR TOMORROW
                         NORMAL    RECORD    YEAR
 MAXIMUM TEMPERATURE (F)   43        62      1994
 MINIMUM TEMPERATURE (F)   23        -8      1960


SUNRISE AND SUNSET
MARCH  1 2015.........SUNRISE   707 AM MST   SUNSET   620 PM MST
MARCH  2 2015.........SUNRISE   705 AM MST   SUNSET   621 PM MST


-  INDICATES NEGATIVE NUMBERS.
R  INDICATES RECORD WAS SET OR TIED.
MM INDICATES DATA IS MISSING.
T  INDICATES TRACE AMOUNT.




$$
