000
CDUS45 KPIH 292325
CLIPIH


CLIMATE REPORT
NATIONAL WEATHER SERVICE POCATELLO ID
523 PM MDT SUN MAY 29 2016


...................................

...THE POCATELLO ID CLIMATE SUMMARY FOR MAY 29 2016...
VALID TODAY AS OF 0500 PM LOCAL TIME.

CLIMATE NORMAL PERIOD 1981 TO 2010
CLIMATE RECORD PERIOD 1939 TO 2016


WEATHER ITEM   OBSERVED TIME   RECORD YEAR NORMAL DEPARTURE LAST
                VALUE   (LST)  VALUE       VALUE  FROM      YEAR
                                                  NORMAL
..................................................................
TEMPERATURE (F)
 TODAY
  MAXIMUM         77    337 PM  96    2003  72      5       75
  MINIMUM         35    507 AM  29    1982  43     -8       43
  AVERAGE         56                        57     -1       59

PRECIPITATION (IN)
  TODAY            0.00          0.58 2011   0.05  -0.05     0.00
  MONTH TO DATE    1.28                      1.37  -0.09     2.69
  SINCE OCT 1     10.71                      8.96   1.75     6.84
  SINCE JAN 1      7.14                      5.74   1.40     4.45

SNOWFALL (IN)
  TODAY            0.0
  MONTH TO DATE    T
  SINCE MAR 1      5.3
  SINCE JUL 1     33.5
  SNOW DEPTH       0

DEGREE DAYS
 HEATING
  TODAY            9                         8      1        6
  MONTH TO DATE  319                       337    -18      283
  SINCE MAR 1   1492                      1758   -266     1473
  SINCE JUL 1   6334                      7031   -697     5814

 COOLING
  TODAY            0                         0      0        0
  MONTH TO DATE    0                         0      0        0
  SINCE MAR 1      0                         0      0        0
  SINCE JAN 1      0                         0      0        0
..................................................................


WIND (MPH)
  HIGHEST WIND SPEED    15   HIGHEST WIND DIRECTION     W (270)
  HIGHEST GUST SPEED    18   HIGHEST GUST DIRECTION     W (270)
  AVERAGE WIND SPEED     4.6


SKY COVER
  POSSIBLE SUNSHINE  MM
  AVERAGE SKY COVER 0.2


WEATHER CONDITIONS
 THE FOLLOWING WEATHER WAS RECORDED TODAY.
  NO SIGNIFICANT WEATHER WAS OBSERVED.


RELATIVE HUMIDITY (PERCENT)
 HIGHEST    85           300 AM
 LOWEST     23           300 PM
 AVERAGE    54

..........................................................


THE POCATELLO ID CLIMATE NORMALS FOR TOMORROW
                         NORMAL    RECORD    YEAR
 MAXIMUM TEMPERATURE (F)   72        91      2002
 MINIMUM TEMPERATURE (F)   43        28      1979


SUNRISE AND SUNSET
MAY 29 2016...........SUNRISE   556 AM MDT   SUNSET   901 PM MDT
MAY 30 2016...........SUNRISE   555 AM MDT   SUNSET   901 PM MDT


-  INDICATES NEGATIVE NUMBERS.
R  INDICATES RECORD WAS SET OR TIED.
MM INDICATES DATA IS MISSING.
T  INDICATES TRACE AMOUNT.




$$
