000
CDUS45 KPIH 052325
CLIPIH


CLIMATE REPORT
NATIONAL WEATHER SERVICE POCATELLO ID
523 PM MDT THU MAY 5 2016


...................................

...THE POCATELLO ID CLIMATE SUMMARY FOR MAY 5 2016...
VALID TODAY AS OF 0500 PM LOCAL TIME.

CLIMATE NORMAL PERIOD 1981 TO 2010
CLIMATE RECORD PERIOD 1939 TO 2016


WEATHER ITEM   OBSERVED TIME   RECORD YEAR NORMAL DEPARTURE LAST
                VALUE   (LST)  VALUE       VALUE  FROM      YEAR
                                                  NORMAL
..................................................................
TEMPERATURE (F)
 TODAY
  MAXIMUM         83    211 PM  87    1966  64     19       73
  MINIMUM         44    543 AM  21    2010  37      7       45
                                      1982
  AVERAGE         64                        51     13       59

PRECIPITATION (IN)
  TODAY            0.00          0.56 1993   0.05  -0.05     0.00
  MONTH TO DATE    0.00                      0.24  -0.24      T
  SINCE OCT 1      9.43                      7.83   1.60     4.15
  SINCE JAN 1      5.86                      4.61   1.25     1.76

SNOWFALL (IN)
  TODAY            0.0
  MONTH TO DATE    0.0
  SINCE MAR 1      5.3
  SINCE JUL 1     33.5
  SNOW DEPTH       0

DEGREE DAYS
 HEATING
  TODAY            1                        14    -13        6
  MONTH TO DATE   48                        74    -26       32
  SINCE MAR 1   1221                      1495   -274     1222
  SINCE JUL 1   6063                      6768   -705     5563

 COOLING
  TODAY            0                         0      0        0
  MONTH TO DATE    0                         0      0        0
  SINCE MAR 1      0                         0      0        0
  SINCE JAN 1      0                         0      0        0
..................................................................


WIND (MPH)
  HIGHEST WIND SPEED    22   HIGHEST WIND DIRECTION     S (190)
  HIGHEST GUST SPEED    27   HIGHEST GUST DIRECTION    SE (130)
  AVERAGE WIND SPEED     6.5


SKY COVER
  POSSIBLE SUNSHINE  MM
  AVERAGE SKY COVER 0.1


WEATHER CONDITIONS
 THE FOLLOWING WEATHER WAS RECORDED TODAY.
  NO SIGNIFICANT WEATHER WAS OBSERVED.


RELATIVE HUMIDITY (PERCENT)
 HIGHEST    89           600 AM
 LOWEST     15           200 PM
 AVERAGE    52

..........................................................


THE POCATELLO ID CLIMATE NORMALS FOR TOMORROW
                         NORMAL    RECORD    YEAR
 MAXIMUM TEMPERATURE (F)   65        88      1992
 MINIMUM TEMPERATURE (F)   37        25      2003


SUNRISE AND SUNSET
MAY  5 2016...........SUNRISE   618 AM MDT   SUNSET   836 PM MDT
MAY  6 2016...........SUNRISE   617 AM MDT   SUNSET   838 PM MDT


-  INDICATES NEGATIVE NUMBERS.
R  INDICATES RECORD WAS SET OR TIED.
MM INDICATES DATA IS MISSING.
T  INDICATES TRACE AMOUNT.




$$
