000
CDUS45 KPIH 302324
CLIPIH


CLIMATE REPORT
NATIONAL WEATHER SERVICE POCATELLO ID
522 PM MDT THU MAR 30 2017


...................................

...THE POCATELLO ID CLIMATE SUMMARY FOR MARCH 30 2017...
VALID TODAY AS OF 0500 PM LOCAL TIME.

CLIMATE NORMAL PERIOD 1981 TO 2010
CLIMATE RECORD PERIOD 1939 TO 2017


WEATHER ITEM   OBSERVED TIME   RECORD YEAR NORMAL DEPARTURE LAST
                VALUE   (LST)  VALUE       VALUE  FROM      YEAR
                                                  NORMAL
..................................................................
TEMPERATURE (F)
 TODAY
  MAXIMUM         52    210 PM  73    2015  54     -2       52
                                      2004
  MINIMUM         37    359 PM  16    1954  30      7       33
  AVERAGE         45                        42      3       43

PRECIPITATION (IN)
  TODAY            0.25          0.82 2014   0.04   0.21     0.07
  MONTH TO DATE    0.88                      1.22  -0.34     3.00
  SINCE OCT 1     13.39                      6.40   6.99     8.18
  SINCE JAN 1      6.83                      3.18   3.65     4.61

SNOWFALL (IN)
  TODAY            0.0
  MONTH TO DATE    2.9
  SINCE MAR 1      2.9
  SINCE JUL 1     86.4
  SNOW DEPTH       0

DEGREE DAYS
 HEATING
  TODAY           20                        23     -3       22
  MONTH TO DATE  646                       815   -169      692
  SINCE MAR 1    646                       815   -169      692
  SINCE JUL 1   5895                      6088   -193     5534

 COOLING
  TODAY            0                         0      0        0
  MONTH TO DATE    0                         0      0        0
  SINCE MAR 1      0                         0      0        0
  SINCE JAN 1      0                         0      0        0
..................................................................


WIND (MPH)
  HIGHEST WIND SPEED    33   HIGHEST WIND DIRECTION     W (250)
  HIGHEST GUST SPEED    40   HIGHEST GUST DIRECTION     S (180)
  AVERAGE WIND SPEED    12.8


SKY COVER
  POSSIBLE SUNSHINE  MM
  AVERAGE SKY COVER 0.9


WEATHER CONDITIONS
 THE FOLLOWING WEATHER WAS RECORDED TODAY.
  RAIN
  LIGHT RAIN
  FOG


RELATIVE HUMIDITY (PERCENT)
 HIGHEST    92           300 AM
 LOWEST     56          1200 AM
 AVERAGE    74

..........................................................


THE POCATELLO ID CLIMATE NORMALS FOR TOMORROW
                         NORMAL    RECORD    YEAR
 MAXIMUM TEMPERATURE (F)   54        73      2012
 MINIMUM TEMPERATURE (F)   30        18      1977
                                             1968


SUNRISE AND SUNSET
MARCH 30 2017.........SUNRISE   715 AM MDT   SUNSET   755 PM MDT
MARCH 31 2017.........SUNRISE   714 AM MDT   SUNSET   756 PM MDT


-  INDICATES NEGATIVE NUMBERS.
R  INDICATES RECORD WAS SET OR TIED.
MM INDICATES DATA IS MISSING.
T  INDICATES TRACE AMOUNT.




$$
