000
CDUS43 KABR 231027
CLIPIR


CLIMATE REPORT
NATIONAL WEATHER SERVICE ABERDEEN SD
527 AM CDT WED APR 23 2014


...................................

...THE PIERRE SD CLIMATE SUMMARY FOR APRIL 22 2014...

CLIMATE NORMAL PERIOD 1981 TO 2010
CLIMATE RECORD PERIOD 1892 TO 2014


WEATHER ITEM   OBSERVED TIME   RECORD YEAR NORMAL DEPARTURE LAST
                VALUE   (LST)  VALUE       VALUE  FROM      YEAR
                                                  NORMAL
..................................................................
TEMPERATURE (F)
 YESTERDAY
  MAXIMUM         74    323 PM  90    1990  63     11       33
  MINIMUM         35    543 AM  21    2013  37     -2       21
                                      1954
  AVERAGE         55                        50      5       27

PRECIPITATION (IN)
  YESTERDAY        0.00          0.67 1968   0.06  -0.06     0.25
  MONTH TO DATE    0.07                      1.21  -1.14     2.88
  SINCE MAR 1      1.06                      2.44  -1.38     3.03
  SINCE JAN 1      1.63                      3.45  -1.82     4.69

SNOWFALL (IN)
  YESTERDAY        0.0           7.5  2001   0.2   -0.2      3.9
  MONTH TO DATE    T                         3.5   -3.5     20.8
  SINCE OCT 1     34.6                      31.3    3.3     55.5
  SINCE JUL 1     34.6                      31.3    3.3     55.5
  SNOW DEPTH       0

DEGREE DAYS
 HEATING
  YESTERDAY       10                        15     -5       38
  MONTH TO DATE  477                       435     42      699
  SINCE MAR 1   1550                      1382    168     1800
  SINCE JUL 1   7545                      6880    665     7224

 COOLING
  YESTERDAY        0                         0      0        0
  MONTH TO DATE    0                         0      0        0
  SINCE MAR 1      0                         0      0        0
  SINCE JAN 1      0                         0      0        0
..................................................................


WIND (MPH)
  RESULTANT WIND SPEED  18   RESULTANT WIND DIRECTION  SE (130)
  HIGHEST WIND SPEED    33   HIGHEST WIND DIRECTION    SE (120)
  HIGHEST GUST SPEED    43   HIGHEST GUST DIRECTION     E (110)
  AVERAGE WIND SPEED    18.6




RELATIVE HUMIDITY (PERCENT)
 HIGHEST    82           500 AM
 LOWEST     23           200 PM
 AVERAGE    53

..........................................................


THE PIERRE SD CLIMATE NORMALS FOR TODAY
                         NORMAL    RECORD    YEAR
 MAXIMUM TEMPERATURE (F)   63        88      2009
 MINIMUM TEMPERATURE (F)   37        16      2013


SUNRISE AND SUNSET
APRIL 23 2014.........SUNRISE   644 AM CDT   SUNSET   836 PM CDT
APRIL 24 2014.........SUNRISE   642 AM CDT   SUNSET   837 PM CDT


-  INDICATES NEGATIVE NUMBERS.
R  INDICATES RECORD WAS SET OR TIED.
MM INDICATES DATA IS MISSING.
T  INDICATES TRACE AMOUNT.




$$
