000
CDUS43 KABR 051032
CLIPIR


CLIMATE REPORT
NATIONAL WEATHER SERVICE ABERDEEN SD
531 AM CDT THU MAY 5 2016


...................................

...THE PIERRE SD CLIMATE SUMMARY FOR MAY 4 2016...

CLIMATE NORMAL PERIOD 1981 TO 2010
CLIMATE RECORD PERIOD 1892 TO 2016


WEATHER ITEM   OBSERVED TIME   RECORD YEAR NORMAL DEPARTURE LAST
                VALUE   (LST)  VALUE       VALUE  FROM      YEAR
                                                  NORMAL
..................................................................
TEMPERATURE (F)
 YESTERDAY
  MAXIMUM         75    424 PM  95    2000  67      8       68
  MINIMUM         35    527 AM  23    1967  41     -6       41
  AVERAGE         55                        54      1       55

PRECIPITATION (IN)
  YESTERDAY        0.00          1.04 1905   0.09  -0.09     0.00
  MONTH TO DATE    T                         0.35  -0.35     0.00
  SINCE MAR 1      5.24                      3.39   1.85     0.82
  SINCE JAN 1      6.24                      4.40   1.84     1.17

DEGREE DAYS
 HEATING
  YESTERDAY       10                        11     -1       10
  MONTH TO DATE   52                        47      5       21
  SINCE MAR 1   1317                      1539   -222     1224
  SINCE JUL 1   6151                      7037   -886     6733

 COOLING
  YESTERDAY        0                         1     -1        0
  MONTH TO DATE    0                         2     -2        3
  SINCE MAR 1      6                         6      0        8
  SINCE JAN 1      6                         6      0        8
..................................................................


WIND (MPH)
  RESULTANT WIND SPEED   1   RESULTANT WIND DIRECTION   E (90)
  HIGHEST WIND SPEED     9   HIGHEST WIND DIRECTION     W (280)
  HIGHEST GUST SPEED    12   HIGHEST GUST DIRECTION     W (270)
  AVERAGE WIND SPEED     3.3




RELATIVE HUMIDITY (PERCENT)
 HIGHEST    76           500 AM
 LOWEST     25           300 PM
 AVERAGE    51

..........................................................


THE PIERRE SD CLIMATE NORMALS FOR TODAY
                         NORMAL    RECORD    YEAR
 MAXIMUM TEMPERATURE (F)   67        97      2000
 MINIMUM TEMPERATURE (F)   42        22      1944


SUNRISE AND SUNSET
MAY  5 2016...........SUNRISE   626 AM CDT   SUNSET   851 PM CDT
MAY  6 2016...........SUNRISE   624 AM CDT   SUNSET   852 PM CDT


-  INDICATES NEGATIVE NUMBERS.
R  INDICATES RECORD WAS SET OR TIED.
MM INDICATES DATA IS MISSING.
T  INDICATES TRACE AMOUNT.




$$
