000
CDUS43 KABR 261029
CLIPIR


CLIMATE REPORT
NATIONAL WEATHER SERVICE ABERDEEN SD
429 AM CST MON JAN 26 2015


...................................

...THE PIERRE SD CLIMATE SUMMARY FOR JANUARY 25 2015...

CLIMATE NORMAL PERIOD 1981 TO 2010
CLIMATE RECORD PERIOD 1892 TO 2015


WEATHER ITEM   OBSERVED TIME   RECORD YEAR NORMAL DEPARTURE LAST
                VALUE   (LST)  VALUE       VALUE  FROM      YEAR
                                                  NORMAL
..................................................................
TEMPERATURE (F)
 YESTERDAY
  MAXIMUM         43    350 PM  58    2002  31     12       50
  MINIMUM         32   1145 PM -22    1950  10     22       27
  AVERAGE         38                        20     18       39

PRECIPITATION (IN)
  YESTERDAY        T             0.20 1925   0.01  -0.01      T
  MONTH TO DATE    0.13                      0.34  -0.21     0.09
  SINCE DEC 1      0.95                      0.89   0.06     1.57
  SINCE JAN 1      0.13                      0.34  -0.21     0.09

SNOWFALL (IN)
  YESTERDAY        0.0           1.6  1978   0.1   -0.1      0.0
  MONTH TO DATE    1.4                       3.8   -2.4      1.0
  SINCE OCT 1     20.8                      15.0    5.8     17.2
  SINCE JUL 1     20.8                      15.0    5.8     17.2
  SNOW DEPTH       0

DEGREE DAYS
 HEATING
  YESTERDAY       27                        45    -18       26
  MONTH TO DATE 1095                      1130    -35     1076
  SINCE DEC 1   2368                      2472   -104     2676
  SINCE JUL 1   4090                      4092     -2     4295

 COOLING
  YESTERDAY        0                         0      0        0
  MONTH TO DATE    0                         0      0        0
  SINCE DEC 1      0                         0      0        0
  SINCE JAN 1      0                         0      0        0
..................................................................


WIND (MPH)
  RESULTANT WIND SPEED   9   RESULTANT WIND DIRECTION  NW (300)
  HIGHEST WIND SPEED    24   HIGHEST WIND DIRECTION    NW (310)
  HIGHEST GUST SPEED    32   HIGHEST GUST DIRECTION    NW (310)
  AVERAGE WIND SPEED    11.4




RELATIVE HUMIDITY (PERCENT)
 HIGHEST    92          1200 AM
 LOWEST     57           400 PM
 AVERAGE    75

..........................................................


THE PIERRE SD CLIMATE NORMALS FOR TODAY
                         NORMAL    RECORD    YEAR
 MAXIMUM TEMPERATURE (F)   31        64      2006
 MINIMUM TEMPERATURE (F)   10       -25      1950


SUNRISE AND SUNSET
JANUARY 26 2015.......SUNRISE   806 AM CST   SUNSET   542 PM CST
JANUARY 27 2015.......SUNRISE   805 AM CST   SUNSET   543 PM CST


-  INDICATES NEGATIVE NUMBERS.
R  INDICATES RECORD WAS SET OR TIED.
MM INDICATES DATA IS MISSING.
T  INDICATES TRACE AMOUNT.




$$
