000
CDUS43 KABR 272235
CLIPIR


CLIMATE REPORT
NATIONAL WEATHER SERVICE ABERDEEN SD
534 PM CDT WED JUL 27 2016


...................................

...THE PIERRE SD CLIMATE SUMMARY FOR JULY 27 2016...
VALID TODAY AS OF 0500 PM LOCAL TIME.

CLIMATE NORMAL PERIOD 1981 TO 2010
CLIMATE RECORD PERIOD 1892 TO 2016


WEATHER ITEM   OBSERVED TIME   RECORD YEAR NORMAL DEPARTURE LAST
                VALUE   (LST)  VALUE       VALUE  FROM      YEAR
                                                  NORMAL
..................................................................
TEMPERATURE (F)
 TODAY
  MAXIMUM         88    359 PM 107    1988  90     -2       96
  MINIMUM         62    539 AM  44    2013  63     -1       67
  AVERAGE         75                        76     -1       82

PRECIPITATION (IN)
  TODAY            0.00          0.89 1901   0.09  -0.09     0.32
  MONTH TO DATE    2.17                      2.28  -0.11     2.15
  SINCE JUN 1      4.00                      5.85  -1.85     8.31
  SINCE JAN 1     11.44                     13.05  -1.61    15.66

DEGREE DAYS
 COOLING
  TODAY           10                        11     -1       17
  MONTH TO DATE  313                       278     35      261
  SINCE JUN 1    540                       412    128      396
  SINCE JAN 1    563                       444    119      410
..................................................................


WIND (MPH)
  HIGHEST GUST SPEED    27   HIGHEST GUST DIRECTION    NE (40)




..........................................................


THE PIERRE SD CLIMATE NORMALS FOR TOMORROW
                         NORMAL    RECORD    YEAR
 MAXIMUM TEMPERATURE (F)   90       111      2006
                                             1999
 MINIMUM TEMPERATURE (F)   63        46      2013
                                             1971


SUNRISE AND SUNSET
JULY 27 2016..........SUNRISE   623 AM CDT   SUNSET   911 PM CDT
JULY 28 2016..........SUNRISE   624 AM CDT   SUNSET   910 PM CDT


-  INDICATES NEGATIVE NUMBERS.
R  INDICATES RECORD WAS SET OR TIED.
MM INDICATES DATA IS MISSING.
T  INDICATES TRACE AMOUNT.




$$
