000
CDUS43 KABR 261036
CLIPIR


CLIMATE REPORT
NATIONAL WEATHER SERVICE ABERDEEN SD
536 AM CDT WED JUL 26 2017


...................................

...THE PIERRE SD CLIMATE SUMMARY FOR JULY 25 2017...

CLIMATE NORMAL PERIOD 1981 TO 2010
CLIMATE RECORD PERIOD 1892 TO 2017


WEATHER ITEM   OBSERVED TIME   RECORD YEAR NORMAL DEPARTURE LAST
                VALUE   (LST)  VALUE       VALUE  FROM      YEAR
                                                  NORMAL
..................................................................
TEMPERATURE (F)
 YESTERDAY
  MAXIMUM         93    437 PM 109    2007  90      3       97
  MINIMUM         64    542 AM  48    2004  63      1       62
  AVERAGE         79                        76      3       80

PRECIPITATION (IN)
  YESTERDAY        0.00          4.00 1984   0.09  -0.09      T
  MONTH TO DATE    0.12                      2.11  -1.99     2.13
  SINCE JUN 1      2.72                      5.68  -2.96     3.96
  SINCE JAN 1      7.17                     12.88  -5.71    11.40

DEGREE DAYS
 HEATING
  YESTERDAY        0                         0      0        0
  MONTH TO DATE    0                         0      0        4
  SINCE JUN 1     24                        53    -29       16
  SINCE JUL 1      0                         0      0        4

 COOLING
  YESTERDAY       14                        11      3       15
  MONTH TO DATE  357                       256    101      286
  SINCE JUN 1    524                       390    134      513
  SINCE JAN 1    545                       422    123      536
..................................................................


WIND (MPH)
  RESULTANT WIND SPEED  10   RESULTANT WIND DIRECTION  NE (50)
  HIGHEST WIND SPEED    28   HIGHEST WIND DIRECTION    NE (40)
  HIGHEST GUST SPEED    33   HIGHEST GUST DIRECTION    NE (30)
  AVERAGE WIND SPEED    11.8




RELATIVE HUMIDITY (PERCENT)
 HIGHEST    87           500 AM
 LOWEST     41           100 PM
 AVERAGE    64

..........................................................


THE PIERRE SD CLIMATE NORMALS FOR TODAY
                         NORMAL    RECORD    YEAR
 MAXIMUM TEMPERATURE (F)   90       108      1935
 MINIMUM TEMPERATURE (F)   63        46      1971


SUNRISE AND SUNSET
JULY 26 2017..........SUNRISE   622 AM CDT   SUNSET   913 PM CDT
JULY 27 2017..........SUNRISE   623 AM CDT   SUNSET   912 PM CDT


-  INDICATES NEGATIVE NUMBERS.
R  INDICATES RECORD WAS SET OR TIED.
MM INDICATES DATA IS MISSING.
T  INDICATES TRACE AMOUNT.




$$
