000
CDUS43 KABR 121510
CLIPIR


CLIMATE REPORT
NATIONAL WEATHER SERVICE ABERDEEN SD
909 AM CST FRI FEB 12 2016


...................................

...THE PIERRE SD CLIMATE SUMMARY FOR FEBRUARY 11 2016...

CLIMATE NORMAL PERIOD 1981 TO 2010
CLIMATE RECORD PERIOD 1892 TO 2016


WEATHER ITEM   OBSERVED TIME   RECORD YEAR NORMAL DEPARTURE LAST
                VALUE   (LST)  VALUE       VALUE  FROM      YEAR
                                                  NORMAL
..................................................................
TEMPERATURE (F)
 YESTERDAY
  MAXIMUM         31    430 PM  64    1987  34     -3       28
  MINIMUM         19    255 AM -26    1988  13      6        3
  AVERAGE         25                        23      2       16

PRECIPITATION (IN)
  YESTERDAY        T             0.32 2008   0.02  -0.02      T
  MONTH TO DATE    T                         0.17  -0.17     0.15
  SINCE DEC 1      1.18                      1.14   0.04     1.10
  SINCE JAN 1      0.17                      0.59  -0.42     0.28

SNOWFALL (IN)
  YESTERDAY        T             3.4  2008   0.2   -0.2       T
  MONTH TO DATE    T                         1.9   -1.9      1.5
  SINCE OCT 1     22.9                      17.8    5.1     22.3
  SINCE JUL 1     22.9                      17.8    5.1     22.3
  SNOW DEPTH       T

DEGREE DAYS
 HEATING
  YESTERDAY       40                        42     -2       49
  MONTH TO DATE  386                       472    -86      447
  SINCE DEC 1   3011                      3212   -201     2992
  SINCE JUL 1   4308                      4832   -524     4714

 COOLING
  YESTERDAY        0                         0      0        0
  MONTH TO DATE    0                         0      0        0
  SINCE DEC 1      0                         0      0        0
  SINCE JAN 1      0                         0      0        0
..................................................................


WIND (MPH)
  RESULTANT WIND SPEED   4   RESULTANT WIND DIRECTION   E (110)
  HIGHEST WIND SPEED    14   HIGHEST WIND DIRECTION     S (160)
  HIGHEST GUST SPEED    17   HIGHEST GUST DIRECTION    SE (140)
  AVERAGE WIND SPEED     7.0




RELATIVE HUMIDITY (PERCENT)
 HIGHEST    92           100 AM
 LOWEST     78           500 PM
 AVERAGE    85

..........................................................


THE PIERRE SD CLIMATE NORMALS FOR TODAY
                         NORMAL    RECORD    YEAR
 MAXIMUM TEMPERATURE (F)   34        66      1983
 MINIMUM TEMPERATURE (F)   13       -28      1944


SUNRISE AND SUNSET
FEBRUARY 12 2016......SUNRISE   746 AM CST   SUNSET   605 PM CST
FEBRUARY 13 2016......SUNRISE   744 AM CST   SUNSET   607 PM CST


-  INDICATES NEGATIVE NUMBERS.
R  INDICATES RECORD WAS SET OR TIED.
MM INDICATES DATA IS MISSING.
T  INDICATES TRACE AMOUNT.




$$
