924
CDUS43 KABR 220925
CLIPIR


CLIMATE REPORT
NATIONAL WEATHER SERVICE ABERDEEN SD
425 AM CDT FRI MAY 22 2015


...................................

...THE PIERRE SD CLIMATE SUMMARY FOR MAY 21 2015...

CLIMATE NORMAL PERIOD 1981 TO 2010
CLIMATE RECORD PERIOD 1892 TO 2015


WEATHER ITEM   OBSERVED TIME   RECORD YEAR NORMAL DEPARTURE LAST
                VALUE   (LST)  VALUE       VALUE  FROM      YEAR
                                                  NORMAL
..................................................................
TEMPERATURE (F)
 YESTERDAY
  MAXIMUM         72    410 PM  93    1992  71      1       68
  MINIMUM         40    551 AM  32    1968  48     -8       46
  AVERAGE         56                        60     -4       57

PRECIPITATION (IN)
  YESTERDAY        0.00          1.01 1899   0.11  -0.11     0.00
  MONTH TO DATE    3.52                      2.02   1.50     1.60
  SINCE MAR 1      4.34                      5.06  -0.72     4.56
  SINCE JAN 1      4.69                      6.07  -1.38     5.13

DEGREE DAYS
 HEATING
  YESTERDAY        9                         7      2        8
  MONTH TO DATE  230                       195     35      292
  SINCE MAR 1   1433                      1687   -254     1964
  SINCE JUL 1   6942                      7185   -243     7959

 COOLING
  YESTERDAY        0                         1     -1        0
  MONTH TO DATE    5                        19    -14        0
  SINCE MAR 1     10                        23    -13        0
  SINCE JAN 1     10                        23    -13        0
..................................................................


WIND (MPH)
  RESULTANT WIND SPEED   5   RESULTANT WIND DIRECTION   W (250)
  HIGHEST WIND SPEED    15   HIGHEST WIND DIRECTION     W (250)
  HIGHEST GUST SPEED    18   HIGHEST GUST DIRECTION     W (270)
  AVERAGE WIND SPEED     7.2




RELATIVE HUMIDITY (PERCENT)
 HIGHEST    86           600 AM
 LOWEST     24           500 PM
 AVERAGE    55

..........................................................


THE PIERRE SD CLIMATE NORMALS FOR TODAY
                         NORMAL    RECORD    YEAR
 MAXIMUM TEMPERATURE (F)   72        94      1966
 MINIMUM TEMPERATURE (F)   48        27      1963


SUNRISE AND SUNSET
MAY 22 2015...........SUNRISE   607 AM CDT   SUNSET   909 PM CDT
MAY 23 2015...........SUNRISE   606 AM CDT   SUNSET   910 PM CDT


-  INDICATES NEGATIVE NUMBERS.
R  INDICATES RECORD WAS SET OR TIED.
MM INDICATES DATA IS MISSING.
T  INDICATES TRACE AMOUNT.




$$
