000
CDUS43 KABR 102234
CLIPIR


CLIMATE REPORT
NATIONAL WEATHER SERVICE ABERDEEN SD
533 PM CDT THU JUL 10 2014


...................................

...THE PIERRE SD CLIMATE SUMMARY FOR JULY 10 2014...
VALID TODAY AS OF 0500 PM LOCAL TIME.

CLIMATE NORMAL PERIOD 1981 TO 2010
CLIMATE RECORD PERIOD 1892 TO 2014


WEATHER ITEM   OBSERVED TIME   RECORD YEAR NORMAL DEPARTURE LAST
                VALUE   (LST)  VALUE       VALUE  FROM      YEAR
                                                  NORMAL
..................................................................
TEMPERATURE (F)
 TODAY
  MAXIMUM         83    359 PM 113    1966  88     -5       82
  MINIMUM         55    212 AM  46    1945  62     -7       56
  AVERAGE         69                        75     -6       69

PRECIPITATION (IN)
  TODAY            T             1.65 1964   0.09  -0.09     0.00
  MONTH TO DATE    0.05                      0.82  -0.77     1.91
  SINCE JUN 1      4.44                      4.39   0.05     4.87
  SINCE JAN 1     12.37                     11.59   0.78    13.73

DEGREE DAYS
 COOLING
  TODAY            4                        10     -6        4
  MONTH TO DATE   48                        93    -45       73
  SINCE JUN 1    107                       227   -120      192
  SINCE JAN 1    155                       259   -104      214
..................................................................


WIND (MPH)
  HIGHEST GUST SPEED    26   HIGHEST GUST DIRECTION    SE (140)




..........................................................


THE PIERRE SD CLIMATE NORMALS FOR TOMORROW
                         NORMAL    RECORD    YEAR
 MAXIMUM TEMPERATURE (F)   89       111      1973
 MINIMUM TEMPERATURE (F)   62        47      1993


SUNRISE AND SUNSET
JULY 10 2014..........SUNRISE   607 AM CDT   SUNSET   926 PM CDT
JULY 11 2014..........SUNRISE   608 AM CDT   SUNSET   925 PM CDT


-  INDICATES NEGATIVE NUMBERS.
R  INDICATES RECORD WAS SET OR TIED.
MM INDICATES DATA IS MISSING.
T  INDICATES TRACE AMOUNT.




$$
