000
CDUS43 KABR 212332
CLIPIR


CLIMATE REPORT
NATIONAL WEATHER SERVICE ABERDEEN SD
531 PM CST TUE NOV 21 2017


...................................

...THE PIERRE SD CLIMATE SUMMARY FOR NOVEMBER 21 2017...
VALID TODAY AS OF 0500 PM LOCAL TIME.

CLIMATE NORMAL PERIOD 1981 TO 2010
CLIMATE RECORD PERIOD 1892 TO 2017


WEATHER ITEM   OBSERVED TIME   RECORD YEAR NORMAL DEPARTURE LAST
                VALUE   (LST)  VALUE       VALUE  FROM      YEAR
                                                  NORMAL
..................................................................
TEMPERATURE (F)
 TODAY
  MAXIMUM         40   1222 AM  74    1966  41     -1       48
  MINIMUM         13    828 AM  -5    1964  21     -8       21
  AVERAGE         27                        31     -4       35

PRECIPITATION (IN)
  TODAY            T             0.61 1930   0.03  -0.03     0.00
  MONTH TO DATE    0.05                      0.58  -0.53     0.20
  SINCE SEP 1      3.02                      4.10  -1.08     2.25
  SINCE JAN 1     13.46                     19.28  -5.82    17.97

SNOWFALL (IN)
  TODAY            T
  MONTH TO DATE    T
  SINCE OCT 1      T
  SINCE JUL 1      T
  SNOW DEPTH       0

DEGREE DAYS
 HEATING
  TODAY           38                        34      4       30
  MONTH TO DATE  649                       608     41      380
  SINCE SEP 1   1243                      1269    -26      831
  SINCE JUL 1   1248                      1289    -41      851
..................................................................


WIND (MPH)
  HIGHEST GUST SPEED    38   HIGHEST GUST DIRECTION     N (350)




..........................................................


THE PIERRE SD CLIMATE NORMALS FOR TOMORROW
                         NORMAL    RECORD    YEAR
 MAXIMUM TEMPERATURE (F)   40        68      2006
                                             1974
 MINIMUM TEMPERATURE (F)   20        -2      1985
                                             1947


SUNRISE AND SUNSET
NOVEMBER 21 2017......SUNRISE   745 AM CST   SUNSET   508 PM CST
NOVEMBER 22 2017......SUNRISE   747 AM CST   SUNSET   508 PM CST


-  INDICATES NEGATIVE NUMBERS.
R  INDICATES RECORD WAS SET OR TIED.
MM INDICATES DATA IS MISSING.
T  INDICATES TRACE AMOUNT.




$$
