000
CDUS43 KABR 270908
CLIPIR


CLIMATE REPORT
NATIONAL WEATHER SERVICE ABERDEEN SD
407 AM CDT SAT MAY 27 2017


...................................

...THE PIERRE SD CLIMATE SUMMARY FOR MAY 26 2017...

CLIMATE NORMAL PERIOD 1981 TO 2010
CLIMATE RECORD PERIOD 1892 TO 2017


WEATHER ITEM   OBSERVED TIME   RECORD YEAR NORMAL DEPARTURE LAST
                VALUE   (LST)  VALUE       VALUE  FROM      YEAR
                                                  NORMAL
..................................................................
TEMPERATURE (F)
 YESTERDAY
  MAXIMUM         73    350 PM  96    2006  73      0       77
  MINIMUM         49    514 AM  29    1992  49      0       46
  AVERAGE         61                        61      0       62

PRECIPITATION (IN)
  YESTERDAY        0.00          1.81 1955   0.11  -0.11     0.00
  MONTH TO DATE    1.04                      2.57  -1.53     1.17
  SINCE MAR 1      3.16                      5.61  -2.45     6.41
  SINCE JAN 1      4.39                      6.62  -2.23     7.41

DEGREE DAYS
 HEATING
  YESTERDAY        4                         5     -1        3
  MONTH TO DATE  208                       224    -16      220
  SINCE MAR 1   1605                      1716   -111     1485
  SINCE JUL 1   6761                      7214   -453     6319

 COOLING
  YESTERDAY        0                         1     -1        0
  MONTH TO DATE   19                        24     -5       12
  SINCE MAR 1     20                        28     -8       18
  SINCE JAN 1     20                        28     -8       18
..................................................................


WIND (MPH)
  RESULTANT WIND SPEED  14   RESULTANT WIND DIRECTION  NW (300)
  HIGHEST WIND SPEED    26   HIGHEST WIND DIRECTION    NW (320)
  HIGHEST GUST SPEED    33   HIGHEST GUST DIRECTION    NW (300)
  AVERAGE WIND SPEED    14.0




RELATIVE HUMIDITY (PERCENT)
 HIGHEST    71           300 AM
 LOWEST     27           300 PM
 AVERAGE    49

..........................................................


THE PIERRE SD CLIMATE NORMALS FOR TODAY
                         NORMAL    RECORD    YEAR
 MAXIMUM TEMPERATURE (F)   73       105      1969
 MINIMUM TEMPERATURE (F)   50        32      1992


SUNRISE AND SUNSET
MAY 27 2017...........SUNRISE   603 AM CDT   SUNSET   914 PM CDT
MAY 28 2017...........SUNRISE   602 AM CDT   SUNSET   915 PM CDT


-  INDICATES NEGATIVE NUMBERS.
R  INDICATES RECORD WAS SET OR TIED.
MM INDICATES DATA IS MISSING.
T  INDICATES TRACE AMOUNT.




$$
