000
CDUS43 KABR 051036
CLIPIR


CLIMATE REPORT
NATIONAL WEATHER SERVICE ABERDEEN SD
535 AM CDT SAT SEP 5 2015


...................................

...THE PIERRE SD CLIMATE SUMMARY FOR SEPTEMBER 4 2015...

CLIMATE NORMAL PERIOD 1981 TO 2010
CLIMATE RECORD PERIOD 1892 TO 2015


WEATHER ITEM   OBSERVED TIME   RECORD YEAR NORMAL DEPARTURE LAST
                VALUE   (LST)  VALUE       VALUE  FROM      YEAR
                                                  NORMAL
..................................................................
TEMPERATURE (F)
 YESTERDAY
  MAXIMUM         92    315 PM 105    2001  82     10       79
  MINIMUM         68    553 AM  38    1965  54     14       56
  AVERAGE         80                        68     12       68

PRECIPITATION (IN)
  YESTERDAY        0.07          1.70 1975   0.05   0.02     0.00
  MONTH TO DATE    0.07                      0.21  -0.14      T
  SINCE SEP 1      0.07                      0.21  -0.14      T
  SINCE JAN 1     18.22                     15.39   2.83    16.22

DEGREE DAYS
 HEATING
  YESTERDAY        0                         2     -2        0
  MONTH TO DATE    0                         8     -8        0
  SINCE SEP 1      0                         8     -8        0
  SINCE JUL 1     25                        28     -3       28

 COOLING
  YESTERDAY       15                         5     10        3
  MONTH TO DATE   54                        23     31       20
  SINCE SEP 1     54                        23     31       20
  SINCE JAN 1    764                       800    -36      556
..................................................................


WIND (MPH)
  RESULTANT WIND SPEED   6   RESULTANT WIND DIRECTION  SE (120)
  HIGHEST WIND SPEED    28   HIGHEST WIND DIRECTION     S (190)
  HIGHEST GUST SPEED    33   HIGHEST GUST DIRECTION     S (190)
  AVERAGE WIND SPEED     8.8




RELATIVE HUMIDITY (PERCENT)
 HIGHEST    93           200 AM
 LOWEST     44           200 PM
 AVERAGE    69

..........................................................


THE PIERRE SD CLIMATE NORMALS FOR TODAY
                         NORMAL    RECORD    YEAR
 MAXIMUM TEMPERATURE (F)   82       105      1933
 MINIMUM TEMPERATURE (F)   54        38      1965


SUNRISE AND SUNSET
SEPTEMBER  5 2015.....SUNRISE   708 AM CDT   SUNSET   811 PM CDT
SEPTEMBER  6 2015.....SUNRISE   709 AM CDT   SUNSET   809 PM CDT


-  INDICATES NEGATIVE NUMBERS.
R  INDICATES RECORD WAS SET OR TIED.
MM INDICATES DATA IS MISSING.
T  INDICATES TRACE AMOUNT.




$$
