000
CDUS43 KABR 301200
CLIPIR


CLIMATE REPORT
NATIONAL WEATHER SERVICE ABERDEEN SD
700 AM CDT THU MAR 30 2017


...................................

...THE PIERRE SD CLIMATE SUMMARY FOR MARCH 29 2017...

CLIMATE NORMAL PERIOD 1981 TO 2010
CLIMATE RECORD PERIOD 1892 TO 2017


WEATHER ITEM   OBSERVED TIME   RECORD YEAR NORMAL DEPARTURE LAST
                VALUE   (LST)  VALUE       VALUE  FROM      YEAR
                                                  NORMAL
..................................................................
TEMPERATURE (F)
 YESTERDAY
  MAXIMUM         62    216 PM  80    1943  51     11       61
  MINIMUM         36   1155 PM  -7    1965  28      8       38
  AVERAGE         49                        40      9       50

PRECIPITATION (IN)
  YESTERDAY        T             1.48 1998   0.06  -0.06      T
                                      2002
  MONTH TO DATE    0.34                      1.12  -0.78     1.01
  SINCE MAR 1      0.34                      1.12  -0.78     1.01
  SINCE JAN 1      1.57                      2.13  -0.56     2.01

SNOWFALL (IN)
  YESTERDAY       MM             5.5  1934   0.1   MM        0.0
  MONTH TO DATE    4.5                       5.6   -1.1      1.5
  SINCE OCT 1     32.6                      27.4    5.2     28.7
  SINCE JUL 1     32.6                      27.4    5.2     28.7
  SNOW DEPTH       0

DEGREE DAYS
 HEATING
  YESTERDAY       16                        25     -9       15
  MONTH TO DATE  824                       897    -73      708
  SINCE MAR 1    824                       897    -73      708
  SINCE JUL 1   5980                      6395   -415     5542

 COOLING
  YESTERDAY        0                         0      0        0
  MONTH TO DATE    0                         0      0        0
  SINCE MAR 1      0                         0      0        0
  SINCE JAN 1      0                         0      0        0
..................................................................


WIND (MPH)
  RESULTANT WIND SPEED   6   RESULTANT WIND DIRECTION  SE (120)
  HIGHEST WIND SPEED    22   HIGHEST WIND DIRECTION    SE (130)
  HIGHEST GUST SPEED    25   HIGHEST GUST DIRECTION    SE (130)
  AVERAGE WIND SPEED     9.0




RELATIVE HUMIDITY (PERCENT)
 HIGHEST    96           400 AM
 LOWEST     36           300 PM
 AVERAGE    66

..........................................................


THE PIERRE SD CLIMATE NORMALS FOR TODAY
                         NORMAL    RECORD    YEAR
 MAXIMUM TEMPERATURE (F)   52        86      1978
 MINIMUM TEMPERATURE (F)   28         4      1975


SUNRISE AND SUNSET
MARCH 30 2017.........SUNRISE   725 AM CDT   SUNSET   806 PM CDT
MARCH 31 2017.........SUNRISE   724 AM CDT   SUNSET   808 PM CDT


-  INDICATES NEGATIVE NUMBERS.
R  INDICATES RECORD WAS SET OR TIED.
MM INDICATES DATA IS MISSING.
T  INDICATES TRACE AMOUNT.




$$
