000
CDUS41 KPBZ 290716
CLIPIT

CLIMATE REPORT
NATIONAL WEATHER SERVICE PITTSBURGH PA
315 AM EDT THU SEP 29 2016

...................................

...THE PITTSBURGH PA CLIMATE SUMMARY FOR SEPTEMBER 28 2016...

CLIMATE NORMAL PERIOD 1981 TO 2010
CLIMATE RECORD PERIOD 1871 TO 2016

WEATHER ITEM   OBSERVED TIME   RECORD YEAR NORMAL DEPARTURE LAST
                VALUE   (LST)  VALUE       VALUE  FROM      YEAR
                                                  NORMAL
..................................................................
TEMPERATURE (F)
 YESTERDAY
  MAXIMUM         76    156 PM  90    1959  69      7       72
  MINIMUM         47    647 AM  34    1989  49     -2       63
                                      1942
  AVERAGE         62                        59      3       68

PRECIPITATION (IN)
  YESTERDAY        0.00          1.89 1979   0.09  -0.09     0.43
  MONTH TO DATE    1.15                      2.93  -1.78     1.58
  SINCE JUN 1     10.66                     14.54  -3.88    14.82
  SINCE JAN 1     24.28                     29.64  -5.36    29.30

SNOWFALL (IN)
  YESTERDAY        0.0           0.0  2002   0.0    0.0      0.0
                                      2001
  MONTH TO DATE    0.0                       0.0    0.0      0.0
  SINCE OCT 1     29.6                      41.9  -12.3     47.5
  SINCE JUL 1      0.0                       0.0    0.0      0.0
  SNOW DEPTH       0

DEGREE DAYS
 HEATING
  YESTERDAY        3                         7     -4        0
  MONTH TO DATE    8                        87    -79       20
  SINCE SEP 1      8                        87    -79       20
  SINCE JUL 1      9                       100    -91       26

 COOLING
  YESTERDAY        0                         1     -1        3
  MONTH TO DATE  156                        73     83      171
  SINCE SEP 1    156                        73     83      171
  SINCE JAN 1   1131                       725    406      974
..................................................................

WIND (MPH)
  HIGHEST WIND SPEED    23   HIGHEST WIND DIRECTION    SE (120)
  HIGHEST GUST SPEED    28   HIGHEST GUST DIRECTION    SE (130)
  AVERAGE WIND SPEED     8.8


SKY COVER
  POSSIBLE SUNSHINE  MM
  AVERAGE SKY COVER 0.5


WEATHER CONDITIONS
 THE FOLLOWING WEATHER WAS RECORDED YESTERDAY.
  NO SIGNIFICANT WEATHER WAS OBSERVED.


RELATIVE HUMIDITY (PERCENT)
 HIGHEST    86           600 AM
 LOWEST     44          1100 AM
 AVERAGE    65

..........................................................


THE PITTSBURGH PA CLIMATE NORMALS FOR TODAY
                         NORMAL    RECORD    YEAR
 MAXIMUM TEMPERATURE (F)   69        89      1959
                                             1881
 MINIMUM TEMPERATURE (F)   49        35      2000
                                             1978
                                             1969


SUNRISE AND SUNSET
SEPTEMBER 29 2016.....SUNRISE   716 AM EDT   SUNSET   705 PM EDT
SEPTEMBER 30 2016.....SUNRISE   717 AM EDT   SUNSET   704 PM EDT


-  INDICATES NEGATIVE NUMBERS.
R  INDICATES RECORD WAS SET OR TIED.
MM INDICATES DATA IS MISSING.
T  INDICATES TRACE AMOUNT.

&&

SNOW DEPTH IS MEASURED AT 7 AM EST OR 8 AM EDT.

$$
