295
CDUS41 KPBZ 290710
CLIPIT

CLIMATE REPORT
NATIONAL WEATHER SERVICE PITTSBURGH PA
308 AM EDT MON AUG 29 2016

...................................

...THE PITTSBURGH PA CLIMATE SUMMARY FOR AUGUST 28 2016...

CLIMATE NORMAL PERIOD 1981 TO 2010
CLIMATE RECORD PERIOD 1871 TO 2016

WEATHER ITEM   OBSERVED TIME   RECORD YEAR NORMAL DEPARTURE LAST
                VALUE   (LST)  VALUE       VALUE  FROM      YEAR
                                                  NORMAL
..................................................................
TEMPERATURE (F)
 YESTERDAY
  MAXIMUM         89    430 PM  98    1948  80      9       80
  MINIMUM         70   1153 PM  44    1968  60     10       53
                                      1965
  AVERAGE         80                        70     10       67

PRECIPITATION (IN)
  YESTERDAY        0.00          2.30 1992   0.11  -0.11     0.00
  MONTH TO DATE    3.21                      3.15   0.06     2.19
  SINCE JUN 1      9.43                     11.28  -1.85    13.14
  SINCE JAN 1     23.05                     26.38  -3.33    27.62

SNOWFALL (IN)
  YESTERDAY        0.0           0.0  2002   0.0    0.0      0.0
                                      2001
  MONTH TO DATE    0.0                       0.0    0.0      0.0
  SINCE OCT 1     29.6                      41.9  -12.3     47.5
  SINCE JUL 1      0.0                       0.0    0.0      0.0
  SNOW DEPTH       0

DEGREE DAYS
 HEATING
  YESTERDAY        0                         1     -1        0
  MONTH TO DATE    0                         1     -1        6
  SINCE JUN 1     15                        43    -28       31
  SINCE JUL 1      1                         5     -4        6

 COOLING
  YESTERDAY       15                         6      9        2
  MONTH TO DATE  321                       192    129      182
  SINCE JUN 1    876                       583    293      641
  SINCE JAN 1    946                       635    311      775
..................................................................

WIND (MPH)
  HIGHEST WIND SPEED    31   HIGHEST WIND DIRECTION    NW (310)
  HIGHEST GUST SPEED    40   HIGHEST GUST DIRECTION    NW (300)
  AVERAGE WIND SPEED     3.7


SKY COVER
  POSSIBLE SUNSHINE  MM
  AVERAGE SKY COVER 0.7


WEATHER CONDITIONS
 THE FOLLOWING WEATHER WAS RECORDED YESTERDAY.
  NO SIGNIFICANT WEATHER WAS OBSERVED.


RELATIVE HUMIDITY (PERCENT)
 HIGHEST    90           500 AM
 LOWEST     54           700 PM
 AVERAGE    72

..........................................................


THE PITTSBURGH PA CLIMATE NORMALS FOR TODAY
                         NORMAL    RECORD    YEAR
 MAXIMUM TEMPERATURE (F)   80        96      1881
                                             1880
 MINIMUM TEMPERATURE (F)   60        39      1982


SUNRISE AND SUNSET
AUGUST 29 2016........SUNRISE   646 AM EDT   SUNSET   757 PM EDT
AUGUST 30 2016........SUNRISE   647 AM EDT   SUNSET   755 PM EDT


-  INDICATES NEGATIVE NUMBERS.
R  INDICATES RECORD WAS SET OR TIED.
MM INDICATES DATA IS MISSING.
T  INDICATES TRACE AMOUNT.

&&

SNOW DEPTH IS MEASURED AT 7 AM EST OR 8 AM EDT.

$$
