000
CDUS41 KPBZ 300703
CLIPIT

CLIMATE REPORT
NATIONAL WEATHER SERVICE PITTSBURGH PA
302 AM EDT SAT APR 30 2016

...................................

...THE PITTSBURGH PA CLIMATE SUMMARY FOR APRIL 29 2016...

CLIMATE NORMAL PERIOD 1981 TO 2010
CLIMATE RECORD PERIOD 1871 TO 2016

WEATHER ITEM   OBSERVED TIME   RECORD YEAR NORMAL DEPARTURE LAST
                VALUE   (LST)  VALUE       VALUE  FROM      YEAR
                                                  NORMAL
..................................................................
TEMPERATURE (F)
 YESTERDAY
  MAXIMUM         57    406 PM  88    1899  66     -9       69
  MINIMUM         46    646 AM  28    1977  44      2       38
  AVERAGE         52                        55     -3       54

PRECIPITATION (IN)
  YESTERDAY        T             1.24 1964   0.11  -0.11     0.00
  MONTH TO DATE    2.03                      3.01  -0.98     3.62
  SINCE JUN 1     35.87                     34.14   1.73    33.18
  SINCE JAN 1      9.79                     11.05  -1.26    11.43

SNOWFALL (IN)
  YESTERDAY        0.0           0.1  1961   0.0    0.0      0.0
  MONTH TO DATE    3.1                       1.5    1.6      0.3
  SINCE OCT 1     29.6                      41.9  -12.3     47.5
  SINCE JUL 1     29.6                      41.9  -12.3     47.5
  SNOW DEPTH       0

DEGREE DAYS
 HEATING
  YESTERDAY       13                        10      3       11
  MONTH TO DATE  397                       420    -23      349
  SINCE MAR 1    917                      1208   -291     1247
  SINCE JUL 1   4483                      5465   -982     5915

 COOLING
  YESTERDAY        0                         0      0        0
  MONTH TO DATE    1                         0      1        1
  SINCE MAR 1      3                         1      2        1
  SINCE JAN 1      3                         1      2        1
..................................................................

WIND (MPH)
  HIGHEST WIND SPEED    14   HIGHEST WIND DIRECTION     N (340)
  HIGHEST GUST SPEED    17   HIGHEST GUST DIRECTION     N (20)
  AVERAGE WIND SPEED     6.8


SKY COVER
  POSSIBLE SUNSHINE  MM
  AVERAGE SKY COVER 1.0


WEATHER CONDITIONS
 THE FOLLOWING WEATHER WAS RECORDED YESTERDAY.
  LIGHT RAIN
  FOG
  FOG W/VISIBILITY <= 1/4 MILE
  HAZE


RELATIVE HUMIDITY (PERCENT)
 HIGHEST    93           100 AM
 LOWEST     67           400 PM
 AVERAGE    80

..........................................................


THE PITTSBURGH PA CLIMATE NORMALS FOR TODAY
                         NORMAL    RECORD    YEAR
 MAXIMUM TEMPERATURE (F)   67        88      1899
 MINIMUM TEMPERATURE (F)   45        28      1977


SUNRISE AND SUNSET
APRIL 30 2016.........SUNRISE   621 AM EDT   SUNSET   816 PM EDT
MAY  1 2016...........SUNRISE   619 AM EDT   SUNSET   817 PM EDT


-  INDICATES NEGATIVE NUMBERS.
R  INDICATES RECORD WAS SET OR TIED.
MM INDICATES DATA IS MISSING.
T  INDICATES TRACE AMOUNT.

&&

SNOW DEPTH IS MEASURED AT 7 AM EST OR 8 AM EDT.

$$
