000
CDUS41 KPBZ 030712
CLIPIT

CLIMATE REPORT
NATIONAL WEATHER SERVICE PITTSBURGH PA
312 AM EDT MON AUG 3 2015

...................................

...THE PITTSBURGH PA CLIMATE SUMMARY FOR AUGUST 2 2015...

CLIMATE NORMAL PERIOD 1981 TO 2010
CLIMATE RECORD PERIOD 1871 TO 2015

WEATHER ITEM   OBSERVED TIME   RECORD YEAR NORMAL DEPARTURE LAST
                VALUE   (LST)  VALUE       VALUE  FROM      YEAR
                                                  NORMAL
..................................................................
TEMPERATURE (F)
 YESTERDAY
  MAXIMUM         87    335 PM  96    1975  82      5       80
  MINIMUM         64    601 AM  47    1976  63      1       65
  AVERAGE         76                        72      4       73

PRECIPITATION (IN)
  YESTERDAY        0.00          2.12 1994   0.12  -0.12     0.02
  MONTH TO DATE    0.00                      0.24  -0.24     0.02
  SINCE JUN 1     10.95                      8.37   2.58     9.26
  SINCE JAN 1     25.43                     23.47   1.96    24.35

SNOWFALL (IN)
  YESTERDAY        0.0           0.0  2002   0.0    0.0      0.0
                                      2001
  MONTH TO DATE    0.0                       0.0    0.0      0.0
  SINCE OCT 1     47.5                      41.9    5.6     63.4
  SINCE JUL 1      0.0                       0.0    0.0      0.0
  SNOW DEPTH       0

DEGREE DAYS
 HEATING
  YESTERDAY        0                         0      0        0
  MONTH TO DATE    0                         0      0        0
  SINCE JUN 1     25                        42    -17       20
  SINCE JUL 1      0                         4     -4       11

 COOLING
  YESTERDAY       11                         8      3        8
  MONTH TO DATE   20                        16      4       14
  SINCE JUN 1    479                       407     72      387
  SINCE JAN 1    613                       459    154      461
..................................................................

WIND (MPH)
  HIGHEST WIND SPEED    16   HIGHEST WIND DIRECTION    SW (230)
  HIGHEST GUST SPEED    22   HIGHEST GUST DIRECTION    SW (220)
  AVERAGE WIND SPEED     7.9


SKY COVER
  POSSIBLE SUNSHINE  MM
  AVERAGE SKY COVER 0.3


WEATHER CONDITIONS
 THE FOLLOWING WEATHER WAS RECORDED YESTERDAY.
  NO SIGNIFICANT WEATHER WAS OBSERVED.


RELATIVE HUMIDITY (PERCENT)
 HIGHEST    73           300 AM
 LOWEST     42           200 PM
 AVERAGE    58

..........................................................


THE PITTSBURGH PA CLIMATE NORMALS FOR TODAY
                         NORMAL    RECORD    YEAR
 MAXIMUM TEMPERATURE (F)   82        96      1995
                                             1930
 MINIMUM TEMPERATURE (F)   63        49      1976


SUNRISE AND SUNSET
AUGUST  3 2015........SUNRISE   620 AM EDT   SUNSET   834 PM EDT
AUGUST  4 2015........SUNRISE   621 AM EDT   SUNSET   833 PM EDT


-  INDICATES NEGATIVE NUMBERS.
R  INDICATES RECORD WAS SET OR TIED.
MM INDICATES DATA IS MISSING.
T  INDICATES TRACE AMOUNT.

&&

SNOW DEPTH IS MEASURED AT 7 AM EST OR 8 AM EDT.

$$
