000
CDUS41 KPBZ 262140
CLIPIT

CLIMATE REPORT
NATIONAL WEATHER SERVICE PITTSBURGH PA
540 PM EDT THU MAR 26 2015

...................................

...THE PITTSBURGH PA CLIMATE SUMMARY FOR MARCH 26 2015...
VALID TODAY AS OF 0500 PM LOCAL TIME.

CLIMATE NORMAL PERIOD 1981 TO 2010
CLIMATE RECORD PERIOD 1871 TO 2015

WEATHER ITEM   OBSERVED TIME   RECORD YEAR NORMAL DEPARTURE LAST
                VALUE   (LST)  VALUE       VALUE  FROM      YEAR
                                                  NORMAL
..................................................................
TEMPERATURE (F)
 TODAY
  MAXIMUM         47    710 AM  81    1945  53     -6       29
  MINIMUM         41    234 AM  13    2001  33      8       16
                                      1940
  AVERAGE         44                        43      1       23

PRECIPITATION (IN)
  TODAY            0.21          1.66 1913   0.10   0.11      T
  MONTH TO DATE    3.99                      2.43   1.56     1.18
  SINCE JUN 1     29.54                     30.61  -1.07    29.92
  SINCE JAN 1      7.79                      7.52   0.27     5.61

SNOWFALL (IN)
  TODAY           MM             3.1  1894   0.2   MM         T
  MONTH TO DATE    8.8                       6.8    2.0      4.1
  SINCE OCT 1     47.0                      39.6    7.4     62.5
  SINCE JUL 1     47.0                      39.6    7.4     62.5
  SNOW DEPTH       0

DEGREE DAYS
 HEATING
  TODAY           21                        22     -1       42
  MONTH TO DATE  743                       685     58      831
  SINCE MAR 1    743                       685     58      831
  SINCE JUL 1   5411                      4942    469     5362

 COOLING
  TODAY            0                         0      0        0
  MONTH TO DATE    0                         0      0        0
  SINCE MAR 1      0                         0      0        0
  SINCE JAN 1      0                         0      0        0
..................................................................

WIND (MPH)
  HIGHEST WIND SPEED    18   HIGHEST WIND DIRECTION     W (280)
  HIGHEST GUST SPEED    22   HIGHEST GUST DIRECTION     N (340)
  AVERAGE WIND SPEED     7.5


SKY COVER
  POSSIBLE SUNSHINE  MM
  AVERAGE SKY COVER 1.0


WEATHER CONDITIONS
 THE FOLLOWING WEATHER WAS RECORDED TODAY.
  LIGHT RAIN
  FOG


RELATIVE HUMIDITY (PERCENT)
 HIGHEST   100           700 AM
 LOWEST     86          1200 AM
 AVERAGE    93

..........................................................


THE PITTSBURGH PA CLIMATE NORMALS FOR TOMORROW
                         NORMAL    RECORD    YEAR
 MAXIMUM TEMPERATURE (F)   54        83      1950
 MINIMUM TEMPERATURE (F)   34        14      1982


SUNRISE AND SUNSET
MARCH 26 2015.........SUNRISE   715 AM EDT   SUNSET   739 PM EDT
MARCH 27 2015.........SUNRISE   713 AM EDT   SUNSET   740 PM EDT


-  INDICATES NEGATIVE NUMBERS.
R  INDICATES RECORD WAS SET OR TIED.
MM INDICATES DATA IS MISSING.
T  INDICATES TRACE AMOUNT.

&&

SNOW DEPTH IS MEASURED AT 7 AM EST OR 8 AM EDT.

$$
