000
CDUS41 KPBZ 282125
CLIPIT

CLIMATE REPORT
NATIONAL WEATHER SERVICE PITTSBURGH PA
524 PM EDT FRI AUG 28 2015

...................................

...THE PITTSBURGH PA CLIMATE SUMMARY FOR AUGUST 28 2015...
VALID TODAY AS OF 0500 PM LOCAL TIME.

CLIMATE NORMAL PERIOD 1981 TO 2010
CLIMATE RECORD PERIOD 1871 TO 2015

WEATHER ITEM   OBSERVED TIME   RECORD YEAR NORMAL DEPARTURE LAST
                VALUE   (LST)  VALUE       VALUE  FROM      YEAR
                                                  NORMAL
..................................................................
TEMPERATURE (F)
 TODAY
  MAXIMUM         79    359 PM  98    1948  80     -1       74
  MINIMUM         53    545 AM  44    1968  60     -7       59
                                      1965
  AVERAGE         66                        70     -4       67

PRECIPITATION (IN)
  TODAY            0.00          2.30 1992   0.11  -0.11     0.00
  MONTH TO DATE    2.19                      3.15  -0.96     3.98
  SINCE JUN 1     13.14                     11.28   1.86    13.22
  SINCE JAN 1     27.62                     26.38   1.24    28.31

SNOWFALL (IN)
  TODAY            0.0           0.0  2002   0.0    0.0      0.0
                                      2001
  MONTH TO DATE    0.0                       0.0    0.0      0.0
  SINCE OCT 1     47.5                      41.9    5.6     63.4
  SINCE JUL 1      0.0                       0.0    0.0      0.0
  SNOW DEPTH       0

DEGREE DAYS
 HEATING
  TODAY            0                         1     -1        0
  MONTH TO DATE    6                         1      5       10
  SINCE JUN 1     31                        43    -12       30
  SINCE JUL 1      6                         5      1       21

 COOLING
  TODAY            1                         6     -5        2
  MONTH TO DATE  181                       192    -11      156
  SINCE JUN 1    640                       583     57      529
  SINCE JAN 1    774                       635    139      603
..................................................................

WIND (MPH)
  HIGHEST WIND SPEED     7   HIGHEST WIND DIRECTION     S (170)
  HIGHEST GUST SPEED    10   HIGHEST GUST DIRECTION    NE (40)
  AVERAGE WIND SPEED     1.9


SKY COVER
  POSSIBLE SUNSHINE  MM
  AVERAGE SKY COVER 0.2


WEATHER CONDITIONS
 THE FOLLOWING WEATHER WAS RECORDED TODAY.
  FOG


RELATIVE HUMIDITY (PERCENT)
 HIGHEST    93           600 AM
 LOWEST     37           300 PM
 AVERAGE    65

..........................................................


THE PITTSBURGH PA CLIMATE NORMALS FOR TOMORROW
                         NORMAL    RECORD    YEAR
 MAXIMUM TEMPERATURE (F)   80        96      1881
                                             1880
 MINIMUM TEMPERATURE (F)   60        39      1982


SUNRISE AND SUNSET
AUGUST 28 2015........SUNRISE   644 AM EDT   SUNSET   800 PM EDT
AUGUST 29 2015........SUNRISE   645 AM EDT   SUNSET   758 PM EDT


-  INDICATES NEGATIVE NUMBERS.
R  INDICATES RECORD WAS SET OR TIED.
MM INDICATES DATA IS MISSING.
T  INDICATES TRACE AMOUNT.

&&

SNOW DEPTH IS MEASURED AT 7 AM EST OR 8 AM EDT.

$$
