000
CDUS41 KPBZ 242134
CLIPIT

CLIMATE REPORT
NATIONAL WEATHER SERVICE PITTSBURGH PA
533 PM EDT SUN MAY 24 2015

...................................

...THE PITTSBURGH PA CLIMATE SUMMARY FOR MAY 24 2015...
VALID TODAY AS OF 0500 PM LOCAL TIME.

CLIMATE NORMAL PERIOD 1981 TO 2010
CLIMATE RECORD PERIOD 1871 TO 2015

WEATHER ITEM   OBSERVED TIME   RECORD YEAR NORMAL DEPARTURE LAST
                VALUE   (LST)  VALUE       VALUE  FROM      YEAR
                                                  NORMAL
..................................................................
TEMPERATURE (F)
 TODAY
  MAXIMUM         81    225 PM  92    1875  73      8       75
  MINIMUM         47    459 AM  30    1963  52     -5       48
  AVERAGE         64                        62      2       62

PRECIPITATION (IN)
  TODAY            0.00          2.31 1973   0.14  -0.14     0.00
  MONTH TO DATE    1.94                      2.96  -1.02     2.86
  SINCE JUN 1     35.45                     37.20  -1.75    37.94
  SINCE JAN 1     13.70                     14.11  -0.41    13.63

SNOWFALL (IN)
  TODAY            0.0           T    1925   0.0    0.0      0.0
  MONTH TO DATE    0.0                       0.0    0.0      0.0
  SINCE OCT 1     47.5                      41.9    5.6     63.4
  SINCE JUL 1     47.5                      41.9    5.6     63.4
  SNOW DEPTH       0

DEGREE DAYS
 HEATING
  TODAY            1                         5     -4        3
  MONTH TO DATE   91                       170    -79      149
  SINCE MAR 1   1348                      1389    -41     1476
  SINCE JUL 1   6016                      5646    370     6007

 COOLING
  TODAY            0                         2     -2        0
  MONTH TO DATE   82                        28     54       35
  SINCE MAR 1     83                        38     45       45
  SINCE JAN 1     83                        38     45       45
..................................................................

WIND (MPH)
  HIGHEST WIND SPEED    12   HIGHEST WIND DIRECTION     S (180)
  HIGHEST GUST SPEED    16   HIGHEST GUST DIRECTION    SE (150)
  AVERAGE WIND SPEED     3.3


SKY COVER
  POSSIBLE SUNSHINE  MM
  AVERAGE SKY COVER 0.3


WEATHER CONDITIONS
 THE FOLLOWING WEATHER WAS RECORDED TODAY.
  NO SIGNIFICANT WEATHER WAS OBSERVED.


RELATIVE HUMIDITY (PERCENT)
 HIGHEST    82           500 AM
 LOWEST     20           300 PM
 AVERAGE    51

..........................................................


THE PITTSBURGH PA CLIMATE NORMALS FOR TOMORROW
                         NORMAL    RECORD    YEAR
 MAXIMUM TEMPERATURE (F)   73        95      1875
 MINIMUM TEMPERATURE (F)   52        33      2013
                                             1925


SUNRISE AND SUNSET
MAY 24 2015...........SUNRISE   557 AM EDT   SUNSET   839 PM EDT
MAY 25 2015...........SUNRISE   557 AM EDT   SUNSET   839 PM EDT


-  INDICATES NEGATIVE NUMBERS.
R  INDICATES RECORD WAS SET OR TIED.
MM INDICATES DATA IS MISSING.
T  INDICATES TRACE AMOUNT.

&&

SNOW DEPTH IS MEASURED AT 7 AM EST OR 8 AM EDT.

$$
