000
CDUS41 KRLX 170837
CLIPKB


CLIMATE REPORT
NATIONAL WEATHER SERVICE CHARLESTON WV
337 AM EST SAT FEB 17 2018


...................................

...THE PARKERSBURG WV CLIMATE SUMMARY FOR FEBRUARY 16 2018...

CLIMATE NORMAL PERIOD 1981 TO 2010
CLIMATE RECORD PERIOD 1889 TO 2018


WEATHER ITEM   OBSERVED TIME   RECORD YEAR NORMAL DEPARTURE LAST
                VALUE   (LST)  VALUE       VALUE  FROM      YEAR
                                                  NORMAL
..................................................................
TEMPERATURE (F)
 YESTERDAY
  MAXIMUM         63   1210 AM  72    1954  44     19       40
  MINIMUM         30   1159 PM  -2    1963  26      4       28
  AVERAGE         47                        35     12       34

PRECIPITATION (IN)
  YESTERDAY        1.37R         0.69 1993   0.09   1.28     0.00
  MONTH TO DATE    3.99                      1.52   2.47     2.10
  SINCE JAN 1      7.43                      4.47   2.96     6.66

SNOWFALL (IN)
  YESTERDAY       MM
  MONTH TO DATE   MM
  SINCE SEP 1     MM
  SNOW DEPTH      MM

DEGREE DAYS
 HEATING
  YESTERDAY       18                        30    -12       31
  MONTH TO DATE  454                       504    -50      431
  SINCE DEC 1   2568                      2464    104     2114
  SINCE JUL 1   3468                      3449     19     2868

 COOLING
  YESTERDAY        0                         0      0        0
  MONTH TO DATE    0                         0      0        0
  SINCE DEC 1      0                         0      0        0
  SINCE JAN 1      0                         0      0        0
..................................................................


WIND (MPH)
  HIGHEST WIND SPEED    31   HIGHEST WIND DIRECTION    NW (300)
  HIGHEST GUST SPEED    45   HIGHEST GUST DIRECTION     W (290)
  AVERAGE WIND SPEED     8.1


SKY COVER
  POSSIBLE SUNSHINE  MM
  AVERAGE SKY COVER 0.9


WEATHER CONDITIONS
 THE FOLLOWING WEATHER WAS RECORDED YESTERDAY.
  HEAVY RAIN
  RAIN
  LIGHT RAIN
  FOG
  HAZE


RELATIVE HUMIDITY (PERCENT)
 HIGHEST   100           200 AM
 LOWEST     70           700 PM
 AVERAGE    85

..........................................................


THE PARKERSBURG WV CLIMATE NORMALS FOR TODAY
                         NORMAL    RECORD    YEAR
 MAXIMUM TEMPERATURE (F)   45        73      1961
 MINIMUM TEMPERATURE (F)   26        -2      1958


SUNRISE AND SUNSET
FEBRUARY 17 2018......SUNRISE   715 AM EST   SUNSET   605 PM EST
FEBRUARY 18 2018......SUNRISE   714 AM EST   SUNSET   606 PM EST


-  INDICATES NEGATIVE NUMBERS.
R  INDICATES RECORD WAS SET OR TIED.
MM INDICATES DATA IS MISSING.
T  INDICATES TRACE AMOUNT.




$$
