000
CDUS41 KRLX 220716
CLIPKB


CLIMATE REPORT
NATIONAL WEATHER SERVICE CHARLESTON WV
316 AM EDT SUN OCT 22 2017


...................................

...THE PARKERSBURG WV CLIMATE SUMMARY FOR OCTOBER 21 2017...

CLIMATE NORMAL PERIOD 1981 TO 2010
CLIMATE RECORD PERIOD 1889 TO 2017


WEATHER ITEM   OBSERVED TIME   RECORD YEAR NORMAL DEPARTURE LAST
                VALUE   (LST)  VALUE       VALUE  FROM      YEAR
                                                  NORMAL
..................................................................
TEMPERATURE (F)
 YESTERDAY
  MAXIMUM         74    229 PM  84    1947  65      9       65
  MINIMUM         43    709 AM  21    1952  43      0       47
  AVERAGE         59                        54      5       56

PRECIPITATION (IN)
  YESTERDAY        0.00          1.15 2016   0.09  -0.09     1.15
  MONTH TO DATE    2.02                      1.90   0.12     2.62
  SINCE JAN 1     42.78                     33.77   9.01    30.79

SNOWFALL (IN)
  YESTERDAY       MM
  MONTH TO DATE   MM
  SINCE SEP 1     MM
  SNOW DEPTH      MM

DEGREE DAYS
 HEATING
  YESTERDAY        6                        12     -6        9
  MONTH TO DATE   78                       186   -108       97
  SINCE SEP 1    136                       257   -121      108
  SINCE JUL 1    138                       262   -124      108

 COOLING
  YESTERDAY        0                         0      0        0
  MONTH TO DATE   46                        13     33       36
  SINCE SEP 1    171                       119     52      271
  SINCE JAN 1    973                       949     24     1349
..................................................................


WIND (MPH)
  HIGHEST WIND SPEED     7   HIGHEST WIND DIRECTION     S (200)
  HIGHEST GUST SPEED    11   HIGHEST GUST DIRECTION    SW (210)
  AVERAGE WIND SPEED     0.8


SKY COVER
  POSSIBLE SUNSHINE  MM
  AVERAGE SKY COVER 0.3


WEATHER CONDITIONS
 THE FOLLOWING WEATHER WAS RECORDED YESTERDAY.
  FOG
  FOG W/VISIBILITY <= 1/4 MILE
  HAZE


RELATIVE HUMIDITY (PERCENT)
 HIGHEST   100           700 AM
 LOWEST     46           200 PM
 AVERAGE    73

..........................................................


THE PARKERSBURG WV CLIMATE NORMALS FOR TODAY
                         NORMAL    RECORD    YEAR
 MAXIMUM TEMPERATURE (F)   65        85      1947
 MINIMUM TEMPERATURE (F)   42        23      1930


SUNRISE AND SUNSET
OCTOBER 22 2017.......SUNRISE   743 AM EDT   SUNSET   637 PM EDT
OCTOBER 23 2017.......SUNRISE   744 AM EDT   SUNSET   635 PM EDT


-  INDICATES NEGATIVE NUMBERS.
R  INDICATES RECORD WAS SET OR TIED.
MM INDICATES DATA IS MISSING.
T  INDICATES TRACE AMOUNT.




$$
