000
CDUS41 KRLX 132230
CLIPKB


CLIMATE REPORT
NATIONAL WEATHER SERVICE CHARLESTON WV
530 PM EST SAT FEB 13 2016


...................................

...THE PARKERSBURG WV CLIMATE SUMMARY FOR FEBRUARY 13 2016...
VALID TODAY AS OF 0500 PM LOCAL TIME.

CLIMATE NORMAL PERIOD 1981 TO 2010
CLIMATE RECORD PERIOD 1889 TO 2016


WEATHER ITEM   OBSERVED TIME   RECORD YEAR NORMAL DEPARTURE LAST
                VALUE   (LST)  VALUE       VALUE  FROM      YEAR
                                                  NORMAL
..................................................................
TEMPERATURE (F)
 TODAY
  MAXIMUM         18   1208 AM  72    1990  43    -25       24
  MINIMUM          8    811 AM  -8    1899  25    -17        3
  AVERAGE         13                        34    -21       14

PRECIPITATION (IN)
  TODAY            0.00          T    2006   0.09  -0.09     0.00
                                      2006
                                      2010
  MONTH TO DATE    1.10                      1.24  -0.14     0.73
  SINCE DEC 1      7.49                      7.29   0.20     6.36
  SINCE JAN 1      2.85                      4.19  -1.34     2.96

DEGREE DAYS
 HEATING
  TODAY           52                        31     21       51
  MONTH TO DATE  436                       413     23      441
  SINCE DEC 1   2064                      2373   -309     2371
  SINCE JUL 1   2826                      3358   -532     3482

 COOLING
  TODAY            0                         0      0        0
  MONTH TO DATE    0                         0      0        0
  SINCE DEC 1      0                         0      0        0
  SINCE JAN 1      0                         0      0        0
..................................................................


WIND (MPH)
  HIGHEST WIND SPEED    18   HIGHEST WIND DIRECTION     W (280)
  HIGHEST GUST SPEED    28   HIGHEST GUST DIRECTION     W (280)
  AVERAGE WIND SPEED    11.8


SKY COVER
  POSSIBLE SUNSHINE  MM
  AVERAGE SKY COVER 0.2


WEATHER CONDITIONS
 THE FOLLOWING WEATHER WAS RECORDED TODAY.
  NO SIGNIFICANT WEATHER WAS OBSERVED.


RELATIVE HUMIDITY (PERCENT)
 HIGHEST    67           100 AM
 LOWEST     36           200 PM
 AVERAGE    52

..........................................................


THE PARKERSBURG WV CLIMATE NORMALS FOR TOMORROW
                         NORMAL    RECORD    YEAR
 MAXIMUM TEMPERATURE (F)   44        73      1930
 MINIMUM TEMPERATURE (F)   25        -6      1899


SUNRISE AND SUNSET
FEBRUARY 13 2016......SUNRISE   721 AM EST   SUNSET   600 PM EST
FEBRUARY 14 2016......SUNRISE   719 AM EST   SUNSET   601 PM EST


-  INDICATES NEGATIVE NUMBERS.
R  INDICATES RECORD WAS SET OR TIED.
MM INDICATES DATA IS MISSING.
T  INDICATES TRACE AMOUNT.




$$
