000
CDUS41 KRLX 272119
CLIPKB


CLIMATE REPORT
NATIONAL WEATHER SERVICE CHARLESTON WV
518 PM EDT WED MAY 27 2015


...................................

...THE PARKERSBURG WV CLIMATE SUMMARY FOR MAY 27 2015...
VALID TODAY AS OF 0500 PM LOCAL TIME.

CLIMATE NORMAL PERIOD 1981 TO 2010
CLIMATE RECORD PERIOD 1889 TO 2015


WEATHER ITEM   OBSERVED TIME   RECORD YEAR NORMAL DEPARTURE LAST
                VALUE   (LST)  VALUE       VALUE  FROM      YEAR
                                                  NORMAL
..................................................................
TEMPERATURE (F)
 TODAY
  MAXIMUM         82    357 PM  91    2012  77      5       MM
                                      1911
  MINIMUM         65    412 AM  36    1925  54     11       MM
  AVERAGE         74                        65      9       MM

PRECIPITATION (IN)
  TODAY            0.03          1.11 2004   0.15  -0.12    MM
  MONTH TO DATE    1.77                      3.71  -1.94    MM
  SINCE MAR 1     14.14                     10.71   3.43    MM
  SINCE JAN 1     18.03                     16.36   1.67    MM

DEGREE DAYS
 HEATING
  TODAY            0                         3     -3       MM
  MONTH TO DATE   75                       137    -62       MM
  SINCE MAR 1   1124                      1153    -29       MM
  SINCE JUL 1   5342                      4943    399       MM

 COOLING
  TODAY            9                         3      6       MM
  MONTH TO DATE  116                        49     67       MM
  SINCE MAR 1    128                        70     58       MM
  SINCE JAN 1    128                        70     58       MM
..................................................................


WIND (MPH)
  HIGHEST WIND SPEED    13   HIGHEST WIND DIRECTION    SW (210)
  HIGHEST GUST SPEED    20   HIGHEST GUST DIRECTION     W (250)
  AVERAGE WIND SPEED     6.7


SKY COVER
  POSSIBLE SUNSHINE  MM
  AVERAGE SKY COVER 0.5


WEATHER CONDITIONS
 THE FOLLOWING WEATHER WAS RECORDED TODAY.
  RAIN
  LIGHT RAIN
  FOG


RELATIVE HUMIDITY (PERCENT)
 HIGHEST    93           300 AM
 LOWEST     54           300 PM
 AVERAGE    74

..........................................................


THE PARKERSBURG WV CLIMATE NORMALS FOR TOMORROW
                         NORMAL    RECORD    YEAR
 MAXIMUM TEMPERATURE (F)   77        92      1941
 MINIMUM TEMPERATURE (F)   54        36      1994


SUNRISE AND SUNSET
MAY 27 2015...........SUNRISE   603 AM EDT   SUNSET   843 PM EDT
MAY 28 2015...........SUNRISE   603 AM EDT   SUNSET   843 PM EDT


-  INDICATES NEGATIVE NUMBERS.
R  INDICATES RECORD WAS SET OR TIED.
MM INDICATES DATA IS MISSING.
T  INDICATES TRACE AMOUNT.




$$
