000
CDUS41 KRLX 060823
CLIPKB


CLIMATE REPORT
NATIONAL WEATHER SERVICE CHARLESTON WV
321 AM EST FRI MAR 6 2015


...................................

...THE PARKERSBURG WV CLIMATE SUMMARY FOR MARCH 5 2015...

CLIMATE NORMAL PERIOD 1981 TO 2010
CLIMATE RECORD PERIOD 1889 TO 2015


WEATHER ITEM   OBSERVED TIME   RECORD YEAR NORMAL DEPARTURE LAST
                VALUE   (LST)  VALUE       VALUE  FROM      YEAR
                                                  NORMAL
..................................................................
TEMPERATURE (F)
 YESTERDAY
  MAXIMUM         30   1224 AM  84    1983  50    -20       MM
  MINIMUM          9   1159 PM   0    1976  30    -21       MM
  AVERAGE         20                        40    -20       MM

PRECIPITATION (IN)
  YESTERDAY        0.42          0.99 2011   0.11   0.31     0.00
  MONTH TO DATE    3.04                      0.52   2.52     0.53
  SINCE JAN 1      6.93                      6.17   0.76     4.42

SNOWFALL (IN)
  YESTERDAY       MM
  MONTH TO DATE   MM
  SINCE SEP 1     MM
  SINCE JUL 1     MM
  SNOW DEPTH      MM

DEGREE DAYS
 HEATING
  YESTERDAY       45                        25     20       38
  MONTH TO DATE  165                       130     35      197
  SINCE MAR 1    165                       130     35      197
  SINCE JUL 1     MM                      3920     MM     3960

 COOLING
  YESTERDAY        0                         0      0        0
  MONTH TO DATE    0                         0      0        0
  SINCE MAR 1      0                         0      0        0
  SINCE JAN 1      0                         0      0        0
..................................................................


WIND (MPH)
  HIGHEST WIND SPEED    14   HIGHEST WIND DIRECTION    NE (30)
  HIGHEST GUST SPEED    22   HIGHEST GUST DIRECTION    NW (330)
  AVERAGE WIND SPEED     5.7


SKY COVER
  POSSIBLE SUNSHINE  MM
  AVERAGE SKY COVER 0.9


WEATHER CONDITIONS
 THE FOLLOWING WEATHER WAS RECORDED YESTERDAY.
  SNOW
  LIGHT SNOW
  FOG


RELATIVE HUMIDITY (PERCENT)
 HIGHEST    92          1200 AM
 LOWEST     73           500 PM
 AVERAGE    83

..........................................................


THE PARKERSBURG WV CLIMATE NORMALS FOR TODAY
                         NORMAL    RECORD    YEAR
 MAXIMUM TEMPERATURE (F)   50        76      1973
 MINIMUM TEMPERATURE (F)   30         6      1960


SUNRISE AND SUNSET
MARCH  6 2015.........SUNRISE   651 AM EST   SUNSET   623 PM EST
MARCH  7 2015.........SUNRISE   650 AM EST   SUNSET   624 PM EST


-  INDICATES NEGATIVE NUMBERS.
R  INDICATES RECORD WAS SET OR TIED.
MM INDICATES DATA IS MISSING.
T  INDICATES TRACE AMOUNT.




$$
