000
CDUS41 KRLX 230816
CLIPKB


CLIMATE REPORT
NATIONAL WEATHER SERVICE CHARLESTON WV
415 AM EDT SAT JUL 23 2016


...................................

...THE PARKERSBURG WV CLIMATE SUMMARY FOR JULY 22 2016...

CLIMATE NORMAL PERIOD 1981 TO 2010
CLIMATE RECORD PERIOD 1889 TO 2016


WEATHER ITEM   OBSERVED TIME   RECORD YEAR NORMAL DEPARTURE LAST
                VALUE   (LST)  VALUE       VALUE  FROM      YEAR
                                                  NORMAL
..................................................................
TEMPERATURE (F)
 YESTERDAY
  MAXIMUM         90   1255 PM 100    1934  85      5       82
  MINIMUM         68    539 AM  51    2007  64      4       58
                                      1966
  AVERAGE         79                        74      5       70

PRECIPITATION (IN)
  YESTERDAY        0.00          0.80 2005   0.15  -0.15     0.00
  MONTH TO DATE    3.26                      2.96   0.30     1.10
  SINCE JAN 1     23.63                     23.93  -0.30    25.18

SNOWFALL (IN)
  YESTERDAY       MM
  MONTH TO DATE   MM
  SINCE SEP 1     MM
  SNOW DEPTH      MM

DEGREE DAYS
 HEATING
  YESTERDAY        0                         0      0        0
  MONTH TO DATE    0                         0      0        0
  SINCE JUN 1      7                        19    -12       15
  SINCE JUL 1      0                         0      0        0

 COOLING
  YESTERDAY       14                         9      5        5
  MONTH TO DATE  217                       210      7      182
  SINCE JUN 1    449                       401     48      405
  SINCE JAN 1    537                       485     52      566
..................................................................


WIND (MPH)
  HIGHEST WIND SPEED    13   HIGHEST WIND DIRECTION     W (270)
  HIGHEST GUST SPEED    19   HIGHEST GUST DIRECTION     W (260)
  AVERAGE WIND SPEED     3.8


SKY COVER
  POSSIBLE SUNSHINE  MM
  AVERAGE SKY COVER 0.1


WEATHER CONDITIONS
 THE FOLLOWING WEATHER WAS RECORDED YESTERDAY.
  THUNDERSTORM
  FOG


RELATIVE HUMIDITY (PERCENT)
 HIGHEST    90           100 AM
 LOWEST     63          1200 PM
 AVERAGE    77

..........................................................


THE PARKERSBURG WV CLIMATE NORMALS FOR TODAY
                         NORMAL    RECORD    YEAR
 MAXIMUM TEMPERATURE (F)   85        97      1991
 MINIMUM TEMPERATURE (F)   64        47      1947


SUNRISE AND SUNSET
JULY 23 2016..........SUNRISE   618 AM EDT   SUNSET   846 PM EDT
JULY 24 2016..........SUNRISE   619 AM EDT   SUNSET   845 PM EDT


-  INDICATES NEGATIVE NUMBERS.
R  INDICATES RECORD WAS SET OR TIED.
MM INDICATES DATA IS MISSING.
T  INDICATES TRACE AMOUNT.




$$
