038
CDUS41 KRLX 222117
CLIPKB


CLIMATE REPORT
NATIONAL WEATHER SERVICE CHARLESTON WV
517 PM EDT THU JUN 22 2017


...................................

...THE PARKERSBURG WV CLIMATE SUMMARY FOR JUNE 22 2017...
VALID TODAY AS OF 0500 PM LOCAL TIME.

CLIMATE NORMAL PERIOD 1981 TO 2010
CLIMATE RECORD PERIOD 1889 TO 2017


WEATHER ITEM   OBSERVED TIME   RECORD YEAR NORMAL DEPARTURE LAST
                VALUE   (LST)  VALUE       VALUE  FROM      YEAR
                                                  NORMAL
..................................................................
TEMPERATURE (F)
 TODAY
  MAXIMUM         84    129 PM  98    1988  84      0       78
  MINIMUM         69   1227 AM  39    1992  62      7       57
  AVERAGE         77                        73      4       68

PRECIPITATION (IN)
  TODAY            T             1.77 1974   0.13  -0.13      T
  MONTH TO DATE    3.06                      3.04   0.02     0.98
  SINCE JUN 1      3.06                      3.04   0.02     0.98
  SINCE JAN 1     23.65                     19.99   3.66    17.51

DEGREE DAYS
 HEATING
  TODAY            0                         0      0        0
  MONTH TO DATE   14                        18     -4        7
  SINCE JUN 1     14                        18     -4        7
  SINCE JUL 1   3989                      4971   -982     4148

 COOLING
  TODAY           12                         8      4        3
  MONTH TO DATE  147                       125     22      164
  SINCE JUN 1    147                       125     22      164
  SINCE JAN 1    267                       209     58      252
..................................................................


WIND (MPH)
  HIGHEST WIND SPEED    14   HIGHEST WIND DIRECTION     S (200)
  HIGHEST GUST SPEED    20   HIGHEST GUST DIRECTION    SW (210)
  AVERAGE WIND SPEED     6.4


SKY COVER
  POSSIBLE SUNSHINE  MM
  AVERAGE SKY COVER 0.4


WEATHER CONDITIONS
 THE FOLLOWING WEATHER WAS RECORDED TODAY.
  LIGHT RAIN


RELATIVE HUMIDITY (PERCENT)
 HIGHEST    90          1200 AM
 LOWEST     65          1200 PM
 AVERAGE    78

..........................................................


THE PARKERSBURG WV CLIMATE NORMALS FOR TOMORROW
                         NORMAL    RECORD    YEAR
 MAXIMUM TEMPERATURE (F)   84        94      1964
                                             1948
 MINIMUM TEMPERATURE (F)   62        48      1972


SUNRISE AND SUNSET
JUNE 22 2017..........SUNRISE   559 AM EDT   SUNSET   856 PM EDT
JUNE 23 2017..........SUNRISE   600 AM EDT   SUNSET   856 PM EDT


-  INDICATES NEGATIVE NUMBERS.
R  INDICATES RECORD WAS SET OR TIED.
MM INDICATES DATA IS MISSING.
T  INDICATES TRACE AMOUNT.




$$
