000
CDUS41 KRLX 240840
CLIPKB


CLIMATE REPORT
NATIONAL WEATHER SERVICE CHARLESTON WV
338 AM EST TUE JAN 24 2017


...................................

...THE PARKERSBURG WV CLIMATE SUMMARY FOR JANUARY 23 2017...

CLIMATE NORMAL PERIOD 1981 TO 2010
CLIMATE RECORD PERIOD 1889 TO 2017


WEATHER ITEM   OBSERVED TIME   RECORD YEAR NORMAL DEPARTURE LAST
                VALUE   (LST)  VALUE       VALUE  FROM      YEAR
                                                  NORMAL
..................................................................
TEMPERATURE (F)
 YESTERDAY
  MAXIMUM         54   1221 AM  69    1967  40     14       33
  MINIMUM         39   1159 PM -16    1936  23     16       15
  AVERAGE         47                        32     15       24

PRECIPITATION (IN)
  YESTERDAY        0.76          0.96 2006   0.09   0.67     0.28
  MONTH TO DATE    4.31                      2.17   2.14     1.74
  SINCE JAN 1      4.31                      2.17   2.14     1.74

SNOWFALL (IN)
  YESTERDAY       MM
  MONTH TO DATE   MM
  SINCE SEP 1     MM
  SNOW DEPTH      MM

DEGREE DAYS
 HEATING
  YESTERDAY       18                        33    -15       41
  MONTH TO DATE  599                       774   -175      846
  SINCE DEC 1   1459                      1699   -240     1389
  SINCE JUL 1   2213                      2684   -471     2151

 COOLING
  YESTERDAY        0                         0      0        0
  MONTH TO DATE    0                         0      0        0
  SINCE DEC 1      0                         0      0        0
  SINCE JAN 1      0                         0      0        0
..................................................................


WIND (MPH)
  HIGHEST WIND SPEED    20   HIGHEST WIND DIRECTION    NE (60)
  HIGHEST GUST SPEED    27   HIGHEST GUST DIRECTION    NE (60)
  AVERAGE WIND SPEED     9.5


SKY COVER
  POSSIBLE SUNSHINE  MM
  AVERAGE SKY COVER 1.0


WEATHER CONDITIONS
 THE FOLLOWING WEATHER WAS RECORDED YESTERDAY.
  RAIN
  LIGHT RAIN
  FOG
  HAZE


RELATIVE HUMIDITY (PERCENT)
 HIGHEST    92          1100 PM
 LOWEST     71           600 AM
 AVERAGE    82

..........................................................


THE PARKERSBURG WV CLIMATE NORMALS FOR TODAY
                         NORMAL    RECORD    YEAR
 MAXIMUM TEMPERATURE (F)   40        74      1943
 MINIMUM TEMPERATURE (F)   23       -14      1963


SUNRISE AND SUNSET
JANUARY 24 2017.......SUNRISE   739 AM EST   SUNSET   537 PM EST
JANUARY 25 2017.......SUNRISE   738 AM EST   SUNSET   538 PM EST


-  INDICATES NEGATIVE NUMBERS.
R  INDICATES RECORD WAS SET OR TIED.
MM INDICATES DATA IS MISSING.
T  INDICATES TRACE AMOUNT.




$$
