000
CDUS41 KRLX 020718
CLIPKB


CLIMATE REPORT
NATIONAL WEATHER SERVICE CHARLESTON WV
317 AM EDT WED SEP 2 2015


...................................

...THE PARKERSBURG WV CLIMATE SUMMARY FOR SEPTEMBER 1 2015...

CLIMATE NORMAL PERIOD 1981 TO 2010
CLIMATE RECORD PERIOD 1889 TO 2015


WEATHER ITEM   OBSERVED TIME   RECORD YEAR NORMAL DEPARTURE LAST
                VALUE   (LST)  VALUE       VALUE  FROM      YEAR
                                                  NORMAL
..................................................................
TEMPERATURE (F)
 YESTERDAY
  MAXIMUM         91    253 PM 101    1953  82      9       86
  MINIMUM         65    629 AM  45    1967  60      5       72
  AVERAGE         78                        71      7       79

PRECIPITATION (IN)
  YESTERDAY        0.00          1.39 2003   0.11  -0.11     0.12
  MONTH TO DATE    0.00                      0.11  -0.11     0.12
  SINCE JAN 1     27.97                     28.90  -0.93       MM

SNOWFALL (IN)
  YESTERDAY        0.0
  MONTH TO DATE    0.0
  SINCE SEP 1      0.0
  SINCE JUL 1      0.0
  SNOW DEPTH       0

DEGREE DAYS
 HEATING
  YESTERDAY        0                         0      0        0
  MONTH TO DATE    0                         0      0        0
  SINCE SEP 1      0                         0      0       MM
  SINCE JUL 1      3                         5     -2       MM

 COOLING
  YESTERDAY       13                         7      6       14
  MONTH TO DATE   13                         7      6       14
  SINCE SEP 1     13                         7      6       MM
  SINCE JAN 1    889                       837     52       MM
..................................................................


WIND (MPH)
  HIGHEST WIND SPEED    12   HIGHEST WIND DIRECTION     W (290)
  HIGHEST GUST SPEED    15   HIGHEST GUST DIRECTION     W (290)
  AVERAGE WIND SPEED     2.3


SKY COVER
  POSSIBLE SUNSHINE  MM
  AVERAGE SKY COVER 0.1


WEATHER CONDITIONS
 THE FOLLOWING WEATHER WAS RECORDED YESTERDAY.
  FOG


RELATIVE HUMIDITY (PERCENT)
 HIGHEST    93           300 AM
 LOWEST     41           300 PM
 AVERAGE    67

..........................................................


THE PARKERSBURG WV CLIMATE NORMALS FOR TODAY
                         NORMAL    RECORD    YEAR
 MAXIMUM TEMPERATURE (F)   82       101      1953
 MINIMUM TEMPERATURE (F)   60        43      1967


SUNRISE AND SUNSET
SEPTEMBER  2 2015.....SUNRISE   655 AM EDT   SUNSET   755 PM EDT
SEPTEMBER  3 2015.....SUNRISE   656 AM EDT   SUNSET   754 PM EDT


-  INDICATES NEGATIVE NUMBERS.
R  INDICATES RECORD WAS SET OR TIED.
MM INDICATES DATA IS MISSING.
T  INDICATES TRACE AMOUNT.




$$
