000
CDUS46 KLOX 240929
CLIPMD


CLIMATE REPORT
NATIONAL WEATHER SERVICE LOS ANGELES/OXNARD CA
129 AM PST FRI NOV 24 2017


...................................

...THE PALMDALE AIRPORT CA CLIMATE SUMMARY FOR NOVEMBER 23 2017...

CLIMATE NORMAL PERIOD 1981 TO 2010
CLIMATE RECORD PERIOD 1931 TO 2017


WEATHER ITEM   OBSERVED TIME   RECORD YEAR NORMAL DEPARTURE LAST
                VALUE   (LST)  VALUE       VALUE  FROM      YEAR
                                                  NORMAL
..................................................................
TEMPERATURE (F)
 YESTERDAY
  MAXIMUM         81R   402 PM  81    2017  64     17       61
  MINIMUM         44    605 AM  16    1941  34     10       37
  AVERAGE         63                        49     14       49

PRECIPITATION (IN)
  YESTERDAY        0.00          0.43 1946   0.02  -0.02     0.00
  MONTH TO DATE    T                         0.57  -0.57     0.17
  SINCE OCT 1      T                         1.17  -1.17     0.24
  SINCE JAN 1      4.56                      7.02  -2.46     2.71

SNOWFALL (IN)
  YESTERDAY        0.0           0.0  1973  MM               0.0
  MONTH TO DATE    0.0                      MM               0.0
  SINCE SEP 1      0.0                      MM               0.0
  SINCE JUL 1      0.0                      MM               0.0
  SNOW DEPTH       0

DEGREE DAYS
 HEATING
  YESTERDAY        2                        16    -14       16
  MONTH TO DATE  151                       277   -126      181
  SINCE SEP 1    224                       404   -180      236
  SINCE JUL 1    224                       404   -180      236

 COOLING
  YESTERDAY        0                         0      0        0
  MONTH TO DATE    1                         0      1        0
  SINCE SEP 1    354                       332     22      322
  SINCE JAN 1   2267                      1814    453     2086
..................................................................


WIND (MPH)
  HIGHEST WIND SPEED    12   HIGHEST WIND DIRECTION     S (200)
  HIGHEST GUST SPEED    12   HIGHEST GUST DIRECTION     S (190)
  AVERAGE WIND SPEED     4.1


SKY COVER
  POSSIBLE SUNSHINE  MM
  AVERAGE SKY COVER 0.0


WEATHER CONDITIONS
 THE FOLLOWING WEATHER WAS RECORDED YESTERDAY.
  NO SIGNIFICANT WEATHER WAS OBSERVED.


RELATIVE HUMIDITY (PERCENT)
 HIGHEST    65           500 AM
 LOWEST     18           200 PM
 AVERAGE    42

..........................................................


THE PALMDALE AIRPORT CA CLIMATE NORMALS FOR TODAY
                         NORMAL    RECORD    YEAR
 MAXIMUM TEMPERATURE (F)   63        78      1949
 MINIMUM TEMPERATURE (F)   34        12      1938


SUNRISE AND SUNSET
NOVEMBER 24 2017......SUNRISE   635 AM PST   SUNSET   443 PM PST
NOVEMBER 25 2017......SUNRISE   636 AM PST   SUNSET   443 PM PST


-  INDICATES NEGATIVE NUMBERS.
R  INDICATES RECORD WAS SET OR TIED.
MM INDICATES DATA IS MISSING.
T  INDICATES TRACE AMOUNT.




$$
