000
CDUS46 KLOX 280903
CLIPMD


CLIMATE REPORT
NATIONAL WEATHER SERVICE LOS ANGELES/OXNARD CA
203 AM PDT SAT MAY 28 2016


...................................

...THE PALMDALE AIRPORT CA CLIMATE SUMMARY FOR MAY 27 2016...

CLIMATE NORMAL PERIOD 1981 TO 2010
CLIMATE RECORD PERIOD 1931 TO 2016


WEATHER ITEM   OBSERVED TIME   RECORD YEAR NORMAL DEPARTURE LAST
                VALUE   (LST)  VALUE       VALUE  FROM      YEAR
                                                  NORMAL
..................................................................
TEMPERATURE (F)
 YESTERDAY
  MAXIMUM         86    159 PM 102    1984  86      0       87
  MINIMUM         54    407 AM  41    1934  55     -1       56
  AVERAGE         70                        71     -1       72

PRECIPITATION (IN)
  YESTERDAY        0.00          0.20 1937   0.00   0.00     0.00
  MONTH TO DATE    T                         0.23  -0.23     0.10
  SINCE OCT 1      4.28                      7.66  -3.38     4.22
  SINCE JAN 1      2.47                      5.21  -2.74     1.65

SNOWFALL (IN)
  YESTERDAY        0.0           0.0  1973  MM               0.0
  MONTH TO DATE    0.0                      MM               0.0
  SINCE MAR 1      0.0                      MM               0.0
  SINCE JUL 1      T                        MM               0.0
  SNOW DEPTH       0

DEGREE DAYS
 HEATING
  YESTERDAY        0                         1     -1        0
  MONTH TO DATE   61                        64     -3       98
  SINCE MAR 1    444                       669   -225      444
  SINCE JUL 1   2605                      2914   -309     2099

 COOLING
  YESTERDAY        5                         7     -2        7
  MONTH TO DATE   78                       118    -40       42
  SINCE MAR 1     98                       141    -43       77
  SINCE JAN 1     98                       141    -43       77
..................................................................


WIND (MPH)
  HIGHEST WIND SPEED    26   HIGHEST WIND DIRECTION     W (250)
  HIGHEST GUST SPEED    30   HIGHEST GUST DIRECTION     W (250)
  AVERAGE WIND SPEED    10.2


SKY COVER
  POSSIBLE SUNSHINE  MM
  AVERAGE SKY COVER 0.0


WEATHER CONDITIONS
 THE FOLLOWING WEATHER WAS RECORDED YESTERDAY.
  NO SIGNIFICANT WEATHER WAS OBSERVED.


RELATIVE HUMIDITY (PERCENT)
 HIGHEST    61           500 AM
 LOWEST     14           200 PM
 AVERAGE    38

..........................................................


THE PALMDALE AIRPORT CA CLIMATE NORMALS FOR TODAY
                         NORMAL    RECORD    YEAR
 MAXIMUM TEMPERATURE (F)   87       106      2003
 MINIMUM TEMPERATURE (F)   55        39      1964


SUNRISE AND SUNSET
MAY 28 2016...........SUNRISE   542 AM PDT   SUNSET   758 PM PDT
MAY 29 2016...........SUNRISE   541 AM PDT   SUNSET   759 PM PDT


-  INDICATES NEGATIVE NUMBERS.
R  INDICATES RECORD WAS SET OR TIED.
MM INDICATES DATA IS MISSING.
T  INDICATES TRACE AMOUNT.




$$
