000
CDUS46 KLOX 220904
CLIPMD


CLIMATE REPORT
NATIONAL WEATHER SERVICE LOS ANGELES/OXNARD CA
104 AM PST WED FEB 22 2017


...................................

...THE PALMDALE AIRPORT CA CLIMATE SUMMARY FOR FEBRUARY 21 2017...

CLIMATE NORMAL PERIOD 1981 TO 2010
CLIMATE RECORD PERIOD 1931 TO 2017


WEATHER ITEM   OBSERVED TIME   RECORD YEAR NORMAL DEPARTURE LAST
                VALUE   (LST)  VALUE       VALUE  FROM      YEAR
                                                  NORMAL
..................................................................
TEMPERATURE (F)
 YESTERDAY
  MAXIMUM         61    116 PM  77    1991  63     -2       75
  MINIMUM         50   1159 PM  11    1953  37     13       34
  AVERAGE         56                        50      6       55

PRECIPITATION (IN)
  YESTERDAY        0.00          1.62 1944   0.06  -0.06     0.00
                                      1962
  MONTH TO DATE    1.71                      1.32   0.39     0.09
  SINCE OCT 1      5.82                      5.34   0.48     3.26
  SINCE JAN 1      4.03                      2.89   1.14     1.45

SNOWFALL (IN)
  YESTERDAY        0.0           T    1962  MM               0.0
  MONTH TO DATE    0.0                      MM               0.0
  SINCE DEC 1      0.0                      MM                T
  SINCE JUL 1      0.0                      MM                T
  SNOW DEPTH       0

DEGREE DAYS
 HEATING
  YESTERDAY        9                        15     -6       10
  MONTH TO DATE  215                       358   -143      304
  SINCE DEC 1   1385                      1615   -230     1573
  SINCE JUL 1   1768                      2142   -374     2096

 COOLING
  YESTERDAY        0                         0      0        0
  MONTH TO DATE    0                         0      0        0
  SINCE DEC 1      0                         0      0        0
  SINCE JAN 1      0                         0      0        0
..................................................................


WIND (MPH)
  HIGHEST WIND SPEED    22   HIGHEST WIND DIRECTION     W (250)
  HIGHEST GUST SPEED    27   HIGHEST GUST DIRECTION     W (250)
  AVERAGE WIND SPEED    11.2


SKY COVER
  POSSIBLE SUNSHINE  MM
  AVERAGE SKY COVER 0.6


WEATHER CONDITIONS
 THE FOLLOWING WEATHER WAS RECORDED YESTERDAY.
  NO SIGNIFICANT WEATHER WAS OBSERVED.


RELATIVE HUMIDITY (PERCENT)
 HIGHEST    89          1200 AM
 LOWEST     55          1000 AM
 AVERAGE    72

..........................................................


THE PALMDALE AIRPORT CA CLIMATE NORMALS FOR TODAY
                         NORMAL    RECORD    YEAR
 MAXIMUM TEMPERATURE (F)   63        76      2012
                                             1995
 MINIMUM TEMPERATURE (F)   37        16      1953


SUNRISE AND SUNSET
FEBRUARY 22 2017......SUNRISE   630 AM PST   SUNSET   542 PM PST
FEBRUARY 23 2017......SUNRISE   628 AM PST   SUNSET   543 PM PST


-  INDICATES NEGATIVE NUMBERS.
R  INDICATES RECORD WAS SET OR TIED.
MM INDICATES DATA IS MISSING.
T  INDICATES TRACE AMOUNT.




$$
