000
CDUS46 KLOX 250121
CLIPMD


CLIMATE REPORT
NATIONAL WEATHER SERVICE LOS ANGELES/OXNARD CA
520 PM PST SAT FEB 24 2018


...................................

...THE PALMDALE AIRPORT CA CLIMATE SUMMARY FOR FEBRUARY 24 2018...
VALID TODAY AS OF 0500 PM LOCAL TIME.

CLIMATE NORMAL PERIOD 1981 TO 2010
CLIMATE RECORD PERIOD 1931 TO 2018


WEATHER ITEM   OBSERVED TIME   RECORD YEAR NORMAL DEPARTURE LAST
                VALUE   (LST)  VALUE       VALUE  FROM      YEAR
                                                  NORMAL
..................................................................
TEMPERATURE (F)
 TODAY
  MAXIMUM         59    110 PM  79    1986  63     -4       53
  MINIMUM         21    607 AM  17    1955  37    -16       32
  AVERAGE         40                        50    -10       43

PRECIPITATION (IN)
  TODAY            0.00          1.02 1998   0.06  -0.06     0.00
  MONTH TO DATE    T                         1.52  -1.52     1.71
  SINCE OCT 1      0.60                      5.54  -4.94     5.82
  SINCE JAN 1      0.60                      3.09  -2.49     4.03

SNOWFALL (IN)
  TODAY            0.0           T    1962  MM               0.0
  MONTH TO DATE    0.0                      MM               0.0
  SINCE DEC 1      0.0                      MM               0.0
  SINCE JUL 1      0.0                      MM               0.0
  SNOW DEPTH       0

DEGREE DAYS
 HEATING
  TODAY           25                        15     10       22
  MONTH TO DATE  356                       403    -47      278
  SINCE DEC 1   1309                      1660   -351     1448
  SINCE JUL 1   1594                      2187   -593     1831

 COOLING
  TODAY            0                         0      0        0
  MONTH TO DATE    0                         0      0        0
  SINCE DEC 1      0                         0      0        0
  SINCE JAN 1      0                         0      0        0
..................................................................


WIND (MPH)
  HIGHEST WIND SPEED    40   HIGHEST WIND DIRECTION     W (290)
  HIGHEST GUST SPEED    47   HIGHEST GUST DIRECTION     W (290)
  AVERAGE WIND SPEED    10.6


SKY COVER
  POSSIBLE SUNSHINE  MM
  AVERAGE SKY COVER 0.0


WEATHER CONDITIONS
 THE FOLLOWING WEATHER WAS RECORDED TODAY.
  HAZE


RELATIVE HUMIDITY (PERCENT)
 HIGHEST    68           400 AM
 LOWEST     17           100 PM
 AVERAGE    43

..........................................................


THE PALMDALE AIRPORT CA CLIMATE NORMALS FOR TOMORROW
                         NORMAL    RECORD    YEAR
 MAXIMUM TEMPERATURE (F)   63        80      1986
 MINIMUM TEMPERATURE (F)   38        22      1974


SUNRISE AND SUNSET
FEBRUARY 24 2018......SUNRISE   627 AM PST   SUNSET   544 PM PST
FEBRUARY 25 2018......SUNRISE   626 AM PST   SUNSET   545 PM PST


-  INDICATES NEGATIVE NUMBERS.
R  INDICATES RECORD WAS SET OR TIED.
MM INDICATES DATA IS MISSING.
T  INDICATES TRACE AMOUNT.




$$
