000
CDUS46 KLOX 180902
CLIPMD


CLIMATE REPORT
NATIONAL WEATHER SERVICE LOS ANGELES/OXNARD CA
202 AM PDT FRI APR 18 2014


...................................

...THE PALMDALE AIRPORT CA CLIMATE SUMMARY FOR APRIL 17 2014...

CLIMATE NORMAL PERIOD 1981 TO 2010
CLIMATE RECORD PERIOD 1931 TO 2014


WEATHER ITEM   OBSERVED TIME   RECORD YEAR NORMAL DEPARTURE LAST
                VALUE   (LST)  VALUE       VALUE  FROM      YEAR
                                                  NORMAL
..................................................................
TEMPERATURE (F)
 YESTERDAY
  MAXIMUM         83    207 PM  94    1954  73     10       64
  MINIMUM         53    527 AM  30    1944  44      9       40
  AVERAGE         68                        58     10       52

PRECIPITATION (IN)
  YESTERDAY        0.00          0.10 1957   0.02  -0.02     0.00
  MONTH TO DATE    0.11                      0.29  -0.18     0.00
  SINCE JUL 1      4.14                      7.78  -3.64     1.00
  SINCE JAN 1      2.07                      4.80  -2.73     0.71

SNOWFALL (IN)
  YESTERDAY        0.0           T    1963  MM               0.0
  MONTH TO DATE    0.0                      MM               0.0
  SINCE MAR 1      0.0                      MM               0.0
  SINCE JUL 1      0.0                      MM               0.0
  SNOW DEPTH       0

DEGREE DAYS
 HEATING
  YESTERDAY        0                         7     -7       13
  MONTH TO DATE   86                       155    -69       86
  SINCE MAR 1    349                       531   -182      292
  SINCE JUL 1   2247                      2776   -529     2496

 COOLING
  YESTERDAY        3                         1      2        0
  MONTH TO DATE   30                         2     28        9
  SINCE MAR 1     30                         4     26       16
  SINCE JAN 1     31                         4     27       16
..................................................................


WIND (MPH)
  HIGHEST WIND SPEED    24   HIGHEST WIND DIRECTION    SW (230)
  HIGHEST GUST SPEED    31   HIGHEST GUST DIRECTION    SW (220)
  AVERAGE WIND SPEED     9.8


SKY COVER
  POSSIBLE SUNSHINE  MM
  AVERAGE SKY COVER 0.0


WEATHER CONDITIONS
 THE FOLLOWING WEATHER WAS RECORDED YESTERDAY.
  NO SIGNIFICANT WEATHER WAS OBSERVED.


RELATIVE HUMIDITY (PERCENT)
 HIGHEST    60          1100 PM
 LOWEST     17          1200 PM
 AVERAGE    39

..........................................................


THE PALMDALE AIRPORT CA CLIMATE NORMALS FOR TODAY
                         NORMAL    RECORD    YEAR
 MAXIMUM TEMPERATURE (F)   73        95      1994
 MINIMUM TEMPERATURE (F)   44        28      1968


SUNRISE AND SUNSET
APRIL 18 2014.........SUNRISE   617 AM PDT   SUNSET   727 PM PDT
APRIL 19 2014.........SUNRISE   616 AM PDT   SUNSET   728 PM PDT


-  INDICATES NEGATIVE NUMBERS.
R  INDICATES RECORD WAS SET OR TIED.
MM INDICATES DATA IS MISSING.
T  INDICATES TRACE AMOUNT.




$$
