000
CDUS46 KLOX 010859
CLIPMD


CLIMATE REPORT
NATIONAL WEATHER SERVICE LOS ANGELES/OXNARD CA
159 AM PDT SAT OCT 1 2016


...................................

...THE PALMDALE AIRPORT CA CLIMATE SUMMARY FOR SEPTEMBER 30 2016...

CLIMATE NORMAL PERIOD 1981 TO 2010
CLIMATE RECORD PERIOD 1931 TO 2016


WEATHER ITEM   OBSERVED TIME   RECORD YEAR NORMAL DEPARTURE LAST
                VALUE   (LST)  VALUE       VALUE  FROM      YEAR
                                                  NORMAL
..................................................................
TEMPERATURE (F)
 YESTERDAY
  MAXIMUM         90    203 PM  99    2001  85      5       96
  MINIMUM         64    616 AM  35    1950  53     11       57
  AVERAGE         77                        69      8       77

PRECIPITATION (IN)
  YESTERDAY        0.00          0.29 1932   0.01  -0.01     0.00
  MONTH TO DATE    T                         0.29  -0.29     0.43
  SINCE OCT 1      4.28                      8.30  -4.02     6.28
  SINCE JAN 1      2.47                      5.85  -3.38     3.71

SNOWFALL (IN)
  YESTERDAY        0.0           0.0  1973  MM               0.0
  MONTH TO DATE    0.0                      MM               0.0
  SINCE SEP 1      0.0                      MM               0.0
  SINCE JUL 1      0.0                      MM               0.0
  SNOW DEPTH       0

DEGREE DAYS
 HEATING
  YESTERDAY        0                         1     -1        0
  MONTH TO DATE    5                        10     -5        0
  SINCE SEP 1      5                        12     -7        0
  SINCE JUL 1      5                        12     -7        0

 COOLING
  YESTERDAY       12                         5      7       12
  MONTH TO DATE  276                       275      1      382
  SINCE SEP 1    276                       275      1      382
  SINCE JAN 1   2040                      1757    283     1934
..................................................................


WIND (MPH)
  HIGHEST WIND SPEED    24   HIGHEST WIND DIRECTION     W (250)
  HIGHEST GUST SPEED    30   HIGHEST GUST DIRECTION     W (250)
  AVERAGE WIND SPEED    10.4


SKY COVER
  POSSIBLE SUNSHINE  MM
  AVERAGE SKY COVER 0.0


WEATHER CONDITIONS
 THE FOLLOWING WEATHER WAS RECORDED YESTERDAY.
  NO SIGNIFICANT WEATHER WAS OBSERVED.


RELATIVE HUMIDITY (PERCENT)
 HIGHEST    48           400 AM
 LOWEST     19           100 PM
 AVERAGE    34

..........................................................


THE PALMDALE AIRPORT CA CLIMATE NORMALS FOR TODAY
                         NORMAL    RECORD    YEAR
 MAXIMUM TEMPERATURE (F)   85       100      1980
 MINIMUM TEMPERATURE (F)   52        36      1971


SUNRISE AND SUNSET
OCTOBER  1 2016.......SUNRISE   647 AM PDT   SUNSET   636 PM PDT
OCTOBER  2 2016.......SUNRISE   648 AM PDT   SUNSET   634 PM PDT


-  INDICATES NEGATIVE NUMBERS.
R  INDICATES RECORD WAS SET OR TIED.
MM INDICATES DATA IS MISSING.
T  INDICATES TRACE AMOUNT.




$$
