000
CDUS46 KLOX 240915
CLIPMD


CLIMATE REPORT
NATIONAL WEATHER SERVICE LOS ANGELES/OXNARD CA
215 AM PDT FRI MAR 24 2017


...................................

...THE PALMDALE AIRPORT CA CLIMATE SUMMARY FOR MARCH 23 2017...

CLIMATE NORMAL PERIOD 1981 TO 2010
CLIMATE RECORD PERIOD 1931 TO 2017


WEATHER ITEM   OBSERVED TIME   RECORD YEAR NORMAL DEPARTURE LAST
                VALUE   (LST)  VALUE       VALUE  FROM      YEAR
                                                  NORMAL
..................................................................
TEMPERATURE (F)
 YESTERDAY
  MAXIMUM         64    318 PM  87    1990  68     -4       67
  MINIMUM         42   1131 PM  23    1936  40      2       33
  AVERAGE         53                        54     -1       50

PRECIPITATION (IN)
  YESTERDAY        0.00          0.65 1939   0.03  -0.03     0.00
  MONTH TO DATE    0.02                      1.02  -1.00     0.83
  SINCE OCT 1      5.91                      6.76  -0.85     4.09
  SINCE JAN 1      4.12                      4.31  -0.19     2.28

SNOWFALL (IN)
  YESTERDAY        0.0           T    1964  MM               0.0
  MONTH TO DATE    0.0                      MM               0.0
  SINCE MAR 1      0.0                      MM               0.0
  SINCE JUL 1      0.0                      MM                T
  SNOW DEPTH       0

DEGREE DAYS
 HEATING
  YESTERDAY       12                        11      1       15
  MONTH TO DATE  173                       288   -115      189
  SINCE MAR 1    173                       288   -115      189
  SINCE JUL 1   2082                      2533   -451     2350

 COOLING
  YESTERDAY        0                         0      0        0
  MONTH TO DATE    7                         0      7        0
  SINCE MAR 1      7                         0      7        0
  SINCE JAN 1      7                         0      7        0
..................................................................


WIND (MPH)
  HIGHEST WIND SPEED    24   HIGHEST WIND DIRECTION     W (280)
  HIGHEST GUST SPEED    30   HIGHEST GUST DIRECTION     W (280)
  AVERAGE WIND SPEED    13.6


SKY COVER
  POSSIBLE SUNSHINE  MM
  AVERAGE SKY COVER 0.0


WEATHER CONDITIONS
 THE FOLLOWING WEATHER WAS RECORDED YESTERDAY.
  NO SIGNIFICANT WEATHER WAS OBSERVED.


RELATIVE HUMIDITY (PERCENT)
 HIGHEST    82           500 AM
 LOWEST     25           600 PM
 AVERAGE    54

..........................................................


THE PALMDALE AIRPORT CA CLIMATE NORMALS FOR TODAY
                         NORMAL    RECORD    YEAR
 MAXIMUM TEMPERATURE (F)   68        84      1956
 MINIMUM TEMPERATURE (F)   40        27      1962


SUNRISE AND SUNSET
MARCH 24 2017.........SUNRISE   650 AM PDT   SUNSET   707 PM PDT
MARCH 25 2017.........SUNRISE   649 AM PDT   SUNSET   708 PM PDT


-  INDICATES NEGATIVE NUMBERS.
R  INDICATES RECORD WAS SET OR TIED.
MM INDICATES DATA IS MISSING.
T  INDICATES TRACE AMOUNT.




$$
