000
CDUS44 KMOB 230645
CLIPNS


CLIMATE REPORT
NATIONAL WEATHER SERVICE MOBILE AL
1245 AM CST THU FEB 23 2017


...................................

...THE PENSACOLA CLIMATE SUMMARY FOR FEBRUARY 22 2017...

CLIMATE NORMAL PERIOD 1981 TO 2010
CLIMATE RECORD PERIOD 1879 TO 2017


WEATHER ITEM   OBSERVED TIME   RECORD YEAR NORMAL DEPARTURE LAST
                VALUE   (LST)  VALUE       VALUE  FROM      YEAR
                                                  NORMAL
..................................................................
TEMPERATURE (F)
 YESTERDAY
  MAXIMUM         75    419 PM  81    2007  65     10       71
  MINIMUM         60    643 AM  25    1978  47     13       63
  AVERAGE         68                        56     12       67

PRECIPITATION (IN)
  YESTERDAY        0.04          2.49 1987   0.18  -0.14     0.07
  MONTH TO DATE    3.62                      3.95  -0.33     2.34
  SINCE MAR 1     71.32                     64.16   7.16    71.55
  SINCE JAN 1     15.35                      8.58   6.77     6.28

SNOWFALL (IN)
  YESTERDAY        0.0          MM      MM   0.0    0.0      0.0
  MONTH TO DATE    0.0                       0.0    0.0      0.0
  SINCE MAR 1      0.0                       0.0    0.0      0.0
  SINCE JUL 1      0.0                       0.0    0.0      0.0
  SNOW DEPTH       0

DEGREE DAYS
 HEATING
  YESTERDAY        0                         9     -9        0
  MONTH TO DATE   74                       246   -172      195
  SINCE DEC 1    457                      1045   -588      747
  SINCE JUL 1    526                      1257   -731      824

 COOLING
  YESTERDAY        3                         0      3        2
  MONTH TO DATE   32                         0     32       15
  SINCE DEC 1    143                        19    124       90
  SINCE JAN 1     96                         6     90       15
..................................................................


WIND (MPH)
  HIGHEST WIND SPEED    17   HIGHEST WIND DIRECTION     N (340)
  HIGHEST GUST SPEED    23   HIGHEST GUST DIRECTION     N (10)
  AVERAGE WIND SPEED     7.2


SKY COVER
  POSSIBLE SUNSHINE  MM
  AVERAGE SKY COVER 0.7


WEATHER CONDITIONS
 THE FOLLOWING WEATHER WAS RECORDED YESTERDAY.
  LIGHT RAIN
  FOG


RELATIVE HUMIDITY (PERCENT)
 HIGHEST    97          1200 AM
 LOWEST     57           500 PM
 AVERAGE    77

..........................................................


THE PENSACOLA CLIMATE NORMALS FOR TODAY
                         NORMAL    RECORD    YEAR
 MAXIMUM TEMPERATURE (F)   65        79      1994
 MINIMUM TEMPERATURE (F)   47        27      1964


SUNRISE AND SUNSET
FEBRUARY 23 2017......SUNRISE   621 AM CST   SUNSET   543 PM CST
FEBRUARY 24 2017......SUNRISE   620 AM CST   SUNSET   544 PM CST


-  INDICATES NEGATIVE NUMBERS.
R  INDICATES RECORD WAS SET OR TIED.
MM INDICATES DATA IS MISSING.
T  INDICATES TRACE AMOUNT.




$$
