000
CDUS44 KMOB 290641
CLIPNS


CLIMATE REPORT
NATIONAL WEATHER SERVICE MOBILE AL
129 AM CDT FRI APR 29 2016


...................................

...THE PENSACOLA CLIMATE SUMMARY FOR APRIL 28 2016...

CLIMATE NORMAL PERIOD 1981 TO 2010
CLIMATE RECORD PERIOD 1879 TO 2016


WEATHER ITEM   OBSERVED TIME   RECORD YEAR NORMAL DEPARTURE LAST
                VALUE   (LST)  VALUE       VALUE  FROM      YEAR
                                                  NORMAL
..................................................................
TEMPERATURE (F)
 YESTERDAY
  MAXIMUM         82    440 PM  91    1987  79      3       76
  MINIMUM         68   1159 PM  46    1992  61      7       62
                                      1928
  AVERAGE         75                        70      5       69

PRECIPITATION (IN)
  YESTERDAY        0.03          1.78 1950   0.14  -0.11     0.02
  MONTH TO DATE    5.97                      4.07   1.90     9.98
  SINCE MAR 1     13.62                      9.88   3.74    12.36
  SINCE JAN 1     22.27                     19.57   2.70    22.77

DEGREE DAYS
 HEATING
  YESTERDAY        0                         0      0        0
  MONTH TO DATE   11                        51    -40        1
  SINCE MAR 1     83                       227   -144      101
  SINCE JUL 1    965                      1535   -570     1544

 COOLING
  YESTERDAY       10                         5      5        4
  MONTH TO DATE  118                        90     28      197
  SINCE MAR 1    204                       123     81      299
  SINCE JAN 1    222                       137     85      306
..................................................................


WIND (MPH)
  HIGHEST WIND SPEED    35   HIGHEST WIND DIRECTION    SW (220)
  HIGHEST GUST SPEED    45   HIGHEST GUST DIRECTION    SW (220)
  AVERAGE WIND SPEED     5.8


SKY COVER
  POSSIBLE SUNSHINE  MM
  AVERAGE SKY COVER 0.5


WEATHER CONDITIONS
 THE FOLLOWING WEATHER WAS RECORDED YESTERDAY.
  THUNDERSTORM
  LIGHT RAIN
  FOG


RELATIVE HUMIDITY (PERCENT)
 HIGHEST    93           600 AM
 LOWEST     51           500 PM
 AVERAGE    72

..........................................................


THE PENSACOLA CLIMATE NORMALS FOR TODAY
                         NORMAL    RECORD    YEAR
 MAXIMUM TEMPERATURE (F)   79        93      1952
 MINIMUM TEMPERATURE (F)   61        44      1992


SUNRISE AND SUNSET
APRIL 29 2016.........SUNRISE   607 AM CDT   SUNSET   726 PM CDT
APRIL 30 2016.........SUNRISE   606 AM CDT   SUNSET   727 PM CDT


-  INDICATES NEGATIVE NUMBERS.
R  INDICATES RECORD WAS SET OR TIED.
MM INDICATES DATA IS MISSING.
T  INDICATES TRACE AMOUNT.




$$
