000
CDUS44 KMOB 260643
CLIPNS


CLIMATE REPORT
NATIONAL WEATHER SERVICE MOBILE AL
1241 AM CST MON JAN 26 2015


...................................

...THE PENSACOLA CLIMATE SUMMARY FOR JANUARY 25 2015...

CLIMATE NORMAL PERIOD 1981 TO 2010
CLIMATE RECORD PERIOD 1879 TO 2015


WEATHER ITEM   OBSERVED TIME   RECORD YEAR NORMAL DEPARTURE LAST
                VALUE   (LST)  VALUE       VALUE  FROM      YEAR
                                                  NORMAL
..................................................................
TEMPERATURE (F)
 YESTERDAY
  MAXIMUM         63    201 PM  78    1950  61      2       59
  MINIMUM         39    703 AM  20    1963  42     -3       35
  AVERAGE         51                        52     -1       47

PRECIPITATION (IN)
  YESTERDAY        0.00          5.44 1978   0.16  -0.16      T
  MONTH TO DATE    6.47                      3.65   2.82     2.76
  SINCE MAR 1     78.31                     59.23  19.08    63.10
  SINCE JAN 1      6.47                      3.65   2.82     2.76

SNOWFALL (IN)
  YESTERDAY        0.0          MM      MM   0.0    0.0      0.0
  MONTH TO DATE    0.0                       0.0    0.0       T
  SINCE MAR 1      0.0                       0.0    0.0       T
  SINCE JUL 1      0.0                       0.0    0.0       T
  SNOW DEPTH       0

DEGREE DAYS
 HEATING
  YESTERDAY       14                        14      0       18
  MONTH TO DATE  352                       350      2      439
  SINCE DEC 1    625                       720    -95      729
  SINCE JUL 1    952                       932     20      934

 COOLING
  YESTERDAY        0                         0      0        0
  MONTH TO DATE    3                         0      3        0
  SINCE DEC 1     16                        13      3       38
  SINCE JAN 1      3                         0      3        0
..................................................................


WIND (MPH)
  HIGHEST WIND SPEED    26   HIGHEST WIND DIRECTION    SW (230)
  HIGHEST GUST SPEED    35   HIGHEST GUST DIRECTION    SW (230)
  AVERAGE WIND SPEED    11.4


SKY COVER
  POSSIBLE SUNSHINE  MM
  AVERAGE SKY COVER 0.0


WEATHER CONDITIONS
 THE FOLLOWING WEATHER WAS RECORDED YESTERDAY.
  NO SIGNIFICANT WEATHER WAS OBSERVED.


RELATIVE HUMIDITY (PERCENT)
 HIGHEST    96           800 AM
 LOWEST     43           100 PM
 AVERAGE    70

..........................................................


THE PENSACOLA CLIMATE NORMALS FOR TODAY
                         NORMAL    RECORD    YEAR
 MAXIMUM TEMPERATURE (F)   61        78      1974
 MINIMUM TEMPERATURE (F)   43        17      1940


SUNRISE AND SUNSET
JANUARY 26 2015.......SUNRISE   643 AM CST   SUNSET   520 PM CST
JANUARY 27 2015.......SUNRISE   643 AM CST   SUNSET   521 PM CST


-  INDICATES NEGATIVE NUMBERS.
R  INDICATES RECORD WAS SET OR TIED.
MM INDICATES DATA IS MISSING.
T  INDICATES TRACE AMOUNT.




$$
