000
CDUS44 KMOB 260645
CLIPNS


CLIMATE REPORT
NATIONAL WEATHER SERVICE MOBILE AL
145 AM CDT TUE SEP 26 2017


...................................

...THE PENSACOLA CLIMATE SUMMARY FOR SEPTEMBER 25 2017...

CLIMATE NORMAL PERIOD 1981 TO 2010
CLIMATE RECORD PERIOD 1879 TO 2017


WEATHER ITEM   OBSERVED TIME   RECORD YEAR NORMAL DEPARTURE LAST
                VALUE   (LST)  VALUE       VALUE  FROM      YEAR
                                                  NORMAL
..................................................................
TEMPERATURE (F)
 YESTERDAY
  MAXIMUM         87    229 PM  94    2016  85      2       94
  MINIMUM         73    624 AM  51    1975  68      5       76
  AVERAGE         80                        76      4       85

PRECIPITATION (IN)
  YESTERDAY        0.23          5.88 2002   0.20   0.03     0.00
  MONTH TO DATE    2.99                      5.02  -2.03     3.31
  SINCE MAR 1     62.49                     40.10  22.39    45.44
  SINCE JAN 1     77.84                     49.79  28.05    54.09

DEGREE DAYS
 COOLING
  YESTERDAY       15                        11      4       20
  MONTH TO DATE  378                       351     27      449
  SINCE SEP 1    378                       351     27      449
  SINCE JAN 1   2857                      2318    539     2752
..................................................................


WIND (MPH)
  HIGHEST WIND SPEED    14   HIGHEST WIND DIRECTION    SE (120)
  HIGHEST GUST SPEED    21   HIGHEST GUST DIRECTION     E (100)
  AVERAGE WIND SPEED     6.6


SKY COVER
  POSSIBLE SUNSHINE  MM
  AVERAGE SKY COVER 0.3


WEATHER CONDITIONS
 THE FOLLOWING WEATHER WAS RECORDED YESTERDAY.
  LIGHT RAIN
  FOG


RELATIVE HUMIDITY (PERCENT)
 HIGHEST    87           100 AM
 LOWEST     50           200 PM
 AVERAGE    69

..........................................................


THE PENSACOLA CLIMATE NORMALS FOR TODAY
                         NORMAL    RECORD    YEAR
 MAXIMUM TEMPERATURE (F)   84        94      1984
                                             1955
 MINIMUM TEMPERATURE (F)   67        50      1975


SUNRISE AND SUNSET
SEPTEMBER 26 2017.....SUNRISE   640 AM CDT   SUNSET   640 PM CDT
SEPTEMBER 27 2017.....SUNRISE   640 AM CDT   SUNSET   639 PM CDT


-  INDICATES NEGATIVE NUMBERS.
R  INDICATES RECORD WAS SET OR TIED.
MM INDICATES DATA IS MISSING.
T  INDICATES TRACE AMOUNT.




$$
