000
CDUS44 KMOB 270645
CLIPNS


CLIMATE REPORT
NATIONAL WEATHER SERVICE MOBILE AL
145 AM CDT SAT MAY 27 2017


...................................

...THE PENSACOLA CLIMATE SUMMARY FOR MAY 26 2017...

CLIMATE NORMAL PERIOD 1981 TO 2010
CLIMATE RECORD PERIOD 1879 TO 2017


WEATHER ITEM   OBSERVED TIME   RECORD YEAR NORMAL DEPARTURE LAST
                VALUE   (LST)  VALUE       VALUE  FROM      YEAR
                                                  NORMAL
..................................................................
TEMPERATURE (F)
 YESTERDAY
  MAXIMUM         83    116 PM  98    2012  86     -3       86
                                      1953
  MINIMUM         68    505 AM  48    1979  69     -1       73
  AVERAGE         76                        77     -1       80

PRECIPITATION (IN)
  YESTERDAY        0.00          2.92 1981   0.14  -0.14     0.00
  MONTH TO DATE    5.92                      3.46   2.46     1.88
  SINCE MAR 1     11.99                     13.59  -1.60    15.53
  SINCE JAN 1     27.34                     23.28   4.06    24.18

DEGREE DAYS
 COOLING
  YESTERDAY       11                        12     -1       15
  MONTH TO DATE  271                       234     37      273
  SINCE MAR 1    609                       368    241      500
  SINCE JAN 1    719                       382    337      518
..................................................................


WIND (MPH)
  HIGHEST WIND SPEED    16   HIGHEST WIND DIRECTION     S (190)
  HIGHEST GUST SPEED    21   HIGHEST GUST DIRECTION     S (190)
  AVERAGE WIND SPEED     7.0


SKY COVER
  POSSIBLE SUNSHINE  MM
  AVERAGE SKY COVER 0.0


WEATHER CONDITIONS
 THE FOLLOWING WEATHER WAS RECORDED YESTERDAY.
  NO SIGNIFICANT WEATHER WAS OBSERVED.


RELATIVE HUMIDITY (PERCENT)
 HIGHEST    79           600 AM
 LOWEST     43          1100 AM
 AVERAGE    61

..........................................................


THE PENSACOLA CLIMATE NORMALS FOR TODAY
                         NORMAL    RECORD    YEAR
 MAXIMUM TEMPERATURE (F)   86       102      1953
 MINIMUM TEMPERATURE (F)   69        50      1961


SUNRISE AND SUNSET
MAY 27 2017...........SUNRISE   549 AM CDT   SUNSET   744 PM CDT
MAY 28 2017...........SUNRISE   548 AM CDT   SUNSET   744 PM CDT


-  INDICATES NEGATIVE NUMBERS.
R  INDICATES RECORD WAS SET OR TIED.
MM INDICATES DATA IS MISSING.
T  INDICATES TRACE AMOUNT.




$$
