000
CDUS44 KMOB 280630
CLIPNS


CLIMATE REPORT
NATIONAL WEATHER SERVICE MOBILE AL
1230 AM CST SAT FEB 28 2015


...................................

...THE PENSACOLA CLIMATE SUMMARY FOR FEBRUARY 27 2015...

CLIMATE NORMAL PERIOD 1981 TO 2010
CLIMATE RECORD PERIOD 1879 TO 2015


WEATHER ITEM   OBSERVED TIME   RECORD YEAR NORMAL DEPARTURE LAST
                VALUE   (LST)  VALUE       VALUE  FROM      YEAR
                                                  NORMAL
..................................................................
TEMPERATURE (F)
 YESTERDAY
  MAXIMUM         58    412 PM  80    1981  66     -8       57
  MINIMUM         33    635 AM  25    1963  48    -15       35
  AVERAGE         46                        57    -11       46

PRECIPITATION (IN)
  YESTERDAY        0.00          2.39 1903   0.19  -0.19     0.00
  MONTH TO DATE    3.94                      4.88  -0.94     7.88
  SINCE MAR 1     82.25                     65.09  17.16    71.67
  SINCE JAN 1     10.41                      9.51   0.90    11.33

SNOWFALL (IN)
  YESTERDAY        0.0          MM      MM   0.0    0.0      0.0
  MONTH TO DATE    0.0                       0.0    0.0       T
  SINCE MAR 1      0.0                       0.0    0.0      1.0
  SINCE JUL 1      0.0                       0.0    0.0      1.0
  SNOW DEPTH       0

DEGREE DAYS
 HEATING
  YESTERDAY       19                         8     11       19
  MONTH TO DATE  403                       290    113      242
  SINCE DEC 1   1101                      1089     12     1113
  SINCE JUL 1   1428                      1301    127     1318

 COOLING
  YESTERDAY        0                         0      0        0
  MONTH TO DATE    4                         0      4       15
  SINCE DEC 1     20                        19      1       53
  SINCE JAN 1      7                         6      1       15
..................................................................


WIND (MPH)
  HIGHEST WIND SPEED    16   HIGHEST WIND DIRECTION     N (360)
  HIGHEST GUST SPEED    22   HIGHEST GUST DIRECTION     N (350)
  AVERAGE WIND SPEED    10.0


SKY COVER
  POSSIBLE SUNSHINE  MM
  AVERAGE SKY COVER 0.0


WEATHER CONDITIONS
 THE FOLLOWING WEATHER WAS RECORDED YESTERDAY.
  NO SIGNIFICANT WEATHER WAS OBSERVED.


RELATIVE HUMIDITY (PERCENT)
 HIGHEST    89           500 AM
 LOWEST     33           300 PM
 AVERAGE    61

..........................................................


THE PENSACOLA CLIMATE NORMALS FOR TODAY
                         NORMAL    RECORD    YEAR
 MAXIMUM TEMPERATURE (F)   66        78      2011
                                             1961
                                             1948
 MINIMUM TEMPERATURE (F)   48        24      2002


SUNRISE AND SUNSET
FEBRUARY 28 2015......SUNRISE   616 AM CST   SUNSET   547 PM CST
MARCH  1 2015.........SUNRISE   615 AM CST   SUNSET   547 PM CST


-  INDICATES NEGATIVE NUMBERS.
R  INDICATES RECORD WAS SET OR TIED.
MM INDICATES DATA IS MISSING.
T  INDICATES TRACE AMOUNT.




$$
