000
CDUS44 KMOB 272226
CLIPNS


CLIMATE REPORT
NATIONAL WEATHER SERVICE MOBILE AL
525 PM CDT MON JUL 27 2015


...................................

...THE PENSACOLA CLIMATE SUMMARY FOR JULY 27 2015...
VALID TODAY AS OF 0500 PM LOCAL TIME.

CLIMATE NORMAL PERIOD 1981 TO 2010
CLIMATE RECORD PERIOD 1879 TO 2015


WEATHER ITEM   OBSERVED TIME   RECORD YEAR NORMAL DEPARTURE LAST
                VALUE   (LST)  VALUE       VALUE  FROM      YEAR
                                                  NORMAL
..................................................................
TEMPERATURE (F)
 TODAY
  MAXIMUM         95    203 PM  98    1970  90      5       92
  MINIMUM         75    310 AM  70    1894  74      1       78
  AVERAGE         85                        82      3       85

PRECIPITATION (IN)
  TODAY            0.00          2.58 1894   0.24  -0.24     0.00
  MONTH TO DATE    5.35                      6.43  -1.08     7.17
  SINCE MAR 1     26.94                     27.34  -0.40    55.58
  SINCE JAN 1     37.35                     37.03   0.32    66.91

DEGREE DAYS
 COOLING
  TODAY           20                        17      3       20
  MONTH TO DATE  527                       459     68      439
  SINCE JUN 1   1010                       924     86      918
  SINCE JAN 1   1663                      1372    291     1369
..................................................................


WIND (MPH)
  HIGHEST WIND SPEED    13   HIGHEST WIND DIRECTION    SW (210)
  HIGHEST GUST SPEED    17   HIGHEST GUST DIRECTION     S (170)
  AVERAGE WIND SPEED     6.3


SKY COVER
  POSSIBLE SUNSHINE  MM
  AVERAGE SKY COVER 0.0


WEATHER CONDITIONS
 THE FOLLOWING WEATHER WAS RECORDED TODAY.
  NO SIGNIFICANT WEATHER WAS OBSERVED.


RELATIVE HUMIDITY (PERCENT)
 HIGHEST    94           400 AM
 LOWEST     39           100 PM
 AVERAGE    67

..........................................................


THE PENSACOLA CLIMATE NORMALS FOR TOMORROW
                         NORMAL    RECORD    YEAR
 MAXIMUM TEMPERATURE (F)   90        98      1993
 MINIMUM TEMPERATURE (F)   74        68      1994
                                             1911


SUNRISE AND SUNSET
JULY 27 2015..........SUNRISE   604 AM CDT   SUNSET   747 PM CDT
JULY 28 2015..........SUNRISE   604 AM CDT   SUNSET   746 PM CDT


-  INDICATES NEGATIVE NUMBERS.
R  INDICATES RECORD WAS SET OR TIED.
MM INDICATES DATA IS MISSING.
T  INDICATES TRACE AMOUNT.




$$
