000
CDUS44 KMOB 250645
CLIPNS


CLIMATE REPORT
NATIONAL WEATHER SERVICE MOBILE AL
1245 AM CST THU DEC 25 2014


...................................

...THE PENSACOLA CLIMATE SUMMARY FOR DECEMBER 24 2014...

CLIMATE NORMAL PERIOD 1981 TO 2010
CLIMATE RECORD PERIOD 1879 TO 2014


WEATHER ITEM   OBSERVED TIME   RECORD YEAR NORMAL DEPARTURE LAST
                VALUE   (LST)  VALUE       VALUE  FROM      YEAR
                                                  NORMAL
..................................................................
TEMPERATURE (F)
 YESTERDAY
  MAXIMUM         72    234 AM  78    1974  61     11       54
  MINIMUM         46   1159 PM  11    1989  43      3       33
  AVERAGE         59                        52      7       44

PRECIPITATION (IN)
  YESTERDAY        0.18          2.37 1978   0.15   0.03     0.00
  MONTH TO DATE    2.90                      3.58  -0.68     2.05
  SINCE MAR 1     71.24                     54.61  16.63    58.63
  SINCE JAN 1     82.57                     64.30  18.27    72.90

SNOWFALL (IN)
  YESTERDAY       MM           999.0  2004   0.0   MM        0.0
  MONTH TO DATE    0.0                       0.0    0.0      0.0
  SINCE MAR 1      0.0                       0.0    0.0      0.0
  SINCE JUL 1      0.0                       0.0    0.0      0.0
  SNOW DEPTH       0

DEGREE DAYS
 HEATING
  YESTERDAY        6                        13     -7       21
  MONTH TO DATE  198                       273    -75      182
  SINCE DEC 1    198                       273    -75      182
  SINCE JUL 1    525                       485     40      387

 COOLING
  YESTERDAY        0                         0      0        0
  MONTH TO DATE    8                         7      1       38
  SINCE DEC 1      8                         7      1       38
  SINCE JAN 1   2552                      2603    -51     2756
..................................................................


WIND (MPH)
  HIGHEST WIND SPEED    22   HIGHEST WIND DIRECTION    SW (230)
  HIGHEST GUST SPEED    35   HIGHEST GUST DIRECTION    SW (230)
  AVERAGE WIND SPEED     9.6


SKY COVER
  POSSIBLE SUNSHINE  MM
  AVERAGE SKY COVER 0.4


WEATHER CONDITIONS
 THE FOLLOWING WEATHER WAS RECORDED YESTERDAY.
  THUNDERSTORM
  HEAVY RAIN
  LIGHT RAIN
  FOG


RELATIVE HUMIDITY (PERCENT)
 HIGHEST   100           700 AM
 LOWEST     66           800 PM
 AVERAGE    83

..........................................................


THE PENSACOLA CLIMATE NORMALS FOR TODAY
                         NORMAL    RECORD    YEAR
 MAXIMUM TEMPERATURE (F)   61        78      1974
                                             1955
 MINIMUM TEMPERATURE (F)   43        11      1983


SUNRISE AND SUNSET
DECEMBER 25 2014......SUNRISE   643 AM CST   SUNSET   454 PM CST
DECEMBER 26 2014......SUNRISE   644 AM CST   SUNSET   455 PM CST


-  INDICATES NEGATIVE NUMBERS.
R  INDICATES RECORD WAS SET OR TIED.
MM INDICATES DATA IS MISSING.
T  INDICATES TRACE AMOUNT.




$$
