000
CDUS41 KALY 262051
CLIPOU


CLIMATE REPORT
NATIONAL WEATHER SERVICE ALBANY NY
451 PM EDT WED JUL 26 2017


...................................

...THE POUGHKEEPSIE NY CLIMATE SUMMARY FOR JULY 26 2017...
VALID TODAY AS OF 0400 PM LOCAL TIME.

CLIMATE NORMAL PERIOD 1981 TO 2010
CLIMATE RECORD PERIOD 1949 TO 2017


WEATHER ITEM   OBSERVED TIME   RECORD YEAR NORMAL DEPARTURE LAST
                VALUE   (LST)  VALUE       VALUE  FROM      YEAR
                                                  NORMAL
..................................................................
TEMPERATURE (F)
 TODAY
  MAXIMUM         78    228 PM  97    2005  85     -7       91
  MINIMUM         56    533 AM  47    1976  61     -5       68
  AVERAGE         67                        73     -6       80

PRECIPITATION (IN)
  TODAY            0.00          2.21 1986   0.17  -0.17     0.00
  MONTH TO DATE    3.60                      3.82  -0.22     3.19
  SINCE JUN 1      6.98                      8.25  -1.27     5.22
  SINCE JAN 1     23.54                     25.75  -2.21    17.38

DEGREE DAYS
 HEATING
  TODAY            0                         0      0        0
  MONTH TO DATE    3                         0      3        0
  SINCE JUN 1     53                        49      4        8
  SINCE JUL 1      3                         0      3        0

 COOLING
  TODAY            2                         8     -6       15
  MONTH TO DATE  214                       200     14      300
  SINCE JUN 1    353                       327     26      471
  SINCE JAN 1    401                       363     38      552
..................................................................


WIND (MPH)
  HIGHEST WIND SPEED    10   HIGHEST WIND DIRECTION    SW (210)
  HIGHEST GUST SPEED    17   HIGHEST GUST DIRECTION     S (180)
  AVERAGE WIND SPEED     2.2


SKY COVER
  AVERAGE SKY COVER 0.4



RELATIVE HUMIDITY (PERCENT)
 HIGHEST    93           200 AM
 LOWEST     50           200 PM
 AVERAGE    72

..........................................................


THE POUGHKEEPSIE NY CLIMATE NORMALS FOR TOMORROW
                         NORMAL    RECORD    YEAR
 MAXIMUM TEMPERATURE (F)   85        97      2005
 MINIMUM TEMPERATURE (F)   61        47      1977


SUNRISE AND SUNSET
JULY 26 2017..........SUNRISE   544 AM EDT   SUNSET   819 PM EDT
JULY 27 2017..........SUNRISE   545 AM EDT   SUNSET   818 PM EDT


-  INDICATES NEGATIVE NUMBERS.
R  INDICATES RECORD WAS SET OR TIED.
MM INDICATES DATA IS MISSING.
T  INDICATES TRACE AMOUNT.




RECORDS FOR KPOU DATE BACK TO 1949...
HOWEVER...DATA IS MISSING FROM JANUARY 1993 - JULY 2000.
$$
