000
CDUS41 KALY 280624
CLIPOU


CLIMATE REPORT
NATIONAL WEATHER SERVICE ALBANY NY
223 AM EDT TUE MAR 28 2017


...................................

...THE POUGHKEEPSIE NY CLIMATE SUMMARY FOR MARCH 27 2017...

CLIMATE NORMAL PERIOD 1981 TO 2010
CLIMATE RECORD PERIOD 1949 TO 2017


WEATHER ITEM   OBSERVED TIME   RECORD YEAR NORMAL DEPARTURE LAST
                VALUE   (LST)  VALUE       VALUE  FROM      YEAR
                                                  NORMAL
..................................................................
TEMPERATURE (F)
 YESTERDAY
  MAXIMUM         48    447 PM  77    1949  52     -4       58
  MINIMUM         34    949 PM  12    2001  30      4       41
  AVERAGE         41                        41      0       50

PRECIPITATION (IN)
  YESTERDAY        0.29          0.92 1983   0.12   0.17     0.00
  MONTH TO DATE    1.50                      3.10  -1.60     0.75
  SINCE MAR 1      1.50                      3.10  -1.60     0.75
  SINCE JAN 1      6.37                      8.84  -2.47     6.43

DEGREE DAYS
 HEATING
  YESTERDAY       24                        24      0       15
  MONTH TO DATE  894                       781    113      518
  SINCE MAR 1    894                       781    113      518
  SINCE JUL 1   4936                      5352   -416     4050

 COOLING
  YESTERDAY        0                         0      0        0
  MONTH TO DATE    0                         0      0        0
  SINCE MAR 1      0                         0      0        0
  SINCE JAN 1      0                         0      0        0
..................................................................


WIND (MPH)
  HIGHEST WIND SPEED     9   HIGHEST WIND DIRECTION    SW (220)
  HIGHEST GUST SPEED    12   HIGHEST GUST DIRECTION    SW (230)
  AVERAGE WIND SPEED     1.2


SKY COVER
  AVERAGE SKY COVER 0.7



RELATIVE HUMIDITY (PERCENT)
 HIGHEST   100           200 AM
 LOWEST     82           400 PM
 AVERAGE    91

..........................................................


THE POUGHKEEPSIE NY CLIMATE NORMALS FOR TODAY
                         NORMAL    RECORD    YEAR
 MAXIMUM TEMPERATURE (F)   53        83      1989
 MINIMUM TEMPERATURE (F)   30        13      1956


SUNRISE AND SUNSET
MARCH 28 2017.........SUNRISE   645 AM EDT   SUNSET   717 PM EDT
MARCH 29 2017.........SUNRISE   643 AM EDT   SUNSET   718 PM EDT


-  INDICATES NEGATIVE NUMBERS.
R  INDICATES RECORD WAS SET OR TIED.
MM INDICATES DATA IS MISSING.
T  INDICATES TRACE AMOUNT.




RECORDS FOR KPOU DATE BACK TO 1949...
HOWEVER...DATA IS MISSING FROM JANUARY 1993 - JULY 2000.
$$
