000
CDUS41 KALY 090623
CLIPOU


CLIMATE REPORT
NATIONAL WEATHER SERVICE ALBANY NY
122 AM EST FRI DEC 9 2016


...................................

...THE POUGHKEEPSIE NY CLIMATE SUMMARY FOR DECEMBER 8 2016...

CLIMATE NORMAL PERIOD 1981 TO 2010
CLIMATE RECORD PERIOD 1949 TO 2016


WEATHER ITEM   OBSERVED TIME   RECORD YEAR NORMAL DEPARTURE LAST
                VALUE   (LST)  VALUE       VALUE  FROM      YEAR
                                                  NORMAL
..................................................................
TEMPERATURE (F)
 YESTERDAY
  MAXIMUM         43    210 PM  61    1980  43      0       46
  MINIMUM         28    619 AM   7    1964  25      3       32
  AVERAGE         36                        34      2       39

PRECIPITATION (IN)
  YESTERDAY        0.00          0.82 1972   0.11  -0.11     0.00
  MONTH TO DATE    0.73                      0.97  -0.24     0.80
  SINCE DEC 1      0.73                      0.97  -0.24     0.80
  SINCE JAN 1     31.25                     43.97 -12.72    26.72

DEGREE DAYS
 HEATING
  YESTERDAY       29                        31     -2       26
  MONTH TO DATE  217                       239    -22      198
  SINCE DEC 1    217                       239    -22      198
  SINCE JUL 1   1363                      1517   -154     1186

 COOLING
  YESTERDAY        0                         0      0        0
  MONTH TO DATE    0                         0      0        0
  SINCE DEC 1      0                         0      0        0
  SINCE JAN 1   1053                       672    381      964
..................................................................


WIND (MPH)
  HIGHEST WIND SPEED    17   HIGHEST WIND DIRECTION     W (280)
  HIGHEST GUST SPEED    23   HIGHEST GUST DIRECTION     W (280)
  AVERAGE WIND SPEED     6.2


SKY COVER
  AVERAGE SKY COVER 0.5



RELATIVE HUMIDITY (PERCENT)
 HIGHEST   100           100 AM
 LOWEST     39           300 PM
 AVERAGE    70

..........................................................


THE POUGHKEEPSIE NY CLIMATE NORMALS FOR TODAY
                         NORMAL    RECORD    YEAR
 MAXIMUM TEMPERATURE (F)   43        61      1966
 MINIMUM TEMPERATURE (F)   24         3      1989


SUNRISE AND SUNSET
DECEMBER  9 2016......SUNRISE   711 AM EST   SUNSET   425 PM EST
DECEMBER 10 2016......SUNRISE   712 AM EST   SUNSET   425 PM EST


-  INDICATES NEGATIVE NUMBERS.
R  INDICATES RECORD WAS SET OR TIED.
MM INDICATES DATA IS MISSING.
T  INDICATES TRACE AMOUNT.




RECORDS FOR KPOU DATE BACK TO 1949...
HOWEVER...DATA IS MISSING FROM JANUARY 1993 - JULY 2000.
$$
