000
CDUS46 KLOX 281240
CLIPRB


CLIMATE REPORT
NATIONAL WEATHER SERVICE LOS ANGELES/OXNARD CA
540 AM PDT FRI AUG 28 2015


...................................

...THE PASO ROBLES AIRPORT CA CLIMATE SUMMARY FOR AUGUST 27 2015...

CLIMATE NORMAL PERIOD 1981 TO 2010
CLIMATE RECORD PERIOD 1948 TO 2015


WEATHER ITEM   OBSERVED TIME   RECORD YEAR NORMAL DEPARTURE LAST
                VALUE   (LST)  VALUE       VALUE  FROM      YEAR
                                                  NORMAL
..................................................................
TEMPERATURE (F)
 YESTERDAY
  MAXIMUM        105    452 PM 106    2001  92     13       94
  MINIMUM         59    554 AM  43    1995  53      6       50
  AVERAGE         82                        72     10       72

PRECIPITATION (IN)
  YESTERDAY        0.00          0.01 1982   0.01  -0.01     0.00
  MONTH TO DATE    0.00                      0.09  -0.09     0.00
  SINCE OCT 1     10.98                     12.54  -1.56     4.92
  SINCE JAN 1      5.26                      8.88  -3.62     4.46

SNOWFALL (IN)
  YESTERDAY        0.0
  MONTH TO DATE    0.0
  SINCE JUN 1      0.0
  SINCE JUL 1      0.0

DEGREE DAYS
 HEATING
  YESTERDAY        0                         0      0        0
  MONTH TO DATE    0                         0      0        0
  SINCE JUN 1      8                        31    -23       11
  SINCE JUL 1      0                         4     -4        0

 COOLING
  YESTERDAY       17                         8      9        7
  MONTH TO DATE  271                       229     42      227
  SINCE JUN 1    817                       638    179      803
  SINCE JAN 1    888                       706    182      956
..................................................................


WIND (MPH)
  HIGHEST WIND SPEED    17   HIGHEST WIND DIRECTION    NW (300)
  HIGHEST GUST SPEED    22   HIGHEST GUST DIRECTION    NW (300)
  AVERAGE WIND SPEED     4.6


SKY COVER
  POSSIBLE SUNSHINE  MM
  AVERAGE SKY COVER 0.0


WEATHER CONDITIONS
 THE FOLLOWING WEATHER WAS RECORDED YESTERDAY.
  LIGHT RAIN


RELATIVE HUMIDITY (PERCENT)
 HIGHEST    55           500 AM
 LOWEST     11           300 PM
 AVERAGE    33

..........................................................


THE PASO ROBLES AIRPORT CA CLIMATE NORMALS FOR TODAY
                         NORMAL    RECORD    YEAR
 MAXIMUM TEMPERATURE (F)   92       107      2008
                                             1998
 MINIMUM TEMPERATURE (F)   53        44      1955


SUNRISE AND SUNSET
AUGUST 28 2015........SUNRISE   631 AM PDT   SUNSET   735 PM PDT
AUGUST 29 2015........SUNRISE   632 AM PDT   SUNSET   734 PM PDT


-  INDICATES NEGATIVE NUMBERS.
R  INDICATES RECORD WAS SET OR TIED.
MM INDICATES DATA IS MISSING.
T  INDICATES TRACE AMOUNT.




$$
