000
CDUS46 KLOX 280856
CLIPRB


CLIMATE REPORT
NATIONAL WEATHER SERVICE LOS ANGELES/OXNARD CA
1256 AM PST WED JAN 28 2015


...................................

...THE PASO ROBLES AIRPORT CA CLIMATE SUMMARY FOR JANUARY 27 2015...

CLIMATE NORMAL PERIOD 1981 TO 2010
CLIMATE RECORD PERIOD 1948 TO 2015


WEATHER ITEM   OBSERVED TIME   RECORD YEAR NORMAL DEPARTURE LAST
                VALUE   (LST)  VALUE       VALUE  FROM      YEAR
                                                  NORMAL
..................................................................
TEMPERATURE (F)
 YESTERDAY
  MAXIMUM         67    203 PM  75    1988  60      7       72
  MINIMUM         46   1159 PM  23    1979  36     10       35
  AVERAGE         57                        48      9       54

PRECIPITATION (IN)
  YESTERDAY        0.15          0.93 1981   0.09   0.06     0.00
  MONTH TO DATE    0.24                      2.39  -2.15     0.00
  SINCE OCT 1      5.96                      6.05  -0.09     0.46
  SINCE JAN 1      0.24                      2.39  -2.15     0.00

SNOWFALL (IN)
  YESTERDAY       MM
  MONTH TO DATE    0.0
  SINCE DEC 1      0.0
  SINCE JUL 1      0.0

DEGREE DAYS
 HEATING
  YESTERDAY        8                        17     -9       11
  MONTH TO DATE  388                       484    -96      332
  SINCE DEC 1    777                      1059   -282      915
  SINCE JUL 1   1056                      1608   -552     1367

 COOLING
  YESTERDAY        0                         0      0        0
  MONTH TO DATE    0                         0      0        0
  SINCE DEC 1      0                         0      0        0
  SINCE JAN 1      0                         0      0        0
..................................................................


WIND (MPH)
  HIGHEST WIND SPEED    12   HIGHEST WIND DIRECTION     N (10)
  HIGHEST GUST SPEED    13   HIGHEST GUST DIRECTION    SE (130)
  AVERAGE WIND SPEED     2.4


SKY COVER
  POSSIBLE SUNSHINE  MM
  AVERAGE SKY COVER 0.7


WEATHER CONDITIONS
 THE FOLLOWING WEATHER WAS RECORDED YESTERDAY.
  LIGHT RAIN
  FOG


RELATIVE HUMIDITY (PERCENT)
 HIGHEST    93           900 PM
 LOWEST     52           300 PM
 AVERAGE    73

..........................................................


THE PASO ROBLES AIRPORT CA CLIMATE NORMALS FOR TODAY
                         NORMAL    RECORD    YEAR
 MAXIMUM TEMPERATURE (F)   60        76      1976
 MINIMUM TEMPERATURE (F)   36        17      1975


SUNRISE AND SUNSET
JANUARY 28 2015.......SUNRISE   705 AM PST   SUNSET   526 PM PST
JANUARY 29 2015.......SUNRISE   705 AM PST   SUNSET   527 PM PST


-  INDICATES NEGATIVE NUMBERS.
R  INDICATES RECORD WAS SET OR TIED.
MM INDICATES DATA IS MISSING.
T  INDICATES TRACE AMOUNT.




$$
