000
CDUS46 KLOX 300915
CLIPRB


CLIMATE REPORT
NATIONAL WEATHER SERVICE LOS ANGELES/OXNARD CA
215 AM PDT THU OCT 30 2014


...................................

...THE PASO ROBLES AIRPORT CA CLIMATE SUMMARY FOR OCTOBER 29 2014...

CLIMATE NORMAL PERIOD 1981 TO 2010
CLIMATE RECORD PERIOD 1948 TO 2014


WEATHER ITEM   OBSERVED TIME   RECORD YEAR NORMAL DEPARTURE LAST
                VALUE   (LST)  VALUE       VALUE  FROM      YEAR
                                                  NORMAL
..................................................................
TEMPERATURE (F)
 YESTERDAY
  MAXIMUM         85    338 PM  91    1965  74     11       65
  MINIMUM         44    615 AM  20    1971  42      2       48
  AVERAGE         65                        58      7       57

PRECIPITATION (IN)
  YESTERDAY        0.00          1.68 1996   0.03  -0.03     0.00
  MONTH TO DATE    T                         0.55  -0.55     0.02
  SINCE JUL 1      T                         0.88  -0.88     0.02
  SINCE JAN 1      4.46                      9.67  -5.21     1.48

SNOWFALL (IN)
  YESTERDAY        0.0
  MONTH TO DATE    0.0
  SINCE SEP 1      0.0
  SINCE JUL 1      0.0

DEGREE DAYS
 HEATING
  YESTERDAY        0                         7     -7        8
  MONTH TO DATE   39                       122    -83      115
  SINCE SEP 1     40                       146   -106      126
  SINCE JUL 1     40                       154   -114      126

 COOLING
  YESTERDAY        0                         0      0        0
  MONTH TO DATE  104                        34     70        5
  SINCE SEP 1    349                       192    157      199
  SINCE JAN 1   1356                       925    431     1173
..................................................................


WIND (MPH)
  HIGHEST WIND SPEED    15   HIGHEST WIND DIRECTION     E (90)
  HIGHEST GUST SPEED    18   HIGHEST GUST DIRECTION     E (80)
  AVERAGE WIND SPEED     5.5


SKY COVER
  POSSIBLE SUNSHINE  MM
  AVERAGE SKY COVER 0.0


WEATHER CONDITIONS
 THE FOLLOWING WEATHER WAS RECORDED YESTERDAY.
  NO SIGNIFICANT WEATHER WAS OBSERVED.


RELATIVE HUMIDITY (PERCENT)
 HIGHEST    65           400 AM
 LOWEST     17           300 PM
 AVERAGE    41

..........................................................


THE PASO ROBLES AIRPORT CA CLIMATE NORMALS FOR TODAY
                         NORMAL    RECORD    YEAR
 MAXIMUM TEMPERATURE (F)   74        91      1966
 MINIMUM TEMPERATURE (F)   41        21      1971


SUNRISE AND SUNSET
OCTOBER 30 2014.......SUNRISE   723 AM PDT   SUNSET   609 PM PDT
OCTOBER 31 2014.......SUNRISE   724 AM PDT   SUNSET   608 PM PDT


-  INDICATES NEGATIVE NUMBERS.
R  INDICATES RECORD WAS SET OR TIED.
MM INDICATES DATA IS MISSING.
T  INDICATES TRACE AMOUNT.




$$
