000
CDUS45 KFGZ 260837
CLIPRC
CLIMATE REPORT
NATIONAL WEATHER SERVICE FLAGSTAFF, AZ
136 AM MST MON JUN 26 2017


...................................

...THE PRESCOTT AZ AIRPORT CLIMATE SUMMARY FOR JUNE 25 2017...

CLIMATE NORMAL PERIOD 1981 TO 2010
CLIMATE RECORD PERIOD 1948 TO 2017


WEATHER ITEM   OBSERVED TIME   RECORD YEAR NORMAL DEPARTURE LAST
                VALUE   (LST)  VALUE       VALUE  FROM      YEAR
                                                  NORMAL
..................................................................
TEMPERATURE (F)
 YESTERDAY
  MAXIMUM         99    259 PM 103    1970  89     10       95
  MINIMUM         68   1145 PM  45    1963  58     10       64
  AVERAGE         84                        73     11

PRECIPITATION (IN)
  YESTERDAY        0.00          0.33 1986   0.02  -0.02     0.00
  MONTH TO DATE    0.00                      0.28  -0.28     0.04
  SINCE SEP 1     11.65                      9.13   2.52     7.31
  SINCE JAN 1      4.90                      4.82   0.08     3.82

DEGREE DAYS
 HEATING
  YESTERDAY        0                                0
  MONTH TO DATE    6                              -10
  SINCE JUL 1   3543                             -736

 COOLING
  YESTERDAY       19                               11
  MONTH TO DATE  261                              122
  SINCE JAN 1    294                              113
..................................................................


WIND (MPH)
  HIGHEST WIND SPEED    28   HIGHEST WIND DIRECTION     N (20)
  HIGHEST GUST SPEED    39   HIGHEST GUST DIRECTION    SW (220)
  AVERAGE WIND SPEED    10.4


SKY COVER
  AVERAGE SKY COVER 0.1


WEATHER CONDITIONS
 THE FOLLOWING WEATHER WAS RECORDED YESTERDAY.
  NO SIGNIFICANT WEATHER WAS OBSERVED.


RELATIVE HUMIDITY (PERCENT)
 HIGHEST    33
 LOWEST     10

..........................................................


THE PRESCOTT AZ AIRPORT CLIMATE NORMALS FOR TODAY
                         NORMAL    RECORD    YEAR
 MAXIMUM TEMPERATURE (F)   89       103      1990
 MINIMUM TEMPERATURE (F)   58        46      1985


SUNRISE AND SUNSET
JUNE 26 2017..........SUNRISE   519 AM MST   SUNSET   747 PM MST
JUNE 27 2017..........SUNRISE   519 AM MST   SUNSET   747 PM MST


-  INDICATES NEGATIVE NUMBERS.
R  INDICATES RECORD WAS SET OR TIED.
MM INDICATES DATA IS MISSING.
T  INDICATES TRACE AMOUNT.




$$
