000
CDUS45 KFGZ 230805
CLIPRC
CLIMATE REPORT
NATIONAL WEATHER SERVICE FLAGSTAFF, AZ
104 AM MST SUN APR 23 2017


...................................

...THE PRESCOTT AZ AIRPORT CLIMATE SUMMARY FOR APRIL 22 2017...

CLIMATE NORMAL PERIOD 1981 TO 2010
CLIMATE RECORD PERIOD 1948 TO 2017


WEATHER ITEM   OBSERVED TIME   RECORD YEAR NORMAL DEPARTURE LAST
                VALUE   (LST)  VALUE       VALUE  FROM      YEAR
                                                  NORMAL
..................................................................
TEMPERATURE (F)
 YESTERDAY
  MAXIMUM         80    446 PM  88    2012  69     11       77
  MINIMUM         42    614 AM  20    1963  40      2       47
  AVERAGE         61                        54      7

PRECIPITATION (IN)
  YESTERDAY        0.00          0.48 1988   0.02  -0.02     0.00
  MONTH TO DATE    0.11                      0.40  -0.29     0.99
  SINCE SEP 1     11.00                      8.29   2.71     6.12
  SINCE JAN 1      4.25                      3.98   0.27     2.63

DEGREE DAYS
 HEATING
  YESTERDAY        4                               -7
  MONTH TO DATE  217                              -79
  SINCE JUL 1   3319                             -724

 COOLING
  YESTERDAY        0                                0
  MONTH TO DATE    0                                0
  SINCE JAN 1      0                                0
..................................................................


WIND (MPH)
  HIGHEST WIND SPEED    13   HIGHEST WIND DIRECTION    SW (240)
  HIGHEST GUST SPEED    17   HIGHEST GUST DIRECTION    NW (320)
  AVERAGE WIND SPEED     5.6


SKY COVER
  AVERAGE SKY COVER 0.0


WEATHER CONDITIONS
 THE FOLLOWING WEATHER WAS RECORDED YESTERDAY.
  NO SIGNIFICANT WEATHER WAS OBSERVED.


RELATIVE HUMIDITY (PERCENT)
 HIGHEST    40
 LOWEST     12

..........................................................


THE PRESCOTT AZ AIRPORT CLIMATE NORMALS FOR TODAY
                         NORMAL    RECORD    YEAR
 MAXIMUM TEMPERATURE (F)   69        87      1949
 MINIMUM TEMPERATURE (F)   40        25      1982


SUNRISE AND SUNSET
APRIL 23 2017.........SUNRISE   548 AM MST   SUNSET   708 PM MST
APRIL 24 2017.........SUNRISE   547 AM MST   SUNSET   709 PM MST


-  INDICATES NEGATIVE NUMBERS.
R  INDICATES RECORD WAS SET OR TIED.
MM INDICATES DATA IS MISSING.
T  INDICATES TRACE AMOUNT.




$$
