000
CDUS45 KFGZ 180732
CLIPRC
CLIMATE REPORT
NATIONAL WEATHER SERVICE FLAGSTAFF, AZ
1232 AM MST MON DEC 18 2017


...................................

...THE PRESCOTT AZ AIRPORT CLIMATE SUMMARY FOR DECEMBER 17 2017...

CLIMATE NORMAL PERIOD 1981 TO 2010
CLIMATE RECORD PERIOD 1948 TO 2017


WEATHER ITEM   OBSERVED TIME   RECORD YEAR NORMAL DEPARTURE LAST
                VALUE   (LST)  VALUE       VALUE  FROM      YEAR
                                                  NORMAL
..................................................................
TEMPERATURE (F)
 YESTERDAY
  MAXIMUM         53    110 PM  69    1979  51      2       43
  MINIMUM         26    612 AM  12    1967  25      1       23
  AVERAGE         40                        38      2

PRECIPITATION (IN)
  YESTERDAY        0.00          0.53 1978   0.03  -0.03     0.00
  MONTH TO DATE    0.00                      0.51  -0.51     0.38
  SINCE SEP 1      0.53                      3.86  -3.33     4.47
  SINCE JAN 1     12.38                     13.52  -1.14    15.23

DEGREE DAYS
 HEATING
  YESTERDAY       25                               -2
  MONTH TO DATE  356                              -87
  SINCE JUL 1    901                             -416

 COOLING
  YESTERDAY        0                                0
  MONTH TO DATE    0                                0
  SINCE JAN 1   1145                              204
..................................................................


WIND (MPH)
  HIGHEST WIND SPEED    12   HIGHEST WIND DIRECTION     S (160)
  HIGHEST GUST SPEED    17   HIGHEST GUST DIRECTION    SE (120)
  AVERAGE WIND SPEED     3.9


SKY COVER
  AVERAGE SKY COVER 0.4


WEATHER CONDITIONS
 THE FOLLOWING WEATHER WAS RECORDED YESTERDAY.
  NO SIGNIFICANT WEATHER WAS OBSERVED.


RELATIVE HUMIDITY (PERCENT)
 HIGHEST    78
 LOWEST     33

..........................................................


THE PRESCOTT AZ AIRPORT CLIMATE NORMALS FOR TODAY
                         NORMAL    RECORD    YEAR
 MAXIMUM TEMPERATURE (F)   50        67      1958
 MINIMUM TEMPERATURE (F)   25         6      1967


SUNRISE AND SUNSET
DECEMBER 18 2017......SUNRISE   731 AM MST   SUNSET   522 PM MST
DECEMBER 19 2017......SUNRISE   732 AM MST   SUNSET   522 PM MST


-  INDICATES NEGATIVE NUMBERS.
R  INDICATES RECORD WAS SET OR TIED.
MM INDICATES DATA IS MISSING.
T  INDICATES TRACE AMOUNT.




$$
