000
CDUS45 KFGZ 290821
CLIPRC
CLIMATE REPORT
NATIONAL WEATHER SERVICE FLAGSTAFF, AZ
118 AM MST THU JAN 29 2015


...................................

...THE PRESCOTT AZ AIRPORT CLIMATE SUMMARY FOR JANUARY 28 2015...

CLIMATE NORMAL PERIOD 1981 TO 2010
CLIMATE RECORD PERIOD 1948 TO 2015


WEATHER ITEM   OBSERVED TIME   RECORD YEAR NORMAL DEPARTURE LAST
                VALUE   (LST)  VALUE       VALUE  FROM      YEAR
                                                  NORMAL
..................................................................
TEMPERATURE (F)
 YESTERDAY
  MAXIMUM         60    412 PM  70    1986  53      7       60
  MINIMUM         32    622 AM   2    1949  26      6       28
  AVERAGE         46                        40      6

PRECIPITATION (IN)
  YESTERDAY        0.00          0.26 2008   0.03  -0.03     0.00
  MONTH TO DATE    0.88                      1.01  -0.13     0.00
  SINCE SEP 1      5.56                      5.32   0.24     4.72
  SINCE JAN 1      0.88                      1.01  -0.13     0.00

DEGREE DAYS
 HEATING
  YESTERDAY       19                               -6
  MONTH TO DATE  654                              -84
  SINCE JUL 1   2039                             -402

 COOLING
  YESTERDAY        0                                0
  MONTH TO DATE    0                                0
  SINCE JAN 1      0                                0
..................................................................


WIND (MPH)
  HIGHEST WIND SPEED    10   HIGHEST WIND DIRECTION     S (190)
  HIGHEST GUST SPEED    16   HIGHEST GUST DIRECTION     E (70)
  AVERAGE WIND SPEED     3.4


SKY COVER
  AVERAGE SKY COVER 0.2


WEATHER CONDITIONS
 THE FOLLOWING WEATHER WAS RECORDED YESTERDAY.
  FOG
  FOG W/VISIBILITY <= 1/4 MILE


RELATIVE HUMIDITY (PERCENT)
 HIGHEST    96
 LOWEST     29

..........................................................


THE PRESCOTT AZ AIRPORT CLIMATE NORMALS FOR TODAY
                         NORMAL    RECORD    YEAR
 MAXIMUM TEMPERATURE (F)   53        70      1986
 MINIMUM TEMPERATURE (F)   26         0      1949


SUNRISE AND SUNSET
JANUARY 29 2015.......SUNRISE   730 AM MST   SUNSET   556 PM MST
JANUARY 30 2015.......SUNRISE   729 AM MST   SUNSET   557 PM MST


-  INDICATES NEGATIVE NUMBERS.
R  INDICATES RECORD WAS SET OR TIED.
MM INDICATES DATA IS MISSING.
T  INDICATES TRACE AMOUNT.




$$
