000
CDUS45 KFGZ 240854
CLIPRC
CLIMATE REPORT
NATIONAL WEATHER SERVICE FLAGSTAFF, AZ
153 AM MST FRI OCT 24 2014


...................................

...THE PRESCOTT AZ AIRPORT CLIMATE SUMMARY FOR OCTOBER 23 2014...

CLIMATE NORMAL PERIOD 1981 TO 2010
CLIMATE RECORD PERIOD 1948 TO 2014


WEATHER ITEM   OBSERVED TIME   RECORD YEAR NORMAL DEPARTURE LAST
                VALUE   (LST)  VALUE       VALUE  FROM      YEAR
                                                  NORMAL
..................................................................
TEMPERATURE (F)
 YESTERDAY
  MAXIMUM         79    337 PM  85    2003  69     10       77
  MINIMUM         45    707 AM  24    1996  39      6       37
  AVERAGE         62                        54      8

PRECIPITATION (IN)
  YESTERDAY        0.00          0.96 1987   0.03  -0.03     0.00
  MONTH TO DATE    0.14                      0.70  -0.56     0.23
  SINCE SEP 1      2.73                      2.21   0.52     2.71
  SINCE JAN 1     10.20                     11.87  -1.67    10.93

DEGREE DAYS
 HEATING
  YESTERDAY        3                               -8
  MONTH TO DATE   80                              -89
  SINCE JUL 1    105                             -102

 COOLING
  YESTERDAY        0                                0
  MONTH TO DATE    0                               -5
  SINCE JAN 1   1039                               99
..................................................................


WIND (MPH)
  HIGHEST WIND SPEED    10   HIGHEST WIND DIRECTION    SE (150)
  HIGHEST GUST SPEED    14   HIGHEST GUST DIRECTION     W (290)
  AVERAGE WIND SPEED     4.0


SKY COVER
  AVERAGE SKY COVER 0.0


WEATHER CONDITIONS
 THE FOLLOWING WEATHER WAS RECORDED YESTERDAY.
  NO SIGNIFICANT WEATHER WAS OBSERVED.


RELATIVE HUMIDITY (PERCENT)
 HIGHEST    71
 LOWEST     20

..........................................................


THE PRESCOTT AZ AIRPORT CLIMATE NORMALS FOR TODAY
                         NORMAL    RECORD    YEAR
 MAXIMUM TEMPERATURE (F)   69        88      1959
 MINIMUM TEMPERATURE (F)   39        23      1975


SUNRISE AND SUNSET
OCTOBER 24 2014.......SUNRISE   643 AM MST   SUNSET   544 PM MST
OCTOBER 25 2014.......SUNRISE   644 AM MST   SUNSET   543 PM MST


-  INDICATES NEGATIVE NUMBERS.
R  INDICATES RECORD WAS SET OR TIED.
MM INDICATES DATA IS MISSING.
T  INDICATES TRACE AMOUNT.




$$
