000
CDUS45 KFGZ 220738
CLIPRC
CLIMATE REPORT
NATIONAL WEATHER SERVICE FLAGSTAFF, AZ
1237 AM MST SUN JAN 22 2017


...................................

...THE PRESCOTT AZ AIRPORT CLIMATE SUMMARY FOR JANUARY 21 2017...

CLIMATE NORMAL PERIOD 1981 TO 2010
CLIMATE RECORD PERIOD 1948 TO 2017


WEATHER ITEM   OBSERVED TIME   RECORD YEAR NORMAL DEPARTURE LAST
                VALUE   (LST)  VALUE       VALUE  FROM      YEAR
                                                  NORMAL
..................................................................
TEMPERATURE (F)
 YESTERDAY
  MAXIMUM         39    406 PM  70    1950  52    -13       56
  MINIMUM         28   1159 PM  12    1990  26      2       23
  AVERAGE         34                        39     -5

PRECIPITATION (IN)
  YESTERDAY        0.22          2.28 2010   0.03   0.19     0.00
  MONTH TO DATE    1.61                      0.79   0.82     1.08
  SINCE SEP 1      8.36                      5.10   3.26     4.57
  SINCE JAN 1      1.61                      0.79   0.82     1.08

DEGREE DAYS
 HEATING
  YESTERDAY       31                                5
  MONTH TO DATE  495                              -63
  SINCE JUL 1   1882                             -379

 COOLING
  YESTERDAY        0                                0
  MONTH TO DATE    0                                0
  SINCE JAN 1      0                                0
..................................................................


WIND (MPH)
  HIGHEST WIND SPEED    25   HIGHEST WIND DIRECTION     W (250)
  HIGHEST GUST SPEED    35   HIGHEST GUST DIRECTION    SW (240)
  AVERAGE WIND SPEED    12.3


SKY COVER
  AVERAGE SKY COVER 0.6


WEATHER CONDITIONS
 THE FOLLOWING WEATHER WAS RECORDED YESTERDAY.
  HEAVY SNOW
  SNOW
  LIGHT SNOW
  FOG
  FOG W/VISIBILITY <= 1/4 MILE


RELATIVE HUMIDITY (PERCENT)
 HIGHEST   100
 LOWEST     70

..........................................................


THE PRESCOTT AZ AIRPORT CLIMATE NORMALS FOR TODAY
                         NORMAL    RECORD    YEAR
 MAXIMUM TEMPERATURE (F)   52        67      1950
 MINIMUM TEMPERATURE (F)   26        11      1966


SUNRISE AND SUNSET
JANUARY 22 2017.......SUNRISE   734 AM MST   SUNSET   549 PM MST
JANUARY 23 2017.......SUNRISE   733 AM MST   SUNSET   550 PM MST


-  INDICATES NEGATIVE NUMBERS.
R  INDICATES RECORD WAS SET OR TIED.
MM INDICATES DATA IS MISSING.
T  INDICATES TRACE AMOUNT.




$$
