000
CDUS45 KFGZ 230757
CLIPRC
CLIMATE REPORT
NATIONAL WEATHER SERVICE FLAGSTAFF, AZ
1256 AM MST SUN NOV 23 2014


...................................

...THE PRESCOTT AZ AIRPORT CLIMATE SUMMARY FOR NOVEMBER 22 2014...

CLIMATE NORMAL PERIOD 1981 TO 2010
CLIMATE RECORD PERIOD 1948 TO 2014


WEATHER ITEM   OBSERVED TIME   RECORD YEAR NORMAL DEPARTURE LAST
                VALUE   (LST)  VALUE       VALUE  FROM      YEAR
                                                  NORMAL
..................................................................
TEMPERATURE (F)
 YESTERDAY
  MAXIMUM         62    202 PM  73    1995  58      4       44
  MINIMUM         27    703 AM  17    1975  30     -3       40
  AVERAGE         45                        44      1

PRECIPITATION (IN)
  YESTERDAY        0.00          1.23 2013   0.04  -0.04     1.23
  MONTH TO DATE    0.02                      0.66  -0.64     1.32
  SINCE SEP 1      2.75                      3.09  -0.34     4.03
  SINCE JAN 1     10.22                     12.75  -2.53    12.25

DEGREE DAYS
 HEATING
  YESTERDAY       20                               -1
  MONTH TO DATE  366                              -20
  SINCE JUL 1    508                             -184

 COOLING
  YESTERDAY        0                                0
  MONTH TO DATE    0                                0
  SINCE JAN 1   1039                               98
..................................................................


WIND (MPH)
  HIGHEST WIND SPEED    23   HIGHEST WIND DIRECTION    SW (240)
  HIGHEST GUST SPEED    28   HIGHEST GUST DIRECTION    SW (230)
  AVERAGE WIND SPEED     7.4


SKY COVER
  AVERAGE SKY COVER 0.0


WEATHER CONDITIONS
 THE FOLLOWING WEATHER WAS RECORDED YESTERDAY.
  NO SIGNIFICANT WEATHER WAS OBSERVED.


RELATIVE HUMIDITY (PERCENT)
 HIGHEST    69
 LOWEST     16

..........................................................


THE PRESCOTT AZ AIRPORT CLIMATE NORMALS FOR TODAY
                         NORMAL    RECORD    YEAR
 MAXIMUM TEMPERATURE (F)   57        75      1954
 MINIMUM TEMPERATURE (F)   29        16      2003


SUNRISE AND SUNSET
NOVEMBER 23 2014......SUNRISE   711 AM MST   SUNSET   521 PM MST
NOVEMBER 24 2014......SUNRISE   712 AM MST   SUNSET   521 PM MST


-  INDICATES NEGATIVE NUMBERS.
R  INDICATES RECORD WAS SET OR TIED.
MM INDICATES DATA IS MISSING.
T  INDICATES TRACE AMOUNT.




$$
