000
CDUS45 KFGZ 230748
CLIPRC
CLIMATE REPORT
NATIONAL WEATHER SERVICE FLAGSTAFF, AZ
1246 AM MST TUE MAY 23 2017


...................................

...THE PRESCOTT AZ AIRPORT CLIMATE SUMMARY FOR MAY 22 2017...

CLIMATE NORMAL PERIOD 1981 TO 2010
CLIMATE RECORD PERIOD 1948 TO 2017


WEATHER ITEM   OBSERVED TIME   RECORD YEAR NORMAL DEPARTURE LAST
                VALUE   (LST)  VALUE       VALUE  FROM      YEAR
                                                  NORMAL
..................................................................
TEMPERATURE (F)
 YESTERDAY
  MAXIMUM         85    335 PM  93    2005  79      6       72
  MINIMUM         48    544 AM  33    1975  48      0       47
  AVERAGE         67                        63      4

PRECIPITATION (IN)
  YESTERDAY        0.00          0.01 2006   0.02  -0.02     0.00
  MONTH TO DATE    0.40                      0.33   0.07     0.48
  SINCE SEP 1     11.40                      8.72   2.68     7.27
  SINCE JAN 1      4.65                      4.41   0.24     3.78

DEGREE DAYS
 HEATING
  YESTERDAY        0                               -3
  MONTH TO DATE  150                               28
  SINCE JUL 1   3536                             -705

 COOLING
  YESTERDAY        2                                0
  MONTH TO DATE    8                              -11
  SINCE JAN 1      8                              -13
..................................................................


WIND (MPH)
  HIGHEST WIND SPEED    20   HIGHEST WIND DIRECTION     N (340)
  HIGHEST GUST SPEED    26   HIGHEST GUST DIRECTION     N (360)
  AVERAGE WIND SPEED     7.7


SKY COVER
  AVERAGE SKY COVER 0.1


WEATHER CONDITIONS
 THE FOLLOWING WEATHER WAS RECORDED YESTERDAY.
  NO SIGNIFICANT WEATHER WAS OBSERVED.


RELATIVE HUMIDITY (PERCENT)
 HIGHEST    50
 LOWEST     11

..........................................................


THE PRESCOTT AZ AIRPORT CLIMATE NORMALS FOR TODAY
                         NORMAL    RECORD    YEAR
 MAXIMUM TEMPERATURE (F)   79        93      2000
 MINIMUM TEMPERATURE (F)   48        32      1965


SUNRISE AND SUNSET
MAY 23 2017...........SUNRISE   522 AM MST   SUNSET   732 PM MST
MAY 24 2017...........SUNRISE   521 AM MST   SUNSET   733 PM MST


-  INDICATES NEGATIVE NUMBERS.
R  INDICATES RECORD WAS SET OR TIED.
MM INDICATES DATA IS MISSING.
T  INDICATES TRACE AMOUNT.




$$
