306
CDUS45 KFGZ 270805
CLIPRC
CLIMATE REPORT
NATIONAL WEATHER SERVICE FLAGSTAFF, AZ
104 AM MST TUE SEP 27 2016


...................................

...THE PRESCOTT AZ AIRPORT CLIMATE SUMMARY FOR SEPTEMBER 26 2016...

CLIMATE NORMAL PERIOD 1981 TO 2010
CLIMATE RECORD PERIOD 1948 TO 2016


WEATHER ITEM   OBSERVED TIME   RECORD YEAR NORMAL DEPARTURE LAST
                VALUE   (LST)  VALUE       VALUE  FROM      YEAR
                                                  NORMAL
..................................................................
TEMPERATURE (F)
 YESTERDAY
  MAXIMUM         79    502 PM  91    1956  79      0       87
  MINIMUM         48    638 AM  35    1970  49     -1       53
  AVERAGE         64                        64      0

PRECIPITATION (IN)
  YESTERDAY        0.00          1.69 1997   0.05  -0.05     0.00
  MONTH TO DATE    2.06                      1.35   0.71     0.34
  SINCE SEP 1      2.06                      1.35   0.71     0.34
  SINCE JAN 1     12.82                     11.01   1.81    12.68

DEGREE DAYS
 HEATING
  YESTERDAY        1                               -2
  MONTH TO DATE   28                                6
  SINCE JUL 1     28                                5

 COOLING
  YESTERDAY        0                               -2
  MONTH TO DATE   81                              -29
  SINCE JAN 1   1090                              159
..................................................................


WIND (MPH)
  HIGHEST WIND SPEED    18   HIGHEST WIND DIRECTION     E (70)
  HIGHEST GUST SPEED    27   HIGHEST GUST DIRECTION     E (80)
  AVERAGE WIND SPEED     6.7


SKY COVER
  AVERAGE SKY COVER 0.1


WEATHER CONDITIONS
 THE FOLLOWING WEATHER WAS RECORDED YESTERDAY.
  NO SIGNIFICANT WEATHER WAS OBSERVED.


RELATIVE HUMIDITY (PERCENT)
 HIGHEST    71
 LOWEST     17

..........................................................


THE PRESCOTT AZ AIRPORT CLIMATE NORMALS FOR TODAY
                         NORMAL    RECORD    YEAR
 MAXIMUM TEMPERATURE (F)   78        93      2010
 MINIMUM TEMPERATURE (F)   49        38      1970


SUNRISE AND SUNSET
SEPTEMBER 27 2016.....SUNRISE   622 AM MST   SUNSET   619 PM MST
SEPTEMBER 28 2016.....SUNRISE   623 AM MST   SUNSET   617 PM MST


-  INDICATES NEGATIVE NUMBERS.
R  INDICATES RECORD WAS SET OR TIED.
MM INDICATES DATA IS MISSING.
T  INDICATES TRACE AMOUNT.




$$
