000
CDUS45 KFGZ 260750
CLIPRC
CLIMATE REPORT
NATIONAL WEATHER SERVICE FLAGSTAFF, AZ
1249 AM MST SUN MAR 26 2017


...................................

...THE PRESCOTT AZ AIRPORT CLIMATE SUMMARY FOR MARCH 25 2017...

CLIMATE NORMAL PERIOD 1981 TO 2010
CLIMATE RECORD PERIOD 1948 TO 2017


WEATHER ITEM   OBSERVED TIME   RECORD YEAR NORMAL DEPARTURE LAST
                VALUE   (LST)  VALUE       VALUE  FROM      YEAR
                                                  NORMAL
..................................................................
TEMPERATURE (F)
 YESTERDAY
  MAXIMUM         62    137 PM  76    1988  62      0       71
  MINIMUM         39    411 AM  18    1964  34      5       34
  AVERAGE         51                        48      3

PRECIPITATION (IN)
  YESTERDAY        0.00          0.48 1954   0.03  -0.03     0.00
  MONTH TO DATE    0.54                      0.91  -0.37     0.16
  SINCE SEP 1     10.75                      7.73   3.02     5.13
  SINCE JAN 1      4.00                      3.42   0.58     1.64

DEGREE DAYS
 HEATING
  YESTERDAY       14                               -3
  MONTH TO DATE  299                             -178
  SINCE JUL 1   3008                             -641

 COOLING
  YESTERDAY        0                                0
  MONTH TO DATE    0                                0
  SINCE JAN 1      0                                0
..................................................................


WIND (MPH)
  HIGHEST WIND SPEED    23   HIGHEST WIND DIRECTION    SW (220)
  HIGHEST GUST SPEED    34   HIGHEST GUST DIRECTION    SW (240)
  AVERAGE WIND SPEED     9.6


SKY COVER
  AVERAGE SKY COVER 0.2


WEATHER CONDITIONS
 THE FOLLOWING WEATHER WAS RECORDED YESTERDAY.
  NO SIGNIFICANT WEATHER WAS OBSERVED.


RELATIVE HUMIDITY (PERCENT)
 HIGHEST    76
 LOWEST     27

..........................................................


THE PRESCOTT AZ AIRPORT CLIMATE NORMALS FOR TODAY
                         NORMAL    RECORD    YEAR
 MAXIMUM TEMPERATURE (F)   62        81      1988
 MINIMUM TEMPERATURE (F)   34        19      1976


SUNRISE AND SUNSET
MARCH 26 2017.........SUNRISE   625 AM MST   SUNSET   646 PM MST
MARCH 27 2017.........SUNRISE   623 AM MST   SUNSET   647 PM MST


-  INDICATES NEGATIVE NUMBERS.
R  INDICATES RECORD WAS SET OR TIED.
MM INDICATES DATA IS MISSING.
T  INDICATES TRACE AMOUNT.




$$
