000
CDUS46 KPDT 140913
CLIPSC

CLIMATE REPORT
NATIONAL WEATHER SERVICE PENDLETON OR
109 AM PST THU DEC 14 2017


...................................

...THE PASCO WA CLIMATE SUMMARY FOR DECEMBER 13 2017...

CLIMATE NORMAL PERIOD 1981 TO 2010
CLIMATE RECORD PERIOD 1948 TO 2017


WEATHER ITEM   OBSERVED TIME   RECORD YEAR NORMAL DEPARTURE LAST
                VALUE   (LST)  VALUE       VALUE  FROM      YEAR
                                                  NORMAL
..................................................................
TEMPERATURE (F)
 YESTERDAY
  MAXIMUM         34    258 PM  66    1924  40     -6       27
  MINIMUM         31    829 AM -11    1922  26      5        9
  AVERAGE         33                        33      0       18

PRECIPITATION (IN)
  YESTERDAY        T             0.73 2003   0.02  -0.02     0.00
  MONTH TO DATE    T                         0.38  -0.38     0.29
  SINCE OCT 1      1.84                      2.12  -0.28     3.41
  SINCE JAN 1      8.19                      8.00   0.19     9.03

SNOWFALL (IN)
  YESTERDAY       MM
  SNOW DEPTH       0

DEGREE DAYS
 HEATING
  YESTERDAY       32                        32      0       47
  MONTH TO DATE  419                       399     20      456
  SINCE DEC 1    419                       399     20      456
  SINCE JUL 1   1587                      1628    -41     1402

 COOLING
  YESTERDAY        0                         0      0        0
  MONTH TO DATE    0                         0      0        0
  SINCE DEC 1      0                         0      0        0
  SINCE JAN 1    981                       710    271      778
..................................................................


WIND (MPH)
  RESULTANT WIND SPEED   2   RESULTANT WIND DIRECTION   N (10)
  HIGHEST WIND SPEED     7   HIGHEST WIND DIRECTION    NE (30)
  HIGHEST GUST SPEED     8   HIGHEST GUST DIRECTION    NE (30)


SKY COVER
  POSSIBLE SUNSHINE  MM
  AVERAGE SKY COVER 1.0


WEATHER CONDITIONS
 THE FOLLOWING WEATHER WAS RECORDED YESTERDAY.
  LT FREEZING RAIN
  SLEET
  FOG


RELATIVE HUMIDITY (PERCENT)
 HIGHEST    92
 LOWEST     69
 AVERAGE    81

..........................................................


THE PASCO WA CLIMATE NORMALS FOR TODAY
                         NORMAL    RECORD    YEAR
 MAXIMUM TEMPERATURE (F)   40        64      2002
 MINIMUM TEMPERATURE (F)   26       -22      1919


SUNRISE AND SUNSET
DECEMBER 14 2017......SUNRISE   732 AM PST   SUNSET   411 PM PST
DECEMBER 15 2017......SUNRISE   733 AM PST   SUNSET   411 PM PST


-  INDICATES NEGATIVE NUMBERS.
R  INDICATES RECORD WAS SET OR TIED.
MM INDICATES DATA IS MISSING.
T  INDICATES TRACE AMOUNT.




$$
