000
CDUS46 KPDT 250838 RRA
CLIPSC

CLIMATE REPORT
NATIONAL WEATHER SERVICE PENDLETON OR
136 AM PDT SUN JUN 25 2017


...................................

...THE PASCO WA CLIMATE SUMMARY FOR JUNE 24 2017...

CLIMATE NORMAL PERIOD 1981 TO 2010
CLIMATE RECORD PERIOD 1948 TO 2017


WEATHER ITEM   OBSERVED TIME   RECORD YEAR NORMAL DEPARTURE LAST
                VALUE   (LST)  VALUE       VALUE  FROM      YEAR
                                                  NORMAL
..................................................................
TEMPERATURE (F)
 YESTERDAY
  MAXIMUM         94    419 PM 107    1992  85      9       79
  MINIMUM         49    448 AM  42    1904  53     -4       56
  AVERAGE         72                        69      3       68

PRECIPITATION (IN)
  YESTERDAY        0.00          0.29 1972   0.01  -0.01      T
  MONTH TO DATE    0.20                      0.61  -0.41     0.46
  SINCE OCT 1      9.64                      7.81   1.83     7.77
  SINCE JAN 1      5.87                      4.86   1.01     5.01

SNOWFALL (IN)
  YESTERDAY        0.0
  SNOW DEPTH       0

DEGREE DAYS
 HEATING
  YESTERDAY        0                         1     -1        0
  MONTH TO DATE   26                        32     -6       30
  SINCE JUN 1     26                        32     -6       30
  SINCE JUL 1   5408                      5022    386     4344

 COOLING
  YESTERDAY        7                         5      2        3
  MONTH TO DATE   81                        76      5      106
  SINCE JUN 1     81                        76      5      106
  SINCE JAN 1    130                       109     21      139
..................................................................


WIND (MPH)
  RESULTANT WIND SPEED   3   RESULTANT WIND DIRECTION   N (350)
  HIGHEST WIND SPEED    10   HIGHEST WIND DIRECTION     N (340)
  HIGHEST GUST SPEED    13   HIGHEST GUST DIRECTION     N (360)


SKY COVER
  POSSIBLE SUNSHINE  MM
  AVERAGE SKY COVER 0.0


WEATHER CONDITIONS
 THE FOLLOWING WEATHER WAS RECORDED YESTERDAY.
  NO SIGNIFICANT WEATHER WAS OBSERVED.


RELATIVE HUMIDITY (PERCENT)
 HIGHEST    89
 LOWEST     17
 AVERAGE    53

..........................................................


THE PASCO WA CLIMATE NORMALS FOR TODAY
                         NORMAL    RECORD    YEAR
 MAXIMUM TEMPERATURE (F)   86       108      1912
 MINIMUM TEMPERATURE (F)   53        42      1976
                                             1917
                                             1904


SUNRISE AND SUNSET
JUNE 25 2017..........SUNRISE   506 AM PDT   SUNSET   852 PM PDT
JUNE 26 2017..........SUNRISE   506 AM PDT   SUNSET   852 PM PDT


-  INDICATES NEGATIVE NUMBERS.
R  INDICATES RECORD WAS SET OR TIED.
MM INDICATES DATA IS MISSING.
T  INDICATES TRACE AMOUNT.




$$
