000
CDUS46 KPDT 180836
CLIPSC

CLIMATE REPORT
NATIONAL WEATHER SERVICE PENDLETON OR
136 AM PDT FRI APR 18 2014


...................................

...THE PASCO WA CLIMATE SUMMARY FOR APRIL 17 2014...

CLIMATE NORMAL PERIOD 1981 TO 2010
CLIMATE RECORD PERIOD 1948 TO 2014


WEATHER ITEM   OBSERVED TIME   RECORD YEAR NORMAL DEPARTURE LAST
                VALUE   (LST)  VALUE       VALUE  FROM      YEAR
                                                  NORMAL
..................................................................
TEMPERATURE (F)
 YESTERDAY
  MAXIMUM         57    152 PM  89    1994  68    -11       61
  MINIMUM         51   1159 PM  22    2013  38     13       22
  AVERAGE         54                        53      1       42

PRECIPITATION (IN)
  YESTERDAY        0.10          0.40 1969   0.02   0.08     0.00
  MONTH TO DATE    0.12                      0.40  -0.28     0.44
  SINCE OCT 1      2.44                      6.22  -3.78     4.51
  SINCE JAN 1      1.86                      3.27  -1.41     1.15

SNOWFALL (IN)
  YESTERDAY        0.0
  SNOW DEPTH       0

DEGREE DAYS
 HEATING
  YESTERDAY       11                        12     -1       23
  MONTH TO DATE  170                       225    -55      233
  SINCE MAR 1    729                       803    -74      798
  SINCE JUL 1   4958                      4686    272     4416

 COOLING
  YESTERDAY        0                         0      0        0
  MONTH TO DATE    0                         0      0        0
  SINCE MAR 1      0                         0      0        0
  SINCE JAN 1      0                         0      0        0
..................................................................


WIND (MPH)
  RESULTANT WIND SPEED  10   RESULTANT WIND DIRECTION   S (200)
  HIGHEST WIND SPEED    20   HIGHEST WIND DIRECTION    SW (210)
  HIGHEST GUST SPEED    24   HIGHEST GUST DIRECTION    SW (210)


SKY COVER
  POSSIBLE SUNSHINE  MM
  AVERAGE SKY COVER 0.8


WEATHER CONDITIONS
 THE FOLLOWING WEATHER WAS RECORDED YESTERDAY.
  LIGHT RAIN


RELATIVE HUMIDITY (PERCENT)
 HIGHEST    93
 LOWEST     59
 AVERAGE    76

..........................................................


THE PASCO WA CLIMATE NORMALS FOR TODAY
                         NORMAL    RECORD    YEAR
 MAXIMUM TEMPERATURE (F)   68        89      1994
 MINIMUM TEMPERATURE (F)   39        30      2002


SUNRISE AND SUNSET
APRIL 18 2014.........SUNRISE   604 AM PDT   SUNSET   748 PM PDT
APRIL 19 2014.........SUNRISE   603 AM PDT   SUNSET   749 PM PDT


-  INDICATES NEGATIVE NUMBERS.
R  INDICATES RECORD WAS SET OR TIED.
MM INDICATES DATA IS MISSING.
T  INDICATES TRACE AMOUNT.


$$
