000
CDUS46 KPDT 270829 RRB
CLIPSC

CLIMATE REPORT
NATIONAL WEATHER SERVICE PENDLETON OR
127 AM PDT THU APR 27 2017


...................................

...THE PASCO WA CLIMATE SUMMARY FOR APRIL 26 2017...

CLIMATE NORMAL PERIOD 1981 TO 2010
CLIMATE RECORD PERIOD 1948 TO 2017


WEATHER ITEM   OBSERVED TIME   RECORD YEAR NORMAL DEPARTURE LAST
                VALUE   (LST)  VALUE       VALUE  FROM      YEAR
                                                  NORMAL
..................................................................
TEMPERATURE (F)
 YESTERDAY
  MAXIMUM         63    547 PM  87    2001  70     -7       69
  MINIMUM         45   1129 PM  26    2008  40      5       45
  AVERAGE         54                        55     -1       57

PRECIPITATION (IN)
  YESTERDAY        0.22          0.41 2012   0.02   0.20     0.00
  MONTH TO DATE    1.19                      0.57   0.62     0.28
  SINCE OCT 1      8.96                      6.39   2.57     5.79
  SINCE JAN 1      5.19                      3.44   1.75     3.03

SNOWFALL (IN)
  YESTERDAY        0.0
  SNOW DEPTH       0

DEGREE DAYS
 HEATING
  YESTERDAY       11                        10      1        8
  MONTH TO DATE  322                       324     -2      166
  SINCE MAR 1    855                       902    -47      695
  SINCE JUL 1   5177                      4785    392     4213

 COOLING
  YESTERDAY        0                         0      0        0
  MONTH TO DATE    0                         0      0        4
  SINCE MAR 1      0                         0      0        4
  SINCE JAN 1      0                         0      0        4
..................................................................


WIND (MPH)
  RESULTANT WIND SPEED  14   RESULTANT WIND DIRECTION  SW (240)
  HIGHEST WIND SPEED    30   HIGHEST WIND DIRECTION     W (280)
  HIGHEST GUST SPEED    36   HIGHEST GUST DIRECTION     W (280)


SKY COVER
  POSSIBLE SUNSHINE  MM
  AVERAGE SKY COVER 0.3


WEATHER CONDITIONS
 THE FOLLOWING WEATHER WAS RECORDED YESTERDAY.
  HEAVY RAIN
  LIGHT RAIN


RELATIVE HUMIDITY (PERCENT)
 HIGHEST    77
 LOWEST     27
 AVERAGE    52

..........................................................


THE PASCO WA CLIMATE NORMALS FOR TODAY
                         NORMAL    RECORD    YEAR
 MAXIMUM TEMPERATURE (F)   71        83      2004
 MINIMUM TEMPERATURE (F)   40        34      2009


SUNRISE AND SUNSET
APRIL 27 2017.........SUNRISE   549 AM PDT   SUNSET   800 PM PDT
APRIL 28 2017.........SUNRISE   547 AM PDT   SUNSET   802 PM PDT


-  INDICATES NEGATIVE NUMBERS.
R  INDICATES RECORD WAS SET OR TIED.
MM INDICATES DATA IS MISSING.
T  INDICATES TRACE AMOUNT.




$$
