000
CDUS46 KPDT 270959
CLIPSC

CLIMATE REPORT
NATIONAL WEATHER SERVICE PENDLETON OR
159 AM PST TUE JAN 27 2015

...................................

...THE PASCO WA CLIMATE SUMMARY FOR JANUARY 26 2015...

CLIMATE NORMAL PERIOD 1981 TO 2010
CLIMATE RECORD PERIOD 1948 TO 2015


WEATHER ITEM   OBSERVED TIME   RECORD YEAR NORMAL DEPARTURE LAST
                VALUE   (LST)  VALUE       VALUE  FROM      YEAR
                                                  NORMAL
..................................................................
TEMPERATURE (F)
 YESTERDAY
  MAXIMUM         40    535 PM  65    2003  44     -4       32
  MINIMUM         38   1159 PM  12    2008  29      9       29
  AVERAGE         39                        36      3       31

PRECIPITATION (IN)
  YESTERDAY        0.00          0.80 1969   0.03  -0.03      T
  MONTH TO DATE    0.69                      1.08  -0.39     0.11
  SINCE OCT 1      3.06                      4.03  -0.97     0.69
  SINCE JAN 1      0.69                      1.08  -0.39     0.11

SNOWFALL (IN)
  YESTERDAY        0.0
  SNOW DEPTH       0

DEGREE DAYS
 HEATING
  YESTERDAY       26                        29     -3       34
  MONTH TO DATE  772                       793    -21      762
  SINCE DEC 1   1650                      1780   -130     1914
  SINCE JUL 1   2715                      3009   -294     3264

COOLING
  YESTERDAY        0                         0      0        0
  MONTH TO DATE    0                         0      0        0
  SINCE DEC 1      0                         0      0        0
  SINCE JAN 1      0                         0      0        0
..................................................................


WIND (MPH)
  RESULTANT WIND SPEED   1   RESULTANT WIND DIRECTION  NE (50)
  HIGHEST WIND SPEED     6   HIGHEST WIND DIRECTION     N (350)
  HIGHEST GUST SPEED     8   HIGHEST GUST DIRECTION    NE (60)


SKY COVER
  POSSIBLE SUNSHINE  MM
  AVERAGE SKY COVER 1.0


WEATHER CONDITIONS
 THE FOLLOWING WEATHER WAS RECORDED YESTERDAY.
  FOG


RELATIVE HUMIDITY (PERCENT)
 HIGHEST   100
 LOWEST    100
 AVERAGE   100

..........................................................


THE PASCO WA CLIMATE NORMALS FOR TODAY
                         NORMAL    RECORD    YEAR
 MAXIMUM TEMPERATURE (F)   44        57      2003
 MINIMUM TEMPERATURE (F)   29        10      1997


SUNRISE AND SUNSET
JANUARY 27 2015.......SUNRISE   725 AM PST   SUNSET   454 PM PST
JANUARY 28 2015.......SUNRISE   724 AM PST   SUNSET   455 PM PST


-  INDICATES NEGATIVE NUMBERS.
R  INDICATES RECORD WAS SET OR TIED.
MM INDICATES DATA IS MISSING.
T  INDICATES TRACE AMOUNT.

$$
