000
CDUS46 KPDT 240033 RRA
CLIPSC

CLIMATE REPORT
NATIONAL WEATHER SERVICE PENDLETON OR
532 PM PDT THU MAR 23 2017


...................................

...THE PASCO WA CLIMATE SUMMARY FOR MARCH 23 2017...
VALID TODAY AS OF 0500 PM LOCAL TIME.

CLIMATE NORMAL PERIOD 1981 TO 2010
CLIMATE RECORD PERIOD 1948 TO 2017


WEATHER ITEM   OBSERVED TIME   RECORD YEAR NORMAL DEPARTURE LAST
                VALUE   (LST)  VALUE       VALUE  FROM      YEAR
                                                  NORMAL
..................................................................
TEMPERATURE (F)
 TODAY
  MAXIMUM         59    329 PM  70    2001  61     -2       61
  MINIMUM         35    441 AM  20    2013  36     -1       41
  AVERAGE         47                        48     -1       51

PRECIPITATION (IN)
  TODAY            0.00          0.25 1990   0.02  -0.02     0.01
  MONTH TO DATE    0.92                      0.58   0.34     1.18
  SINCE OCT 1      7.26                      5.61   1.65     5.51
  SINCE JAN 1      3.49                      2.66   0.83     2.75

SNOWFALL (IN)
  TODAY            0.0
  SNOW DEPTH       0

DEGREE DAYS
 HEATING
  TODAY           18                        17      1       14
  MONTH TO DATE  424                       455    -31      398
  SINCE MAR 1    424                       455    -31      398
  SINCE JUL 1   4746                      4338    408     3916

 COOLING
  TODAY            0                         0      0        0
  MONTH TO DATE    0                         0      0        0
  SINCE MAR 1      0                         0      0        0
  SINCE JAN 1      0                         0      0        0
..................................................................


WIND (MPH)
  RESULTANT WIND SPEED   5   RESULTANT WIND DIRECTION   S (190)
  HIGHEST WIND SPEED    18   HIGHEST WIND DIRECTION    SW (210)
  HIGHEST GUST SPEED    22   HIGHEST GUST DIRECTION    SW (210)


SKY COVER
  POSSIBLE SUNSHINE  MM
  AVERAGE SKY COVER 0.0


WEATHER CONDITIONS
 THE FOLLOWING WEATHER WAS RECORDED TODAY.
  NO SIGNIFICANT WEATHER WAS OBSERVED.


RELATIVE HUMIDITY (PERCENT)
 HIGHEST    82
 LOWEST     36
 AVERAGE    59

..........................................................


THE PASCO WA CLIMATE NORMALS FOR TOMORROW
                         NORMAL    RECORD    YEAR
 MAXIMUM TEMPERATURE (F)   62        74      2001
 MINIMUM TEMPERATURE (F)   36        18      2013


SUNRISE AND SUNSET
MARCH 23 2017.........SUNRISE   653 AM PDT   SUNSET   714 PM PDT
MARCH 24 2017.........SUNRISE   651 AM PDT   SUNSET   715 PM PDT


-  INDICATES NEGATIVE NUMBERS.
R  INDICATES RECORD WAS SET OR TIED.
MM INDICATES DATA IS MISSING.
T  INDICATES TRACE AMOUNT.




$$
