000
CDUS46 KPDT 090836 RRA
CLIPSC

CLIMATE REPORT
NATIONAL WEATHER SERVICE PENDLETON OR
1236 AM PST FRI DEC 9 2016


...................................

...THE PASCO WA CLIMATE SUMMARY FOR DECEMBER 8 2016...

CLIMATE NORMAL PERIOD 1981 TO 2010
CLIMATE RECORD PERIOD 1948 TO 2016


WEATHER ITEM   OBSERVED TIME   RECORD YEAR NORMAL DEPARTURE LAST
                VALUE   (LST)  VALUE       VALUE  FROM      YEAR
                                                  NORMAL
..................................................................
TEMPERATURE (F)
 YESTERDAY
  MAXIMUM         27    447 PM  69    2015  41    -14       69
  MINIMUM         13    556 AM  -2    2009  27    -14       37
  AVERAGE         20                        34    -14       53

PRECIPITATION (IN)
  YESTERDAY        0.08         99.90 2011   0.03   0.05     0.03
  MONTH TO DATE    0.13                      0.24  -0.11     0.92
  SINCE OCT 1      3.25                      1.98   1.27     1.95
  SINCE JAN 1      8.87                      7.86   1.01     5.30

SNOWFALL (IN)
  YESTERDAY       MM
  SNOW DEPTH      MM

DEGREE DAYS
 HEATING
  YESTERDAY       45                        31     14       12
  MONTH TO DATE  250                       241      9      210
  SINCE DEC 1    250                       241      9      210
  SINCE JUL 1   1196                      1470   -274     1312

 COOLING
  YESTERDAY        0                         0      0        0
  MONTH TO DATE    0                         0      0        0
  SINCE DEC 1      0                         0      0        0
  SINCE JAN 1    778                       710     68     1122
..................................................................


WIND (MPH)
  RESULTANT WIND SPEED   5   RESULTANT WIND DIRECTION   N (340)
  HIGHEST WIND SPEED    15   HIGHEST WIND DIRECTION    NW (310)
  HIGHEST GUST SPEED    18   HIGHEST GUST DIRECTION    NW (310)


SKY COVER
  POSSIBLE SUNSHINE  MM
  AVERAGE SKY COVER 0.5


WEATHER CONDITIONS
 THE FOLLOWING WEATHER WAS RECORDED YESTERDAY.
  SNOW
  LIGHT SNOW
  FOG


RELATIVE HUMIDITY (PERCENT)
 HIGHEST   100
 LOWEST     63
 AVERAGE    82

..........................................................


THE PASCO WA CLIMATE NORMALS FOR TODAY
                         NORMAL    RECORD    YEAR
 MAXIMUM TEMPERATURE (F)   41        65      2015
 MINIMUM TEMPERATURE (F)   27         2      2009


SUNRISE AND SUNSET
DECEMBER  9 2016......SUNRISE   728 AM PST   SUNSET   410 PM PST
DECEMBER 10 2016......SUNRISE   729 AM PST   SUNSET   410 PM PST


-  INDICATES NEGATIVE NUMBERS.
R  INDICATES RECORD WAS SET OR TIED.
MM INDICATES DATA IS MISSING.
T  INDICATES TRACE AMOUNT.


$$
