000
CDUS46 KPDT 190842
CLIPSC

CLIMATE REPORT
NATIONAL WEATHER SERVICE PENDLETON OR
1242 AM PST MON FEB 19 2018


...................................

...THE PASCO WA CLIMATE SUMMARY FOR FEBRUARY 18 2018...

CLIMATE NORMAL PERIOD 1981 TO 2010
CLIMATE RECORD PERIOD 1948 TO 2018


WEATHER ITEM   OBSERVED TIME   RECORD YEAR NORMAL DEPARTURE LAST
                VALUE   (LST)  VALUE       VALUE  FROM      YEAR
                                                  NORMAL
..................................................................
TEMPERATURE (F)
 YESTERDAY
  MAXIMUM         44   1018 AM  68    1931  50     -6       42
  MINIMUM         26   1159 PM   6    1936  28     -2       29
  AVERAGE         35                        39     -4       36

PRECIPITATION (IN)
  YESTERDAY        T             0.38 1927   0.03  -0.03     0.07
  MONTH TO DATE    0.40                      0.57  -0.17     0.88
  SINCE OCT 1      4.09                      4.74  -0.65     5.60
  SINCE JAN 1      1.37                      1.79  -0.42     1.83

SNOWFALL (IN)
  YESTERDAY        0.0
  SNOW DEPTH       0

DEGREE DAYS
 HEATING
  YESTERDAY       30                        26      4       29
  MONTH TO DATE  386                       487   -101      632
  SINCE DEC 1   2207                      2409   -202     3113
  SINCE JUL 1   3375                      3638   -263     4059

 COOLING
  YESTERDAY        0                         0      0        0
  MONTH TO DATE    0                         0      0        0
  SINCE DEC 1      0                         0      0        0
  SINCE JAN 1      0                         0      0        0
..................................................................


WIND (MPH)
  RESULTANT WIND SPEED   6   RESULTANT WIND DIRECTION  NW (300)
  HIGHEST WIND SPEED    28   HIGHEST WIND DIRECTION    SW (230)
  HIGHEST GUST SPEED    33   HIGHEST GUST DIRECTION    SW (220)


SKY COVER
  POSSIBLE SUNSHINE  MM
  AVERAGE SKY COVER 0.5


WEATHER CONDITIONS
 THE FOLLOWING WEATHER WAS RECORDED YESTERDAY.
  LIGHT RAIN


RELATIVE HUMIDITY (PERCENT)
 HIGHEST    70
 LOWEST     50
 AVERAGE    60

..........................................................


THE PASCO WA CLIMATE NORMALS FOR TODAY
                         NORMAL    RECORD    YEAR
 MAXIMUM TEMPERATURE (F)   50        66      1896
 MINIMUM TEMPERATURE (F)   29         5      2006
                                             1910


SUNRISE AND SUNSET
FEBRUARY 19 2018......SUNRISE   653 AM PST   SUNSET   528 PM PST
FEBRUARY 20 2018......SUNRISE   651 AM PST   SUNSET   530 PM PST


-  INDICATES NEGATIVE NUMBERS.
R  INDICATES RECORD WAS SET OR TIED.
MM INDICATES DATA IS MISSING.
T  INDICATES TRACE AMOUNT.


$$
