044
CDUS41 KALY 020624
CLIPSF


CLIMATE REPORT
NATIONAL WEATHER SERVICE ALBANY NY
124 AM EST FRI DEC 2 2016


...................................

...THE PITTSFIELD MA CLIMATE SUMMARY FOR DECEMBER 1 2016...

CLIMATE NORMAL PERIOD 1981 TO 2010
CLIMATE RECORD PERIOD 9999 TO 9999


WEATHER ITEM   OBSERVED TIME   NORMAL DEPARTURE LAST
                VALUE   (LST)  VALUE  FROM      YEAR
                                      NORMAL
......................................................
TEMPERATURE (F)
 YESTERDAY
  MAXIMUM         47    935 AM  40      7       39
  MINIMUM         36    943 PM  25     11       24
  AVERAGE         42            32     10       32

PRECIPITATION (IN)
  YESTERDAY        0.55          0.09   0.46     0.17
  MONTH TO DATE    0.55          0.09   0.46     0.17
  SINCE DEC 1      0.55          0.09   0.46     0.17
  SINCE JAN 1     32.49         42.47  -9.98    37.12

DEGREE DAYS
 HEATING
  YESTERDAY       23            33    -10       33
  MONTH TO DATE   23            33    -10       33
  SINCE DEC 1     23            33    -10       33
  SINCE JUL 1   1430          1684   -254     1406

 COOLING
  YESTERDAY        0             0      0        0
  MONTH TO DATE    0             0      0        0
  SINCE DEC 1      0             0      0        0
  SINCE JAN 1    432           290    142      361
......................................................


WIND (MPH)
  HIGHEST WIND SPEED    25   HIGHEST WIND DIRECTION     W (280)
  HIGHEST GUST SPEED    34   HIGHEST GUST DIRECTION     W (270)
  AVERAGE WIND SPEED    11.5


SKY COVER
  AVERAGE SKY COVER 0.9



RELATIVE HUMIDITY (PERCENT)
 HIGHEST    96
 LOWEST     70
 AVERAGE    83

..........................................................


THE PITTSFIELD MA CLIMATE NORMALS FOR TODAY
                         NORMAL
 MAXIMUM TEMPERATURE (F)   39
 MINIMUM TEMPERATURE (F)   25


SUNRISE AND SUNSET
DECEMBER  2 2016......SUNRISE   704 AM EST   SUNSET   421 PM EST
DECEMBER  3 2016......SUNRISE   705 AM EST   SUNSET   421 PM EST


-  INDICATES NEGATIVE NUMBERS.
R  INDICATES RECORD WAS SET OR TIED.
MM INDICATES DATA IS MISSING.
T  INDICATES TRACE AMOUNT.




$$
