000
CDUS41 KALY 272148
CLIPSF


CLIMATE REPORT
NATIONAL WEATHER SERVICE ALBANY NY
447 PM EST SAT DEC 27 2014


...................................

...THE PITTSFIELD MA CLIMATE SUMMARY FOR DECEMBER 27 2014...
VALID TODAY AS OF 0400 PM LOCAL TIME.

CLIMATE NORMAL PERIOD 1981 TO 2010
CLIMATE RECORD PERIOD 9999 TO 9999


WEATHER ITEM   OBSERVED TIME   NORMAL DEPARTURE LAST
                VALUE   (LST)  VALUE  FROM      YEAR
                                      NORMAL
......................................................
TEMPERATURE (F)
 TODAY
  MAXIMUM         47    226 PM  31     16       30
  MINIMUM         26    216 AM  15     11       16
  AVERAGE         37            23     14       23

PRECIPITATION (IN)
  TODAY            0.00          0.09  -0.09     0.00
  MONTH TO DATE    3.47          2.63   0.84     1.75
  SINCE DEC 1      3.47          2.63   0.84     1.75
  SINCE JAN 1     43.89         45.01  -1.12    38.56

DEGREE DAYS
 HEATING
  TODAY           28            42    -14       42
  MONTH TO DATE  913          1016   -103     1008
  SINCE DEC 1    913          1016   -103     1008
  SINCE JUL 1   2535          2667   -132     2688

 COOLING
  TODAY            0             0      0        0
  MONTH TO DATE    0             0      0        0
  SINCE DEC 1      0             0      0        0
  SINCE JAN 1    238           290    -52      433
......................................................


WIND (MPH)
  HIGHEST WIND SPEED    16   HIGHEST WIND DIRECTION     W (270)
  HIGHEST GUST SPEED    22   HIGHEST GUST DIRECTION     W (250)
  AVERAGE WIND SPEED     6.4


SKY COVER
  AVERAGE SKY COVER 0.2



RELATIVE HUMIDITY (PERCENT)
 HIGHEST    92
 LOWEST     60
 AVERAGE    76

..........................................................


THE PITTSFIELD MA CLIMATE NORMALS FOR TOMORROW
                         NORMAL
 MAXIMUM TEMPERATURE (F)   31
 MINIMUM TEMPERATURE (F)   15


SUNRISE AND SUNSET
DECEMBER 27 2014......SUNRISE   722 AM EST   SUNSET   427 PM EST
DECEMBER 28 2014......SUNRISE   722 AM EST   SUNSET   428 PM EST


-  INDICATES NEGATIVE NUMBERS.
R  INDICATES RECORD WAS SET OR TIED.
MM INDICATES DATA IS MISSING.
T  INDICATES TRACE AMOUNT.




$$
