000
CDUS41 KALY 050628
CLIPSF


CLIMATE REPORT
NATIONAL WEATHER SERVICE ALBANY NY
228 AM EDT WED AUG 5 2015


...................................

...THE PITTSFIELD MA CLIMATE SUMMARY FOR AUGUST 4 2015...

CLIMATE NORMAL PERIOD 1981 TO 2010
CLIMATE RECORD PERIOD 9999 TO 9999


WEATHER ITEM   OBSERVED TIME   NORMAL DEPARTURE LAST
                VALUE   (LST)  VALUE  FROM      YEAR
                                      NORMAL
......................................................
TEMPERATURE (F)
 YESTERDAY
  MAXIMUM         81   1142 AM  79      2       78
  MINIMUM         56   1159 PM  57     -1       60
  AVERAGE         69            68      1       69

PRECIPITATION (IN)
  YESTERDAY        0.32          0.15   0.17      T
  MONTH TO DATE    0.57          0.60  -0.03     0.02
  SINCE JUN 1     13.70          9.25   4.45    14.60
  SINCE JAN 1     24.84         26.29  -1.45    28.60

DEGREE DAYS
 HEATING
  YESTERDAY        0             1     -1        0
  MONTH TO DATE    0             4     -4        0
  SINCE JUN 1    130           136     -6       76
  SINCE JUL 1     19            35    -16       18

 COOLING
  YESTERDAY        4             4      0        4
  MONTH TO DATE   14            16     -2        9
  SINCE JUN 1    168           180    -12      166
  SINCE JAN 1    212           193     19      172
......................................................


WIND (MPH)
  HIGHEST WIND SPEED    21   HIGHEST WIND DIRECTION    NW (320)
  HIGHEST GUST SPEED    31   HIGHEST GUST DIRECTION    NW (300)
  AVERAGE WIND SPEED     2.9


SKY COVER
  AVERAGE SKY COVER 0.3



RELATIVE HUMIDITY (PERCENT)
 HIGHEST    93
 LOWEST     49
 AVERAGE    71

..........................................................


THE PITTSFIELD MA CLIMATE NORMALS FOR TODAY
                         NORMAL
 MAXIMUM TEMPERATURE (F)   79
 MINIMUM TEMPERATURE (F)   57


SUNRISE AND SUNSET
AUGUST  5 2015........SUNRISE   549 AM EDT   SUNSET   808 PM EDT
AUGUST  6 2015........SUNRISE   550 AM EDT   SUNSET   807 PM EDT


-  INDICATES NEGATIVE NUMBERS.
R  INDICATES RECORD WAS SET OR TIED.
MM INDICATES DATA IS MISSING.
T  INDICATES TRACE AMOUNT.




$$
