000
CDUS41 KALY 010627
CLIPSF


CLIMATE REPORT
NATIONAL WEATHER SERVICE ALBANY NY
226 AM EDT MON SEP 1 2014


...................................

...THE PITTSFIELD MA CLIMATE SUMMARY FOR AUGUST 31 2014...

CLIMATE NORMAL PERIOD 1981 TO 2010
CLIMATE RECORD PERIOD 9999 TO 9999


WEATHER ITEM   OBSERVED TIME   NORMAL DEPARTURE LAST
                VALUE   (LST)  VALUE  FROM      YEAR
                                      NORMAL
......................................................
TEMPERATURE (F)
 YESTERDAY
  MAXIMUM         76    109 PM  75      1       80
  MINIMUM         66    600 AM  53     13       68
  AVERAGE         71            64      7       74

PRECIPITATION (IN)
  YESTERDAY        0.01          0.12  -0.11     0.83
  MONTH TO DATE    2.34          4.09  -1.75     4.83
  SINCE JUN 1     16.92         12.74   4.18    13.51
  SINCE JAN 1     30.92         29.78   1.14    28.10

DEGREE DAYS
 HEATING
  YESTERDAY        0             3     -3        0
  MONTH TO DATE   55            43     12       48
  SINCE JUN 1    131           179    -48      164
  SINCE JUL 1     73            78     -5       56

 COOLING
  YESTERDAY        6             2      4        9
  MONTH TO DATE   36            93    -57       64
  SINCE JUN 1    193           257    -64      375
  SINCE JAN 1    199           270    -71      400
......................................................


WIND (MPH)
  HIGHEST WIND SPEED    13   HIGHEST WIND DIRECTION    SW (210)
  HIGHEST GUST SPEED    23   HIGHEST GUST DIRECTION    SW (230)
  AVERAGE WIND SPEED     6.5


SKY COVER
  AVERAGE SKY COVER 0.7



RELATIVE HUMIDITY (PERCENT)
 HIGHEST    97
 LOWEST     79
 AVERAGE    88

..........................................................


THE PITTSFIELD MA CLIMATE NORMALS FOR TODAY
                         NORMAL
 MAXIMUM TEMPERATURE (F)   74
 MINIMUM TEMPERATURE (F)   53


SUNRISE AND SUNSET
SEPTEMBER  1 2014.....SUNRISE   618 AM EDT   SUNSET   727 PM EDT
SEPTEMBER  2 2014.....SUNRISE   619 AM EDT   SUNSET   726 PM EDT


-  INDICATES NEGATIVE NUMBERS.
R  INDICATES RECORD WAS SET OR TIED.
MM INDICATES DATA IS MISSING.
T  INDICATES TRACE AMOUNT.




$$
