000
CDUS41 KALY 110622
CLIPSF


CLIMATE REPORT
NATIONAL WEATHER SERVICE ALBANY NY
221 AM EDT FRI JUL 11 2014


...................................

...THE PITTSFIELD MA CLIMATE SUMMARY FOR JULY 10 2014...

CLIMATE NORMAL PERIOD 1981 TO 2010
CLIMATE RECORD PERIOD 9999 TO 9999


WEATHER ITEM   OBSERVED TIME   NORMAL DEPARTURE LAST
                VALUE   (LST)  VALUE  FROM      YEAR
                                      NORMAL
......................................................
TEMPERATURE (F)
 YESTERDAY
  MAXIMUM         75    404 PM  79     -4       81
  MINIMUM         55   1159 PM  56     -1       70
  AVERAGE         65            67     -2       76

PRECIPITATION (IN)
  YESTERDAY        0.00          0.13  -0.13     0.03
  MONTH TO DATE    2.52          1.16   1.36     0.45
  SINCE JUN 1      7.87          5.56   2.31     7.82
  SINCE JAN 1     21.87         22.60  -0.73    22.41

DEGREE DAYS
 HEATING
  YESTERDAY        0             1     -1        0
  MONTH TO DATE    3            10     -7        0
  SINCE JUN 1     61           111    -50      108
  SINCE JUL 1      3            10     -7        0

 COOLING
  YESTERDAY        0             4     -4       11
  MONTH TO DATE   57            33     24      107
  SINCE JUN 1    100            89     11      193
  SINCE JAN 1    106           102      4      218
......................................................


WIND (MPH)
  HIGHEST WIND SPEED    14   HIGHEST WIND DIRECTION    NW (300)
  HIGHEST GUST SPEED    20   HIGHEST GUST DIRECTION     W (290)
  AVERAGE WIND SPEED     5.3


SKY COVER
  AVERAGE SKY COVER 0.1



RELATIVE HUMIDITY (PERCENT)
 HIGHEST    86
 LOWEST     44
 AVERAGE    65

..........................................................


THE PITTSFIELD MA CLIMATE NORMALS FOR TODAY
                         NORMAL
 MAXIMUM TEMPERATURE (F)   79
 MINIMUM TEMPERATURE (F)   56


SUNRISE AND SUNSET
JULY 11 2014..........SUNRISE   526 AM EDT   SUNSET   831 PM EDT
JULY 12 2014..........SUNRISE   527 AM EDT   SUNSET   830 PM EDT


-  INDICATES NEGATIVE NUMBERS.
R  INDICATES RECORD WAS SET OR TIED.
MM INDICATES DATA IS MISSING.
T  INDICATES TRACE AMOUNT.




$$
