000
CDUS46 KSGX 270021
CLIPSP


CLIMATE REPORT
NATIONAL WEATHER SERVICE SAN DIEGO, CA
421 PM PST THU FEB 26 2015


...................................

...THE PALM SPRINGS INTL AIRPORT CA CLIMATE SUMMARY FOR FEBRUARY 26 2015...
VALID TODAY AS OF 0400 PM LOCAL TIME.

CLIMATE NORMAL PERIOD 1981 TO 2010
CLIMATE RECORD PERIOD 1893 TO 2015


WEATHER ITEM   OBSERVED TIME   RECORD YEAR NORMAL DEPARTURE LAST
                VALUE   (LST)  VALUE       VALUE  FROM      YEAR
                                                  NORMAL
..................................................................
TEMPERATURE (F)
 TODAY
  MAXIMUM         82    325 PM  99    1986  75      7       76
  MINIMUM         51    556 AM  33    1987  50      1       54
  AVERAGE         67                        62      5       65

PRECIPITATION (IN)
  TODAY            0.00          0.49 2001   0.04  -0.04     0.00
  MONTH TO DATE    0.17                      0.96  -0.79     0.00
  SINCE OCT 1      1.26                      3.81  -2.55     0.18
  SINCE JAN 1      0.39                      1.96  -1.57     0.00

SNOWFALL (IN)
  TODAY            0.0
  MONTH TO DATE    0.0
  SINCE JAN 1      0.0
  SINCE JUL 1      0.0
  SNOW DEPTH       0

DEGREE DAYS
 HEATING
  TODAY            0                         4     -4        0
  MONTH TO DATE    8                       145   -137       59
  SINCE DEC 1    337                       676   -339      349
  SINCE JUL 1    370                       772   -402      410

 COOLING
  TODAY            2                         1      1        0
  MONTH TO DATE  102                        25     77       65
  SINCE DEC 1    144                        37    107      106
  SINCE JAN 1    120                        33     87      102
..................................................................


WIND (MPH)
  RESULTANT WIND SPEED   0   RESULTANT WIND DIRECTION  SW (220)
  HIGHEST WIND SPEED    17   HIGHEST WIND DIRECTION    NW (320)
  HIGHEST GUST SPEED    22   HIGHEST GUST DIRECTION    NW (310)
  AVERAGE WIND SPEED     3.3


SKY COVER
  POSSIBLE SUNSHINE  MM
  AVERAGE SKY COVER 0.0


WEATHER CONDITIONS
 THE FOLLOWING WEATHER WAS RECORDED TODAY.
  NO SIGNIFICANT WEATHER WAS OBSERVED.


RELATIVE HUMIDITY (PERCENT)
 HIGHEST    59           400 AM
 LOWEST     16          1200 PM
 AVERAGE    38

..........................................................


THE PALM SPRINGS INTL AIRPORT CA CLIMATE NORMALS FOR TOMORROW
                         NORMAL    RECORD    YEAR
 MAXIMUM TEMPERATURE (F)   75        99      1986
 MINIMUM TEMPERATURE (F)   50        32      1939


SUNRISE AND SUNSET
FEBRUARY 26 2015......SUNRISE   618 AM PST   SUNSET   540 PM PST
FEBRUARY 27 2015......SUNRISE   617 AM PST   SUNSET   541 PM PST


-  INDICATES NEGATIVE NUMBERS.
R  INDICATES RECORD WAS SET OR TIED.
MM INDICATES DATA IS MISSING.
T  INDICATES TRACE AMOUNT.




$$
