000
CDUS46 KSGX 211243
CLIPSP


CLIMATE REPORT
NATIONAL WEATHER SERVICE SAN DIEGO, CA
442 AM PST SUN JAN 21 2018


...................................

...THE PALM SPRINGS INTL AIRPORT CA CLIMATE SUMMARY FOR JANUARY 20 2018...

CLIMATE NORMAL PERIOD 1981 TO 2010
CLIMATE RECORD PERIOD 1893 TO 2018


WEATHER ITEM   OBSERVED TIME   RECORD YEAR NORMAL DEPARTURE LAST
                VALUE   (LST)  VALUE       VALUE  FROM      YEAR
                                                  NORMAL
..................................................................
TEMPERATURE (F)
 YESTERDAY
  MAXIMUM         66    310 PM  88    1971  70     -4       60
  MINIMUM         48   1158 PM  28    1963  46      2       47
                                      1943
  AVERAGE         57                        58     -1       54

PRECIPITATION (IN)
  YESTERDAY        T             0.74 2010   0.02  -0.02     0.69
  MONTH TO DATE    1.45                      0.80   0.65     1.62
  SINCE OCT 1      1.45                      2.65  -1.20     3.41
  SINCE JAN 1      1.45                      0.80   0.65     1.62

DEGREE DAYS
 HEATING
  YESTERDAY        8                         7      1       11
  MONTH TO DATE   33                       164   -131      180
  SINCE DEC 1    127                       454   -327      402
  SINCE JUL 1    127                       550   -423      463

 COOLING
  YESTERDAY        0                         0      0        0
  MONTH TO DATE   25                         0     25        0
  SINCE DEC 1     54                         4     50        1
  SINCE JAN 1     25                         0     25        0
..................................................................


WIND (MPH)
  RESULTANT WIND SPEED   6   RESULTANT WIND DIRECTION  NW (320)
  HIGHEST WIND SPEED    29   HIGHEST WIND DIRECTION    NW (330)
  HIGHEST GUST SPEED    37   HIGHEST GUST DIRECTION    NW (320)
  AVERAGE WIND SPEED     7.8


SKY COVER
  POSSIBLE SUNSHINE  MM
  AVERAGE SKY COVER 0.2


WEATHER CONDITIONS
 THE FOLLOWING WEATHER WAS RECORDED YESTERDAY.
  HEAVY RAIN
  RAIN
  LIGHT RAIN


RELATIVE HUMIDITY (PERCENT)
 HIGHEST    68           800 AM
 LOWEST     20           300 PM
 AVERAGE    44

..........................................................


THE PALM SPRINGS INTL AIRPORT CA CLIMATE NORMALS FOR TODAY
                         NORMAL    RECORD    YEAR
 MAXIMUM TEMPERATURE (F)   70        87      1975
 MINIMUM TEMPERATURE (F)   46        24      1937


SUNRISE AND SUNSET
JANUARY 21 2018.......SUNRISE   649 AM PST   SUNSET   506 PM PST
JANUARY 22 2018.......SUNRISE   648 AM PST   SUNSET   507 PM PST


-  INDICATES NEGATIVE NUMBERS.
R  INDICATES RECORD WAS SET OR TIED.
MM INDICATES DATA IS MISSING.
T  INDICATES TRACE AMOUNT.




$$
