000
CDUS46 KSGX 281419
CLIPSP


CLIMATE REPORT
NATIONAL WEATHER SERVICE SAN DIEGO, CA
619 AM PST WED JAN 28 2015


...................................

...THE PALM SPRINGS INTL AIRPORT CA CLIMATE SUMMARY FOR JANUARY 27 2015...

CLIMATE NORMAL PERIOD 1981 TO 2010
CLIMATE RECORD PERIOD 1893 TO 2015


WEATHER ITEM   OBSERVED TIME   RECORD YEAR NORMAL DEPARTURE LAST
                VALUE   (LST)  VALUE       VALUE  FROM      YEAR
                                                  NORMAL
..................................................................
TEMPERATURE (F)
 YESTERDAY
  MAXIMUM         71    331 PM  88    1971  70      1       82
  MINIMUM         56   1159 PM  28    1950  47      9       54
  AVERAGE         64                        58      6       68

PRECIPITATION (IN)
  YESTERDAY        0.00          1.22 2008   0.00   0.00     0.00
  MONTH TO DATE    0.12                      0.93  -0.81     0.00
  SINCE OCT 1      0.99                      2.78  -1.79     0.18
  SINCE JAN 1      0.12                      0.93  -0.81     0.00

SNOWFALL (IN)
  YESTERDAY        0.0
  MONTH TO DATE    0.0
  SINCE JAN 1      0.0
  SINCE JUL 1      0.0
  SNOW DEPTH       0

DEGREE DAYS
 HEATING
  YESTERDAY        1                         7     -6        0
  MONTH TO DATE  110                       213   -103       68
  SINCE DEC 1    325                       503   -178      288
  SINCE JUL 1    358                       599   -241      349

 COOLING
  YESTERDAY        0                         0      0        3
  MONTH TO DATE   14                         0     14       34
  SINCE DEC 1     38                         4     34       38
  SINCE JAN 1     14                         0     14       34
..................................................................


WIND (MPH)
  RESULTANT WIND SPEED   1   RESULTANT WIND DIRECTION  NE (30)
  HIGHEST WIND SPEED     7   HIGHEST WIND DIRECTION    NW (330)
  HIGHEST GUST SPEED    10   HIGHEST GUST DIRECTION     E (90)
  AVERAGE WIND SPEED     2.2


SKY COVER
  POSSIBLE SUNSHINE  MM
  AVERAGE SKY COVER 0.5


WEATHER CONDITIONS
 THE FOLLOWING WEATHER WAS RECORDED YESTERDAY.
  FOG


RELATIVE HUMIDITY (PERCENT)
 HIGHEST    93          1200 AM
 LOWEST     49           400 PM
 AVERAGE    71

..........................................................


THE PALM SPRINGS INTL AIRPORT CA CLIMATE NORMALS FOR TODAY
                         NORMAL    RECORD    YEAR
 MAXIMUM TEMPERATURE (F)   70        89      1971
 MINIMUM TEMPERATURE (F)   47        23      1948


SUNRISE AND SUNSET
JANUARY 28 2015.......SUNRISE   645 AM PST   SUNSET   513 PM PST
JANUARY 29 2015.......SUNRISE   645 AM PST   SUNSET   514 PM PST


-  INDICATES NEGATIVE NUMBERS.
R  INDICATES RECORD WAS SET OR TIED.
MM INDICATES DATA IS MISSING.
T  INDICATES TRACE AMOUNT.




$$
