000
CDUS46 KSGX 291424
CLIPSP


CLIMATE REPORT
NATIONAL WEATHER SERVICE SAN DIEGO, CA
723 AM PDT FRI AUG 29 2014


...................................

...THE PALM SPRINGS INTL AIRPORT CA CLIMATE SUMMARY FOR AUGUST 28 2014...

CLIMATE NORMAL PERIOD 1981 TO 2010
CLIMATE RECORD PERIOD 1893 TO 2014


WEATHER ITEM   OBSERVED TIME   RECORD YEAR NORMAL DEPARTURE LAST
                VALUE   (LST)  VALUE       VALUE  FROM      YEAR
                                                  NORMAL
..................................................................
TEMPERATURE (F)
 YESTERDAY
  MAXIMUM        112    355 PM 118    2009 105      7      107
  MINIMUM         79    551 AM  55    1947  77      2       83
  AVERAGE         96                        91      5       95

PRECIPITATION (IN)
  YESTERDAY        0.00          0.21 1931   0.01  -0.01     0.00
  MONTH TO DATE    0.88                      0.30   0.58     0.11
  SINCE JUL 1      1.15                      0.55   0.60     1.05
  SINCE JAN 1      1.90                      3.49  -1.59     2.02

SNOWFALL (IN)
  YESTERDAY        0.0
  MONTH TO DATE    0.0
  SINCE JAN 1      0.0
  SINCE JUL 1      0.0
  SNOW DEPTH       0

DEGREE DAYS
 HEATING
  YESTERDAY        0                         0      0        0
  MONTH TO DATE    0                         0      0        0
  SINCE JUN 1      0                         0      0        0
  SINCE JUL 1      0                         0      0        0

 COOLING
  YESTERDAY       31                        26      5       30
  MONTH TO DATE  730                       755    -25      738
  SINCE JUN 1   2392                      2248    144     2373
  SINCE JAN 1   3502                      3007    495     3415
..................................................................


WIND (MPH)
  RESULTANT WIND SPEED   3   RESULTANT WIND DIRECTION  NW (310)
  HIGHEST WIND SPEED    25   HIGHEST WIND DIRECTION    NW (310)
  HIGHEST GUST SPEED    31   HIGHEST GUST DIRECTION    NW (320)
  AVERAGE WIND SPEED     6.6


SKY COVER
  POSSIBLE SUNSHINE  MM
  AVERAGE SKY COVER 0.0


WEATHER CONDITIONS
 THE FOLLOWING WEATHER WAS RECORDED YESTERDAY.
  NO SIGNIFICANT WEATHER WAS OBSERVED.


RELATIVE HUMIDITY (PERCENT)
 HIGHEST    45           600 AM
 LOWEST      7          1200 PM
 AVERAGE    26

..........................................................


THE PALM SPRINGS INTL AIRPORT CA CLIMATE NORMALS FOR TODAY
                         NORMAL    RECORD    YEAR
 MAXIMUM TEMPERATURE (F)  105       118      1998
                                             1967
 MINIMUM TEMPERATURE (F)   77        57      1947


SUNRISE AND SUNSET
AUGUST 29 2014........SUNRISE   618 AM PDT   SUNSET   715 PM PDT
AUGUST 30 2014........SUNRISE   618 AM PDT   SUNSET   714 PM PDT


-  INDICATES NEGATIVE NUMBERS.
R  INDICATES RECORD WAS SET OR TIED.
MM INDICATES DATA IS MISSING.
T  INDICATES TRACE AMOUNT.




$$
