000
CDUS46 KSGX 310035
CLIPSP


CLIMATE REPORT
NATIONAL WEATHER SERVICE SAN DIEGO, CA
535 PM PDT SAT JUL 30 2016


...................................

...THE PALM SPRINGS INTL AIRPORT CA CLIMATE SUMMARY FOR JULY 30 2016...
VALID TODAY AS OF 0500 PM LOCAL TIME.

CLIMATE NORMAL PERIOD 1981 TO 2010
CLIMATE RECORD PERIOD 1893 TO 2016


WEATHER ITEM   OBSERVED TIME   RECORD YEAR NORMAL DEPARTURE LAST
                VALUE   (LST)  VALUE       VALUE  FROM      YEAR
                                                  NORMAL
..................................................................
TEMPERATURE (F)
 TODAY
  MAXIMUM        104   1145 AM 119    1957 107     -3      109
                                      1943
  MINIMUM         89    619 AM  65    1941  78     11       89
                                      1940
  AVERAGE         97                        93      4       99

PRECIPITATION (IN)
  TODAY            0.00          0.90 1936   0.01  -0.01     0.00
  MONTH TO DATE    0.00                      0.23  -0.23     0.42
  SINCE OCT 1      2.63                      5.02  -2.39     2.63
  SINCE JAN 1      2.44                      3.17  -0.73     1.76

DEGREE DAYS
 HEATING
  TODAY            0                         0      0        0
  MONTH TO DATE    0                         0      0        0
  SINCE JUN 1      0                         0      0        0
  SINCE JUL 1      0                         0      0        0

 COOLING
  TODAY           32                        28      4       34
  MONTH TO DATE  916                       820     96      772
  SINCE JUN 1   1719                      1467    252     1558
  SINCE JAN 1   2716                      2226    490     2623
..................................................................


WIND (MPH)
  RESULTANT WIND SPEED  10   RESULTANT WIND DIRECTION   E (90)
  HIGHEST WIND SPEED    24   HIGHEST WIND DIRECTION     E (110)
  HIGHEST GUST SPEED    32   HIGHEST GUST DIRECTION     E (110)
  AVERAGE WIND SPEED    11.4


SKY COVER
  POSSIBLE SUNSHINE  MM
  AVERAGE SKY COVER 0.8


WEATHER CONDITIONS
 THE FOLLOWING WEATHER WAS RECORDED TODAY.
  HAZE
  SANDSTORM


RELATIVE HUMIDITY (PERCENT)
 HIGHEST    52           200 AM
 LOWEST     28          1200 AM
 AVERAGE    40

..........................................................


THE PALM SPRINGS INTL AIRPORT CA CLIMATE NORMALS FOR TOMORROW
                         NORMAL    RECORD    YEAR
 MAXIMUM TEMPERATURE (F)  107       122      1957
 MINIMUM TEMPERATURE (F)   78        65      1946
                                             1936


SUNRISE AND SUNSET
JULY 30 2016..........SUNRISE   557 AM PDT   SUNSET   748 PM PDT
JULY 31 2016..........SUNRISE   557 AM PDT   SUNSET   747 PM PDT


-  INDICATES NEGATIVE NUMBERS.
R  INDICATES RECORD WAS SET OR TIED.
MM INDICATES DATA IS MISSING.
T  INDICATES TRACE AMOUNT.




$$
