000
CDUS46 KSGX 090116
CLIPSP


CLIMATE REPORT
NATIONAL WEATHER SERVICE SAN DIEGO, CA
516 PM PST THU DEC 8 2016


...................................

...THE PALM SPRINGS INTL AIRPORT CA CLIMATE SUMMARY FOR DECEMBER 8 2016...
VALID TODAY AS OF 0500 PM LOCAL TIME.

CLIMATE NORMAL PERIOD 1981 TO 2010
CLIMATE RECORD PERIOD 1893 TO 2016


WEATHER ITEM   OBSERVED TIME   RECORD YEAR NORMAL DEPARTURE LAST
                VALUE   (LST)  VALUE       VALUE  FROM      YEAR
                                                  NORMAL
..................................................................
TEMPERATURE (F)
 TODAY
  MAXIMUM         67    338 PM  89    1938  68     -1       78
  MINIMUM         45    604 AM  29    1978  45      0       50
  AVERAGE         56                        56      0       64

PRECIPITATION (IN)
  TODAY            0.00          0.24 1992   0.03  -0.03     0.00
  MONTH TO DATE    T                         0.14  -0.14     0.00
  SINCE OCT 1      0.29                      1.11  -0.82     0.15
  SINCE JAN 1      3.65                      5.00  -1.35     2.05

DEGREE DAYS
 HEATING
  TODAY            9                         9      0        1
  MONTH TO DATE   48                        65    -17       45
  SINCE DEC 1     48                        65    -17       45
  SINCE JUL 1    109                       161    -52      152

 COOLING
  TODAY            0                         0      0        0
  MONTH TO DATE    0                         0      0        0
  SINCE DEC 1      0                         0      0        0
  SINCE JAN 1   4808                      4137    671     4896
..................................................................


WIND (MPH)
  RESULTANT WIND SPEED   2   RESULTANT WIND DIRECTION   N (10)
  HIGHEST WIND SPEED    10   HIGHEST WIND DIRECTION     N (350)
  HIGHEST GUST SPEED    13   HIGHEST GUST DIRECTION    SE (140)
  AVERAGE WIND SPEED     4.3


SKY COVER
  POSSIBLE SUNSHINE  MM
  AVERAGE SKY COVER 0.1


WEATHER CONDITIONS
 THE FOLLOWING WEATHER WAS RECORDED TODAY.
  NO SIGNIFICANT WEATHER WAS OBSERVED.


RELATIVE HUMIDITY (PERCENT)
 HIGHEST    50           700 AM
 LOWEST     18           200 PM
 AVERAGE    34

..........................................................


THE PALM SPRINGS INTL AIRPORT CA CLIMATE NORMALS FOR TOMORROW
                         NORMAL    RECORD    YEAR
 MAXIMUM TEMPERATURE (F)   67        91      1938
 MINIMUM TEMPERATURE (F)   44        26      1978


SUNRISE AND SUNSET
DECEMBER  8 2016......SUNRISE   639 AM PST   SUNSET   437 PM PST
DECEMBER  9 2016......SUNRISE   640 AM PST   SUNSET   437 PM PST


-  INDICATES NEGATIVE NUMBERS.
R  INDICATES RECORD WAS SET OR TIED.
MM INDICATES DATA IS MISSING.
T  INDICATES TRACE AMOUNT.




$$
