912
CDUS45 KPUB 110031
CLIPUB


CLIMATE REPORT
NATIONAL WEATHER SERVICE PUEBLO
531 PM MST WED FEB 10 2016


...................................

...THE PUEBLO CO CLIMATE SUMMARY FOR FEBRUARY 10 2016...
VALID TODAY AS OF 0500 PM LOCAL TIME.

CLIMATE NORMAL PERIOD 1981 TO 2010
CLIMATE RECORD PERIOD 1888 TO 2016


WEATHER ITEM   OBSERVED TIME   RECORD YEAR NORMAL DEPARTURE LAST
                VALUE   (LST)  VALUE       VALUE  FROM      YEAR
                                                  NORMAL
..................................................................
TEMPERATURE (F)
 TODAY
  MAXIMUM         76R   328 PM  75    1962  49     27       67
                                      1951
  MINIMUM         26    244 AM -18    1933  16     10       27
  AVERAGE         51                        33     18       47

PRECIPITATION (IN)
  TODAY            0.00          0.90 1897   0.01  -0.01     0.10
  MONTH TO DATE    0.35                      0.09   0.26     0.10
  SINCE DEC 1      1.28                      0.82   0.46     0.59
  SINCE JAN 1      0.88                      0.44   0.44     0.35

SNOWFALL (IN)
  TODAY            0.0           9.0  1897   0.1   -0.1      0.0
  MONTH TO DATE    5.8                       1.5    4.3       T
  SINCE DEC 1     17.8                      13.5    4.3      7.7
  SINCE JUL 1     24.2                      19.5    4.7     17.6
  SNOW DEPTH       0

DEGREE DAYS
 HEATING
  TODAY           14                        32    -18       18
  MONTH TO DATE  343                       332     11      197
  SINCE DEC 1   2274                      2483   -209     2233
  SINCE JUL 1   3148                      3764   -616     3395

 COOLING
  TODAY            0                         0      0        0
  MONTH TO DATE    0                         0      0        0
  SINCE DEC 1      0                         0      0        0
  SINCE JAN 1      0                         0      0        0
..................................................................


WIND (MPH)
  HIGHEST WIND SPEED    29   HIGHEST WIND DIRECTION    NW (300)
  HIGHEST GUST SPEED    35   HIGHEST GUST DIRECTION    NW (310)
  AVERAGE WIND SPEED    12.7


SKY COVER
  POSSIBLE SUNSHINE  MM
  AVERAGE SKY COVER 0.0


WEATHER CONDITIONS
 THE FOLLOWING WEATHER WAS RECORDED TODAY.
  NO SIGNIFICANT WEATHER WAS OBSERVED.


RELATIVE HUMIDITY (PERCENT)
 HIGHEST    81           200 AM
 LOWEST      6           400 PM
 AVERAGE    44

..........................................................


THE PUEBLO CO CLIMATE NORMALS FOR TOMORROW
                         NORMAL    RECORD    YEAR
 MAXIMUM TEMPERATURE (F)   49        77      1962
                                             1951
 MINIMUM TEMPERATURE (F)   16       -20      1899


SUNRISE AND SUNSET
FEBRUARY 10 2016......SUNRISE   655 AM MST   SUNSET   530 PM MST
FEBRUARY 11 2016......SUNRISE   654 AM MST   SUNSET   532 PM MST


-  INDICATES NEGATIVE NUMBERS.
R  INDICATES RECORD WAS SET OR TIED.
MM INDICATES DATA IS MISSING.
T  INDICATES TRACE AMOUNT.




$$
