000
CDUS45 KPUB 201039
CLIPUB


CLIMATE REPORT
NATIONAL WEATHER SERVICE PUEBLO
439 AM MDT SUN AUG 20 2017


...................................

...THE PUEBLO CO CLIMATE SUMMARY FOR AUGUST 19 2017...

CLIMATE NORMAL PERIOD 1981 TO 2010
CLIMATE RECORD PERIOD 1888 TO 2017


WEATHER ITEM   OBSERVED TIME   RECORD YEAR NORMAL DEPARTURE LAST
                VALUE   (LST)  VALUE       VALUE  FROM      YEAR
                                                  NORMAL
..................................................................
TEMPERATURE (F)
 YESTERDAY
  MAXIMUM         96    319 PM 100    1973  89      7       86
  MINIMUM         58    458 AM  50    2001  57      1       56
                                      1960
  AVERAGE         77                        73      4       71

PRECIPITATION (IN)
  YESTERDAY        0.00          0.97 1995   0.08  -0.08     0.31
  MONTH TO DATE    0.34                      1.56  -1.22     1.17
  SINCE JUN 1      4.99                      4.98   0.01     3.00
  SINCE JAN 1     14.05                      9.47   4.58    10.17

SNOWFALL (IN)
  YESTERDAY        0.0           0.0  2002   0.0    0.0      0.0
  MONTH TO DATE    0.0                       0.0    0.0       T
  SINCE JUN 1      0.0                       0.0    0.0       T
  SINCE JUL 1      0.0                       0.0    0.0       T
  SNOW DEPTH       0

DEGREE DAYS
 HEATING
  YESTERDAY        0                         0      0        0
  MONTH TO DATE    0                         0      0        0
  SINCE JUN 1      5                        26    -21        1
  SINCE JUL 1      0                         1     -1        0

 COOLING
  YESTERDAY       12                         8      4        6
  MONTH TO DATE  144                       178    -34      236
  SINCE JUN 1    779                       689     90     1059
  SINCE JAN 1    789                       723     66     1089
..................................................................


WIND (MPH)
  HIGHEST WIND SPEED    26   HIGHEST WIND DIRECTION     W (250)
  HIGHEST GUST SPEED    34   HIGHEST GUST DIRECTION     W (250)
  AVERAGE WIND SPEED     7.0


SKY COVER
  POSSIBLE SUNSHINE  MM
  AVERAGE SKY COVER 0.0


WEATHER CONDITIONS
 THE FOLLOWING WEATHER WAS RECORDED YESTERDAY.
  NO SIGNIFICANT WEATHER WAS OBSERVED.


RELATIVE HUMIDITY (PERCENT)
 HIGHEST    86           500 AM
 LOWEST     12           300 PM
 AVERAGE    49

..........................................................


THE PUEBLO CO CLIMATE NORMALS FOR TODAY
                         NORMAL    RECORD    YEAR
 MAXIMUM TEMPERATURE (F)   89       102      1987
 MINIMUM TEMPERATURE (F)   57        50      2015
                                             1979
                                             1897


SUNRISE AND SUNSET
AUGUST 20 2017........SUNRISE   617 AM MDT   SUNSET   745 PM MDT
AUGUST 21 2017........SUNRISE   618 AM MDT   SUNSET   743 PM MDT


-  INDICATES NEGATIVE NUMBERS.
R  INDICATES RECORD WAS SET OR TIED.
MM INDICATES DATA IS MISSING.
T  INDICATES TRACE AMOUNT.




$$
