000
CDUS45 KPUB 071135
CLIPUB


CLIMATE REPORT
NATIONAL WEATHER SERVICE PUEBLO
435 AM MST WED DEC 7 2016


...................................

...THE PUEBLO CO CLIMATE SUMMARY FOR DECEMBER 6 2016...

CLIMATE NORMAL PERIOD 1981 TO 2010
CLIMATE RECORD PERIOD 1888 TO 2016


WEATHER ITEM   OBSERVED TIME   RECORD YEAR NORMAL DEPARTURE LAST
                VALUE   (LST)  VALUE       VALUE  FROM      YEAR
                                                  NORMAL
..................................................................
TEMPERATURE (F)
 YESTERDAY
  MAXIMUM         32    156 PM  76    1939  47    -15       51
  MINIMUM          8    704 AM -19    1972  15     -7       18
  AVERAGE         20                        31    -11       35

PRECIPITATION (IN)
  YESTERDAY        0.00          0.54 1989   0.01  -0.01     0.00
  MONTH TO DATE    0.00                      0.08  -0.08      T
  SINCE DEC 1      0.00                      0.08  -0.08      T
  SINCE JAN 1     11.15                     12.27  -1.12    16.26

SNOWFALL (IN)
  YESTERDAY        0.0           4.9  1978   0.2   -0.2      0.0
  MONTH TO DATE    0.0                       1.1   -1.1      0.0
  SINCE DEC 1      0.0                       1.1   -1.1      0.0
  SINCE JUL 1      T                         7.1   -7.1      6.4
  SNOW DEPTH       0

DEGREE DAYS
 HEATING
  YESTERDAY       45                        34     11       30
  MONTH TO DATE  213                       199     14      164
  SINCE DEC 1    213                       199     14      164
  SINCE JUL 1    995                      1480   -485     1038

 COOLING
  YESTERDAY        0                         0      0        0
  MONTH TO DATE    0                         0      0        0
  SINCE DEC 1      0                         0      0        0
  SINCE JAN 1   1358                       897    461     1273
..................................................................


WIND (MPH)
  HIGHEST WIND SPEED    18   HIGHEST WIND DIRECTION    SE (140)
  HIGHEST GUST SPEED    25   HIGHEST GUST DIRECTION    SE (130)
  AVERAGE WIND SPEED     6.5


SKY COVER
  POSSIBLE SUNSHINE  MM
  AVERAGE SKY COVER 0.2


WEATHER CONDITIONS
 THE FOLLOWING WEATHER WAS RECORDED YESTERDAY.
  NO SIGNIFICANT WEATHER WAS OBSERVED.


RELATIVE HUMIDITY (PERCENT)
 HIGHEST    73           600 AM
 LOWEST     26           200 PM
 AVERAGE    50

..........................................................


THE PUEBLO CO CLIMATE NORMALS FOR TODAY
                         NORMAL    RECORD    YEAR
 MAXIMUM TEMPERATURE (F)   47        76      1970
 MINIMUM TEMPERATURE (F)   15       -11      1972


SUNRISE AND SUNSET
DECEMBER  7 2016......SUNRISE   702 AM MST   SUNSET   438 PM MST
DECEMBER  8 2016......SUNRISE   703 AM MST   SUNSET   438 PM MST


-  INDICATES NEGATIVE NUMBERS.
R  INDICATES RECORD WAS SET OR TIED.
MM INDICATES DATA IS MISSING.
T  INDICATES TRACE AMOUNT.




$$
