000
CDUS46 KOTX 170824
CLIPUW


CLIMATE REPORT
NATIONAL WEATHER SERVICE SPOKANE, WA
1224 AM PST WED DEC 17 2014


...................................

...THE PULLMAN-MOSCOW  AIRPORT CLIMATE SUMMARY FOR DECEMBER 16 2014...

CLIMATE NORMAL PERIOD 1981 TO 2010
CLIMATE RECORD PERIOD 9999 TO 9999


WEATHER ITEM   OBSERVED TIME   RECORD YEAR NORMAL DEPARTURE LAST
                VALUE   (LST)  VALUE       VALUE  FROM      YEAR
                                                  NORMAL
..................................................................
TEMPERATURE (F)
 YESTERDAY
  MAXIMUM         40    251 PM  50    1980  35      5       43
  MINIMUM         33    415 AM -13    1964  24      9       29
  AVERAGE         37                        30      7       36

PRECIPITATION (IN)
  YESTERDAY        0.00          0.68 1981   0.04  -0.04     0.00
  MONTH TO DATE    1.25                      0.88   0.37     0.80
  SINCE OCT 1      5.05                      4.51   0.54     2.73
  SINCE JAN 1     16.93                     16.20   0.73    14.27

SNOWFALL (IN)
  YESTERDAY       MM

DEGREE DAYS
 HEATING
  YESTERDAY       28                        35     -7       29
  MONTH TO DATE  437                       549   -112      680
  SINCE DEC 1    437                       549   -112      680
  SINCE JUL 1   1774                      2293   -519     2369

 COOLING
  YESTERDAY        0                         0      0        0
  MONTH TO DATE    0                         0      0        0
  SINCE DEC 1      0                         0      0        0
  SINCE JAN 1    346                       213    133      334
..................................................................


WIND (MPH)
  HIGHEST WIND SPEED    17   HIGHEST WIND DIRECTION     E (100)
  HIGHEST GUST SPEED    21   HIGHEST GUST DIRECTION     E (100)
  AVERAGE WIND SPEED     9.6


SKY COVER
  POSSIBLE SUNSHINE  MM
  AVERAGE SKY COVER 1.0


WEATHER CONDITIONS
 THE FOLLOWING WEATHER WAS RECORDED YESTERDAY.
  NO SIGNIFICANT WEATHER WAS OBSERVED.


RELATIVE HUMIDITY (PERCENT)
 HIGHEST    89           400 AM
 LOWEST     70           100 PM
 AVERAGE    80

..........................................................


THE PULLMAN-MOSCOW  AIRPORT CLIMATE NORMALS FOR TODAY
                         NORMAL    RECORD    YEAR
 MAXIMUM TEMPERATURE (F)   35        51      1976
 MINIMUM TEMPERATURE (F)   24       -15      1964


SUNRISE AND SUNSET
DECEMBER 17 2014......SUNRISE   728 AM PST   SUNSET   401 PM PST
DECEMBER 18 2014......SUNRISE   729 AM PST   SUNSET   402 PM PST


-  INDICATES NEGATIVE NUMBERS.
R  INDICATES RECORD WAS SET OR TIED.
MM INDICATES DATA IS MISSING.
T  INDICATES TRACE AMOUNT.




$$
