000
CDUS46 KOTX 260831
CLIPUW


CLIMATE REPORT
NATIONAL WEATHER SERVICE SPOKANE, WA
128 AM PDT TUE MAY 26 2015


...................................

...THE PULLMAN-MOSCOW  AIRPORT CLIMATE SUMMARY FOR MAY 25 2015...

CLIMATE NORMAL PERIOD 1981 TO 2010
CLIMATE RECORD PERIOD 9999 TO 9999


WEATHER ITEM   OBSERVED TIME   RECORD YEAR NORMAL DEPARTURE LAST
                VALUE   (LST)  VALUE       VALUE  FROM      YEAR
                                                  NORMAL
..................................................................
TEMPERATURE (F)
 YESTERDAY
  MAXIMUM         68    423 PM  86    1961  67      1       71
  MINIMUM         51    448 AM  32    2007  43      8       40
  AVERAGE         60                        55      5       56

PRECIPITATION (IN)
  YESTERDAY        0.00          0.46 1942   0.04  -0.04      T
  MONTH TO DATE    1.82                      1.31   0.51     0.64
  SINCE OCT 1     15.50                     13.46   2.04    12.69
  SINCE JAN 1      8.65                      8.26   0.39     9.35

SNOWFALL (IN)
  YESTERDAY       MM

DEGREE DAYS
 HEATING
  YESTERDAY        5                        10     -5        9
  MONTH TO DATE  251                       314    -63      256
  SINCE MAR 1   1421                      1638   -217     1529
  SINCE JUL 1   5252                      6341  -1089     6380

 COOLING
  YESTERDAY        0                         0      0        0
  MONTH TO DATE    0                         0      0        1
  SINCE MAR 1      0                         0      0        1
  SINCE JAN 1      0                         0      0        1
..................................................................


WIND (MPH)
  HIGHEST WIND SPEED    13   HIGHEST WIND DIRECTION     W (260)
  HIGHEST GUST SPEED    17   HIGHEST GUST DIRECTION     W (280)
  AVERAGE WIND SPEED     4.5


SKY COVER
  POSSIBLE SUNSHINE  MM
  AVERAGE SKY COVER 0.2


WEATHER CONDITIONS
 THE FOLLOWING WEATHER WAS RECORDED YESTERDAY.
  THUNDERSTORM


RELATIVE HUMIDITY (PERCENT)
 HIGHEST    89          1200 AM
 LOWEST     45           600 PM
 AVERAGE    67

..........................................................


THE PULLMAN-MOSCOW  AIRPORT CLIMATE NORMALS FOR TODAY
                         NORMAL    RECORD    YEAR
 MAXIMUM TEMPERATURE (F)   67        89      1958
 MINIMUM TEMPERATURE (F)   44        33      1967


SUNRISE AND SUNSET
MAY 26 2015...........SUNRISE   503 AM PDT   SUNSET   829 PM PDT
MAY 27 2015...........SUNRISE   502 AM PDT   SUNSET   830 PM PDT


-  INDICATES NEGATIVE NUMBERS.
R  INDICATES RECORD WAS SET OR TIED.
MM INDICATES DATA IS MISSING.
T  INDICATES TRACE AMOUNT.




$$
