000
CDUS46 KOTX 170819
CLIPUW


CLIMATE REPORT
NATIONAL WEATHER SERVICE SPOKANE, WA
119 AM PDT THU AUG 17 2017


...................................

...THE PULLMAN-MOSCOW  AIRPORT CLIMATE SUMMARY FOR AUGUST 16 2017...

CLIMATE NORMAL PERIOD 1981 TO 2010
CLIMATE RECORD PERIOD 9999 TO 9999


WEATHER ITEM   OBSERVED TIME   RECORD YEAR NORMAL DEPARTURE LAST
                VALUE   (LST)  VALUE       VALUE  FROM      YEAR
                                                  NORMAL
..................................................................
TEMPERATURE (F)
 YESTERDAY
  MAXIMUM         82        MM  99    1967  83     -1       91
  MINIMUM         45        MM  36    2000  49     -4       49
  AVERAGE         64                        66     -2       70

PRECIPITATION (IN)
  YESTERDAY        0.00                      0.02  -0.02     0.00
  MONTH TO DATE    0.06                      0.33  -0.27     0.24
  SINCE OCT 1     23.33                     15.81   7.52    19.95
  SINCE JAN 1     14.92                     10.61   4.31    11.96

SNOWFALL (IN)
  YESTERDAY       MM

DEGREE DAYS
 HEATING
  YESTERDAY        1                         2     -1        0
  MONTH TO DATE    7                        22    -15       19
  SINCE JUN 1    147                       292   -145      252
  SINCE JUL 1     13                        86    -73       84

 COOLING
  YESTERDAY        0                         3     -3        5
  MONTH TO DATE  125                        55     70       50
  SINCE JUN 1    355                       150    205      151
  SINCE JAN 1    375                       155    220      152
..................................................................


WIND (MPH)
  HIGHEST WIND SPEED    13   HIGHEST WIND DIRECTION     W (270)
  HIGHEST GUST SPEED    18   HIGHEST GUST DIRECTION     W (270)
  AVERAGE WIND SPEED     4.1


SKY COVER
  POSSIBLE SUNSHINE  MM
  AVERAGE SKY COVER 0.0


WEATHER CONDITIONS
 THE FOLLOWING WEATHER WAS RECORDED YESTERDAY.
  HAZE


RELATIVE HUMIDITY (PERCENT)
 HIGHEST    65           500 AM
 LOWEST     23           200 PM
 AVERAGE    44

..........................................................


THE PULLMAN-MOSCOW  AIRPORT CLIMATE NORMALS FOR TODAY
                         NORMAL    RECORD    YEAR
 MAXIMUM TEMPERATURE (F)   82       102      2008
 MINIMUM TEMPERATURE (F)   49        38      2000


SUNRISE AND SUNSET
AUGUST 17 2017........SUNRISE   549 AM PDT   SUNSET   755 PM PDT
AUGUST 18 2017........SUNRISE   551 AM PDT   SUNSET   753 PM PDT


-  INDICATES NEGATIVE NUMBERS.
R  INDICATES RECORD WAS SET OR TIED.
MM INDICATES DATA IS MISSING.
T  INDICATES TRACE AMOUNT.




$$
