000
CDUS46 KOTX 230828
CLIPUW


CLIMATE REPORT
NATIONAL WEATHER SERVICE SPOKANE, WA
127 AM PDT MON OCT 23 2017


...................................

...THE PULLMAN-MOSCOW  AIRPORT CLIMATE SUMMARY FOR OCTOBER 22 2017...

CLIMATE NORMAL PERIOD 1981 TO 2010
CLIMATE RECORD PERIOD 9999 TO 9999


WEATHER ITEM   OBSERVED TIME   RECORD YEAR NORMAL DEPARTURE LAST
                VALUE   (LST)  VALUE       VALUE  FROM      YEAR
                                                  NORMAL
..................................................................
TEMPERATURE (F)
 YESTERDAY
  MAXIMUM         54    312 PM  79    2003  56     -2       55
  MINIMUM         44   1146 PM  22    1984  35      9       44
                                      1978
  AVERAGE         49                        45      4       50

PRECIPITATION (IN)
  YESTERDAY        0.48                      0.05   0.43      T
  MONTH TO DATE    2.48                      0.87   1.61     3.55
  SINCE OCT 1      2.48                      0.87   1.61     3.55
  SINCE JAN 1     18.09                     12.56   5.53    15.87

SNOWFALL (IN)
  YESTERDAY       MM

DEGREE DAYS
 HEATING
  YESTERDAY       16                        20     -4       15
  MONTH TO DATE  371                       353     18      328
  SINCE SEP 1    558                       581    -23      544
  SINCE JUL 1    581                       714   -133      646

 COOLING
  YESTERDAY        0                         0      0        0
  MONTH TO DATE    0                         0      0        0
  SINCE SEP 1     83                        22     61        6
  SINCE JAN 1    517                       212    305      203
..................................................................


WIND (MPH)
  HIGHEST WIND SPEED    39   HIGHEST WIND DIRECTION    SW (240)
  HIGHEST GUST SPEED    50   HIGHEST GUST DIRECTION    SW (240)
  AVERAGE WIND SPEED    17.3


SKY COVER
  POSSIBLE SUNSHINE  MM
  AVERAGE SKY COVER 0.6


WEATHER CONDITIONS
 THE FOLLOWING WEATHER WAS RECORDED YESTERDAY.
  RAIN
  LIGHT RAIN
  FOG


RELATIVE HUMIDITY (PERCENT)
 HIGHEST    89           400 AM
 LOWEST     59           200 PM
 AVERAGE    74

..........................................................


THE PULLMAN-MOSCOW  AIRPORT CLIMATE NORMALS FOR TODAY
                         NORMAL    RECORD    YEAR
 MAXIMUM TEMPERATURE (F)   55        75      1901
 MINIMUM TEMPERATURE (F)   35        20      2002


SUNRISE AND SUNSET
OCTOBER 23 2017.......SUNRISE   718 AM PDT   SUNSET   547 PM PDT
OCTOBER 24 2017.......SUNRISE   719 AM PDT   SUNSET   545 PM PDT


-  INDICATES NEGATIVE NUMBERS.
R  INDICATES RECORD WAS SET OR TIED.
MM INDICATES DATA IS MISSING.
T  INDICATES TRACE AMOUNT.




$$
