000
CDUS46 KOTX 300834
CLIPUW


CLIMATE REPORT
NATIONAL WEATHER SERVICE SPOKANE, WA
134 AM PDT MON MAR 30 2015


...................................

...THE PULLMAN-MOSCOW  AIRPORT CLIMATE SUMMARY FOR MARCH 29 2015...

CLIMATE NORMAL PERIOD 1981 TO 2010
CLIMATE RECORD PERIOD 9999 TO 9999


WEATHER ITEM   OBSERVED TIME   RECORD YEAR NORMAL DEPARTURE LAST
                VALUE   (LST)  VALUE       VALUE  FROM      YEAR
                                                  NORMAL
..................................................................
TEMPERATURE (F)
 YESTERDAY
  MAXIMUM         61    247 PM  72    2004  52      9       55
  MINIMUM         38    128 AM  14    1954  34      4       36
  AVERAGE         50                        43      7       46

PRECIPITATION (IN)
  YESTERDAY        0.00          0.84 1960   0.07  -0.07     0.10
  MONTH TO DATE    2.48                      1.92   0.56     2.82
  SINCE OCT 1     13.08                     10.46   2.62    10.60
  SINCE JAN 1      6.23                      5.26   0.97     7.26

SNOWFALL (IN)
  YESTERDAY       MM

DEGREE DAYS
 HEATING
  YESTERDAY       15                        22     -7       19
  MONTH TO DATE  563                       712   -149      670
  SINCE MAR 1    563                       712   -149      670
  SINCE JUL 1   4394                      5415  -1021     5521

 COOLING
  YESTERDAY        0                         0      0        0
  MONTH TO DATE    0                         0      0        0
  SINCE MAR 1      0                         0      0        0
  SINCE JAN 1      0                         0      0        0
..................................................................


WIND (MPH)
  HIGHEST WIND SPEED    13   HIGHEST WIND DIRECTION    SW (240)
  HIGHEST GUST SPEED    16   HIGHEST GUST DIRECTION     W (270)
  AVERAGE WIND SPEED     5.0


SKY COVER
  POSSIBLE SUNSHINE  MM
  AVERAGE SKY COVER 0.2


WEATHER CONDITIONS
 THE FOLLOWING WEATHER WAS RECORDED YESTERDAY.
  NO SIGNIFICANT WEATHER WAS OBSERVED.


RELATIVE HUMIDITY (PERCENT)
 HIGHEST    85           500 AM
 LOWEST     39           400 PM
 AVERAGE    62

..........................................................


THE PULLMAN-MOSCOW  AIRPORT CLIMATE NORMALS FOR TODAY
                         NORMAL    RECORD    YEAR
 MAXIMUM TEMPERATURE (F)   52        70      2004
                                             2003
                                             1978
 MINIMUM TEMPERATURE (F)   34        18      1954


SUNRISE AND SUNSET
MARCH 30 2015.........SUNRISE   632 AM PDT   SUNSET   715 PM PDT
MARCH 31 2015.........SUNRISE   630 AM PDT   SUNSET   716 PM PDT


-  INDICATES NEGATIVE NUMBERS.
R  INDICATES RECORD WAS SET OR TIED.
MM INDICATES DATA IS MISSING.
T  INDICATES TRACE AMOUNT.




$$
