000
CDUS46 KOTX 280830
CLIPUW


CLIMATE REPORT
NATIONAL WEATHER SERVICE SPOKANE, WA
129 AM PDT THU JUL 28 2016


...................................

...THE PULLMAN-MOSCOW  AIRPORT CLIMATE SUMMARY FOR JULY 27 2016...

CLIMATE NORMAL PERIOD 1981 TO 2010
CLIMATE RECORD PERIOD 9999 TO 9999


WEATHER ITEM   OBSERVED TIME   RECORD YEAR NORMAL DEPARTURE LAST
                VALUE   (LST)  VALUE       VALUE  FROM      YEAR
                                                  NORMAL
..................................................................
TEMPERATURE (F)
 YESTERDAY
  MAXIMUM         91    215 PM 102    1998  84      7       68
  MINIMUM         53    432 AM  39    1966  51      2       49
  AVERAGE         72                        67      5       59

PRECIPITATION (IN)
  YESTERDAY        0.00                      0.02  -0.02      T
  MONTH TO DATE    0.75                      0.62   0.13     0.54
  SINCE OCT 1     19.71                     15.41   4.30    16.63
  SINCE JAN 1     11.72                     10.21   1.51     9.78

SNOWFALL (IN)
  YESTERDAY       MM

DEGREE DAYS
 HEATING
  YESTERDAY        0                         1     -1        6
  MONTH TO DATE   65                        58      7       17
  SINCE JUN 1    233                       264    -31       96
  SINCE JUL 1     65                        58      7       17

 COOLING
  YESTERDAY        7                         4      3        0
  MONTH TO DATE   29                        66    -37      147
  SINCE JUN 1     72                        79     -7      240
  SINCE JAN 1     73                        84    -11      252
..................................................................


WIND (MPH)
  HIGHEST WIND SPEED    12   HIGHEST WIND DIRECTION    NW (310)
  HIGHEST GUST SPEED    15   HIGHEST GUST DIRECTION     W (270)
  AVERAGE WIND SPEED     2.6


SKY COVER
  POSSIBLE SUNSHINE  MM
  AVERAGE SKY COVER 0.0


WEATHER CONDITIONS
 THE FOLLOWING WEATHER WAS RECORDED YESTERDAY.
  NO SIGNIFICANT WEATHER WAS OBSERVED.


RELATIVE HUMIDITY (PERCENT)
 HIGHEST    83           500 AM
 LOWEST     21           500 PM
 AVERAGE    52

..........................................................


THE PULLMAN-MOSCOW  AIRPORT CLIMATE NORMALS FOR TODAY
                         NORMAL    RECORD    YEAR
 MAXIMUM TEMPERATURE (F)   84       102      1998
 MINIMUM TEMPERATURE (F)   51        37      1976


SUNRISE AND SUNSET
JULY 28 2016..........SUNRISE   525 AM PDT   SUNSET   825 PM PDT
JULY 29 2016..........SUNRISE   526 AM PDT   SUNSET   823 PM PDT


-  INDICATES NEGATIVE NUMBERS.
R  INDICATES RECORD WAS SET OR TIED.
MM INDICATES DATA IS MISSING.
T  INDICATES TRACE AMOUNT.




$$
