000
CDUS46 KOTX 220820
CLIPUW


CLIMATE REPORT
NATIONAL WEATHER SERVICE SPOKANE, WA
1219 AM PST MON JAN 22 2018


...................................

...THE PULLMAN-MOSCOW  AIRPORT CLIMATE SUMMARY FOR JANUARY 21 2018...

CLIMATE NORMAL PERIOD 1981 TO 2010
CLIMATE RECORD PERIOD 9999 TO 9999


WEATHER ITEM   OBSERVED TIME   RECORD YEAR NORMAL DEPARTURE LAST
                VALUE   (LST)  VALUE       VALUE  FROM      YEAR
                                                  NORMAL
..................................................................
TEMPERATURE (F)
 YESTERDAY
  MAXIMUM         39    441 PM  55    2005  37      2       39
  MINIMUM         31    639 AM -17    1937  27      4       34
  AVERAGE         35                        32      3       37

PRECIPITATION (IN)
  YESTERDAY        T                         0.07  -0.07     0.01
  MONTH TO DATE    1.82                      1.12   0.70     1.19
  SINCE OCT 1     10.68                      6.32   4.36     9.60
  SINCE JAN 1      1.82                      1.12   0.70     1.19

SNOWFALL (IN)
  YESTERDAY       MM

DEGREE DAYS
 HEATING
  YESTERDAY       30                        33     -3       28
  MONTH TO DATE  587                       712   -125      962
  SINCE DEC 1   1709                      1792    -83     2192
  SINCE JUL 1   3192                      3536   -344     3540

 COOLING
  YESTERDAY        0                         0      0        0
  MONTH TO DATE    0                         0      0        0
  SINCE DEC 1      0                         0      0        0
  SINCE JAN 1      0                         0      0        0
..................................................................


WIND (MPH)
  HIGHEST WIND SPEED    20   HIGHEST WIND DIRECTION     S (160)
  HIGHEST GUST SPEED    28   HIGHEST GUST DIRECTION     S (180)
  AVERAGE WIND SPEED    12.5


SKY COVER
  POSSIBLE SUNSHINE  MM
  AVERAGE SKY COVER 0.5


WEATHER CONDITIONS
 THE FOLLOWING WEATHER WAS RECORDED YESTERDAY.
  LIGHT SNOW


RELATIVE HUMIDITY (PERCENT)
 HIGHEST    89          1200 AM
 LOWEST     76          1200 PM
 AVERAGE    83

..........................................................


THE PULLMAN-MOSCOW  AIRPORT CLIMATE NORMALS FOR TODAY
                         NORMAL    RECORD    YEAR
 MAXIMUM TEMPERATURE (F)   37        52      1934
 MINIMUM TEMPERATURE (F)   27        -8      1937


SUNRISE AND SUNSET
JANUARY 22 2018.......SUNRISE   723 AM PST   SUNSET   437 PM PST
JANUARY 23 2018.......SUNRISE   722 AM PST   SUNSET   439 PM PST


-  INDICATES NEGATIVE NUMBERS.
R  INDICATES RECORD WAS SET OR TIED.
MM INDICATES DATA IS MISSING.
T  INDICATES TRACE AMOUNT.




$$
