000
CDUS41 KBOX 240547
CLIPVD


CLIMATE REPORT
NATIONAL WEATHER SERVICE TAUNTON MA
142 AM EDT THU JUL 24 2014


...................................

...THE PROVIDENCE RI CLIMATE SUMMARY FOR JULY 23 2014...

CLIMATE NORMAL PERIOD 1981 TO 2010
CLIMATE RECORD PERIOD 1904 TO 2014


WEATHER ITEM   OBSERVED TIME   RECORD YEAR NORMAL DEPARTURE LAST
                VALUE   (LST)  VALUE       VALUE  FROM      YEAR
                                                  NORMAL
..................................................................
TEMPERATURE (F)
 YESTERDAY
  MAXIMUM         88    134 PM  97    1978  83      5       88
                                      1918
  MINIMUM         70    517 AM  54    1976  65      5       73
                                      1950
  AVERAGE         79                        74      5       81

PRECIPITATION (IN)
  YESTERDAY        T             3.80 1922   0.10  -0.10     0.17
  MONTH TO DATE    3.40                      2.32   1.08     1.20
  SINCE JUN 1      5.76                      5.96  -0.20    11.28
  SINCE JAN 1     28.56                     26.03   2.53    25.88

SNOWFALL (IN)
  YESTERDAY        0.0           0.0  2002   0.0    0.0      0.0
                                      2001
                                      2000
  MONTH TO DATE    0.0                       0.0    0.0      0.0
  SINCE JUN 1      0.0                       0.0    0.0      0.0
  SINCE JUL 1      0.0                       0.0    0.0      0.0
  SNOW DEPTH       0

DEGREE DAYS
 HEATING
  YESTERDAY        0                         0      0        0
  MONTH TO DATE    0                         0      0        0
  SINCE JUN 1     13                        43    -30       24
  SINCE JUL 1      0                         0      0        0

 COOLING
  YESTERDAY       14                         9      5       16
  MONTH TO DATE  231                       195     36      357
  SINCE JUN 1    334                       327      7      521
  SINCE JAN 1    345                       353     -8      565
..................................................................


WIND (MPH)
  RESULTANT WIND SPEED  10   RESULTANT WIND DIRECTION  SW (210)
  HIGHEST WIND SPEED    23   HIGHEST WIND DIRECTION    SW (220)
  HIGHEST GUST SPEED    27   HIGHEST GUST DIRECTION    SW (210)
  AVERAGE WIND SPEED    10.4


SKY COVER
  POSSIBLE SUNSHINE  MM
  AVERAGE SKY COVER 0.4


WEATHER CONDITIONS
 THE FOLLOWING WEATHER WAS RECORDED YESTERDAY.
  THUNDERSTORM


RELATIVE HUMIDITY (PERCENT)
 HIGHEST    79           600 AM
 LOWEST     55          1200 PM
 AVERAGE    67

..........................................................


THE PROVIDENCE RI CLIMATE NORMALS FOR TODAY
                         NORMAL    RECORD    YEAR
 MAXIMUM TEMPERATURE (F)   83        94      1987
                                             1933
 MINIMUM TEMPERATURE (F)   65        52      1950
                                             1923


SUNRISE AND SUNSET
JULY 24 2014..........SUNRISE   532 AM EDT   SUNSET   812 PM EDT
JULY 25 2014..........SUNRISE   533 AM EDT   SUNSET   811 PM EDT


-  INDICATES NEGATIVE NUMBERS.
R  INDICATES RECORD WAS SET OR TIED.
MM INDICATES DATA IS MISSING.
T  INDICATES TRACE AMOUNT.




$$
