000
CDUS41 KBOX 250711
CLIPVD


CLIMATE REPORT
NATIONAL WEATHER SERVICE TAUNTON MA
210 AM EST SUN JAN 25 2015


...................................

...THE PROVIDENCE RI CLIMATE SUMMARY FOR JANUARY 24 2015...

CLIMATE NORMAL PERIOD 1981 TO 2010
CLIMATE RECORD PERIOD 1904 TO 2015


WEATHER ITEM   OBSERVED TIME   RECORD YEAR NORMAL DEPARTURE LAST
                VALUE   (LST)  VALUE       VALUE  FROM      YEAR
                                                  NORMAL
..................................................................
TEMPERATURE (F)
 YESTERDAY
  MAXIMUM         35    312 AM  65    1967  37     -2       18
  MINIMUM         32   1159 PM  -9    1907  21     11        7
  AVERAGE         34                        29      5       13

PRECIPITATION (IN)
  YESTERDAY        0.75          1.68 1951   0.13   0.62     0.00
  MONTH TO DATE    2.45                      3.01  -0.56     3.61
  SINCE DEC 1      8.70                      7.23   1.47     8.43
  SINCE JAN 1      2.45                      3.01  -0.56     3.61

SNOWFALL (IN)
  YESTERDAY        2.6           7.0  1908   0.3    2.3      0.0
  MONTH TO DATE    6.0                       6.9   -0.9     13.9
  SINCE DEC 1      6.9                      15.6   -8.7     20.9
  SINCE JUL 1      8.5                      17.1   -8.6     21.0
  SNOW DEPTH       2

DEGREE DAYS
 HEATING
  YESTERDAY       31                        36     -5       52
  MONTH TO DATE  892                       860     32      889
  SINCE DEC 1   1727                      1812    -85     1865
  SINCE JUL 1   2763                      2887   -124     2968

 COOLING
  YESTERDAY        0                         0      0        0
  MONTH TO DATE    0                         0      0        0
  SINCE DEC 1      0                         0      0        0
  SINCE JAN 1      0                         0      0        0
..................................................................


WIND (MPH)
  RESULTANT WIND SPEED   4   RESULTANT WIND DIRECTION   W (290)
  HIGHEST WIND SPEED    21   HIGHEST WIND DIRECTION     N (350)
  HIGHEST GUST SPEED    26   HIGHEST GUST DIRECTION     N (10)
  AVERAGE WIND SPEED    10.5


SKY COVER
  POSSIBLE SUNSHINE  MM
  AVERAGE SKY COVER 0.9


WEATHER CONDITIONS
 THE FOLLOWING WEATHER WAS RECORDED YESTERDAY.
  RAIN
  LIGHT RAIN
  SNOW
  LIGHT SNOW
  SLEET
  FOG


RELATIVE HUMIDITY (PERCENT)
 HIGHEST    96           200 PM
 LOWEST     70           300 AM
 AVERAGE    83

..........................................................


THE PROVIDENCE RI CLIMATE NORMALS FOR TODAY
                         NORMAL    RECORD    YEAR
 MAXIMUM TEMPERATURE (F)   37        60      1990
 MINIMUM TEMPERATURE (F)   21        -3      1945
                                             1935


SUNRISE AND SUNSET
JANUARY 25 2015.......SUNRISE   704 AM EST   SUNSET   452 PM EST
JANUARY 26 2015.......SUNRISE   704 AM EST   SUNSET   453 PM EST


-  INDICATES NEGATIVE NUMBERS.
R  INDICATES RECORD WAS SET OR TIED.
MM INDICATES DATA IS MISSING.
T  INDICATES TRACE AMOUNT.




$$
