000
CDUS41 KBOX 060546
CLIPVD


CLIMATE REPORT
NATIONAL WEATHER SERVICE TAUNTON MA
145 AM EDT FRI MAY 6 2016


...................................

...THE PROVIDENCE RI CLIMATE SUMMARY FOR MAY 5 2016...

CLIMATE NORMAL PERIOD 1981 TO 2010
CLIMATE RECORD PERIOD 1904 TO 2016


WEATHER ITEM   OBSERVED TIME   RECORD YEAR NORMAL DEPARTURE LAST
                VALUE   (LST)  VALUE       VALUE  FROM      YEAR
                                                  NORMAL
..................................................................
TEMPERATURE (F)
 YESTERDAY
  MAXIMUM         48   1217 PM  91    1949  65    -17       77
  MINIMUM         44    624 PM  33    1907  45     -1       56
  AVERAGE         46                        55     -9       67

PRECIPITATION (IN)
  YESTERDAY        0.02          1.73 1922   0.11  -0.09     0.00
  MONTH TO DATE    0.86                      0.57   0.29     0.00
  SINCE MAR 1      7.45                      9.94  -2.49     6.91
  SINCE JAN 1     15.80                     17.09  -1.29    13.26

SNOWFALL (IN)
  YESTERDAY        0.0           T    1917   0.0    0.0      0.0
  MONTH TO DATE    0.0                       0.0    0.0      0.0
  SINCE MAR 1      9.3                       6.1    3.2     16.3
  SINCE JUL 1     28.7                      33.8   -5.1     76.2
  SNOW DEPTH       0

DEGREE DAYS
 HEATING
  YESTERDAY       19                        10      9        0
  MONTH TO DATE   86                        53     33       46
  SINCE MAR 1   1242                      1341    -99     1510
  SINCE JUL 1   4613                      5403   -790     5872

 COOLING
  YESTERDAY        0                         0      0        2
  MONTH TO DATE    0                         0      0        2
  SINCE MAR 1      0                         2     -2        2
  SINCE JAN 1      0                         2     -2        2
..................................................................


WIND (MPH)
  RESULTANT WIND SPEED  18   RESULTANT WIND DIRECTION  NE (30)
  HIGHEST WIND SPEED    29   HIGHEST WIND DIRECTION    NE (30)
  HIGHEST GUST SPEED    37   HIGHEST GUST DIRECTION    NE (30)
  AVERAGE WIND SPEED    18.8


SKY COVER
  POSSIBLE SUNSHINE  MM
  AVERAGE SKY COVER 1.0


WEATHER CONDITIONS
 THE FOLLOWING WEATHER WAS RECORDED YESTERDAY.
  LIGHT RAIN
  FOG


RELATIVE HUMIDITY (PERCENT)
 HIGHEST    92          1200 AM
 LOWEST     76           100 PM
 AVERAGE    84

..........................................................


THE PROVIDENCE RI CLIMATE NORMALS FOR TODAY
                         NORMAL    RECORD    YEAR
 MAXIMUM TEMPERATURE (F)   66        90      1930
 MINIMUM TEMPERATURE (F)   46        34      1970
                                             1917


SUNRISE AND SUNSET
MAY  6 2016...........SUNRISE   535 AM EDT   SUNSET   750 PM EDT
MAY  7 2016...........SUNRISE   534 AM EDT   SUNSET   751 PM EDT


-  INDICATES NEGATIVE NUMBERS.
R  INDICATES RECORD WAS SET OR TIED.
MM INDICATES DATA IS MISSING.
T  INDICATES TRACE AMOUNT.




$$
