000
CDUS41 KBOX 260550
CLIPVD


CLIMATE REPORT
NATIONAL WEATHER SERVICE TAUNTON MA
138 AM EDT TUE JUL 26 2016


...................................

...THE PROVIDENCE RI CLIMATE SUMMARY FOR JULY 25 2016...

CLIMATE NORMAL PERIOD 1981 TO 2010
CLIMATE RECORD PERIOD 1904 TO 2016


WEATHER ITEM   OBSERVED TIME   RECORD YEAR NORMAL DEPARTURE LAST
                VALUE   (LST)  VALUE       VALUE  FROM      YEAR
                                                  NORMAL
..................................................................
TEMPERATURE (F)
 YESTERDAY
  MAXIMUM         92    151 PM  96    2001  83      9       77
  MINIMUM         68    452 AM  53    1953  65      3       60
  AVERAGE         80                        74      6       69

PRECIPITATION (IN)
  YESTERDAY        T             2.51 1972   0.12  -0.12     0.00
  MONTH TO DATE    3.78                      2.55   1.23     1.77
  SINCE JUN 1      4.83                      6.19  -1.36     7.12
  SINCE JAN 1     22.95                     26.26  -3.31    24.07

SNOWFALL (IN)
  YESTERDAY        0.0           0.0  2002   0.0    0.0      0.0
                                      2001
                                      2000
  MONTH TO DATE    0.0                       0.0    0.0      0.0
  SINCE JUN 1      0.0                       0.0    0.0      0.0
  SINCE JUL 1      0.0                       0.0    0.0      0.0
  SNOW DEPTH       0

DEGREE DAYS
 HEATING
  YESTERDAY        0                         0      0        0
  MONTH TO DATE    0                         0      0        0
  SINCE JUN 1     12                        43    -31       72
  SINCE JUL 1      0                         0      0        0

 COOLING
  YESTERDAY       15                         9      6        4
  MONTH TO DATE  266                       213     53      227
  SINCE JUN 1    401                       345     56      345
  SINCE JAN 1    452                       371     81      409
..................................................................


WIND (MPH)
  RESULTANT WIND SPEED   6   RESULTANT WIND DIRECTION  SW (210)
  HIGHEST WIND SPEED    18   HIGHEST WIND DIRECTION     S (180)
  HIGHEST GUST SPEED    25   HIGHEST GUST DIRECTION    SW (230)
  AVERAGE WIND SPEED     7.9


SKY COVER
  POSSIBLE SUNSHINE  MM
  AVERAGE SKY COVER 0.5


WEATHER CONDITIONS
 THE FOLLOWING WEATHER WAS RECORDED YESTERDAY.
  LIGHT RAIN


RELATIVE HUMIDITY (PERCENT)
 HIGHEST    87           500 AM
 LOWEST     41           100 PM
 AVERAGE    64

..........................................................


THE PROVIDENCE RI CLIMATE NORMALS FOR TODAY
                         NORMAL    RECORD    YEAR
 MAXIMUM TEMPERATURE (F)   83        96      2005
 MINIMUM TEMPERATURE (F)   65        51      1976


SUNRISE AND SUNSET
JULY 26 2016..........SUNRISE   534 AM EDT   SUNSET   809 PM EDT
JULY 27 2016..........SUNRISE   535 AM EDT   SUNSET   808 PM EDT


-  INDICATES NEGATIVE NUMBERS.
R  INDICATES RECORD WAS SET OR TIED.
MM INDICATES DATA IS MISSING.
T  INDICATES TRACE AMOUNT.




$$
