586
CDUS41 KBOX 240546
CLIPVD


CLIMATE REPORT
NATIONAL WEATHER SERVICE TAUNTON MA
1241 AM EST FRI NOV 24 2017


...................................

...THE PROVIDENCE RI CLIMATE SUMMARY FOR NOVEMBER 23 2017...

CLIMATE NORMAL PERIOD 1981 TO 2010
CLIMATE RECORD PERIOD 1904 TO 2017


WEATHER ITEM   OBSERVED TIME   RECORD YEAR NORMAL DEPARTURE LAST
                VALUE   (LST)  VALUE       VALUE  FROM      YEAR
                                                  NORMAL
..................................................................
TEMPERATURE (F)
 YESTERDAY
  MAXIMUM         44    319 PM  72    1979  51     -7       46
                                      1931
  MINIMUM         29   1049 PM  14    1972  34     -5       31
  AVERAGE         37                        42     -5       39

PRECIPITATION (IN)
  YESTERDAY        0.00          3.38 1953   0.16  -0.16     0.00
  MONTH TO DATE    2.94                      3.41  -0.47     1.36
  SINCE SEP 1     12.23                     11.26   0.97     8.93
  SINCE JAN 1     46.43                     41.86   4.57    34.76

SNOWFALL (IN)
  YESTERDAY        0.0           8.0  1989   0.1   -0.1      0.0
  MONTH TO DATE    0.0                       0.8   -0.8       T
  SINCE SEP 1      0.0                       0.8   -0.8       T
  SINCE JUL 1      0.0                       0.8   -0.8       T
  SNOW DEPTH       0

DEGREE DAYS
 HEATING
  YESTERDAY       28                        23      5       26
  MONTH TO DATE  459                       448     11      405
  SINCE SEP 1    641                       897   -256      743
  SINCE JUL 1    649                       906   -257      743

 COOLING
  YESTERDAY        0                         0      0        0
  MONTH TO DATE    0                         0      0        0
  SINCE SEP 1    176                        88     88      166
  SINCE JAN 1    880                       744    136     1049
..................................................................


WIND (MPH)
  RESULTANT WIND SPEED   6   RESULTANT WIND DIRECTION  NW (300)
  HIGHEST WIND SPEED    16   HIGHEST WIND DIRECTION    NW (310)
  HIGHEST GUST SPEED    23   HIGHEST GUST DIRECTION    NW (310)
  AVERAGE WIND SPEED     6.4


SKY COVER
  POSSIBLE SUNSHINE  MM
  AVERAGE SKY COVER 0.3


WEATHER CONDITIONS
 THE FOLLOWING WEATHER WAS RECORDED YESTERDAY.
  NO SIGNIFICANT WEATHER WAS OBSERVED.


RELATIVE HUMIDITY (PERCENT)
 HIGHEST    78          1100 PM
 LOWEST     33           300 PM
 AVERAGE    56

..........................................................


THE PROVIDENCE RI CLIMATE NORMALS FOR TODAY
                         NORMAL    RECORD    YEAR
 MAXIMUM TEMPERATURE (F)   50        73      1979
 MINIMUM TEMPERATURE (F)   34         6      1989


SUNRISE AND SUNSET
NOVEMBER 24 2017......SUNRISE   646 AM EST   SUNSET   419 PM EST
NOVEMBER 25 2017......SUNRISE   647 AM EST   SUNSET   418 PM EST


-  INDICATES NEGATIVE NUMBERS.
R  INDICATES RECORD WAS SET OR TIED.
MM INDICATES DATA IS MISSING.
T  INDICATES TRACE AMOUNT.




$$
